11-29 09:25:22.067 1278 2093 W OptProp : Cannot read opt property android.window.PROPERTY_COMPAT_ALLOW_MIN_ASPECT_RATIO_OVERRIDE
11-29 09:25:22.073 1119 7619 I QC2C2DEngine: calcYSize: unsupported or RGB color format, RGBA8888(1)
11-29 09:25:22.076 1053 1053 I android.hardware.power-service-qti: Power setMode: 5 to: 1
11-29 09:25:22.076 4097 4297 W HidlServiceManagement: Waited one second for android.hardware.drm@1.0::IDrmFactory/widevine
11-29 09:25:22.076 643 643 I hwservicemanager: Since android.hardware.drm@1.0::IDrmFactory/widevine is not registered, trying to start it as a lazy HAL (if it's not configured to be a lazy HAL, it may be stuck starting or still starting).
11-29 09:25:22.077 4097 4297 I HidlServiceManagement: getService: Trying again for android.hardware.drm@1.0::IDrmFactory/widevine...
11-29 09:25:22.080 1278 2093 I ActivityTaskManager: START u0 {act=android.intent.action.MAIN cat=[android.intent.category.LAUNCHER] flg=0x10200000 pkg=com.android.settings cmp=com.android.settings/.Settings bnds=[437,2092][644,2266]} with LAUNCH_MULTIPLE from uid 10104 (BAL_ALLOW_VISIBLE_WINDOW) result code=0
11-29 09:25:22.080 2494 2531 V WindowManagerShell: Transition requested (#47): android.os.BinderProxy@860bda3 TransitionRequestInfo { type = OPEN, triggerTask = TaskInfo{userId=0 taskId=40 displayId=0 isRunning=true baseIntent=Intent { act=android.intent.action.MAIN cat=[android.intent.category.LAUNCHER] flg=0x10200000 pkg=com.android.settings cmp=com.android.settings/.Settings } baseActivity=ComponentInfo{com.android.settings/com.android.settings.homepage.SettingsHomepageActivity} topActivity=ComponentInfo{com.android.settings/com.android.settings.homepage.SettingsHomepageActivity} origActivity=ComponentInfo{com.android.settings/com.android.settings.Settings} realActivity=ComponentInfo{com.android.settings/com.android.settings.homepage.SettingsHomepageActivity} numActivities=1 lastActiveTime=997009 supportsMultiWindow=true resizeMode=1 isResizeable=true minWidth=-1 minHeight=-1 defaultMinSize=200 token=WCT{android.window.IWindowContainerToken$Stub$Proxy@a0a98a0} topActivityType=1 pictureInPictureParams=null shouldDockBigOverlays=false launchIntoPipHostTaskId=-1 lastParentTaskIdBeforePip=-1 displayCutoutSafeInsets=Rect(0, 114 - 0, 0) topActivityInfo=ActivityInfo{cc3ec59 com.android.settings.Settings} launchCookies=[android.os.BinderProxy@744f01e] positionInParent=Point(0, 0) parentTaskId=-1 isFocused=false isVisible=false isVisibleRequested=false isSleeping=false locusId=null displayAreaFeatureId=1 isTopActivityTransparent=false appCompatTaskInfo=AppCompatTaskInfo { topActivityInSizeCompat=false topActivityEligibleForLetterboxEducation= falseisLetterboxEducationEnabled= false isLetterboxDoubleTapEnabled= false topActivityEligibleForUserAspectRatioButton= false topActivityBoundsLetterboxed= false isFromLetterboxDoubleTap= false topActivityLetterboxVerticalPosition= -1 topActivityLetterboxHorizontalPosition= -1 topActivityLetterboxWidth=1080 topActivityLetterboxHeight=2400 isUserFullscreenOverrideEnabled=false isSystemFullscreenOverrideEnabled=false cameraCompatTaskInfo=CameraCompatTaskInfo { cameraCompatControlState=hidden freeformCameraCompatMode=inactive}}}, pipTask = null, remoteTransition = RemoteTransition { remoteTransition = android.window.IRemoteTransition$Stub$Proxy@eb790ff, appThread = android.app.IApplicationThread$Stub$Proxy@6909ecc, debugName = QuickstepLaunch }, displayChange = null, flags = 0, debugId = 47 }
11-29 09:25:22.080 2494 2531 V WindowManagerShell: RemoteTransition directly requested for (#47) android.os.BinderProxy@860bda3: RemoteTransition { remoteTransition = android.window.IRemoteTransition$Stub$Proxy@eb790ff, appThread = android.app.IApplicationThread$Stub$Proxy@6909ecc, debugName = QuickstepLaunch }
11-29 09:25:22.081 2754 2754 D StatsLog: LAUNCHER_APP_LAUNCH_TAP
11-29 09:25:22.084 2754 2754 W SplitSelectStateCtor: Missing session instanceIds
11-29 09:25:22.084 2754 2754 D StatsLog: LAUNCHER_SPLIT_SELECTION_EXIT_INTERRUPTED
11-29 09:25:22.085 2494 2531 D WindowManagerShell: setLauncherKeepClearAreaHeight: visible=false, height=308
11-29 09:25:22.087 1278 7916 D CompatChangeReporter: Compat change id reported: 324203798; UID 1000; state: ENABLED
11-29 09:25:22.090 1158 1158 I BpBinder: onLastStrongRef automatically unlinking death recipients:
11-29 09:25:22.090 1278 7916 W OptProp : Cannot read opt property android.window.PROPERTY_COMPAT_ALLOW_RESIZEABLE_ACTIVITY_OVERRIDES
11-29 09:25:22.093 2754 2754 I TopTaskTracker: onTaskMovedToFront: (moved taskInfo to front) taskId=40, baseIntent=Intent { act=android.intent.action.MAIN cat=[android.intent.category.LAUNCHER] flg=0x10200000 pkg=com.android.settings cmp=com.android.settings/.Settings }
11-29 09:25:22.098 1119 7619 I QC2C2DEngine: calcYSize: unsupported or RGB color format, RGBA8888(1)
11-29 09:25:22.105 2626 2626 D ActivityEmbeddingUtils: isSettingsSplitSupported = false
11-29 09:25:22.115 1119 7619 I QC2C2DEngine: calcYSize: unsupported or RGB color format, RGBA8888(1)
11-29 09:25:22.118 2494 2518 V WindowManagerShell: onTransitionReady(transaction=5488968206120)
11-29 09:25:22.118 1278 1317 V WindowManager: Sent Transition (#47) createdAt=11-29 09:25:22.065 via request=TransitionRequestInfo { type = OPEN, triggerTask = TaskInfo{userId=0 taskId=40 displayId=0 isRunning=true baseIntent=Intent { act=android.intent.action.MAIN cat=[android.intent.category.LAUNCHER] flg=0x10200000 pkg=com.android.settings cmp=com.android.settings/.Settings } baseActivity=ComponentInfo{com.android.settings/com.android.settings.homepage.SettingsHomepageActivity} topActivity=ComponentInfo{com.android.settings/com.android.settings.homepage.SettingsHomepageActivity} origActivity=ComponentInfo{com.android.settings/com.android.settings.Settings} realActivity=ComponentInfo{com.android.settings/com.android.settings.homepage.SettingsHomepageActivity} numActivities=1 lastActiveTime=997009 supportsMultiWindow=true resizeMode=1 isResizeable=true minWidth=-1 minHeight=-1 defaultMinSize=200 token=WCT{RemoteToken{4d12bdc Task{5b91844 #40 type=standard A=1000:com.android.settings.root}}} topActivityType=1 pictureInPictureParams=null shouldDockBigOverlays=false launchIntoPipHostTaskId=-1 lastParentTaskIdBeforePip=-1 displayCutoutSafeInsets=Rect(0, 114 - 0, 0) topActivityInfo=ActivityInfo{94e4e5 com.android.settings.Settings} launchCookies=[android.os.BinderProxy@b416bba] positionInParent=Point(0, 0) parentTaskId=-1 isFocused=false isVisible=false isVisibleRequested=false isSleeping=false locusId=null displayAreaFeatureId=1 isTopActivityTransparent=false appCompatTaskInfo=AppCompatTaskInfo { topActivityInSizeCompat=false topActivityEligibleForLetterboxEducation= falseisLetterboxEducationEnabled= false isLetterboxDoubleTapEnabled= false topActivityEligibleForUserAspectRatioButton= false topActivityBoundsLetterboxed= false isFromLetterboxDoubleTap= false topActivityLetterboxVerticalPosition= -1 topActivityLetterboxHorizontalPosition= -1 topActivityLetterboxWidth=1080 topActivityLetterboxHeight=2400 isUserFullscreenOverrideEnabled=false isSystemFullscreenOverrideEnabled=false cameraCompatTaskInfo=CameraCompatTaskInfo { cameraCompatControlState=hidden freeformCameraCompatMode=inactive}}}, pipTask = null, remoteTransition = RemoteTransition { remoteTransition = android.window.IRemoteTransition$Stub$Proxy@589ba6b, appThread = android.app.IApplicationThread$Stub$Proxy@c3329c8, debugName = QuickstepLaunch }, displayChange = null, flags = 0, debugId = 47 }
11-29 09:25:22.119 2494 2531 V WindowManagerShell: onTransitionReady (#47) android.os.BinderProxy@860bda3: {id=47 t=OPEN f=0x0 trk=0 r=[0@Point(0, 0)] c=[{WCT{android.window.IWindowContainerToken$Stub$Proxy@14ca2e8} m=OPEN f=NONE leash=Surface(name=Task=40)/@0xd474d85 sb=Rect(0, 0 - 1080, 2400) eb=Rect(0, 0 - 1080, 2400) d=0 taskParent=-1},{WCT{android.window.IWindowContainerToken$Stub$Proxy@eb43d01} m=TO_BACK f=SHOW_WALLPAPER leash=Surface(name=Task=1)/@0xad8b7da sb=Rect(0, 0 - 1080, 2400) eb=Rect(0, 0 - 1080, 2400) d=0 taskParent=-1}]}
11-29 09:25:22.119 1278 1317 V WindowManager: startWCT=WindowContainerTransaction { changes = {} hops = [] errorCallbackToken=null taskFragmentOrganizer=null }
11-29 09:25:22.119 2494 2531 V WindowManagerShell: Playing animation for (#47) android.os.BinderProxy@860bda3@0
11-29 09:25:22.119 2494 2531 V WindowManagerShell: try firstHandler com.android.wm.shell.transition.DefaultMixedHandler@9605821
11-29 09:25:22.119 1278 1317 V WindowManager: info={id=47 t=OPEN f=0x0 trk=0 r=[0@Point(0, 0)] c=[
11-29 09:25:22.119 1278 1317 V WindowManager: {WCT{RemoteToken{4d12bdc Task{5b91844 #40 type=standard A=1000:com.android.settings.root}}} m=OPEN f=NONE leash=Surface(name=Task=40)/@0xd6d2ae sb=Rect(0, 0 - 1080, 2400) eb=Rect(0, 0 - 1080, 2400) d=0 taskParent=-1},
11-29 09:25:22.119 1278 1317 V WindowManager: {WCT{RemoteToken{9501e19 Task{5faec2e #1 type=home}}} m=TO_BACK f=SHOW_WALLPAPER leash=Surface(name=Task=1)/@0x10c3093 sb=Rect(0, 0 - 1080, 2400) eb=Rect(0, 0 - 1080, 2400) d=0 taskParent=-1}
11-29 09:25:22.119 1278 1317 V WindowManager: ]}
11-29 09:25:22.119 2494 2531 V WindowManagerShell: Mixed transition for opening an intent with a remote transition and PIP #47
11-29 09:25:22.119 2494 2531 V WindowManagerShell: Delegate animation for (#47) to RemoteTransition { remoteTransition = android.window.IRemoteTransition$Stub$Proxy@eb790ff, appThread = android.app.IApplicationThread$Stub$Proxy@6909ecc, debugName = QuickstepLaunch }
11-29 09:25:22.119 2494 2531 V WindowManagerShell: animated by firstHandler
11-29 09:25:22.121 1278 2093 W UserManagerService: Requested status bar icon for non-badged user 0
11-29 09:25:22.129 2626 2626 W ResourcesCompat: Failed to inflate ColorStateList, leaving it to the framework
11-29 09:25:22.129 2626 2626 W ResourcesCompat: java.lang.UnsupportedOperationException: Failed to resolve attribute at index 0: TypedValue{t=0x2/d=0x7f040130 a=-1}, theme={InheritanceMap=[id=0x7f150421com.android.settings:style/Theme.Settings.Home, id=0x7f150423com.android.settings:style/Theme.Settings.HomeBase, id=0x7f150424com.android.settings:style/Theme.Settings.NoActionBar, id=0x7f15041fcom.android.settings:style/Theme.Settings, id=0x7f150425com.android.settings:style/Theme.SettingsBase, id=0x7f150428com.android.settings:style/Theme.SettingsBase_v35, id=0x7f150427com.android.settings:style/Theme.SettingsBase_v33, id=0x7f150426com.android.settings:style/Theme.SettingsBase_v31, id=0x1030223android:style/Theme.DeviceDefault.Settings, id=0x103012bandroid:style/Theme.DeviceDefault.Light, id=0x1030237android:style/Theme.Material.Light, id=0x103000candroid:style/Theme.Light, id=0x1030005android:style/Theme], Themes=[com.android.settings:style/Theme.Settings.Home, forced, android:style/Theme.DeviceDefault.Light.DarkActionBar, forced]}
11-29 09:25:22.129 2626 2626 W ResourcesCompat: at android.content.res.TypedArray.getColor(TypedArray.java:533)
11-29 09:25:22.129 2626 2626 W ResourcesCompat: at androidx.core.content.res.ColorStateListInflaterCompat.inflate(ColorStateListInflaterCompat.java:159)
11-29 09:25:22.129 2626 2626 W ResourcesCompat: at androidx.core.content.res.ColorStateListInflaterCompat.createFromXmlInner(ColorStateListInflaterCompat.java:124)
11-29 09:25:22.129 2626 2626 W ResourcesCompat: at androidx.core.content.res.ColorStateListInflaterCompat.createFromXml(ColorStateListInflaterCompat.java:103)
11-29 09:25:22.129 2626 2626 W ResourcesCompat: at androidx.core.content.res.ResourcesCompat.inflateColorStateList(ResourcesCompat.java:264)
11-29 09:25:22.129 2626 2626 W ResourcesCompat: at androidx.core.content.res.ResourcesCompat.getColorStateList(ResourcesCompat.java:238)
11-29 09:25:22.129 2626 2626 W ResourcesCompat: at androidx.core.content.ContextCompat.getColorStateList(ContextCompat.java:520)
11-29 09:25:22.129 2626 2626 W ResourcesCompat: at androidx.appcompat.content.res.AppCompatResources.getColorStateList(AppCompatResources.java:46)
11-29 09:25:22.129 2626 2626 W ResourcesCompat: at com.google.android.material.resources.MaterialResources.getColorStateList(MaterialResources.java:65)
11-29 09:25:22.129 2626 2626 W ResourcesCompat: at com.google.android.material.card.MaterialCardViewHelper.loadFromAttributes(MaterialCardViewHelper.java:202)
11-29 09:25:22.129 2626 2626 W ResourcesCompat: at com.google.android.material.card.MaterialCardView.(MaterialCardView.java:188)
11-29 09:25:22.129 2626 2626 W ResourcesCompat: at com.google.android.material.card.MaterialCardView.(MaterialCardView.java:165)
11-29 09:25:22.129 2626 2626 W ResourcesCompat: at java.lang.reflect.Constructor.newInstance0(Native Method)
11-29 09:25:22.129 2626 2626 W ResourcesCompat: at java.lang.reflect.Constructor.newInstance(Constructor.java:343)
11-29 09:25:22.129 2626 2626 W ResourcesCompat: at android.view.LayoutInflater.createView(LayoutInflater.java:742)
11-29 09:25:22.129 2626 2626 W ResourcesCompat: at android.view.LayoutInflater.createViewFromTag(LayoutInflater.java:894)
11-29 09:25:22.129 2626 2626 W ResourcesCompat: at android.view.LayoutInflater.createViewFromTag(LayoutInflater.java:849)
11-29 09:25:22.129 2626 2626 W ResourcesCompat: at android.view.LayoutInflater.rInflate(LayoutInflater.java:1011)
11-29 09:25:22.129 2626 2626 W ResourcesCompat: at android.view.LayoutInflater.rInflateChildren(LayoutInflater.java:972)
11-29 09:25:22.129 2626 2626 W ResourcesCompat: at android.view.LayoutInflater.parseInclude(LayoutInflater.java:1146)
11-29 09:25:22.129 2626 2626 W ResourcesCompat: at android.view.LayoutInflater.rInflate(LayoutInflater.java:1007)
11-29 09:25:22.129 2626 2626 W ResourcesCompat: at android.view.LayoutInflater.rInflateChildren(LayoutInflater.java:972)
11-29 09:25:22.129 2626 2626 W ResourcesCompat: at android.view.LayoutInflater.parseInclude(LayoutInflater.java:1146)
11-29 09:25:22.129 2626 2626 W ResourcesCompat: at android.view.LayoutInflater.rInflate(LayoutInflater.java:1007)
11-29 09:25:22.129 2626 2626 W ResourcesCompat: at android.view.LayoutInflater.rInflateChildren(LayoutInflater.java:972)
11-29 09:25:22.129 2626 2626 W ResourcesCompat: at android.view.LayoutInflater.rInflate(LayoutInflater.java:1014)
11-29 09:25:22.129 2626 2626 W ResourcesCompat: at android.view.LayoutInflater.rInflateChildren(LayoutInflater.java:972)
11-29 09:25:22.129 2626 2626 W ResourcesCompat: at android.view.LayoutInflater.rInflate(LayoutInflater.java:1014)
11-29 09:25:22.129 2626 2626 W ResourcesCompat: at android.view.LayoutInflater.rInflateChildren(LayoutInflater.java:972)
11-29 09:25:22.129 2626 2626 W ResourcesCompat: at android.view.LayoutInflater.inflate(LayoutInflater.java:570)
11-29 09:25:22.129 2626 2626 W ResourcesCompat: at android.view.LayoutInflater.inflate(LayoutInflater.java:462)
11-29 09:25:22.129 2626 2626 W ResourcesCompat: at android.view.LayoutInflater.inflate(LayoutInflater.java:413)
11-29 09:25:22.129 2626 2626 W ResourcesCompat: at com.android.internal.policy.PhoneWindow.setContentView(PhoneWindow.java:537)
11-29 09:25:22.129 2626 2626 W ResourcesCompat: at android.app.Activity.setContentView(Activity.java:3821)
11-29 09:25:22.129 2626 2626 W ResourcesCompat: at androidx.activity.ComponentActivity.setContentView(ComponentActivity.kt:391)
11-29 09:25:22.129 2626 2626 W ResourcesCompat: at com.android.settings.homepage.SettingsHomepageActivity.onCreate(SettingsHomepageActivity.java:253)
11-29 09:25:22.129 2626 2626 W ResourcesCompat: at android.app.Activity.performCreate(Activity.java:9002)
11-29 09:25:22.129 8404 8404 F linker : CANNOT LINK EXECUTABLE "/vendor/bin/hw/android.hardware.drm@1.3-service.widevine": cannot locate symbol "CBS_init" referenced by "/vendor/lib64/libwvhidl.so"...
11-29 09:25:22.129 2626 2626 W ResourcesCompat: at android.app.Activity.performCreate(Activity.java:8980)
11-29 09:25:22.129 2626 2626 W ResourcesCompat: at android.app.Instrumentation.callActivityOnCreate(Instrumentation.java:1526)
11-29 09:25:22.129 2626 2626 W ResourcesCompat: at android.app.ActivityThread.performLaunchActivity(ActivityThread.java:4030)
11-29 09:25:22.129 2626 2626 W ResourcesCompat: at android.app.ActivityThread.handleLaunchActivity(ActivityThread.java:4235)
11-29 09:25:22.129 2626 2626 W ResourcesCompat: at android.app.servertransaction.LaunchActivityItem.execute(LaunchActivityItem.java:112)
11-29 09:25:22.129 2626 2626 W ResourcesCompat: at android.app.servertransaction.TransactionExecutor.executeNonLifecycleItem(TransactionExecutor.java:174)
11-29 09:25:22.129 2626 2626 W ResourcesCompat: at android.app.servertransaction.TransactionExecutor.executeTransactionItems(TransactionExecutor.java:109)
11-29 09:25:22.129 2626 2626 W ResourcesCompat: at android.app.servertransaction.TransactionExecutor.execute(TransactionExecutor.java:81)
11-29 09:25:22.129 2626 2626 W ResourcesCompat: at android.app.ActivityThread$H.handleMessage(ActivityThread.java:2636)
11-29 09:25:22.129 2626 2626 W ResourcesCompat: at android.os.Handler.dispatchMessage(Handler.java:107)
11-29 09:25:22.129 2626 2626 W ResourcesCompat: at android.os.Looper.loopOnce(Looper.java:232)
11-29 09:25:22.129 2626 2626 W ResourcesCompat: at android.os.Looper.loop(Looper.java:317)
11-29 09:25:22.129 2626 2626 W ResourcesCompat: at android.app.ActivityThread.main(ActivityThread.java:8705)
11-29 09:25:22.129 2626 2626 W ResourcesCompat: at java.lang.reflect.Method.invoke(Native Method)
11-29 09:25:22.129 2626 2626 W ResourcesCompat: at com.android.internal.os.RuntimeInit$MethodAndArgsCaller.run(RuntimeInit.java:580)
11-29 09:25:22.129 2626 2626 W ResourcesCompat: at com.android.internal.os.ZygoteInit.main(ZygoteInit.java:886)
11-29 09:25:22.129 2626 2626 W ResourcesCompat: Failed to inflate ColorStateList, leaving it to the framework
11-29 09:25:22.129 2626 2626 W ResourcesCompat: java.lang.UnsupportedOperationException: Failed to resolve attribute at index 0: TypedValue{t=0x2/d=0x7f040130 a=-1}, theme={InheritanceMap=[id=0x7f150421com.android.settings:style/Theme.Settings.Home, id=0x7f150423com.android.settings:style/Theme.Settings.HomeBase, id=0x7f150424com.android.settings:style/Theme.Settings.NoActionBar, id=0x7f15041fcom.android.settings:style/Theme.Settings, id=0x7f150425com.android.settings:style/Theme.SettingsBase, id=0x7f150428com.android.settings:style/Theme.SettingsBase_v35, id=0x7f150427com.android.settings:style/Theme.SettingsBase_v33, id=0x7f150426com.android.settings:style/Theme.SettingsBase_v31, id=0x1030223android:style/Theme.DeviceDefault.Settings, id=0x103012bandroid:style/Theme.DeviceDefault.Light, id=0x1030237android:style/Theme.Material.Light, id=0x103000candroid:style/Theme.Light, id=0x1030005android:style/Theme], Themes=[com.android.settings:style/Theme.Settings.Home, forced, android:style/Theme.DeviceDefault.Light.DarkActionBar, forced]}
11-29 09:25:22.129 2626 2626 W ResourcesCompat: at android.content.res.TypedArray.getColor(TypedArray.java:533)
11-29 09:25:22.129 2626 2626 W ResourcesCompat: at androidx.core.content.res.ColorStateListInflaterCompat.inflate(ColorStateListInflaterCompat.java:159)
11-29 09:25:22.129 2626 2626 W ResourcesCompat: at androidx.core.content.res.ColorStateListInflaterCompat.createFromXmlInner(ColorStateListInflaterCompat.java:124)
11-29 09:25:22.129 2626 2626 W ResourcesCompat: at androidx.core.content.res.ColorStateListInflaterCompat.createFromXml(ColorStateListInflaterCompat.java:103)
11-29 09:25:22.129 2626 2626 W ResourcesCompat: at androidx.core.content.res.ResourcesCompat.inflateColorStateList(ResourcesCompat.java:264)
11-29 09:25:22.129 2626 2626 W ResourcesCompat: at androidx.core.content.res.ResourcesCompat.getColorStateList(ResourcesCompat.java:238)
11-29 09:25:22.129 2626 2626 W ResourcesCompat: at androidx.core.content.ContextCompat.getColorStateList(ContextCompat.java:520)
11-29 09:25:22.129 2626 2626 W ResourcesCompat: at androidx.appcompat.content.res.AppCompatResources.getColorStateList(AppCompatResources.java:46)
11-29 09:25:22.129 2626 2626 W ResourcesCompat: at com.google.android.material.resources.MaterialResources.getColorStateList(MaterialResources.java:65)
11-29 09:25:22.129 2626 2626 W ResourcesCompat: at com.google.android.material.card.MaterialCardViewHelper.loadFromAttributes(MaterialCardViewHelper.java:211)
11-29 09:25:22.129 2626 2626 W ResourcesCompat: at com.google.android.material.card.MaterialCardView.(MaterialCardView.java:188)
11-29 09:25:22.129 2626 2626 W ResourcesCompat: at com.google.android.material.card.MaterialCardView.(MaterialCardView.java:165)
11-29 09:25:22.129 2626 2626 W ResourcesCompat: at java.lang.reflect.Constructor.newInstance0(Native Method)
11-29 09:25:22.129 2626 2626 W ResourcesCompat: at java.lang.reflect.Constructor.newInstance(Constructor.java:343)
11-29 09:25:22.129 2626 2626 W ResourcesCompat: at android.view.LayoutInflater.createView(LayoutInflater.java:742)
11-29 09:25:22.129 2626 2626 W ResourcesCompat: at android.view.LayoutInflater.createViewFromTag(LayoutInflater.java:894)
11-29 09:25:22.129 2626 2626 W ResourcesCompat: at android.view.LayoutInflater.createViewFromTag(LayoutInflater.java:849)
11-29 09:25:22.129 2626 2626 W ResourcesCompat: at android.view.LayoutInflater.rInflate(LayoutInflater.java:1011)
11-29 09:25:22.129 2626 2626 W ResourcesCompat: at android.view.LayoutInflater.rInflateChildren(LayoutInflater.java:972)
11-29 09:25:22.129 2626 2626 W ResourcesCompat: at android.view.LayoutInflater.parseInclude(LayoutInflater.java:1146)
11-29 09:25:22.129 2626 2626 W ResourcesCompat: at android.view.LayoutInflater.rInflate(LayoutInflater.java:1007)
11-29 09:25:22.129 2626 2626 W ResourcesCompat: at android.view.LayoutInflater.rInflateChildren(LayoutInflater.java:972)
11-29 09:25:22.129 2626 2626 W ResourcesCompat: at android.view.LayoutInflater.parseInclude(LayoutInflater.java:1146)
11-29 09:25:22.129 2626 2626 W ResourcesCompat: at android.view.LayoutInflater.rInflate(LayoutInflater.java:1007)
11-29 09:25:22.129 2626 2626 W ResourcesCompat: at android.view.LayoutInflater.rInflateChildren(LayoutInflater.java:972)
11-29 09:25:22.129 2626 2626 W ResourcesCompat: at android.view.LayoutInflater.rInflate(LayoutInflater.java:1014)
11-29 09:25:22.129 2626 2626 W ResourcesCompat: at android.view.LayoutInflater.rInflateChildren(LayoutInflater.java:972)
11-29 09:25:22.129 2626 2626 W ResourcesCompat: at android.view.LayoutInflater.rInflate(LayoutInflater.java:1014)
11-29 09:25:22.129 2626 2626 W ResourcesCompat: at android.view.LayoutInflater.rInflateChildren(LayoutInflater.java:972)
11-29 09:25:22.129 2626 2626 W ResourcesCompat: at android.view.LayoutInflater.inflate(LayoutInflater.java:570)
11-29 09:25:22.129 2626 2626 W ResourcesCompat: at android.view.LayoutInflater.inflate(LayoutInflater.java:462)
11-29 09:25:22.129 2626 2626 W ResourcesCompat: at android.view.LayoutInflater.inflate(LayoutInflater.java:413)
11-29 09:25:22.129 2626 2626 W ResourcesCompat: at com.android.internal.policy.PhoneWindow.setContentView(PhoneWindow.java:537)
11-29 09:25:22.129 2626 2626 W ResourcesCompat: at android.app.Activity.setContentView(Activity.java:3821)
11-29 09:25:22.129 2626 2626 W ResourcesCompat: at androidx.activity.ComponentActivity.setContentView(ComponentActivity.kt:391)
11-29 09:25:22.129 2626 2626 W ResourcesCompat: at com.android.settings.homepage.SettingsHomepageActivity.onCreate(SettingsHomepageActivity.java:253)
11-29 09:25:22.129 2626 2626 W ResourcesCompat: at android.app.Activity.performCreate(Activity.java:9002)
11-29 09:25:22.129 2626 2626 W ResourcesCompat: at android.app.Activity.performCreate(Activity.java:8980)
11-29 09:25:22.129 2626 2626 W ResourcesCompat: at android.app.Instrumentation.callActivityOnCreate(Instrumentation.java:1526)
11-29 09:25:22.129 2626 2626 W ResourcesCompat: at android.app.ActivityThread.performLaunchActivity(ActivityThread.java:4030)
11-29 09:25:22.129 2626 2626 W ResourcesCompat: at android.app.ActivityThread.handleLaunchActivity(ActivityThread.java:4235)
11-29 09:25:22.129 2626 2626 W ResourcesCompat: at android.app.servertransaction.LaunchActivityItem.execute(LaunchActivityItem.java:112)
11-29 09:25:22.129 2626 2626 W ResourcesCompat: at android.app.servertransaction.TransactionExecutor.executeNonLifecycleItem(TransactionExecutor.java:174)
11-29 09:25:22.129 2626 2626 W ResourcesCompat: at android.app.servertransaction.TransactionExecutor.executeTransactionItems(TransactionExecutor.java:109)
11-29 09:25:22.129 2626 2626 W ResourcesCompat: at android.app.servertransaction.TransactionExecutor.execute(TransactionExecutor.java:81)
11-29 09:25:22.129 2626 2626 W ResourcesCompat: at android.app.ActivityThread$H.handleMessage(ActivityThread.java:2636)
11-29 09:25:22.129 2626 2626 W ResourcesCompat: at android.os.Handler.dispatchMessage(Handler.java:107)
11-29 09:25:22.129 2626 2626 W ResourcesCompat: at android.os.Looper.loopOnce(Looper.java:232)
11-29 09:25:22.129 2626 2626 W ResourcesCompat: at android.os.Looper.loop(Looper.java:317)
11-29 09:25:22.129 2626 2626 W ResourcesCompat: at android.app.ActivityThread.main(ActivityThread.java:8705)
11-29 09:25:22.129 2626 2626 W ResourcesCompat: at java.lang.reflect.Method.invoke(Native Method)
11-29 09:25:22.129 2626 2626 W ResourcesCompat: at com.android.internal.os.RuntimeInit$MethodAndArgsCaller.run(RuntimeInit.java:580)
11-29 09:25:22.129 2626 2626 W ResourcesCompat: at com.android.internal.os.ZygoteInit.main(ZygoteInit.java:886)
11-29 09:25:22.131 1119 7619 I QC2C2DEngine: calcYSize: unsupported or RGB color format, RGBA8888(1)
11-29 09:25:22.131 2626 2626 W ResourcesCompat: Failed to inflate ColorStateList, leaving it to the framework
11-29 09:25:22.131 2626 2626 W ResourcesCompat: java.lang.UnsupportedOperationException: Failed to resolve attribute at index 0: TypedValue{t=0x2/d=0x7f040130 a=-1}, theme={InheritanceMap=[id=0x7f150421com.android.settings:style/Theme.Settings.Home, id=0x7f150423com.android.settings:style/Theme.Settings.HomeBase, id=0x7f150424com.android.settings:style/Theme.Settings.NoActionBar, id=0x7f15041fcom.android.settings:style/Theme.Settings, id=0x7f150425com.android.settings:style/Theme.SettingsBase, id=0x7f150428com.android.settings:style/Theme.SettingsBase_v35, id=0x7f150427com.android.settings:style/Theme.SettingsBase_v33, id=0x7f150426com.android.settings:style/Theme.SettingsBase_v31, id=0x1030223android:style/Theme.DeviceDefault.Settings, id=0x103012bandroid:style/Theme.DeviceDefault.Light, id=0x1030237android:style/Theme.Material.Light, id=0x103000candroid:style/Theme.Light, id=0x1030005android:style/Theme], Themes=[com.android.settings:style/Theme.Settings.Home, forced, android:style/Theme.DeviceDefault.Light.DarkActionBar, forced]}
11-29 09:25:22.131 2626 2626 W ResourcesCompat: at android.content.res.TypedArray.getColor(TypedArray.java:533)
11-29 09:25:22.131 2626 2626 W ResourcesCompat: at androidx.core.content.res.ColorStateListInflaterCompat.inflate(ColorStateListInflaterCompat.java:159)
11-29 09:25:22.131 2626 2626 W ResourcesCompat: at androidx.core.content.res.ColorStateListInflaterCompat.createFromXmlInner(ColorStateListInflaterCompat.java:124)
11-29 09:25:22.131 2626 2626 W ResourcesCompat: at androidx.core.content.res.ColorStateListInflaterCompat.createFromXml(ColorStateListInflaterCompat.java:103)
11-29 09:25:22.131 2626 2626 W ResourcesCompat: at androidx.core.content.res.ResourcesCompat.inflateColorStateList(ResourcesCompat.java:264)
11-29 09:25:22.131 2626 2626 W ResourcesCompat: at androidx.core.content.res.ResourcesCompat.getColorStateList(ResourcesCompat.java:238)
11-29 09:25:22.131 2626 2626 W ResourcesCompat: at androidx.core.content.ContextCompat.getColorStateList(ContextCompat.java:520)
11-29 09:25:22.131 2626 2626 W ResourcesCompat: at androidx.appcompat.content.res.AppCompatResources.getColorStateList(AppCompatResources.java:46)
11-29 09:25:22.131 2626 2626 W ResourcesCompat: at com.google.android.material.resources.MaterialResources.getColorStateList(MaterialResources.java:65)
11-29 09:25:22.131 2626 2626 W ResourcesCompat: at com.google.android.material.card.MaterialCardViewHelper.loadFromAttributes(MaterialCardViewHelper.java:202)
11-29 09:25:22.131 2626 2626 W ResourcesCompat: at com.google.android.material.card.MaterialCardView.(MaterialCardView.java:188)
11-29 09:25:22.131 2626 2626 W ResourcesCompat: at com.google.android.material.card.MaterialCardView.(MaterialCardView.java:165)
11-29 09:25:22.131 2626 2626 W ResourcesCompat: at java.lang.reflect.Constructor.newInstance0(Native Method)
11-29 09:25:22.131 2626 2626 W ResourcesCompat: at java.lang.reflect.Constructor.newInstance(Constructor.java:343)
11-29 09:25:22.131 2626 2626 W ResourcesCompat: at android.view.LayoutInflater.createView(LayoutInflater.java:742)
11-29 09:25:22.131 2626 2626 W ResourcesCompat: at android.view.LayoutInflater.createViewFromTag(LayoutInflater.java:894)
11-29 09:25:22.131 2626 2626 W ResourcesCompat: at android.view.LayoutInflater.parseInclude(LayoutInflater.java:1118)
11-29 09:25:22.131 2626 2626 W ResourcesCompat: at android.view.LayoutInflater.rInflate(LayoutInflater.java:1007)
11-29 09:25:22.131 2626 2626 W ResourcesCompat: at android.view.LayoutInflater.rInflateChildren(LayoutInflater.java:972)
11-29 09:25:22.131 2626 2626 W ResourcesCompat: at android.view.LayoutInflater.parseInclude(LayoutInflater.java:1146)
11-29 09:25:22.131 2626 2626 W ResourcesCompat: at android.view.LayoutInflater.rInflate(LayoutInflater.java:1007)
11-29 09:25:22.131 2626 2626 W ResourcesCompat: at android.view.LayoutInflater.rInflateChildren(LayoutInflater.java:972)
11-29 09:25:22.131 2626 2626 W ResourcesCompat: at android.view.LayoutInflater.rInflate(LayoutInflater.java:1014)
11-29 09:25:22.131 2626 2626 W ResourcesCompat: at android.view.LayoutInflater.rInflateChildren(LayoutInflater.java:972)
11-29 09:25:22.131 2626 2626 W ResourcesCompat: at android.view.LayoutInflater.rInflate(LayoutInflater.java:1014)
11-29 09:25:22.131 2626 2626 W ResourcesCompat: at android.view.LayoutInflater.rInflateChildren(LayoutInflater.java:972)
11-29 09:25:22.131 2626 2626 W ResourcesCompat: at android.view.LayoutInflater.inflate(LayoutInflater.java:570)
11-29 09:25:22.131 2626 2626 W ResourcesCompat: at android.view.LayoutInflater.inflate(LayoutInflater.java:462)
11-29 09:25:22.131 2626 2626 W ResourcesCompat: at android.view.LayoutInflater.inflate(LayoutInflater.java:413)
11-29 09:25:22.131 2626 2626 W ResourcesCompat: at com.android.internal.policy.PhoneWindow.setContentView(PhoneWindow.java:537)
11-29 09:25:22.131 2626 2626 W ResourcesCompat: at android.app.Activity.setContentView(Activity.java:3821)
11-29 09:25:22.131 2626 2626 W ResourcesCompat: at androidx.activity.ComponentActivity.setContentView(ComponentActivity.kt:391)
11-29 09:25:22.131 2626 2626 W ResourcesCompat: at com.android.settings.homepage.SettingsHomepageActivity.onCreate(SettingsHomepageActivity.java:253)
11-29 09:25:22.131 2626 2626 W ResourcesCompat: at android.app.Activity.performCreate(Activity.java:9002)
11-29 09:25:22.131 2626 2626 W ResourcesCompat: at android.app.Activity.performCreate(Activity.java:8980)
11-29 09:25:22.131 2626 2626 W ResourcesCompat: at android.app.Instrumentation.callActivityOnCreate(Instrumentation.java:1526)
11-29 09:25:22.131 2626 2626 W ResourcesCompat: at android.app.ActivityThread.performLaunchActivity(ActivityThread.java:4030)
11-29 09:25:22.131 2626 2626 W ResourcesCompat: at android.app.ActivityThread.handleLaunchActivity(ActivityThread.java:4235)
11-29 09:25:22.131 2626 2626 W ResourcesCompat: at android.app.servertransaction.LaunchActivityItem.execute(LaunchActivityItem.java:112)
11-29 09:25:22.131 2626 2626 W ResourcesCompat: at android.app.servertransaction.TransactionExecutor.executeNonLifecycleItem(TransactionExecutor.java:174)
11-29 09:25:22.131 2626 2626 W ResourcesCompat: at android.app.servertransaction.TransactionExecutor.executeTransactionItems(TransactionExecutor.java:109)
11-29 09:25:22.131 2626 2626 W ResourcesCompat: at android.app.servertransaction.TransactionExecutor.execute(TransactionExecutor.java:81)
11-29 09:25:22.131 2626 2626 W ResourcesCompat: at android.app.ActivityThread$H.handleMessage(ActivityThread.java:2636)
11-29 09:25:22.131 2626 2626 W ResourcesCompat: at android.os.Handler.dispatchMessage(Handler.java:107)
11-29 09:25:22.131 2626 2626 W ResourcesCompat: at android.os.Looper.loopOnce(Looper.java:232)
11-29 09:25:22.131 2626 2626 W ResourcesCompat: at android.os.Looper.loop(Looper.java:317)
11-29 09:25:22.131 2626 2626 W ResourcesCompat: at android.app.ActivityThread.main(ActivityThread.java:8705)
11-29 09:25:22.131 2626 2626 W ResourcesCompat: at java.lang.reflect.Method.invoke(Native Method)
11-29 09:25:22.131 2626 2626 W ResourcesCompat: at com.android.internal.os.RuntimeInit$MethodAndArgsCaller.run(RuntimeInit.java:580)
11-29 09:25:22.131 2626 2626 W ResourcesCompat: at com.android.internal.os.ZygoteInit.main(ZygoteInit.java:886)
11-29 09:25:22.131 2626 2626 W ResourcesCompat: Failed to inflate ColorStateList, leaving it to the framework
11-29 09:25:22.131 2626 2626 W ResourcesCompat: java.lang.UnsupportedOperationException: Failed to resolve attribute at index 0: TypedValue{t=0x2/d=0x7f040130 a=-1}, theme={InheritanceMap=[id=0x7f150421com.android.settings:style/Theme.Settings.Home, id=0x7f150423com.android.settings:style/Theme.Settings.HomeBase, id=0x7f150424com.android.settings:style/Theme.Settings.NoActionBar, id=0x7f15041fcom.android.settings:style/Theme.Settings, id=0x7f150425com.android.settings:style/Theme.SettingsBase, id=0x7f150428com.android.settings:style/Theme.SettingsBase_v35, id=0x7f150427com.android.settings:style/Theme.SettingsBase_v33, id=0x7f150426com.android.settings:style/Theme.SettingsBase_v31, id=0x1030223android:style/Theme.DeviceDefault.Settings, id=0x103012bandroid:style/Theme.DeviceDefault.Light, id=0x1030237android:style/Theme.Material.Light, id=0x103000candroid:style/Theme.Light, id=0x1030005android:style/Theme], Themes=[com.android.settings:style/Theme.Settings.Home, forced, android:style/Theme.DeviceDefault.Light.DarkActionBar, forced]}
11-29 09:25:22.131 2626 2626 W ResourcesCompat: at android.content.res.TypedArray.getColor(TypedArray.java:533)
11-29 09:25:22.131 2626 2626 W ResourcesCompat: at androidx.core.content.res.ColorStateListInflaterCompat.inflate(ColorStateListInflaterCompat.java:159)
11-29 09:25:22.131 2626 2626 W ResourcesCompat: at androidx.core.content.res.ColorStateListInflaterCompat.createFromXmlInner(ColorStateListInflaterCompat.java:124)
11-29 09:25:22.131 2626 2626 W ResourcesCompat: at androidx.core.content.res.ColorStateListInflaterCompat.createFromXml(ColorStateListInflaterCompat.java:103)
11-29 09:25:22.131 2626 2626 W ResourcesCompat: at androidx.core.content.res.ResourcesCompat.inflateColorStateList(ResourcesCompat.java:264)
11-29 09:25:22.131 2626 2626 W ResourcesCompat: at androidx.core.content.res.ResourcesCompat.getColorStateList(ResourcesCompat.java:238)
11-29 09:25:22.131 2626 2626 W ResourcesCompat: at androidx.core.content.ContextCompat.getColorStateList(ContextCompat.java:520)
11-29 09:25:22.131 2626 2626 W ResourcesCompat: at androidx.appcompat.content.res.AppCompatResources.getColorStateList(AppCompatResources.java:46)
11-29 09:25:22.131 2626 2626 W ResourcesCompat: at com.google.android.material.resources.MaterialResources.getColorStateList(MaterialResources.java:65)
11-29 09:25:22.131 2626 2626 W ResourcesCompat: at com.google.android.material.card.MaterialCardViewHelper.loadFromAttributes(MaterialCardViewHelper.java:211)
11-29 09:25:22.131 2626 2626 W ResourcesCompat: at com.google.android.material.card.MaterialCardView.(MaterialCardView.java:188)
11-29 09:25:22.131 2626 2626 W ResourcesCompat: at com.google.android.material.card.MaterialCardView.(MaterialCardView.java:165)
11-29 09:25:22.131 2626 2626 W ResourcesCompat: at java.lang.reflect.Constructor.newInstance0(Native Method)
11-29 09:25:22.131 2626 2626 W ResourcesCompat: at java.lang.reflect.Constructor.newInstance(Constructor.java:343)
11-29 09:25:22.131 2626 2626 W ResourcesCompat: at android.view.LayoutInflater.createView(LayoutInflater.java:742)
11-29 09:25:22.131 2626 2626 W ResourcesCompat: at android.view.LayoutInflater.createViewFromTag(LayoutInflater.java:894)
11-29 09:25:22.131 2626 2626 W ResourcesCompat: at android.view.LayoutInflater.parseInclude(LayoutInflater.java:1118)
11-29 09:25:22.131 2626 2626 W ResourcesCompat: at android.view.LayoutInflater.rInflate(LayoutInflater.java:1007)
11-29 09:25:22.131 2626 2626 W ResourcesCompat: at android.view.LayoutInflater.rInflateChildren(LayoutInflater.java:972)
11-29 09:25:22.131 2626 2626 W ResourcesCompat: at android.view.LayoutInflater.parseInclude(LayoutInflater.java:1146)
11-29 09:25:22.131 2626 2626 W ResourcesCompat: at android.view.LayoutInflater.rInflate(LayoutInflater.java:1007)
11-29 09:25:22.131 2626 2626 W ResourcesCompat: at android.view.LayoutInflater.rInflateChildren(LayoutInflater.java:972)
11-29 09:25:22.131 2626 2626 W ResourcesCompat: at android.view.LayoutInflater.rInflate(LayoutInflater.java:1014)
11-29 09:25:22.131 2626 2626 W ResourcesCompat: at android.view.LayoutInflater.rInflateChildren(LayoutInflater.java:972)
11-29 09:25:22.131 2626 2626 W ResourcesCompat: at android.view.LayoutInflater.rInflate(LayoutInflater.java:1014)
11-29 09:25:22.131 2626 2626 W ResourcesCompat: at android.view.LayoutInflater.rInflateChildren(LayoutInflater.java:972)
11-29 09:25:22.131 2626 2626 W ResourcesCompat: at android.view.LayoutInflater.inflate(LayoutInflater.java:570)
11-29 09:25:22.131 2626 2626 W ResourcesCompat: at android.view.LayoutInflater.inflate(LayoutInflater.java:462)
11-29 09:25:22.131 2626 2626 W ResourcesCompat: at android.view.LayoutInflater.inflate(LayoutInflater.java:413)
11-29 09:25:22.131 2626 2626 W ResourcesCompat: at com.android.internal.policy.PhoneWindow.setContentView(PhoneWindow.java:537)
11-29 09:25:22.131 2626 2626 W ResourcesCompat: at android.app.Activity.setContentView(Activity.java:3821)
11-29 09:25:22.131 2626 2626 W ResourcesCompat: at androidx.activity.ComponentActivity.setContentView(ComponentActivity.kt:391)
11-29 09:25:22.131 2626 2626 W ResourcesCompat: at com.android.settings.homepage.SettingsHomepageActivity.onCreate(SettingsHomepageActivity.java:253)
11-29 09:25:22.131 2626 2626 W ResourcesCompat: at android.app.Activity.performCreate(Activity.java:9002)
11-29 09:25:22.131 2626 2626 W ResourcesCompat: at android.app.Activity.performCreate(Activity.java:8980)
11-29 09:25:22.131 2626 2626 W ResourcesCompat: at android.app.Instrumentation.callActivityOnCreate(Instrumentation.java:1526)
11-29 09:25:22.131 2626 2626 W ResourcesCompat: at android.app.ActivityThread.performLaunchActivity(ActivityThread.java:4030)
11-29 09:25:22.132 2626 2626 W ResourcesCompat: at android.app.ActivityThread.handleLaunchActivity(ActivityThread.java:4235)
11-29 09:25:22.132 2626 2626 W ResourcesCompat: at android.app.servertransaction.LaunchActivityItem.execute(LaunchActivityItem.java:112)
11-29 09:25:22.132 2626 2626 W ResourcesCompat: at android.app.servertransaction.TransactionExecutor.executeNonLifecycleItem(TransactionExecutor.java:174)
11-29 09:25:22.132 2626 2626 W ResourcesCompat: at android.app.servertransaction.TransactionExecutor.executeTransactionItems(TransactionExecutor.java:109)
11-29 09:25:22.132 2626 2626 W ResourcesCompat: at android.app.servertransaction.TransactionExecutor.execute(TransactionExecutor.java:81)
11-29 09:25:22.132 2626 2626 W ResourcesCompat: at android.app.ActivityThread$H.handleMessage(ActivityThread.java:2636)
11-29 09:25:22.132 2626 2626 W ResourcesCompat: at android.os.Handler.dispatchMessage(Handler.java:107)
11-29 09:25:22.132 2626 2626 W ResourcesCompat: at android.os.Looper.loopOnce(Looper.java:232)
11-29 09:25:22.132 2626 2626 W ResourcesCompat: at android.os.Looper.loop(Looper.java:317)
11-29 09:25:22.132 2626 2626 W ResourcesCompat: at android.app.ActivityThread.main(ActivityThread.java:8705)
11-29 09:25:22.132 2626 2626 W ResourcesCompat: at java.lang.reflect.Method.invoke(Native Method)
11-29 09:25:22.132 2626 2626 W ResourcesCompat: at com.android.internal.os.RuntimeInit$MethodAndArgsCaller.run(RuntimeInit.java:580)
11-29 09:25:22.132 2626 2626 W ResourcesCompat: at com.android.internal.os.ZygoteInit.main(ZygoteInit.java:886)
11-29 09:25:22.132 2626 2626 D ActivityEmbeddingUtils: isSettingsSplitSupported = false
11-29 09:25:22.133 2626 2626 D ActivityEmbeddingUtils: isSettingsSplitSupported = false
11-29 09:25:22.134 2626 2626 D AvatarViewMixin: Feature disabled by config. Skipping
11-29 09:25:22.138 2626 2626 D PrefCtrlListHelper: Could not find Context-only controller for pref: com.android.settings.network.TopLevelNetworkEntryPreferenceController
11-29 09:25:22.138 2626 2626 D PrefCtrlListHelper: Could not find Context-only controller for pref: com.android.settings.communal.CommunalPreferenceController
11-29 09:25:22.139 2626 2626 D PrefCtrlListHelper: Could not find Context-only controller for pref: com.android.settings.connecteddevice.TopLevelConnectedDevicesPreferenceController
11-29 09:25:22.139 2626 2626 D PrefCtrlListHelper: Could not find Context-only controller for pref: com.android.settings.fuelgauge.TopLevelBatteryPreferenceController
11-29 09:25:22.139 2626 2626 D PrefCtrlListHelper: Could not find Context-only controller for pref: com.android.settings.deviceinfo.TopLevelStoragePreferenceController
11-29 09:25:22.139 2626 2626 D PrefCtrlListHelper: Could not find Context-only controller for pref: com.android.settings.display.TopLevelDisplayPreferenceController
11-29 09:25:22.139 2626 2626 D PrefCtrlListHelper: Could not find Context-only controller for pref: com.android.settings.display.TopLevelWallpaperPreferenceController
11-29 09:25:22.140 2626 2626 D PrefCtrlListHelper: Could not find Context-only controller for pref: com.android.settings.accessibility.TopLevelAccessibilityPreferenceController
11-29 09:25:22.140 2626 2626 D PrefCtrlListHelper: Could not find Context-only controller for pref: com.android.settings.safetycenter.TopLevelSafetyCenterEntryPreferenceController
11-29 09:25:22.140 2626 2626 D PrefCtrlListHelper: Could not find Context-only controller for pref: com.android.settings.security.TopLevelSecurityEntryPreferenceController
11-29 09:25:22.140 2626 2626 D PrefCtrlListHelper: Could not find Context-only controller for pref: com.android.settings.privacy.TopLevelPrivacyEntryPreferenceController
11-29 09:25:22.140 2626 2626 D PrefCtrlListHelper: Could not find Context-only controller for pref: com.android.settings.location.TopLevelLocationPreferenceController
11-29 09:25:22.142 2626 2626 D PrefCtrlListHelper: Could not find Context-only controller for pref: com.android.settings.accounts.TopLevelAccountEntryPreferenceController
11-29 09:25:22.142 2626 2626 D PrefCtrlListHelper: Could not find Context-only controller for pref: com.android.settings.deviceinfo.aboutphone.TopLevelAboutDevicePreferenceController
11-29 09:25:22.142 2626 2626 D PrefCtrlListHelper: Could not find Context-only controller for pref: com.android.settings.support.SupportPreferenceController
11-29 09:25:22.142 2626 2626 D HighlightableMenu: parsing highlightable menu from xml
11-29 09:25:22.145 1278 2093 E UserRestrictionsUtils: Unknown restriction queried by uid 1000 (org.omnirom.device et al): null
11-29 09:25:22.145 2626 2626 W InstrumentedPrefFrag: Screen title missing for fragment com.android.settings.homepage.TopLevelSettings
11-29 09:25:22.147 2626 2626 D ActivityEmbeddingUtils: isSettingsSplitSupported = false
11-29 09:25:22.147 1119 7619 I QC2C2DEngine: calcYSize: unsupported or RGB color format, RGBA8888(1)
11-29 09:25:22.152 2626 2626 D TopLevelSettings: NO dashboard tiles for TopLevelSettings
11-29 09:25:22.152 2626 2626 D TopLevelSettings: All preferences added, reporting fully drawn
11-29 09:25:22.157 2626 2626 D ActivityEmbeddingUtils: isSettingsSplitSupported = false
11-29 09:25:22.157 8406 8406 I flags_health_check: ServerConfigurableFlagsReset reset_mode value: 1
11-29 09:25:22.157 8406 8406 I flags_health_check: ServerConfigurableFlagsReset updatable crashing detected, resetting flags.
11-29 09:25:22.167 2626 2626 D BatteryBroadcastRcvr: updateBatteryStatus: action=android.intent.action.BATTERY_CHANGED
11-29 09:25:22.167 1119 7619 I QC2C2DEngine: calcYSize: unsupported or RGB color format, RGBA8888(1)
11-29 09:25:22.167 2626 2626 D BatteryBroadcastRcvr: Battery changed: level: 100%| status: Charged| chargingStatus: 0| health: 2
11-29 09:25:22.167 2626 2626 D TopLvBatteryPrefControl: onBatteryChanged: type=0
11-29 09:25:22.170 2626 2626 W ElapsedTimeUtils: getElapsedTime: sSuwFinishedTimeStamp is null
11-29 09:25:22.173 1038 1038 D vendor.qti.bluetooth@1.0-wake_lock: Acquire wakelock is acquired
11-29 09:25:22.183 1119 7619 I QC2C2DEngine: calcYSize: unsupported or RGB color format, RGBA8888(1)
11-29 09:25:22.183 1038 3015 I vendor.qti.bluetooth@1.0-ibs_handler: WakeRetransTimeout: Writing HCI_IBS_WAKE_IND
11-29 09:25:22.186 1038 3013 D vendor.qti.bluetooth@1.0-bluetooth_hci: HCI_PACKET_TYPE_EVENT , EVENT_CODE:e
11-29 09:25:22.187 2626 2626 D CategoryMixin: Skip categories update
11-29 09:25:22.187 1278 2093 D FileUtils: Rounded bytes from 117239058432 to 128000000000
11-29 09:25:22.188 1278 4456 D TelephonyManager: requestModemActivityInfo: Sending result to app: ModemActivityInfo{ mTimestamp=997119 mSleepTimeMs=913262 mIdleTimeMs=14662 mActivityStatsTechSpecificInfo=[{mRat=UNKNOWN,mFrequencyRange=UNKNOWN,mTxTimeMs[]=[0, 483, 138, 428, 83],mRxTimeMs=55930}]}
11-29 09:25:22.194 2626 2626 D BatteryBroadcastRcvr: updateBatteryStatus: action=android.intent.action.BATTERY_CHANGED
11-29 09:25:22.195 2626 2626 D BatteryBroadcastRcvr: Battery changed: level: 100%| status: Charged| chargingStatus: 0| health: 2
11-29 09:25:22.197 686 686 W binder:686_6: type=1400 audit(0.0:347): avc: denied { read } for name="wakeup0" dev="sysfs" ino=52898 scontext=u:r:system_suspend:s0 tcontext=u:object_r:sysfs:s0 tclass=dir permissive=0
11-29 09:25:22.197 686 686 W binder:686_6: type=1400 audit(0.0:348): avc: denied { read } for name="wakeup34" dev="sysfs" ino=81460 scontext=u:r:system_suspend:s0 tcontext=u:object_r:sysfs:s0 tclass=dir permissive=0
11-29 09:25:22.198 1278 7916 D CoreBackPreview: Window{48e08a4 u0 com.android.settings/com.android.settings.Settings}: Setting back callback OnBackInvokedCallbackInfo{mCallback=android.window.IOnBackInvokedCallback$Stub$Proxy@e87c83c, mPriority=-1, mIsAnimationCallback=false}
11-29 09:25:22.200 1119 7619 I QC2C2DEngine: calcYSize: unsupported or RGB color format, RGBA8888(1)
11-29 09:25:22.202 686 2462 E android.system.suspend-service: Error opening kernel wakelock stats for: wakeup0 (../../devices/platform/soc/c440000.qcom,spmi/spmi-0/spmi0-03/c440000.qcom,spmi:qcom,pm8350b@3:qcom,amoled/wakeup/wakeup0): Permission denied
11-29 09:25:22.202 686 2462 E android.system.suspend-service: Error opening kernel wakelock stats for: wakeup34 (../../devices/platform/soc/17300000.qcom,lpass/wakeup/wakeup34): Permission denied
11-29 09:25:22.207 686 2462 E android.system.suspend-service: Error opening kernel wakelock stats for: wakeup40 (../../devices/platform/soc/4080000.qcom,mss/subsys8/wakeup/wakeup40): Permission denied
11-29 09:25:22.201 686 686 W binder:686_6: type=1400 audit(0.0:349): avc: denied { read } for name="wakeup40" dev="sysfs" ino=81951 scontext=u:r:system_suspend:s0 tcontext=u:object_r:sysfs:s0 tclass=dir permissive=0
11-29 09:25:22.209 686 2462 E android.system.suspend-service: Error opening kernel wakelock stats for: wakeup29 (../../devices/platform/soc/soc:qcom,kgsl-hyp/subsys3/wakeup/wakeup29): Permission denied
11-29 09:25:22.205 686 686 W binder:686_6: type=1400 audit(0.0:350): avc: denied { read } for name="wakeup29" dev="sysfs" ino=80416 scontext=u:r:system_suspend:s0 tcontext=u:object_r:sysfs:s0 tclass=dir permissive=0
11-29 09:25:22.210 686 2462 E android.system.suspend-service: Error opening kernel wakelock stats for: wakeup37 (../../devices/platform/soc/5c00000.qcom,ssc/subsys7/wakeup/wakeup37): Permission denied
11-29 09:25:22.205 686 686 W binder:686_6: type=1400 audit(0.0:351): avc: denied { read } for name="wakeup37" dev="sysfs" ino=81682 scontext=u:r:system_suspend:s0 tcontext=u:object_r:sysfs:s0 tclass=dir permissive=0
11-29 09:25:22.211 686 2462 E android.system.suspend-service: Error opening kernel wakelock stats for: wakeup35 (../../devices/platform/soc/17300000.qcom,lpass/subsys6/wakeup/wakeup35): Permission denied
11-29 09:25:22.212 686 2462 E android.system.suspend-service: Error opening kernel wakelock stats for: wakeup25 (../../devices/platform/soc/abb0000.qcom,evass/subsys1/wakeup/wakeup25): Permission denied
11-29 09:25:22.205 686 686 W binder:686_6: type=1400 audit(0.0:352): avc: denied { read } for name="wakeup35" dev="sysfs" ino=81524 scontext=u:r:system_suspend:s0 tcontext=u:object_r:sysfs:s0 tclass=dir permissive=0
11-29 09:25:22.217 1119 7619 I QC2C2DEngine: calcYSize: unsupported or RGB color format, RGBA8888(1)
11-29 09:25:22.218 686 2462 E android.system.suspend-service: Error opening kernel wakelock stats for: wakeup23 (../../devices/platform/soc/soc:qcom,ipa_fws/subsys0/wakeup/wakeup23): Permission denied
11-29 09:25:22.220 686 2462 E android.system.suspend-service: Error opening kernel wakelock stats for: wakeup6 (../../devices/platform/soc/soc:qcom,smp2p-dsps/wakeup/wakeup6): Permission denied
11-29 09:25:22.233 1119 7619 I QC2C2DEngine: calcYSize: unsupported or RGB color format, RGBA8888(1)
11-29 09:25:22.236 2334 7637 D audioserver: logFgsApiEnd: FGS Logger Transaction failed, -129
11-29 09:25:22.237 1278 2093 D StorageStatsService: getFreeBytes: 100982636544
11-29 09:25:22.247 2626 2626 D CompatChangeReporter: Compat change id reported: 270674727; UID 1000; state: ENABLED
11-29 09:25:22.252 1119 7619 I QC2C2DEngine: calcYSize: unsupported or RGB color format, RGBA8888(1)
