11-29 09:22:44.652 7536 7536 I flags_health_check: ServerConfigurableFlagsReset updatable crashing detected, resetting flags.
11-29 09:22:44.755 1055 1079 I android.hardware.thermal@2.0-service.qti: uevent triggered for sensor: camera-therm-usr
11-29 09:22:44.971 1054 7180 I sensors-hal: handle_sns_client_event:470, [SSC_HAL] ACCEL, ts:839.718274 s X:0.03 Y:0.17 Z:9.79, elapsedRealtime: 839.902990, ts_diff: 0.184717, pb_ts: 16414796944, offset = -15219066619
11-29 09:22:45.582 4097 4297 W HidlServiceManagement: Waited one second for android.hardware.drm@1.0::IDrmFactory/widevine
11-29 09:22:45.583 643 643 I hwservicemanager: Since android.hardware.drm@1.0::IDrmFactory/widevine is not registered, trying to start it as a lazy HAL (if it's not configured to be a lazy HAL, it may be stuck starting or still starting).
11-29 09:22:45.584 4097 4297 I HidlServiceManagement: getService: Trying again for android.hardware.drm@1.0::IDrmFactory/widevine...
11-29 09:22:45.620 7538 7538 F linker : CANNOT LINK EXECUTABLE "/vendor/bin/hw/android.hardware.drm@1.3-service.widevine": cannot locate symbol "CBS_init" referenced by "/vendor/lib64/libwvhidl.so"...
11-29 09:22:45.644 7539 7539 I flags_health_check: ServerConfigurableFlagsReset reset_mode value: 1
11-29 09:22:45.644 7539 7539 I flags_health_check: ServerConfigurableFlagsReset updatable crashing detected, resetting flags.
11-29 09:22:45.777 1055 1079 I android.hardware.thermal@2.0-service.qti: uevent triggered for sensor: camera-therm-usr
11-29 09:22:46.586 4097 4297 W HidlServiceManagement: Waited one second for android.hardware.drm@1.0::IDrmFactory/widevine
11-29 09:22:46.588 643 643 I hwservicemanager: Since android.hardware.drm@1.0::IDrmFactory/widevine is not registered, trying to start it as a lazy HAL (if it's not configured to be a lazy HAL, it may be stuck starting or still starting).
11-29 09:22:46.589 4097 4297 I HidlServiceManagement: getService: Trying again for android.hardware.drm@1.0::IDrmFactory/widevine...
11-29 09:22:46.638 7541 7541 F linker : CANNOT LINK EXECUTABLE "/vendor/bin/hw/android.hardware.drm@1.3-service.widevine": cannot locate symbol "CBS_init" referenced by "/vendor/lib64/libwvhidl.so"...
11-29 09:22:46.646 4097 4097 W JobService: onNetworkChanged() not implemented in androidx.work.impl.background.systemjob.SystemJobService. Must override in a subclass.
11-29 09:22:46.646 4097 4097 W JobService: onNetworkChanged() not implemented in androidx.work.impl.background.systemjob.SystemJobService. Must override in a subclass.
11-29 09:22:46.652 4097 4128 D WM-NetworkStateTracker: Network capabilities changed: [ Transports: WIFI Capabilities: NOT_METERED&INTERNET&NOT_RESTRICTED&TRUSTED&NOT_VPN&VALIDATED&NOT_ROAMING&FOREGROUND&NOT_CONGESTED&NOT_SUSPENDED&NOT_VCN_MANAGED&NOT_BANDWIDTH_CONSTRAINED LinkUpBandwidth>=10000Kbps LinkDnBandwidth>=43415Kbps TransportInfo: , BSSID: 02:00:00:00:00:00, MAC: 02:00:00:00:00:00, IP: /192.168.1.148, Security type: 2, Supplicant state: COMPLETED, Wi-Fi standard: 11n, RSSI: -72, Link speed: 144Mbps, Tx Link speed: 144Mbps, Max Supported Tx Link speed: 144Mbps, Rx Link speed: 86Mbps, Max Supported Rx Link speed: 144Mbps, Frequency: 2447MHz, Net ID: -1, Metered hint: false, score: 60, isUsable: true, CarrierMerged: false, SubscriptionId: -1, IsPrimary: -1, Trusted: true, Restricted: false, Ephemeral: false, OEM paid: false, OEM private: false, OSU AP: false, FQDN: , Provider friendly name: , Requesting package name: MLO Information: , Is TID-To-Link negotiation supported by the AP: false, AP MLD Address: , AP MLO Link Id: , AP MLO Affiliated links: , Vendor Data: > SignalStrength: -72 UnderlyingNetworks: Null]
11-29 09:22:46.667 7542 7542 I flags_health_check: ServerConfigurableFlagsReset reset_mode value: 1
11-29 09:22:46.667 7542 7542 I flags_health_check: ServerConfigurableFlagsReset updatable crashing detected, resetting flags.
11-29 09:22:46.803 1055 1079 I android.hardware.thermal@2.0-service.qti: uevent triggered for sensor: camera-therm-usr
11-29 09:22:47.590 4097 4297 W HidlServiceManagement: Waited one second for android.hardware.drm@1.0::IDrmFactory/widevine
11-29 09:22:47.591 643 643 I hwservicemanager: Since android.hardware.drm@1.0::IDrmFactory/widevine is not registered, trying to start it as a lazy HAL (if it's not configured to be a lazy HAL, it may be stuck starting or still starting).
11-29 09:22:47.593 4097 4297 I HidlServiceManagement: getService: Trying again for android.hardware.drm@1.0::IDrmFactory/widevine...
11-29 09:22:47.639 7544 7544 F linker : CANNOT LINK EXECUTABLE "/vendor/bin/hw/android.hardware.drm@1.3-service.widevine": cannot locate symbol "CBS_init" referenced by "/vendor/lib64/libwvhidl.so"...
11-29 09:22:47.661 7545 7545 I flags_health_check: ServerConfigurableFlagsReset reset_mode value: 1
11-29 09:22:47.661 7545 7545 I flags_health_check: ServerConfigurableFlagsReset updatable crashing detected, resetting flags.
11-29 09:22:47.670 7546 7546 D diagcommd: DBG:Diag Daemon services process entry PPID = 1
11-29 09:22:47.671 7546 7546 D diagcommd: DBG:Calling LSM init
11-29 09:22:47.671 7546 7546 E Diag_Lib: diag:failed to connect to diag socket
11-29 09:22:47.671 7546 7546 E Diag_Lib: Diag_LSM_Init: Failed to open handle to diag driver, error = 25
11-29 09:22:47.671 7546 7546 E diagcommd: ERR:DiagDaemon: Diag_LSM_Init() failed.
11-29 09:22:47.692 7547 7547 I flags_health_check: ServerConfigurableFlagsReset reset_mode value: 1
11-29 09:22:47.692 7547 7547 I flags_health_check: ServerConfigurableFlagsReset updatable crashing detected, resetting flags.
11-29 09:22:47.777 3280 3404 W ThermalEngine: thermal_sensor_get_temperature: virtual-therm Reading 23185 .
11-29 09:22:47.829 1055 1079 I android.hardware.thermal@2.0-service.qti: uevent triggered for sensor: camera-therm-usr
11-29 09:22:48.593 4097 4297 W HidlServiceManagement: Waited one second for android.hardware.drm@1.0::IDrmFactory/widevine
11-29 09:22:48.596 643 643 I hwservicemanager: Since android.hardware.drm@1.0::IDrmFactory/widevine is not registered, trying to start it as a lazy HAL (if it's not configured to be a lazy HAL, it may be stuck starting or still starting).
11-29 09:22:48.597 4097 4297 I HidlServiceManagement: getService: Trying again for android.hardware.drm@1.0::IDrmFactory/widevine...
11-29 09:22:48.641 7549 7549 F linker : CANNOT LINK EXECUTABLE "/vendor/bin/hw/android.hardware.drm@1.3-service.widevine": cannot locate symbol "CBS_init" referenced by "/vendor/lib64/libwvhidl.so"...
11-29 09:22:48.667 7550 7550 I flags_health_check: ServerConfigurableFlagsReset reset_mode value: 1
11-29 09:22:48.667 7550 7550 I flags_health_check: ServerConfigurableFlagsReset updatable crashing detected, resetting flags.
11-29 09:22:48.850 1055 1079 I android.hardware.thermal@2.0-service.qti: uevent triggered for sensor: camera-therm-usr
11-29 09:22:49.600 4097 4297 W HidlServiceManagement: Waited one second for android.hardware.drm@1.0::IDrmFactory/widevine
11-29 09:22:49.601 643 643 I hwservicemanager: Since android.hardware.drm@1.0::IDrmFactory/widevine is not registered, trying to start it as a lazy HAL (if it's not configured to be a lazy HAL, it may be stuck starting or still starting).
11-29 09:22:49.602 4097 4297 I HidlServiceManagement: getService: Trying again for android.hardware.drm@1.0::IDrmFactory/widevine...
11-29 09:22:49.652 7552 7552 F linker : CANNOT LINK EXECUTABLE "/vendor/bin/hw/android.hardware.drm@1.3-service.widevine": cannot locate symbol "CBS_init" referenced by "/vendor/lib64/libwvhidl.so"...
11-29 09:22:49.686 7553 7553 I flags_health_check: ServerConfigurableFlagsReset reset_mode value: 1
11-29 09:22:49.686 7553 7553 I flags_health_check: ServerConfigurableFlagsReset updatable crashing detected, resetting flags.
11-29 09:22:49.875 1055 1079 I android.hardware.thermal@2.0-service.qti: uevent triggered for sensor: camera-therm-usr
11-29 09:22:49.903 1054 7180 I sensors-hal: handle_sns_client_event:470, [SSC_HAL] ACCEL, ts:844.718298 s X:0.04 Y:0.16 Z:9.78, elapsedRealtime: 844.834588, ts_diff: 0.116291, pb_ts: 16510797394, offset = -15219066619
11-29 09:22:50.605 4097 4297 W HidlServiceManagement: Waited one second for android.hardware.drm@1.0::IDrmFactory/widevine
11-29 09:22:50.607 643 643 I hwservicemanager: Since android.hardware.drm@1.0::IDrmFactory/widevine is not registered, trying to start it as a lazy HAL (if it's not configured to be a lazy HAL, it may be stuck starting or still starting).
11-29 09:22:50.608 4097 4297 I HidlServiceManagement: getService: Trying again for android.hardware.drm@1.0::IDrmFactory/widevine...
11-29 09:22:50.653 7555 7555 F linker : CANNOT LINK EXECUTABLE "/vendor/bin/hw/android.hardware.drm@1.3-service.widevine": cannot locate symbol "CBS_init" referenced by "/vendor/lib64/libwvhidl.so"...
11-29 09:22:50.674 7556 7556 I flags_health_check: ServerConfigurableFlagsReset reset_mode value: 1
11-29 09:22:50.674 7556 7556 I flags_health_check: ServerConfigurableFlagsReset updatable crashing detected, resetting flags.
11-29 09:22:50.899 1055 1079 I android.hardware.thermal@2.0-service.qti: uevent triggered for sensor: camera-therm-usr
11-29 09:22:51.611 4097 4297 W HidlServiceManagement: Waited one second for android.hardware.drm@1.0::IDrmFactory/widevine
11-29 09:22:51.613 643 643 I hwservicemanager: Since android.hardware.drm@1.0::IDrmFactory/widevine is not registered, trying to start it as a lazy HAL (if it's not configured to be a lazy HAL, it may be stuck starting or still starting).
11-29 09:22:51.615 4097 4297 I HidlServiceManagement: getService: Trying again for android.hardware.drm@1.0::IDrmFactory/widevine...
11-29 09:22:51.655 7558 7558 F linker : CANNOT LINK EXECUTABLE "/vendor/bin/hw/android.hardware.drm@1.3-service.widevine": cannot locate symbol "CBS_init" referenced by "/vendor/lib64/libwvhidl.so"...
11-29 09:22:51.679 7559 7559 I flags_health_check: ServerConfigurableFlagsReset reset_mode value: 1
11-29 09:22:51.679 7559 7559 I flags_health_check: ServerConfigurableFlagsReset updatable crashing detected, resetting flags.
11-29 09:22:51.930 1055 1079 I android.hardware.thermal@2.0-service.qti: uevent triggered for sensor: camera-therm-usr
11-29 09:22:52.297 2494 4488 D PowerUI : can't show warning due to - plugged: true status unknown: false
11-29 09:22:52.298 2601 2601 D QtiCarrierConfigHelper: WARNING, no carrier configs on phone Id: 1
11-29 09:22:52.301 2609 2609 V DeviceStatisticsService: chargerType=2 batteryLevel=100 totalBatteryCapacity=3750000
11-29 09:22:52.617 4097 4297 W HidlServiceManagement: Waited one second for android.hardware.drm@1.0::IDrmFactory/widevine
11-29 09:22:52.619 643 643 I hwservicemanager: Since android.hardware.drm@1.0::IDrmFactory/widevine is not registered, trying to start it as a lazy HAL (if it's not configured to be a lazy HAL, it may be stuck starting or still starting).
11-29 09:22:52.620 4097 4297 I HidlServiceManagement: getService: Trying again for android.hardware.drm@1.0::IDrmFactory/widevine...
11-29 09:22:52.669 7561 7561 F linker : CANNOT LINK EXECUTABLE "/vendor/bin/hw/android.hardware.drm@1.3-service.widevine": cannot locate symbol "CBS_init" referenced by "/vendor/lib64/libwvhidl.so"...
11-29 09:22:52.678 7562 7562 D diagcommd: DBG:Diag Daemon services process entry PPID = 1
11-29 09:22:52.678 7562 7562 D diagcommd: DBG:Calling LSM init
11-29 09:22:52.679 7562 7562 E Diag_Lib: diag:failed to connect to diag socket
11-29 09:22:52.679 7562 7562 E Diag_Lib: Diag_LSM_Init: Failed to open handle to diag driver, error = 25
11-29 09:22:52.679 7562 7562 E diagcommd: ERR:DiagDaemon: Diag_LSM_Init() failed.
11-29 09:22:52.694 7563 7563 I flags_health_check: ServerConfigurableFlagsReset reset_mode value: 1
11-29 09:22:52.694 7563 7563 I flags_health_check: ServerConfigurableFlagsReset updatable crashing detected, resetting flags.
11-29 09:22:52.733 7564 7564 I flags_health_check: ServerConfigurableFlagsReset reset_mode value: 1
11-29 09:22:52.733 7564 7564 I flags_health_check: ServerConfigurableFlagsReset updatable crashing detected, resetting flags.
11-29 09:22:52.947 1055 1079 I android.hardware.thermal@2.0-service.qti: uevent triggered for sensor: camera-therm-usr
11-29 09:22:53.623 4097 4297 W HidlServiceManagement: Waited one second for android.hardware.drm@1.0::IDrmFactory/widevine
11-29 09:22:53.626 643 643 I hwservicemanager: Since android.hardware.drm@1.0::IDrmFactory/widevine is not registered, trying to start it as a lazy HAL (if it's not configured to be a lazy HAL, it may be stuck starting or still starting).
11-29 09:22:53.628 4097 4297 I HidlServiceManagement: getService: Trying again for android.hardware.drm@1.0::IDrmFactory/widevine...
11-29 09:22:53.675 7566 7566 F linker : CANNOT LINK EXECUTABLE "/vendor/bin/hw/android.hardware.drm@1.3-service.widevine": cannot locate symbol "CBS_init" referenced by "/vendor/lib64/libwvhidl.so"...
11-29 09:22:53.698 7567 7567 I flags_health_check: ServerConfigurableFlagsReset reset_mode value: 1
11-29 09:22:53.698 7567 7567 I flags_health_check: ServerConfigurableFlagsReset updatable crashing detected, resetting flags.
11-29 09:22:53.821 3280 3404 W ThermalEngine: thermal_sensor_get_temperature: virtual-therm Reading 23169 .
11-29 09:22:53.970 1055 1079 I android.hardware.thermal@2.0-service.qti: uevent triggered for sensor: camera-therm-usr
11-29 09:22:54.630 4097 4297 W HidlServiceManagement: Waited one second for android.hardware.drm@1.0::IDrmFactory/widevine
11-29 09:22:54.632 643 643 I hwservicemanager: Since android.hardware.drm@1.0::IDrmFactory/widevine is not registered, trying to start it as a lazy HAL (if it's not configured to be a lazy HAL, it may be stuck starting or still starting).
11-29 09:22:54.634 4097 4297 I HidlServiceManagement: getService: Trying again for android.hardware.drm@1.0::IDrmFactory/widevine...
11-29 09:22:54.678 7569 7569 F linker : CANNOT LINK EXECUTABLE "/vendor/bin/hw/android.hardware.drm@1.3-service.widevine": cannot locate symbol "CBS_init" referenced by "/vendor/lib64/libwvhidl.so"...
11-29 09:22:54.703 7570 7570 I flags_health_check: ServerConfigurableFlagsReset reset_mode value: 1
11-29 09:22:54.703 7570 7570 I flags_health_check: ServerConfigurableFlagsReset updatable crashing detected, resetting flags.
11-29 09:22:54.839 1054 7180 I sensors-hal: handle_sns_client_event:470, [SSC_HAL] ACCEL, ts:849.718321 s X:0.03 Y:0.16 Z:9.78, elapsedRealtime: 849.770137, ts_diff: 0.051817, pb_ts: 16606797844, offset = -15219066619
11-29 09:22:54.996 1055 1079 I android.hardware.thermal@2.0-service.qti: uevent triggered for sensor: camera-therm-usr
11-29 09:22:55.635 4097 4297 W HidlServiceManagement: Waited one second for android.hardware.drm@1.0::IDrmFactory/widevine
11-29 09:22:55.637 643 643 I hwservicemanager: Since android.hardware.drm@1.0::IDrmFactory/widevine is not registered, trying to start it as a lazy HAL (if it's not configured to be a lazy HAL, it may be stuck starting or still starting).
11-29 09:22:55.638 4097 4297 I HidlServiceManagement: getService: Trying again for android.hardware.drm@1.0::IDrmFactory/widevine...
11-29 09:22:55.685 7572 7572 F linker : CANNOT LINK EXECUTABLE "/vendor/bin/hw/android.hardware.drm@1.3-service.widevine": cannot locate symbol "CBS_init" referenced by "/vendor/lib64/libwvhidl.so"...
11-29 09:22:55.709 7573 7573 I flags_health_check: ServerConfigurableFlagsReset reset_mode value: 1
11-29 09:22:55.710 7573 7573 I flags_health_check: ServerConfigurableFlagsReset updatable crashing detected, resetting flags.
11-29 09:22:56.024 1055 1079 I android.hardware.thermal@2.0-service.qti: uevent triggered for sensor: camera-therm-usr
11-29 09:22:56.641 4097 4297 W HidlServiceManagement: Waited one second for android.hardware.drm@1.0::IDrmFactory/widevine
11-29 09:22:56.643 643 643 I hwservicemanager: Since android.hardware.drm@1.0::IDrmFactory/widevine is not registered, trying to start it as a lazy HAL (if it's not configured to be a lazy HAL, it may be stuck starting or still starting).
11-29 09:22:56.644 4097 4297 I HidlServiceManagement: getService: Trying again for android.hardware.drm@1.0::IDrmFactory/widevine...
11-29 09:22:56.693 7575 7575 F linker : CANNOT LINK EXECUTABLE "/vendor/bin/hw/android.hardware.drm@1.3-service.widevine": cannot locate symbol "CBS_init" referenced by "/vendor/lib64/libwvhidl.so"...
11-29 09:22:56.718 7576 7576 I flags_health_check: ServerConfigurableFlagsReset reset_mode value: 1
11-29 09:22:56.719 7576 7576 I flags_health_check: ServerConfigurableFlagsReset updatable crashing detected, resetting flags.
11-29 09:22:57.043 1055 1079 I android.hardware.thermal@2.0-service.qti: uevent triggered for sensor: camera-therm-usr
11-29 09:22:57.647 4097 4297 W HidlServiceManagement: Waited one second for android.hardware.drm@1.0::IDrmFactory/widevine
11-29 09:22:57.649 643 643 I hwservicemanager: Since android.hardware.drm@1.0::IDrmFactory/widevine is not registered, trying to start it as a lazy HAL (if it's not configured to be a lazy HAL, it may be stuck starting or still starting).
11-29 09:22:57.651 4097 4297 I HidlServiceManagement: getService: Trying again for android.hardware.drm@1.0::IDrmFactory/widevine...
11-29 09:22:57.690 7578 7578 F linker : CANNOT LINK EXECUTABLE "/vendor/bin/hw/android.hardware.drm@1.3-service.widevine": cannot locate symbol "CBS_init" referenced by "/vendor/lib64/libwvhidl.so"...
11-29 09:22:57.690 7579 7579 D diagcommd: DBG:Diag Daemon services process entry PPID = 1
11-29 09:22:57.690 7579 7579 D diagcommd: DBG:Calling LSM init
11-29 09:22:57.691 7579 7579 E Diag_Lib: diag:failed to connect to diag socket
11-29 09:22:57.691 7579 7579 E Diag_Lib: Diag_LSM_Init: Failed to open handle to diag driver, error = 25
11-29 09:22:57.691 7579 7579 E diagcommd: ERR:DiagDaemon: Diag_LSM_Init() failed.
11-29 09:22:57.714 7580 7580 I flags_health_check: ServerConfigurableFlagsReset reset_mode value: 1
11-29 09:22:57.714 7580 7580 I flags_health_check: ServerConfigurableFlagsReset updatable crashing detected, resetting flags.
11-29 09:22:57.743 7581 7581 I flags_health_check: ServerConfigurableFlagsReset reset_mode value: 1
11-29 09:22:57.743 7581 7581 I flags_health_check: ServerConfigurableFlagsReset updatable crashing detected, resetting flags.
11-29 09:22:58.066 1055 1079 I android.hardware.thermal@2.0-service.qti: uevent triggered for sensor: camera-therm-usr
11-29 09:22:58.651 4097 4297 W HidlServiceManagement: Waited one second for android.hardware.drm@1.0::IDrmFactory/widevine
11-29 09:22:58.654 643 643 I hwservicemanager: Since android.hardware.drm@1.0::IDrmFactory/widevine is not registered, trying to start it as a lazy HAL (if it's not configured to be a lazy HAL, it may be stuck starting or still starting).
11-29 09:22:58.655 4097 4297 I HidlServiceManagement: getService: Trying again for android.hardware.drm@1.0::IDrmFactory/widevine...
11-29 09:22:58.696 7583 7583 F linker : CANNOT LINK EXECUTABLE "/vendor/bin/hw/android.hardware.drm@1.3-service.widevine": cannot locate symbol "CBS_init" referenced by "/vendor/lib64/libwvhidl.so"...
11-29 09:22:58.717 7584 7584 I flags_health_check: ServerConfigurableFlagsReset reset_mode value: 1
11-29 09:22:58.717 7584 7584 I flags_health_check: ServerConfigurableFlagsReset updatable crashing detected, resetting flags.
11-29 09:22:58.744 4097 4097 W JobService: onNetworkChanged() not implemented in androidx.work.impl.background.systemjob.SystemJobService. Must override in a subclass.
11-29 09:22:58.745 4097 4097 W JobService: onNetworkChanged() not implemented in androidx.work.impl.background.systemjob.SystemJobService. Must override in a subclass.
11-29 09:22:58.750 4097 4128 D WM-NetworkStateTracker: Network capabilities changed: [ Transports: WIFI Capabilities: NOT_METERED&INTERNET&NOT_RESTRICTED&TRUSTED&NOT_VPN&VALIDATED&NOT_ROAMING&FOREGROUND&NOT_CONGESTED&NOT_SUSPENDED&NOT_VCN_MANAGED&NOT_BANDWIDTH_CONSTRAINED LinkUpBandwidth>=10000Kbps LinkDnBandwidth>=43415Kbps TransportInfo: , BSSID: 02:00:00:00:00:00, MAC: 02:00:00:00:00:00, IP: /192.168.1.148, Security type: 2, Supplicant state: COMPLETED, Wi-Fi standard: 11n, RSSI: -71, Link speed: 130Mbps, Tx Link speed: 130Mbps, Max Supported Tx Link speed: 144Mbps, Rx Link speed: 86Mbps, Max Supported Rx Link speed: 144Mbps, Frequency: 2447MHz, Net ID: -1, Metered hint: false, score: 60, isUsable: true, CarrierMerged: false, SubscriptionId: -1, IsPrimary: -1, Trusted: true, Restricted: false, Ephemeral: false, OEM paid: false, OEM private: false, OSU AP: false, FQDN: , Provider friendly name: , Requesting package name: MLO Information: , Is TID-To-Link negotiation supported by the AP: false, AP MLD Address: , AP MLO Link Id: , AP MLO Affiliated links: , Vendor Data: > SignalStrength: -71 UnderlyingNetworks: Null]
11-29 09:22:59.099 1055 1079 I android.hardware.thermal@2.0-service.qti: uevent triggered for sensor: camera-therm-usr
11-29 09:22:59.658 4097 4297 W HidlServiceManagement: Waited one second for android.hardware.drm@1.0::IDrmFactory/widevine
11-29 09:22:59.660 643 643 I hwservicemanager: Since android.hardware.drm@1.0::IDrmFactory/widevine is not registered, trying to start it as a lazy HAL (if it's not configured to be a lazy HAL, it may be stuck starting or still starting).
11-29 09:22:59.661 4097 4297 I HidlServiceManagement: getService: Trying again for android.hardware.drm@1.0::IDrmFactory/widevine...
11-29 09:22:59.707 7586 7586 F linker : CANNOT LINK EXECUTABLE "/vendor/bin/hw/android.hardware.drm@1.3-service.widevine": cannot locate symbol "CBS_init" referenced by "/vendor/lib64/libwvhidl.so"...
11-29 09:22:59.730 7587 7587 I flags_health_check: ServerConfigurableFlagsReset reset_mode value: 1
11-29 09:22:59.730 7587 7587 I flags_health_check: ServerConfigurableFlagsReset updatable crashing detected, resetting flags.
11-29 09:22:59.853 3280 3404 W ThermalEngine: thermal_sensor_get_temperature: virtual-therm Reading 23152 .
11-29 09:22:59.931 1054 7180 I sensors-hal: handle_sns_client_event:470, [SSC_HAL] ACCEL, ts:854.718345 s X:0.03 Y:0.16 Z:9.79, elapsedRealtime: 854.862192, ts_diff: 0.143848, pb_ts: 16702798294, offset = -15219066619
11-29 09:23:00.113 1055 1079 I android.hardware.thermal@2.0-service.qti: uevent triggered for sensor: camera-therm-usr
11-29 09:23:00.662 4097 4297 W HidlServiceManagement: Waited one second for android.hardware.drm@1.0::IDrmFactory/widevine
11-29 09:23:00.664 643 643 I hwservicemanager: Since android.hardware.drm@1.0::IDrmFactory/widevine is not registered, trying to start it as a lazy HAL (if it's not configured to be a lazy HAL, it may be stuck starting or still starting).
11-29 09:23:00.666 4097 4297 I HidlServiceManagement: getService: Trying again for android.hardware.drm@1.0::IDrmFactory/widevine...
11-29 09:23:00.709 7589 7589 F linker : CANNOT LINK EXECUTABLE "/vendor/bin/hw/android.hardware.drm@1.3-service.widevine": cannot locate symbol "CBS_init" referenced by "/vendor/lib64/libwvhidl.so"...
11-29 09:23:00.730 7591 7591 I flags_health_check: ServerConfigurableFlagsReset reset_mode value: 1
11-29 09:23:00.730 7591 7591 I flags_health_check: ServerConfigurableFlagsReset updatable crashing detected, resetting flags.
11-29 09:23:00.850 7594 7594 D AndroidRuntime: >>>>>> START com.android.internal.os.RuntimeInit uid 2000 <<<<<<
11-29 09:23:00.854 7594 7594 I AndroidRuntime: Using default boot image
11-29 09:23:00.854 7594 7594 I AndroidRuntime: Leaving lock profiling enabled
11-29 09:23:00.856 7594 7594 I app_process: Using CollectorTypeCC GC.
11-29 09:23:00.901 7594 7594 D nativeloader: InitDefaultPublicLibraries for_preload=1: libandroid.so:libaaudio.so:libamidi.so:libbinder_ndk.so:libc.so:libcamera2ndk.so:libdl.so:libEGL.so:libGLESv1_CM.so:libGLESv2.so:libGLESv3.so:libicu.so:libicui18n.so:libicuuc.so:libjnigraphics.so:liblog.so:libmediandk.so:libm.so:libnativehelper.so:libnativewindow.so:libOpenMAXAL.so:libOpenSLES.so:libRS.so:libstdc++.so:libsync.so:libvulkan.so:libwebviewchromium_plat_support.so:libz.so
11-29 09:23:00.913 7594 7594 D nativeloader: Load libicu_jni.so using APEX ns com_android_art for caller /apex/com.android.art/javalib/core-oj.jar: ok
11-29 09:23:00.913 7594 7594 D app_process: u_setTimeZoneFilesDirectory("/apex/com.android.tzdata/etc/tz/versioned/8/icu") succeeded.
11-29 09:23:00.913 7594 7594 D app_process: I18n APEX ICU file found: /apex/com.android.i18n/etc/icu/icudt75l.dat
11-29 09:23:00.914 7594 7594 D nativeloader: Load libjavacore.so using APEX ns com_android_art for caller /apex/com.android.art/javalib/core-oj.jar: ok
11-29 09:23:00.914 7594 7594 D nativeloader: Load libopenjdk.so using APEX ns com_android_art for caller /apex/com.android.art/javalib/core-oj.jar: ok
11-29 09:23:00.916 7594 7594 W ziparchive: Unable to open '/data/local/tmp/scrcpy-server.dm': No such file or directory
11-29 09:23:00.930 7594 7594 D nativeloader: Load libframework-connectivity-tiramisu-jni.so using APEX ns com_android_tethering for caller /apex/com.android.tethering/javalib/framework-connectivity-t.jar: ok
11-29 09:23:00.930 7594 7594 D AndroidRuntime: Calling main entry com.genymobile.scrcpy.Server
11-29 09:23:00.932 7594 7594 I scrcpy : Device: [asus] asus ASUS_I006D (Android 15)
11-29 09:23:00.977 7594 7610 D nativeloader: Load libmedia_jni.so using system ns (caller=/system/framework/framework.jar!classes2.dex): ok
11-29 09:23:00.977 7594 7610 D MtpDeviceJNI: register_android_mtp_MtpDevice
11-29 09:23:00.980 7594 7610 D MediaCodecList: codecHandlesFormat: no format, so no extra checks
11-29 09:23:00.981 7594 7611 D MediaCodecList: codecHandlesFormat: no format, so no extra checks
11-29 09:23:00.981 7594 7611 D MediaCodecList: codecHandlesFormat: no format, so no extra checks
11-29 09:23:00.982 7594 7612 D CCodec : allocate(c2.android.opus.encoder)
11-29 09:23:00.982 7594 7614 D CCodec : allocate(c2.qti.avc.encoder)
11-29 09:23:00.984 7594 7612 I Codec2Client: Available Codec2 services: "default" "software"
11-29 09:23:00.987 7594 7612 I CCodec : setting up 'default' as default (vendor) store
11-29 09:23:00.987 7594 7614 I CCodec : setting up 'default' as default (vendor) store
11-29 09:23:00.992 1119 1243 I vendor.qti.media.c2@1.0-service: missing struct descriptor #Param::CoreIndex(-Vc01f) for field ubwcStats of struct #Param::CoreIndex(-Vc020)
11-29 09:23:00.992 1119 1243 I vendor.qti.media.c2@1.0-service: missing struct descriptor #Param::CoreIndex(--002) for field mastering of struct #Param::CoreIndex(--180a)
11-29 09:23:00.993 1119 1243 I vendor.qti.media.c2@1.0-service: missing struct descriptor #Param::CoreIndex(--004) for field values of struct #Param::CoreIndex(F-12004)
11-29 09:23:00.995 3788 3846 D BufferPoolAccessor2.0: bufferpool2 0x6eeac21458 : 0(0 size) total buffers - 0(0 size) used buffers - 2/7 (recycle/alloc) - 5/24 (fetch/transfer)
11-29 09:23:00.995 3788 3846 D BufferPoolAccessor2.0: Destruction - bufferpool2 0x6eeac21458 cached: 0/0M, 0/0% in use; allocs: 7, 29% recycled; transfers: 24, 79% unfetched
11-29 09:23:00.996 7594 7612 I CCodec : Created component [c2.android.opus.encoder]
11-29 09:23:00.996 7594 7612 D CCodecConfig: read media type: audio/opus
11-29 09:23:00.996 1119 1243 I QC2Comp : Create: Allocated component[14] for name c2.qti.avc.encoder : [32 bit]
11-29 09:23:00.996 7604 7604 D AndroidRuntime: >>>>>> START com.android.internal.os.RuntimeInit uid 2000 <<<<<<
11-29 09:23:00.997 1119 1243 I QC2CompStore: Created component(c2.qti.avc.encoder) id(14)
11-29 09:23:00.998 7594 7614 I CCodec : Created component [c2.qti.avc.encoder]
11-29 09:23:00.998 1119 1119 E QC2Interface: Failed to query parameters
11-29 09:23:00.999 7594 7614 D CCodecConfig: read media type: video/avc
11-29 09:23:00.999 7604 7604 I AndroidRuntime: Using default boot image
11-29 09:23:00.999 7604 7604 I AndroidRuntime: Leaving lock profiling enabled
11-29 09:23:00.999 7594 7612 D ReflectedParamUpdater: extent() != 1 for single value type: algo.buffers.max-count.values
11-29 09:23:01.000 7594 7612 D ReflectedParamUpdater: extent() != 1 for single value type: output.subscribed-indices.values
11-29 09:23:01.000 7594 7612 D ReflectedParamUpdater: extent() != 1 for single value type: input.buffers.allocator-ids.values
11-29 09:23:01.000 7594 7612 D ReflectedParamUpdater: extent() != 1 for single value type: output.buffers.allocator-ids.values
11-29 09:23:01.000 7594 7612 D ReflectedParamUpdater: extent() != 1 for single value type: algo.buffers.allocator-ids.values
11-29 09:23:01.000 7604 7604 I app_process: Using CollectorTypeCC GC.
11-29 09:23:01.000 7594 7612 D ReflectedParamUpdater: extent() != 1 for single value type: output.buffers.pool-ids.values
11-29 09:23:01.001 7594 7612 D ReflectedParamUpdater: extent() != 1 for single value type: algo.buffers.pool-ids.values
11-29 09:23:01.001 7594 7614 D ReflectedParamUpdater: extent() != 1 for single value type: vendor.qti-ext-enc-info-metadata-cvp.reserved
11-29 09:23:01.003 7594 7612 I CCodecConfig: query failed after returning 10 values (BAD_INDEX)
11-29 09:23:01.003 7594 7612 D CCodecConfig: c2 config diff is Dict {
11-29 09:23:01.003 7594 7612 D CCodecConfig: c2::u32 algo.bitrate-mode.value = 3
11-29 09:23:01.003 7594 7612 D CCodecConfig: c2::u32 algo.complexity.value = 10
11-29 09:23:01.003 7594 7612 D CCodecConfig: c2::u32 coded.bitrate.value = 128000
11-29 09:23:01.003 7594 7612 D CCodecConfig: c2::u32 input.buffers.max-size.value = 3840
11-29 09:23:01.003 7594 7612 D CCodecConfig: c2::u32 input.delay.value = 0
11-29 09:23:01.003 7594 7612 D CCodecConfig: string input.media-type.value = "audio/raw"
11-29 09:23:01.003 7594 7612 D CCodecConfig: c2::u32 output.large-frame.max-size = 0
11-29 09:23:01.003 7594 7612 D CCodecConfig: c2::u32 output.large-frame.threshold-size = 0
11-29 09:23:01.003 7594 7612 D CCodecConfig: string output.media-type.value = "audio/opus"
11-29 09:23:01.003 7594 7612 D CCodecConfig: c2::u32 raw.channel-count.value = 1
11-29 09:23:01.003 7594 7612 D CCodecConfig: c2::u32 raw.sample-rate.value = 48000
11-29 09:23:01.003 7594 7612 D CCodecConfig: }
11-29 09:23:01.006 7594 7614 D ReflectedParamUpdater: ignored struct field coding.gop.values
11-29 09:23:01.007 7594 7612 I MediaCodec: MediaCodec will operate in async mode
11-29 09:23:01.011 7594 7614 D ReflectedParamUpdater: extent() != 1 for single value type: output.buffers.pool-ids.values
11-29 09:23:01.012 7594 7614 D CCodecConfig: ignoring local param raw.color (0xc2001809) as it is already supported
11-29 09:23:01.013 1119 1119 E QC2Interface: Failed to query parameters
11-29 09:23:01.013 7594 7614 I CCodecConfig: query failed after returning 23 values (BAD_INDEX)
11-29 09:23:01.013 7594 7614 D CCodecConfig: c2 config diff is Dict {
11-29 09:23:01.013 7594 7614 D CCodecConfig: c2::u32 algo.bitrate-mode.value = 3
11-29 09:23:01.013 7594 7614 D CCodecConfig: c2::u32 algo.complexity.value = 0
11-29 09:23:01.013 7594 7614 D CCodecConfig: c2::i32 algo.priority.value = 0
11-29 09:23:01.013 7594 7614 D CCodecConfig: c2::float algo.rate.value = 30
11-29 09:23:01.013 7594 7614 D CCodecConfig: c2::u32 algo.secure-mode.value = 0
11-29 09:23:01.013 7594 7614 D CCodecConfig: c2::i32 coded.average-qp.value = 0
11-29 09:23:01.013 7594 7614 D CCodecConfig: c2::u32 coded.bitrate.value = 20000000
11-29 09:23:01.013 7594 7614 D CCodecConfig: c2::float coded.frame-rate.value = 30
11-29 09:23:01.013 7594 7614 D CCodecConfig: c2::u32 coded.picture-type.value = 0
11-29 09:23:01.013 7594 7614 D CCodecConfig: c2::u32 coded.pl.level = 0
11-29 09:23:01.013 7594 7614 D CCodecConfig: c2::u32 coded.pl.profile = 20484
11-29 09:23:01.013 7594 7614 D CCodecConfig: c2::u32 coded.vui.color.matrix = 255
11-29 09:23:01.013 7594 7614 D CCodecConfig: c2::u32 coded.vui.color.primaries = 0
11-29 09:23:01.013 7594 7614 D CCodecConfig: c2::u32 coded.vui.color.range = 0
11-29 09:23:01.013 7594 7614 D CCodecConfig: c2::u32 coded.vui.color.transfer = 255
11-29 09:23:01.013 7594 7614 D CCodecConfig: c2::u32 coding.intra-refresh.mode = 0
11-29 09:23:01.013 7594 7614 D CCodecConfig: c2::float coding.intra-refresh.period = 0
11-29 09:23:01.013 7594 7614 D CCodecConfig: c2::u32 coding.request-sync-frame.value = 0
11-29 09:23:01.013 7594 7614 D CCodecConfig: c2::i64 coding.sync-frame-interval.value = 1000000
11-29 09:23:01.013 7594 7614 D CCodecConfig: Buffer coding.temporal-layering = {
11-29 09:23:01.013 7594 7614 D CCodecConfig: 00000000: 10 00 00 00 07 20 01 52 00 00 00 00 00 00 00 00 ..... .R........
11-29 09:23:01.013 7594 7614 D CCodecConfig: }
11-29 09:23:01.013 7594 7614 D CCodecConfig: c2::u32 default.color.matrix = 0
11-29 09:23:01.013 7594 7614 D CCodecConfig: c2::u32 default.color.primaries = 0
11-29 09:23:01.013 7594 7614 D CCodecConfig: c2::u32 default.color.range = 0
11-29 09:23:01.013 7594 7614 D CCodecConfig: c2::u32 default.color.trans
11-29 09:23:01.014 7594 7614 W ColorUtils: expected specified color aspects (0:0:255:255)
11-29 09:23:01.018 7594 7610 D CodecSeeding: Seed: codec c2.android.opus.encoder, mediatype audio/opus, overrideable 1
11-29 09:23:01.018 7594 7611 D CodecSeeding: Seed: codec c2.qti.avc.encoder, mediatype video/avc, overrideable 1
11-29 09:23:01.018 7594 7610 D CodecProperties: setFeatureValue(multiple-frames,0)
11-29 09:23:01.018 7594 7610 D CodecProperties: setFeatureValue(_vq_eligible.device,1)
11-29 09:23:01.018 7594 7610 D CodecProperties: setFeatureValue(_quality.target,1)
11-29 09:23:01.018 7594 7611 D CodecProperties: setTuningValue(vq-target-bpp,0)
11-29 09:23:01.018 7594 7610 D CodecSeeding: Seed: codec c2.android.opus.encoder, mediatype audio/opus, overrideable 0
11-29 09:23:01.018 7594 7611 D CodecProperties: setTuningValue(vq-target-bpp-1080p,1.90)
11-29 09:23:01.018 7594 7611 D CodecProperties: setTuningValue(vq-target-bpp-720p,2.25)
11-29 09:23:01.018 7594 7610 D MediaCodec: shapeMediaFormat: deltas(0): AMessage(what = 0x00000000) = {
11-29 09:23:01.018 7594 7610 D MediaCodec: }
11-29 09:23:01.018 7594 7611 D CodecProperties: setTuningValue(vq-target-bpp-540p,2.65)
11-29 09:23:01.018 7594 7611 D CodecProperties: setTuningValue(vq-target-bpp-480p,3.00)
11-29 09:23:01.018 7594 7611 D CodecProperties: setTuningValue(vq-target-bpp-320x240,0)
11-29 09:23:01.018 7594 7611 D CodecProperties: setTuningValue(vq-target-qpmax,-1)
11-29 09:23:01.018 7594 7611 D CodecProperties: setTuningValue(vq-target-qpmax-1080p,45)
11-29 09:23:01.018 7594 7611 D CodecProperties: setTuningValue(vq-target-qpmax-720p,43)
11-29 09:23:01.018 7594 7611 D CodecProperties: setTuningValue(vq-target-qpmax-540p,42)
11-29 09:23:01.018 7594 7611 D CodecProperties: setTuningValue(vq-target-qpmax-480p,38)
11-29 09:23:01.018 7594 7611 D CodecProperties: setTuningValue(vq-bitrate-phaseout,1.75)
11-29 09:23:01.018 7594 7611 D CodecProperties: setTuningValue(vq-boost-missing-qp,0.20)
11-29 09:23:01.018 7594 7611 D CodecProperties: setFeatureValue(_vq_eligible.device,1)
11-29 09:23:01.018 7594 7611 D CodecProperties: setFeatureValue(_quality.target,1)
11-29 09:23:01.018 7594 7611 D CodecSeeding: Seed: codec c2.qti.avc.encoder, mediatype video/avc, overrideable 0
11-29 09:23:01.018 7594 7611 D VQApply : minquality: 1080x2400 outside of shaping range
11-29 09:23:01.018 7594 7612 D CCodec : [c2.android.opus.encoder] buffers are bound to CCodec for this session
11-29 09:23:01.018 7594 7611 D MediaCodec: shapeMediaFormat: deltas(1): AMessage(what = 0x00000000) = {
11-29 09:23:01.018 7594 7611 D MediaCodec: int32_t android._encoding-quality-level = 0
11-29 09:23:01.018 7594 7611 D MediaCodec: }
11-29 09:23:01.018 7594 7612 D CCodecConfig: no c2 equivalents for flags
11-29 09:23:01.018 7594 7612 D CCodecConfig: no c2 equivalents for encoder
11-29 09:23:01.018 7594 7614 D CCodec : [c2.qti.avc.encoder] buffers are bound to CCodec for this session
11-29 09:23:01.018 7594 7614 D CCodecConfig: no c2 equivalents for color-format
11-29 09:23:01.019 7594 7614 D CCodecConfig: no c2 equivalents for repeat-previous-frame-after
11-29 09:23:01.019 7594 7614 D CCodecConfig: no c2 equivalents for flags
11-29 09:23:01.019 7594 7614 D CCodecConfig: no c2 equivalents for encoder
11-29 09:23:01.019 7594 7612 D CCodecConfig: c2 config diff is c2::u32 raw.channel-count.value = 2
11-29 09:23:01.019 7594 7612 W Codec2Client: query -- param skipped: index = 1107298332.
11-29 09:23:01.019 7594 7612 D CCodec : encoding statistics level = 0
11-29 09:23:01.019 7594 7612 D CCodec : setup formats input: AMessage(what = 0x00000000) = {
11-29 09:23:01.019 7594 7612 D CCodec : int32_t channel-count = 2
11-29 09:23:01.019 7594 7612 D CCodec : int32_t flac-compression-level = 10
11-29 09:23:01.019 7594 7612 D CCodec : int32_t max-input-size = 3840
11-29 09:23:01.019 7594 7612 D CCodec : string mime = "audio/raw"
11-29 09:23:01.019 7594 7612 D CCodec : int32_t sample-rate = 48000
11-29 09:23:01.019 7594 7612 D CCodec : int32_t android._config-pcm-encoding = 2
11-29 09:23:01.019 7594 7612 D CCodec : }
11-29 09:23:01.019 7594 7612 D CCodec : setup formats output: AMessage(what = 0x00000000) = {
11-29 09:23:01.019 7594 7612 D CCodec : int32_t bitrate = 128000
11-29 09:23:01.019 7594 7612 D CCodec : int32_t bitrate-mode = 1
11-29 09:23:01.019 7594 7612 D CCodec : int32_t buffer-batch-max-output-size = 0
11-29 09:23:01.019 7594 7612 D CCodec : int32_t buffer-batch-threshold-output-size = 0
11-29 09:23:01.019 7594 7612 D CCodec : int32_t channel-count = 2
11-29 09:23:01.019 7594 7612 D CCodec : int32_t flac-compression-level = 10
11-29 09:23:01.019 7594 7612 D CCodec : int32_t max-bitrate = 128000
11-29 09:23:01.019 7594 7612 D CCodec : string mime = "audio/opus"
11-29 09:23:01.019 7594 7612 D CCodec : int32_t sample-rate = 48000
11-29 09:23:01.019 7594 7612 D CCodec : }
11-29 09:23:01.020 7594 7612 I CCodecConfig: query failed after returning 10 values (BAD_INDEX)
11-29 09:23:01.020 7594 7614 D CCodecConfig: c2 config diff is c2::u32 coded.bitrate.value = 8000000
11-29 09:23:01.020 7594 7614 D CCodecConfig: c2::float coded.frame-rate.value = 60
11-29 09:23:01.020 7594 7614 D CCodecConfig: c2::i64 coding.sync-frame-interval.value = 10000000
11-29 09:23:01.020 7594 7614 D CCodecConfig: c2::u32 raw.pixel-format.value = 34
11-29 09:23:01.020 7594 7614 D CCodecConfig: c2::u32 raw.size.height = 2400
11-29 09:23:01.020 7594 7614 D CCodecConfig: c2::u32 raw.size.width = 1080
11-29 09:23:01.020 7594 7614 W ColorUtils: expected specified color aspects (0:0:255:255)
11-29 09:23:01.020 1119 1119 E QC2Interface: Failed to query parameters
11-29 09:23:01.021 7594 7614 W Codec2Client: query -- param skipped: index = 3254781982.
11-29 09:23:01.021 7594 7614 D CCodec : encoding statistics level = 0
11-29 09:23:01.021 7594 7614 D CCodec : setup formats input: AMessage(what = 0x00000000) = {
11-29 09:23:01.021 7594 7614 D CCodec : int32_t android._color-format = 2130708361
11-29 09:23:01.021 7594 7614 D CCodec : Rect crop(0, 0, 1079, 2399)
11-29 09:23:01.021 7594 7614 D CCodec : int32_t color-standard = 130816
11-29 09:23:01.021 7594 7614 D CCodec : int32_t color-range = 0
11-29 09:23:01.021 7594 7614 D CCodec : int32_t color-transfer = 65791
11-29 09:23:01.021 7594 7614 D CCodec : int32_t video-qp-average = 0
11-29 09:23:01.021 7594 7614 D CCodec : int32_t width = 1080
11-29 09:23:01.021 7594 7614 D CCodec : int32_t feature-secure-playback = 0
11-29 09:23:01.021 7594 7614 D CCodec : int32_t frame-rate = 60
11-29 09:23:01.021 7594 7614 D CCodec : int32_t height = 2400
11-29 09:23:01.021 7594 7614 D CCodec : int32_t intra-refresh-period = 0
11-29 09:23:01.021 7594 7614 D CCodec : string mime = "video/raw"
11-29 09:23:01.021 7594 7614 D CCodec : int32_t prepend-sps-pps-to-idr-frames = 0
11-29 09:23:01.021 7594 7614 D CCodec : int32_t priority = 0
11-29 09:23:01.021 7594 7614 D CCodec : Buffer hdr-static-info = {
11-29 09:23:01.021 7594 7614 D CCodec : 00000000: 00 00 00 00 00 00 00 00 00 00 00 00 00 00 00 00 ................
11-29 09:23:01.021 7594 7614 D CCodec : 00000010: 00 00 00 00 00 00 00 00 00 .........
11-29 09:23:01.021 7594 7614 D CCodec : }
11-29 09:23:01.021 7594 7614 D CCodec : int32_t android._dataspace = 12648448
11-29 09:23:01.021 7594 7614 D CCodec : int64_t android._C2MemoryUsage = 65536
11-29 09:23:01.021 7594 7614 D CCodec : int32_t color-format = 2130708361
11-29 09:23:01.021 7594 7614 D CCodec : }
11-29 09:23:01.021 7594 7614 D CCodec : setup formats output: AMessage(what = 0x00000000) = {
11-29 09:23:01.021 7594 7614 D CCodec : int32_t bitrate = 8000000
11-29 09:23:01.021 7594 7614 D CCodec : int32_t bitrate-mode = 1
11-29 09:23:01.021 7594 7614 D CCodec : Rect crop(0, 0, 1079, 2399)
11-29 09:23:01.021 7594 7614 D CCodec : int32_t width = 1080
11-29 09:23:01.021 7594 7614 D CCodec : int32_t color-standard = 130816
11-29 09:23:01.021 7594 7614 D CCodec : int32_t color-range = 0
11-29 09:23:01.021 7594 7614 D CCodec : int32_t color-transfer = 65791
11-29 09:23:01.021 7594 7614 D CCodec : int32_t feature-secure-playback = 0
11-29 09:23:01.021 7594 7614 D CCodec : int32_t frame-rate = 60
11-29 09:23:01.021 7594 7614 D CCodec : int32_t height = 2400
11-29 09:23:01.021 7594 7614 D CCodec : int32_t intra-refresh-period = 0
11-29 09:23:01.021 7594 7614 D CCodec : int32_t max-bitrate = 8000000
11-29 09:23:01.021 7594 7614 D CCodec : string mime = "video/avc"
11-29 09:23:01.021 7594 7614 D CCodec : int32_t prepend-sps-pps-to-idr-frames = 0
11-29 09:23:01.021 7594 7614 D CCodec : int32_t priority = 0
11-29 09:23:01.021 7594 7614 D CCodec : int32_t profile = 8
11-29 09:23:01.021 7594 7614 D CCodec : int32_t video-qp-average = 0
11-29 09:23:01.021 7594 7614 D CCodec : }
11-29 09:23:01.021 1119 1119 E QC2Interface: Failed to query parameters
11-29 09:23:01.021 7594 7610 W libc : Access denied finding property "qemu.sf.lcd_density"
11-29 09:23:01.021 7594 7614 I CCodecConfig: query failed after returning 23 values (BAD_INDEX)
11-29 09:23:01.021 7594 7610 W libc : Access denied finding property "qemu.sf.lcd_density"
11-29 09:23:01.022 7594 7614 D CCodec : hidl based PersistentSurface created
11-29 09:23:01.017 7594 7594 W audio-encoder: type=1400 audit(0.0:344): avc: denied { read } for name="u:object_r:qemu_sf_lcd_density_prop:s0" dev="tmpfs" ino=2234 scontext=u:r:shell:s0 tcontext=u:object_r:qemu_sf_lcd_density_prop:s0 tclass=file permissive=0
11-29 09:23:01.017 7594 7594 W audio-encoder: type=1400 audit(0.0:345): avc: denied { read } for name="u:object_r:qemu_sf_lcd_density_prop:s0" dev="tmpfs" ino=2234 scontext=u:r:shell:s0 tcontext=u:object_r:qemu_sf_lcd_density_prop:s0 tclass=file permissive=0
11-29 09:23:01.022 7594 7614 D CCodec : input format changed to AMessage(what = 0x00000000) = {
11-29 09:23:01.022 7594 7614 D CCodec : int32_t android._color-format = 2130708361
11-29 09:23:01.022 7594 7614 D CCodec : Rect crop(0, 0, 1079, 2399)
11-29 09:23:01.022 7594 7614 D CCodec : int32_t color-standard = 1
11-29 09:23:01.022 7594 7614 D CCodec : int32_t color-range = 2
11-29 09:23:01.022 7594 7614 D CCodec : int32_t color-transfer = 3
11-29 09:23:01.022 7594 7614 D CCodec : int32_t video-qp-average = 0
11-29 09:23:01.022 7594 7614 D CCodec : int32_t width = 1080
11-29 09:23:01.022 7594 7614 D CCodec : int32_t feature-secure-playback = 0
11-29 09:23:01.022 7594 7614 D CCodec : int32_t frame-rate = 60
11-29 09:23:01.022 7594 7614 D CCodec : int32_t height = 2400
11-29 09:23:01.022 7594 7614 D CCodec : int32_t intra-refresh-period = 0
11-29 09:23:01.022 7594 7614 D CCodec : string mime = "video/raw"
11-29 09:23:01.022 7594 7614 D CCodec : int32_t prepend-sps-pps-to-idr-frames = 0
11-29 09:23:01.022 7594 7614 D CCodec : int32_t priority = 0
11-29 09:23:01.022 7594 7614 D CCodec : Buffer hdr-static-info = {
11-29 09:23:01.022 7594 7614 D CCodec : 00000000: 00 00 00 00 00 00 00 00 00 00 00 00 00 00 00 00 ................
11-29 09:23:01.022 7594 7614 D CCodec : 00000010: 00 00 00 00 00 00 00 00 00 .........
11-29 09:23:01.022 7594 7614 D CCodec : }
11-29 09:23:01.022 7594 7614 D CCodec : int32_t android._dataspace = 260
11-29 09:23:01.022 7594 7614 D CCodec : int64_t android._C2MemoryUsage = 65536
11-29 09:23:01.022 7594 7614 D CCodec : int32_t color-format = 2130708361
11-29 09:23:01.022 7594 7614 D CCodec : }
11-29 09:23:01.023 7594 7614 D GraphicBufferSource: setting dataspace: 0x104, acquired=0
11-29 09:23:01.023 7594 7614 D CCodec : ISConfig minFps=10 => repeatDelayUs=100000
11-29 09:23:01.027 1278 2749 D DisplayManagerService: Virtual Display: creating DisplayDevice with VirtualDisplayAdapter
11-29 09:23:01.029 1278 2749 I DisplayDeviceRepository: Display device added: DisplayDeviceInfo{"scrcpy": uniqueId="virtual:com.android.shell,2000,scrcpy,0", 1080 x 2400, modeId 4, renderFrameRate 60.0, defaultModeId 4, userPreferredModeId -1, supportedModes [{id=4, width=1080, height=2400, fps=60.0, vsync=60.0, synthetic=false, alternativeRefreshRates=[], supportedHdrTypes=[]}], colorMode 0, supportedColorModes [0], hdrCapabilities null, allmSupported false, gameContentTypeSupported false, density 1, 1.0 x 1.0 dpi, appVsyncOff 0, presDeadline 16666666, touch NONE, rotation 0, type VIRTUAL, deviceProductInfo null, state ON, committedState UNKNOWN, owner com.android.shell (uid 2000), frameRateOverride , brightnessMinimum 0.0, brightnessMaximum 0.0, brightnessDefault 0.0, hdrSdrRatio NaN, FLAG_PRIVATE, installOrientation 0, displayShape DisplayShape{ spec=-1893857183 displayWidth=1080 displayHeight=2400 physicalPixelDisplaySizeRatio=1.0 rotation=0 offsetX=0 offsetY=0 scale=1.0}}
11-29 09:23:01.031 7594 7610 D nativeloader: Load libjavacrypto.so using APEX ns com_android_conscrypt for caller /apex/com.android.conscrypt/javalib/conscrypt.jar: ok
11-29 09:23:01.031 1278 2749 I LogicalDisplayMapper: Applying layout: [{dispId: 0(ON), displayGroupName: , addr: {port=130, model=0x40446df62365f2}, mThermalBrightnessThrottlingMapId: null, mRefreshRateZoneId: null, mLeadDisplayId: -1, mLeadDisplayAddress: null, mThermalRefreshRateThrottlingMapId: null, mPowerThrottlingMapId: null}], Previous layout: [{dispId: 0(ON), displayGroupName: , addr: {port=130, model=0x40446df62365f2}, mThermalBrightnessThrottlingMapId: null, mRefreshRateZoneId: null, mLeadDisplayId: -1, mLeadDisplayAddress: null, mThermalRefreshRateThrottlingMapId: null, mPowerThrottlingMapId: null}]
11-29 09:23:01.031 1278 2749 I LogicalDisplayMapper: Setting new display group 0 for display 2, from previous group: null
11-29 09:23:01.033 1278 2749 W BrightnessThrottler: DeviceConfig ThermalBrightnessThrottlingData is null
11-29 09:23:01.034 1278 2749 W DisplayPowerController2[2]: Screen brightness nits configuration is unavailable; falling back
11-29 09:23:01.034 1278 1317 D BrightnessThermalClamper: New thermal throttling status = 0
11-29 09:23:01.036 1278 1321 I DisplayDevice: [2] Layerstack set to 2 for virtual:com.android.shell,2000,scrcpy,0
11-29 09:23:01.040 1278 1706 V DisplayPowerController2[2]: Brightness [0.0] reason changing to: 'manual', previous reason: '0'.
11-29 09:23:01.041 1278 1706 I DisplayPowerController2[2]: BrightnessEvent: disp=2, physDisp=virtual:com.android.shell,2000,scrcpy,0, displayState=ON, displayPolicy=BRIGHT, brt=0.0, initBrt=NaN, rcmdBrt=NaN, preBrt=NaN, lux=0.0, preLux=0.0, hbmMax=1.0, hbmMode=off, rbcStrength=-1, thrmMax=1.0, powerFactor=1.0, wasShortTermModelActive=false, flags=, reason=manual, autoBrightness=true, strategy=InvalidBrightnessStrategy, autoBrightnessMode=default
11-29 09:23:01.043 7604 7604 D nativeloader: InitDefaultPublicLibraries for_preload=1: libandroid.so:libaaudio.so:libamidi.so:libbinder_ndk.so:libc.so:libcamera2ndk.so:libdl.so:libEGL.so:libGLESv1_CM.so:libGLESv2.so:libGLESv3.so:libicu.so:libicui18n.so:libicuuc.so:libjnigraphics.so:liblog.so:libmediandk.so:libm.so:libnativehelper.so:libnativewindow.so:libOpenMAXAL.so:libOpenSLES.so:libRS.so:libstdc++.so:libsync.so:libvulkan.so:libwebviewchromium_plat_support.so:libz.so
11-29 09:23:01.043 7594 7610 W OverlayConfig: partition_order.xml does not exist.
11-29 09:23:01.044 1119 7619 I QC2Registry: Build pipelined codec for session
11-29 09:23:01.044 1119 7619 I QC2Registry: Getting stages for pipelined codec
11-29 09:23:01.044 1119 7619 I QC2Registry: Pipelining not enabled
11-29 09:23:01.044 1119 7619 I QC2Registry: Doesn't support pipelining. Create standalone codec
11-29 09:23:01.045 1119 7619 I QC2V4l2Driver: [avcE_14] Device /dev/video33 opened with fd: 7
11-29 09:23:01.048 1119 7619 W QC2V4l2Codec: [avcE_14] unknown/unsupported param coding.sync-frame-interval index = 0x52002005
11-29 09:23:01.048 1119 7619 W QC2V4l2Codec: [avcE_14] unknown/unsupported param coded.p-frame-count index = 0x5200C001
11-29 09:23:01.048 1119 7619 W QC2V4l2Driver: [avcE_14] Frame QP not set as qpEnable is false!
11-29 09:23:01.048 1119 7619 W QC2V4l2Codec: [avcE_14] unknown/unsupported param qti-ext-enc-hier-b-preconditions index = 0x9200C045
11-29 09:23:01.048 1119 7619 E QC2V4l2Codec: [avcE_14] OPAQUE is not a supported pixel format!
11-29 09:23:01.045 7594 7594 W audio-encoder: type=1400 audit(0.0:346): avc: denied { execute } for name="idmap2" dev="dm-0" ino=381 scontext=u:r:shell:s0 tcontext=u:object_r:idmap_exec:s0 tclass=file permissive=0
11-29 09:23:01.049 1119 1119 E QC2Interface: Failed to query parameters
11-29 09:23:01.049 7594 7614 W Codec2Client: query -- param skipped: index = 1342179345.
11-29 09:23:01.049 7594 7614 W Codec2Client: query -- param skipped: index = 2415921170.
11-29 09:23:01.049 7594 7614 W Codec2Client: query -- param skipped: index = 1610614798.
11-29 09:23:01.049 1119 1119 E QC2Interface: Failed to query parameters
11-29 09:23:01.049 7594 7614 D CCodecBufferChannel: [c2.qti.avc.encoder#674] Query input allocators returned 0 params => BAD_INDEX (6)
11-29 09:23:01.049 7594 7614 D CCodecBufferChannel: [c2.qti.avc.encoder#674] Using basic input block pool with poolID 1 => got 1 - OK (0)
11-29 09:23:01.049 7604 7604 D nativeloader: Load libicu_jni.so using APEX ns com_android_art for caller /apex/com.android.art/javalib/core-oj.jar: ok
11-29 09:23:01.049 1119 1119 E QC2Interface: Failed to query parameters
