11-29 09:23:59.861 7959 8009 I chromium: [INFO:url_filter.cc(129)] [eyeo] Exception options can only be used with allowing filters
11-29 09:23:59.861 7959 8009 I chromium: [INFO:flatbuffer_converter.cc(128)] [eyeo] Invalid url filter: ||65035033.xyz^$document,popup
11-29 09:23:59.862 7959 8009 I chromium: [INFO:url_filter.cc(129)] [eyeo] Exception options can only be used with allowing filters
11-29 09:23:59.862 7959 8009 I chromium: [INFO:flatbuffer_converter.cc(128)] [eyeo] Invalid url filter: ||656f1ba3.xyz^$document,popup
11-29 09:23:59.862 7959 8009 I chromium: [INFO:url_filter.cc(129)] [eyeo] Exception options can only be used with allowing filters
11-29 09:23:59.862 7959 8009 I chromium: [INFO:flatbuffer_converter.cc(128)] [eyeo] Invalid url filter: ||657475b7-0095-478d-90d4-96ce440604f9.online^$document,popup
11-29 09:23:59.862 7959 8009 I chromium: [INFO:url_filter.cc(129)] [eyeo] Exception options can only be used with allowing filters
11-29 09:23:59.862 7959 8009 I chromium: [INFO:flatbuffer_converter.cc(128)] [eyeo] Invalid url filter: ||65894140.xyz^$document,popup
11-29 09:23:59.862 7959 8009 I chromium: [INFO:url_filter.cc(129)] [eyeo] Exception options can only be used with allowing filters
11-29 09:23:59.862 7959 8009 I chromium: [INFO:flatbuffer_converter.cc(128)] [eyeo] Invalid url filter: ||68646f.xyz^$document,popup
11-29 09:23:59.862 7959 8009 I chromium: [INFO:url_filter.cc(129)] [eyeo] Exception options can only be used with allowing filters
11-29 09:23:59.862 7959 8009 I chromium: [INFO:flatbuffer_converter.cc(128)] [eyeo] Invalid url filter: ||691f42ad.xyz^$document,popup
11-29 09:23:59.862 7959 8009 I chromium: [INFO:url_filter.cc(129)] [eyeo] Exception options can only be used with allowing filters
11-29 09:23:59.862 7959 8009 I chromium: [INFO:flatbuffer_converter.cc(128)] [eyeo] Invalid url filter: ||6a6672.xyz^$document,popup
11-29 09:23:59.862 7959 8009 I chromium: [INFO:url_filter.cc(129)] [eyeo] Exception options can only be used with allowing filters
11-29 09:23:59.862 7959 8009 I chromium: [INFO:flatbuffer_converter.cc(128)] [eyeo] Invalid url filter: ||70b927c8.live^$document,popup
11-29 09:23:59.862 7959 8009 I chromium: [INFO:url_filter.cc(129)] [eyeo] Exception options can only be used with allowing filters
11-29 09:23:59.862 7959 8009 I chromium: [INFO:flatbuffer_converter.cc(128)] [eyeo] Invalid url filter: ||72075223.xyz^$document,popup
11-29 09:23:59.862 7959 8009 I chromium: [INFO:url_filter.cc(129)] [eyeo] Exception options can only be used with allowing filters
11-29 09:23:59.862 7959 8009 I chromium: [INFO:flatbuffer_converter.cc(128)] [eyeo] Invalid url filter: ||72356275.xyz^$document,popup
11-29 09:23:59.862 7959 8009 I chromium: [INFO:url_filter.cc(129)] [eyeo] Exception options can only be used with allowing filters
11-29 09:23:59.862 7959 8009 I chromium: [INFO:flatbuffer_converter.cc(128)] [eyeo] Invalid url filter: ||72560514.xyz^$document,popup
11-29 09:23:59.862 7959 8009 I chromium: [INFO:url_filter.cc(129)] [eyeo] Exception options can only be used with allowing filters
11-29 09:23:59.862 7959 8009 I chromium: [INFO:flatbuffer_converter.cc(128)] [eyeo] Invalid url filter: ||72716408.xyz^$document,popup
11-29 09:23:59.862 7959 8009 I chromium: [INFO:url_filter.cc(129)] [eyeo] Exception options can only be used with allowing filters
11-29 09:23:59.862 7959 8009 I chromium: [INFO:flatbuffer_converter.cc(128)] [eyeo] Invalid url filter: ||72888710.xyz^$document,popup
11-29 09:23:59.862 7959 8009 I chromium: [INFO:url_filter.cc(129)] [eyeo] Exception options can only be used with allowing filters
11-29 09:23:59.862 7959 8009 I chromium: [INFO:flatbuffer_converter.cc(128)] [eyeo] Invalid url filter: ||73503921.xyz^$document,popup
11-29 09:23:59.862 7959 8009 I chromium: [INFO:url_filter.cc(129)] [eyeo] Exception options can only be used with allowing filters
11-29 09:23:59.862 7959 8009 I chromium: [INFO:flatbuffer_converter.cc(128)] [eyeo] Invalid url filter: ||74142961.xyz^$document,popup
11-29 09:23:59.862 7959 8009 I chromium: [INFO:url_filter.cc(129)] [eyeo] Exception options can only be used with allowing filters
11-29 09:23:59.862 7959 8009 I chromium: [INFO:flatbuffer_converter.cc(128)] [eyeo] Invalid url filter: ||75690049.xyz^$document,popup
11-29 09:23:59.862 7959 8009 I chromium: [INFO:url_filter.cc(129)] [eyeo] Exception options can only be used with allowing filters
11-29 09:23:59.862 7959 8009 I chromium: [INFO:flatbuffer_converter.cc(128)] [eyeo] Invalid url filter: ||7608d5.xyz^$document,popup
11-29 09:23:59.862 7959 8009 I chromium: [INFO:url_filter.cc(129)] [eyeo] Exception options can only be used with allowing filters
11-29 09:23:59.862 7959 8009 I chromium: [INFO:flatbuffer_converter.cc(128)] [eyeo] Invalid url filter: ||77886044.xyz^$document,popup
11-29 09:23:59.862 7959 8009 I chromium: [INFO:url_filter.cc(129)] [eyeo] Exception options can only be used with allowing filters
11-29 09:23:59.862 7959 8009 I chromium: [INFO:flatbuffer_converter.cc(128)] [eyeo] Invalid url filter: ||7841ffda.xyz^$document,popup
11-29 09:23:59.862 7959 8009 I chromium: [INFO:url_filter.cc(129)] [eyeo] Exception options can only be used with allowing filters
11-29 09:23:59.862 7959 8009 I chromium: [INFO:flatbuffer_converter.cc(128)] [eyeo] Invalid url filter: ||78847798.xyz^$document,popup
11-29 09:23:59.862 7959 8009 I chromium: [INFO:url_filter.cc(129)] [eyeo] Exception options can only be used with allowing filters
11-29 09:23:59.862 7959 8009 I chromium: [INFO:flatbuffer_converter.cc(128)] [eyeo] Invalid url filter: ||78b78ff8.xyz^$document,popup
11-29 09:23:59.862 7959 8009 I chromium: [INFO:url_filter.cc(129)] [eyeo] Exception options can only be used with allowing filters
11-29 09:23:59.862 7959 8009 I chromium: [INFO:flatbuffer_converter.cc(128)] [eyeo] Invalid url filter: ||79180284.xyz^$document,popup
11-29 09:23:59.862 7959 8009 I chromium: [INFO:url_filter.cc(129)] [eyeo] Exception options can only be used with allowing filters
11-29 09:23:59.862 7959 8009 I chromium: [INFO:flatbuffer_converter.cc(128)] [eyeo] Invalid url filter: ||7ca989e1.xyz^$document,popup
11-29 09:23:59.862 7959 8009 I chromium: [INFO:url_filter.cc(129)] [eyeo] Exception options can only be used with allowing filters
11-29 09:23:59.862 7959 8009 I chromium: [INFO:flatbuffer_converter.cc(128)] [eyeo] Invalid url filter: ||7e60f1f9.xyz^$document,popup
11-29 09:23:59.862 7959 8009 I chromium: [INFO:url_filter.cc(129)] [eyeo] Exception options can only be used with allowing filters
11-29 09:23:59.862 7959 8009 I chromium: [INFO:flatbuffer_converter.cc(128)] [eyeo] Invalid url filter: ||7e809ed7-e553-4e29-acb1-4e3c0e986562.site^$document,popup
11-29 09:23:59.862 7959 8009 I chromium: [INFO:url_filter.cc(129)] [eyeo] Exception options can only be used with allowing filters
11-29 09:23:59.862 7959 8009 I chromium: [INFO:flatbuffer_converter.cc(128)] [eyeo] Invalid url filter: ||7fc8.site^$document,popup
11-29 09:23:59.862 7959 8009 I chromium: [INFO:url_filter.cc(129)] [eyeo] Exception options can only be used with allowing filters
11-29 09:23:59.862 7959 8009 I chromium: [INFO:flatbuffer_converter.cc(128)] [eyeo] Invalid url filter: ||80133082.xyz^$document,popup
11-29 09:23:59.862 7959 8009 I chromium: [INFO:url_filter.cc(129)] [eyeo] Exception options can only be used with allowing filters
11-29 09:23:59.862 7959 8009 I chromium: [INFO:flatbuffer_converter.cc(128)] [eyeo] Invalid url filter: ||814272c4.xyz^$document,popup
11-29 09:23:59.862 7959 8009 I chromium: [INFO:url_filter.cc(129)] [eyeo] Exception options can only be used with allowing filters
11-29 09:23:59.862 7959 8009 I chromium: [INFO:flatbuffer_converter.cc(128)] [eyeo] Invalid url filter: ||83409127.xyz^$document,popup
11-29 09:23:59.862 7959 8009 I chromium: [INFO:url_filter.cc(129)] [eyeo] Exception options can only be used with allowing filters
11-29 09:23:59.862 7959 8009 I chromium: [INFO:flatbuffer_converter.cc(128)] [eyeo] Invalid url filter: ||83761158.xyz^$document,popup
11-29 09:23:59.862 7959 8009 I chromium: [INFO:url_filter.cc(129)] [eyeo] Exception options can only be used with allowing filters
11-29 09:23:59.862 7959 8009 I chromium: [INFO:flatbuffer_converter.cc(128)] [eyeo] Invalid url filter: ||83887336.xyz^$document,popup
11-29 09:23:59.862 7959 8009 I chromium: [INFO:url_filter.cc(129)] [eyeo] Exception options can only be used with allowing filters
11-29 09:23:59.862 7959 8009 I chromium: [INFO:flatbuffer_converter.cc(128)] [eyeo] Invalid url filter: ||84631949.xyz^$document,popup
11-29 09:23:59.862 7959 8009 I chromium: [INFO:url_filter.cc(129)] [eyeo] Exception options can only be used with allowing filters
11-29 09:23:59.862 7959 8009 I chromium: [INFO:flatbuffer_converter.cc(128)] [eyeo] Invalid url filter: ||86124673.xyz^$document,popup
11-29 09:23:59.862 7959 8009 I chromium: [INFO:url_filter.cc(129)] [eyeo] Exception options can only be used with allowing filters
11-29 09:23:59.862 7959 8009 I chromium: [INFO:flatbuffer_converter.cc(128)] [eyeo] Invalid url filter: ||88129513.xyz^$document,popup
11-29 09:23:59.862 7959 8009 I chromium: [INFO:url_filter.cc(129)] [eyeo] Exception options can only be used with allowing filters
11-29 09:23:59.862 7959 8009 I chromium: [INFO:flatbuffer_converter.cc(128)] [eyeo] Invalid url filter: ||88545539.xyz^$document,popup
11-29 09:23:59.862 7959 8009 I chromium: [INFO:url_filter.cc(129)] [eyeo] Exception options can only be used with allowing filters
11-29 09:23:59.862 7959 8009 I chromium: [INFO:flatbuffer_converter.cc(128)] [eyeo] Invalid url filter: ||89263907.xyz^$document,popup
11-29 09:23:59.862 7959 8009 I chromium: [INFO:url_filter.cc(129)] [eyeo] Exception options can only be used with allowing filters
11-29 09:23:59.862 7959 8009 I chromium: [INFO:flatbuffer_converter.cc(128)] [eyeo] Invalid url filter: ||89407765.xyz^$document,popup
11-29 09:23:59.862 7959 8009 I chromium: [INFO:url_filter.cc(129)] [eyeo] Exception options can only be used with allowing filters
11-29 09:23:59.862 7959 8009 I chromium: [INFO:flatbuffer_converter.cc(128)] [eyeo] Invalid url filter: ||89871256.xyz^$document,popup
11-29 09:23:59.862 7959 8009 I chromium: [INFO:url_filter.cc(129)] [eyeo] Exception options can only be used with allowing filters
11-29 09:23:59.862 7959 8009 I chromium: [INFO:flatbuffer_converter.cc(128)] [eyeo] Invalid url filter: ||8acc5c.site^$document,popup
11-29 09:23:59.862 7959 8009 I chromium: [INFO:url_filter.cc(129)] [eyeo] Exception options can only be used with allowing filters
11-29 09:23:59.862 7959 8009 I chromium: [INFO:flatbuffer_converter.cc(128)] [eyeo] Invalid url filter: ||8b71e197.xyz^$document,popup
11-29 09:23:59.862 7959 8009 I chromium: [INFO:url_filter.cc(129)] [eyeo] Exception options can only be used with allowing filters
11-29 09:23:59.862 7959 8009 I chromium: [INFO:flatbuffer_converter.cc(128)] [eyeo] Invalid url filter: ||8bf6c3e9-3f4f-40db-89b3-58248f943ce3.online^$document,popup
11-29 09:23:59.862 7959 8009 I chromium: [INFO:url_filter.cc(129)] [eyeo] Exception options can only be used with allowing filters
11-29 09:23:59.862 7959 8009 I chromium: [INFO:flatbuffer_converter.cc(128)] [eyeo] Invalid url filter: ||8eef59a5.live^$document,popup
11-29 09:23:59.862 7959 8009 I chromium: [INFO:url_filter.cc(129)] [eyeo] Exception options can only be used with allowing filters
11-29 09:23:59.862 7959 8009 I chromium: [INFO:flatbuffer_converter.cc(128)] [eyeo] Invalid url filter: ||91301246.xyz^$document,popup
11-29 09:23:59.862 7959 8009 I chromium: [INFO:url_filter.cc(129)] [eyeo] Exception options can only be used with allowing filters
11-29 09:23:59.862 7959 8009 I chromium: [INFO:flatbuffer_converter.cc(128)] [eyeo] Invalid url filter: ||92790388.xyz^$document,popup
11-29 09:23:59.862 7959 8009 I chromium: [INFO:url_filter.cc(129)] [eyeo] Exception options can only be used with allowing filters
11-29 09:23:59.862 7959 8009 I chromium: [INFO:flatbuffer_converter.cc(128)] [eyeo] Invalid url filter: ||9354ee72.xyz^$document,popup
11-29 09:23:59.862 7959 8009 I chromium: [INFO:url_filter.cc(129)] [eyeo] Exception options can only be used with allowing filters
11-29 09:23:59.862 7959 8009 I chromium: [INFO:flatbuffer_converter.cc(128)] [eyeo] Invalid url filter: ||94597672.xyz^$document,popup
11-29 09:23:59.862 7959 8009 I chromium: [INFO:url_filter.cc(129)] [eyeo] Exception options can only be used with allowing filters
11-29 09:23:59.862 7959 8009 I chromium: [INFO:flatbuffer_converter.cc(128)] [eyeo] Invalid url filter: ||97496b9d.xyz^$document,popup
11-29 09:23:59.862 7959 8009 I chromium: [INFO:url_filter.cc(129)] [eyeo] Exception options can only be used with allowing filters
11-29 09:23:59.862 7959 8009 I chromium: [INFO:flatbuffer_converter.cc(128)] [eyeo] Invalid url filter: ||977878.xyz^$document,popup
11-29 09:23:59.862 7959 8009 I chromium: [INFO:url_filter.cc(129)] [eyeo] Exception options can only be used with allowing filters
11-29 09:23:59.862 7959 8009 I chromium: [INFO:flatbuffer_converter.cc(128)] [eyeo] Invalid url filter: ||97b448.xyz^$document,popup
11-29 09:23:59.862 7959 8009 I chromium: [INFO:url_filter.cc(129)] [eyeo] Exception options can only be used with allowing filters
11-29 09:23:59.862 7959 8009 I chromium: [INFO:flatbuffer_converter.cc(128)] [eyeo] Invalid url filter: ||98140548.xyz^$document,popup
11-29 09:23:59.862 7959 8009 I chromium: [INFO:url_filter.cc(129)] [eyeo] Exception options can only be used with allowing filters
11-29 09:23:59.862 7959 8009 I chromium: [INFO:flatbuffer_converter.cc(128)] [eyeo] Invalid url filter: ||9814b49f.xyz^$document,popup
11-29 09:23:59.862 7959 8009 I chromium: [INFO:url_filter.cc(129)] [eyeo] Exception options can only be used with allowing filters
11-29 09:23:59.862 7959 8009 I chromium: [INFO:flatbuffer_converter.cc(128)] [eyeo] Invalid url filter: ||98383163.xyz^$document,popup
11-29 09:23:59.862 7959 8009 I chromium: [INFO:url_filter.cc(129)] [eyeo] Exception options can only be used with allowing filters
11-29 09:23:59.862 7959 8009 I chromium: [INFO:flatbuffer_converter.cc(128)] [eyeo] Invalid url filter: ||98738797.xyz^$document,popup
11-29 09:23:59.862 7959 8009 I chromium: [INFO:url_filter.cc(129)] [eyeo] Exception options can only be used with allowing filters
11-29 09:23:59.862 7959 8009 I chromium: [INFO:flatbuffer_converter.cc(128)] [eyeo] Invalid url filter: ||98853171.xyz^$document,popup
11-29 09:23:59.862 7959 8009 I chromium: [INFO:url_filter.cc(129)] [eyeo] Exception options can only be used with allowing filters
11-29 09:23:59.862 7959 8009 I chromium: [INFO:flatbuffer_converter.cc(128)] [eyeo] Invalid url filter: ||9bc639da.xyz^$document,popup
11-29 09:23:59.862 7959 8009 I chromium: [INFO:url_filter.cc(129)] [eyeo] Exception options can only be used with allowing filters
11-29 09:23:59.862 7959 8009 I chromium: [INFO:flatbuffer_converter.cc(128)] [eyeo] Invalid url filter: ||a49ebd.xyz^$document,popup
11-29 09:23:59.862 7959 8009 I chromium: [INFO:url_filter.cc(129)] [eyeo] Exception options can only be used with allowing filters
11-29 09:23:59.862 7959 8009 I chromium: [INFO:flatbuffer_converter.cc(128)] [eyeo] Invalid url filter: ||a5d2d040.xyz^$document,popup
11-29 09:23:59.862 7959 8009 I chromium: [INFO:url_filter.cc(129)] [eyeo] Exception options can only be used with allowing filters
11-29 09:23:59.862 7959 8009 I chromium: [INFO:flatbuffer_converter.cc(128)] [eyeo] Invalid url filter: ||a67d12.xyz^$document,popup
11-29 09:23:59.862 7959 8009 I chromium: [INFO:url_filter.cc(129)] [eyeo] Exception options can only be used with allowing filters
11-29 09:23:59.862 7959 8009 I chromium: [INFO:flatbuffer_converter.cc(128)] [eyeo] Invalid url filter: ||a8b68645.xyz^$document,popup
11-29 09:23:59.862 7959 8009 I chromium: [INFO:url_filter.cc(129)] [eyeo] Exception options can only be used with allowing filters
11-29 09:23:59.862 7959 8009 I chromium: [INFO:flatbuffer_converter.cc(128)] [eyeo] Invalid url filter: ||a908a849.xyz^$document,popup
11-29 09:23:59.862 7959 8009 I chromium: [INFO:url_filter.cc(129)] [eyeo] Exception options can only be used with allowing filters
11-29 09:23:59.862 7959 8009 I chromium: [INFO:flatbuffer_converter.cc(128)] [eyeo] Invalid url filter: ||acf705ad.xyz^$document,popup
11-29 09:23:59.862 7959 8009 I chromium: [INFO:url_filter.cc(129)] [eyeo] Exception options can only be used with allowing filters
11-29 09:23:59.862 7959 8009 I chromium: [INFO:flatbuffer_converter.cc(128)] [eyeo] Invalid url filter: ||af6937a2.live^$document,popup
11-29 09:23:59.862 7959 8009 I chromium: [INFO:url_filter.cc(129)] [eyeo] Exception options can only be used with allowing filters
11-29 09:23:59.862 7959 8009 I chromium: [INFO:flatbuffer_converter.cc(128)] [eyeo] Invalid url filter: ||b0eb63.xyz^$document,popup
11-29 09:23:59.862 7959 8009 I chromium: [INFO:url_filter.cc(129)] [eyeo] Exception options can only be used with allowing filters
11-29 09:23:59.862 7959 8009 I chromium: [INFO:flatbuffer_converter.cc(128)] [eyeo] Invalid url filter: ||b0f2f18e.xyz^$document,popup
11-29 09:23:59.865 8066 8066 F linker : CANNOT LINK EXECUTABLE "/vendor/bin/hw/android.hardware.drm@1.3-service.widevine": cannot locate symbol "CBS_init" referenced by "/vendor/lib64/libwvhidl.so"...
11-29 09:23:59.869 1119 7619 I QC2C2DEngine: calcYSize: unsupported or RGB color format, RGBA8888(1)
11-29 09:23:59.878 8067 8067 I flags_health_check: ServerConfigurableFlagsReset reset_mode value: 1
11-29 09:23:59.878 8067 8067 I flags_health_check: ServerConfigurableFlagsReset updatable crashing detected, resetting flags.
11-29 09:23:59.884 7959 8009 I chromium: [INFO:flatbuffer_converter.cc(128)] [eyeo] Invalid url filter: @@||thepiratebay.org/*.php$csp,~third-party
11-29 09:23:59.884 7959 8009 I chromium: [INFO:flatbuffer_converter.cc(128)] [eyeo] Invalid url filter: $csp=script-src 'self' '*' 'unsafe-inline',domain=pirateproxy.live|thehiddenbay.com|downloadpirate.com|thepiratebay10.org|ukpass.co|linksmore.site
11-29 09:23:59.884 7959 8009 I chromium: [INFO:flatbuffer_converter.cc(128)] [eyeo] Invalid url filter: $csp=script-src 'self' data: 'unsafe-inline' 'unsafe-hashes' 'unsafe-eval' pic1.mangapicgallery.com www.google.com,domain=mangago.me
11-29 09:23:59.884 7959 8009 I chromium: [INFO:flatbuffer_converter.cc(128)] [eyeo] Invalid url filter: $csp=worker-src 'none',domain=torlock.com|alltube.pl|alltube.tv|centrum-dramy.pl|coinfaucet.eu|crictime.com|crictime.is|doodcdn.com|gomo.to|hdvid.fun|hdvid.tv|hitomi.la|lewd.ninja|nflbite.com|pirateproxy.live|plytv.me|potomy.ru|powvideo.cc|powvideo.net|putlocker.to|reactor.cc|rojadirecta.direct|sickrage.ca|streamtape.com|thehiddenbay.com|thepiratebay.org|thepiratebay10.org|tpb.party|uptomega.me|ustream.to|vidoza.co|vidoza.net|wearesaudis.net|yazilir.com
11-29 09:23:59.884 7959 8009 I chromium: [INFO:flatbuffer_converter.cc(128)] [eyeo] Invalid url filter: ||bodysize.org^$csp=child-src *
11-29 09:23:59.884 7959 8009 I chromium: [INFO:flatbuffer_converter.cc(128)] [eyeo] Invalid url filter: ||convertfiles.com^$csp=script-src 'self' '*' 'unsafe-inline'
11-29 09:23:59.884 7959 8009 I chromium: [INFO:flatbuffer_converter.cc(128)] [eyeo] Invalid url filter: ||gelbooru.com^$csp=script-src 'self' '*' 'unsafe-inline' *.gstatic.com *.google.com *.googleapis.com *.bootstrapcdn.com
11-29 09:23:59.884 7959 8009 I chromium: [INFO:flatbuffer_converter.cc(128)] [eyeo] Invalid url filter: ||pirateiro.com^$csp=script-src 'self' 'unsafe-inline' https://hcaptcha.com *.hcaptcha.com
11-29 09:23:59.884 7959 8009 I chromium: [INFO:flatbuffer_converter.cc(128)] [eyeo] Invalid url filter: ||activistpost.com^$csp=script-src *.leadpages.net *.gstatic.com *.google.com *.googleapis.com *.playwire.com *.facebook.com *.bootstrapcdn.com
11-29 09:23:59.884 7959 8009 I chromium: [INFO:flatbuffer_converter.cc(128)] [eyeo] Invalid url filter: $csp=script-src 'self' 'unsafe-inline' 'unsafe-eval' data: *.cloudflare.com *.google.com *.addthis.com *.addthisedge.com *.facebook.net *.twitter.com *.jquery.com *.x.com,domain=kinox.lat|kinos.to|kinox.am|kinox.click|kinox.cloud|kinox.club|kinox.digital|kinox.direct|kinox.express|kinox.fun|kinox.fyi|kinox.gratis|kinox.io|kinox.lol|kinox.me|kinox.mobi|kinox.pub|kinox.sh|kinox.to|kinox.tube|kinox.tv|kinox.wtf|kinoz.to,~third-party
11-29 09:23:59.886 1119 7619 I QC2C2DEngine: calcYSize: unsupported or RGB color format, RGBA8888(1)
11-29 09:23:59.887 7959 8009 I chromium: [INFO:flatbuffer_converter.cc(128)] [eyeo] Invalid url filter: $csp=script-src 'self' data: 'unsafe-inline' 'unsafe-hashes' 'unsafe-eval',domain=coomer.su|thumbs.pro
11-29 09:23:59.887 7959 8009 I chromium: [INFO:flatbuffer_converter.cc(128)] [eyeo] Invalid url filter: $csp=script-src 'self' data: 'unsafe-inline' 'unsafe-hashes' 'unsafe-eval',domain=gayforfans.com,~third-party
11-29 09:23:59.887 7959 8009 I chromium: [INFO:flatbuffer_converter.cc(128)] [eyeo] Invalid url filter: ||thegay.com^$csp=default-src 'self' *.ahcdn.com fonts.gstatic.com fonts.googleapis.com https://thegay.com https://tn.thegay.com 'unsafe-inline' 'unsafe-eval' data: blob:
11-29 09:23:59.900 7959 8009 I chromium: [INFO:flatbuffer_converter.cc(128)] [eyeo] Invalid url filter: @@||google.com/recaptcha/$csp,subdocument
11-29 09:23:59.903 1119 7619 I QC2C2DEngine: calcYSize: unsupported or RGB color format, RGBA8888(1)
11-29 09:23:59.920 1119 7619 I QC2C2DEngine: calcYSize: unsupported or RGB color format, RGBA8888(1)
11-29 09:23:59.937 1119 7619 I QC2C2DEngine: calcYSize: unsupported or RGB color format, RGBA8888(1)
11-29 09:23:59.941 3280 3427 D ThermalEngine: ACTION:TM Id 'ASUS_TSCPU_7' Sensor 'cpu-1-7-usr' - alarm raised 1 at 51.4 degC
11-29 09:23:59.941 3280 3427 D ThermalEngine: j=0 i=0 TM Id ASUS_TSCPU_7 Sensor cpu-1-7-usr: Action cpu7 value 2265600
11-29 09:23:59.941 3280 3427 D ThermalEngine: ACTION: CPU - Setting CPU[7] to 6
11-29 09:23:59.943 3280 3427 D ThermalEngine: ACTION:TM Id 'ASUS_TSCPU_6' Sensor 'cpu-1-6-usr' - alarm raised 1 at 53.1 degC
11-29 09:23:59.943 3280 3427 D ThermalEngine: j=0 i=0 TM Id ASUS_TSCPU_6 Sensor cpu-1-6-usr: Action cpu7 value 2265600
11-29 09:23:59.951 7959 7959 W chromium: [WARNING:subscription_downloader_impl.cc(240)] [eyeo] Finished converting https://easylist-downloads.adblockplus.org/easylist.txt successfully
11-29 09:23:59.951 7959 7959 I chromium: [INFO:ongoing_subscription_request_impl.cc(81)] [eyeo] Finished download of https://easylist-downloads.adblockplus.org/easylist.txt
11-29 09:23:59.955 1119 7619 I QC2C2DEngine: calcYSize: unsupported or RGB color format, RGBA8888(1)
11-29 09:23:59.972 1119 7619 I QC2C2DEngine: calcYSize: unsupported or RGB color format, RGBA8888(1)
11-29 09:23:59.989 1119 7619 I QC2C2DEngine: calcYSize: unsupported or RGB color format, RGBA8888(1)
11-29 09:23:59.992 3280 3404 W ThermalEngine: thermal_sensor_get_temperature: virtual-therm Reading 24098 .
11-29 09:24:00.006 1119 7619 I QC2C2DEngine: calcYSize: unsupported or RGB color format, RGBA8888(1)
11-29 09:24:00.023 1119 7619 I QC2C2DEngine: calcYSize: unsupported or RGB color format, RGBA8888(1)
11-29 09:24:00.038 1119 7619 I QC2C2DEngine: calcYSize: unsupported or RGB color format, RGBA8888(1)
11-29 09:24:00.054 1119 7619 I QC2C2DEngine: calcYSize: unsupported or RGB color format, RGBA8888(1)
11-29 09:24:00.074 1119 7619 I QC2C2DEngine: calcYSize: unsupported or RGB color format, RGBA8888(1)
11-29 09:24:00.087 1119 7619 I QC2C2DEngine: calcYSize: unsupported or RGB color format, RGBA8888(1)
11-29 09:24:00.104 1119 7619 I QC2C2DEngine: calcYSize: unsupported or RGB color format, RGBA8888(1)
11-29 09:24:00.122 1119 7619 I QC2C2DEngine: calcYSize: unsupported or RGB color format, RGBA8888(1)
11-29 09:24:00.139 1119 7619 I QC2C2DEngine: calcYSize: unsupported or RGB color format, RGBA8888(1)
11-29 09:24:00.155 1119 7619 I QC2C2DEngine: calcYSize: unsupported or RGB color format, RGBA8888(1)
11-29 09:24:00.172 1119 7619 I QC2C2DEngine: calcYSize: unsupported or RGB color format, RGBA8888(1)
11-29 09:24:00.188 1119 7619 I QC2C2DEngine: calcYSize: unsupported or RGB color format, RGBA8888(1)
11-29 09:24:00.191 3280 3427 D ThermalEngine: ACTION:TM Id 'ASUS_TSCPU_7' Sensor 'cpu-1-7-usr' - alarm cleared 1 at 35.5 degC
11-29 09:24:00.193 3280 3427 D ThermalEngine: ACTION:TM Id 'ASUS_TSCPU_6' Sensor 'cpu-1-6-usr' - alarm cleared 1 at 35.5 degC
11-29 09:24:00.193 3280 3427 D ThermalEngine: ACTION: CPU - Setting CPU[7] to 0
11-29 09:24:00.206 1119 7619 I QC2C2DEngine: calcYSize: unsupported or RGB color format, RGBA8888(1)
11-29 09:24:00.223 1119 7619 I QC2C2DEngine: calcYSize: unsupported or RGB color format, RGBA8888(1)
11-29 09:24:00.325 1119 7619 I QC2C2DEngine: calcYSize: unsupported or RGB color format, RGBA8888(1)
11-29 09:24:00.354 2620 2620 D CarrierSvcBindHelper: onPackageModified: org.omnirom.chromium
11-29 09:24:00.355 1278 2121 D CompatChangeReporter: Compat change id reported: 262645982; UID 10178; state: ENABLED
11-29 09:24:00.355 2620 2620 D CarrierSvcBindHelper: No carrier app for: 0
11-29 09:24:00.355 2620 2620 D CarrierSvcBindHelper: No carrier app for: 1
11-29 09:24:00.357 1278 2461 D ShortcutService: received package broadcast intent: Intent { act=android.intent.action.PACKAGE_CHANGED dat=package: flg=0x45000010 (has extras) }
11-29 09:24:00.357 1278 2461 D ShortcutService: changing package: org.omnirom.chromium userId0
11-29 09:24:00.358 1278 2461 D ShortcutService: handlePackageChanged: org.omnirom.chromium user=0
11-29 09:24:00.358 1278 2461 D ShortcutService: rescanPackageIfNeeded 0@org.omnirom.chromium, forceRescan=true , isNewApp=false
11-29 09:24:00.359 1278 2461 E system_server: No package ID 7f found for resource ID 0x7f090462.
11-29 09:24:00.359 1278 2461 E system_server: No package ID 7f found for resource ID 0x7f1406da.
11-29 09:24:00.359 1278 2461 E system_server: No package ID 7f found for resource ID 0x7f090461.
11-29 09:24:00.359 1278 2461 E system_server: No package ID 7f found for resource ID 0x7f1401d1.
11-29 09:24:00.359 1278 2461 E system_server: No package ID 7f found for resource ID 0x7f1406d9.
11-29 09:24:00.359 1278 2461 E system_server: No package ID 7f found for resource ID 0x7f140484.
11-29 09:24:00.359 1278 2461 E ShortcutService: Ignoring excessive intent tag.
11-29 09:24:00.359 1278 2461 D ShortcutService: Package org.omnirom.chromium has 2 manifest shortcut(s), and 0 share target(s)
11-29 09:24:00.359 1278 2461 D ShortcutService: Package org.omnirom.chromium updated, version 631205804 -> 631205804
11-29 09:24:00.359 1278 2461 D ShortcutService: Package org.omnirom.chromium: publishing manifest shortcuts
11-29 09:24:00.360 1278 2449 D AppWidgetServiceImpl: Trying to notify widget providers changed
11-29 09:24:00.360 1278 2449 D AppWidgetServiceImpl: Trying to notify widget providers changed
11-29 09:24:00.361 2754 2842 D PackageUpdatedTask: Package updated: mOp=UPDATE packages=[org.omnirom.chromium]
11-29 09:24:00.363 2752 7918 I PermissionControllerServiceImpl: Updating user sensitive for uid 10178
11-29 09:24:00.366 1278 2121 D CompatChangeReporter: Compat change id reported: 297989574; UID 1000; state: ENABLED
11-29 09:24:00.367 2620 2620 E SmsApplication: com.android.messaging lost android:receive_wap_push: (fixing)
11-29 09:24:00.367 1278 7915 W AppOpService: Ignored setUidMode call for runtime permission app op: uid = 10091, code = RECEIVE_WAP_PUSH, mode = allow, callingUid = 1001, oldMode = allow
11-29 09:24:00.368 2620 2620 E SmsApplication: com.android.messaging lost android:read_cell_broadcasts: (fixing)
11-29 09:24:00.368 1278 2094 W AppOpService: Ignored setUidMode call for runtime permission app op: uid = 10091, code = READ_CELL_BROADCASTS, mode = allow, callingUid = 1001, oldMode = allow
11-29 09:24:00.370 2494 2494 D ControlsListingControllerImpl: ServiceConfig reloaded, count: 0
11-29 09:24:00.371 3360 3360 I RegisteredComponentCache: New Components =>
11-29 09:24:00.371 3360 3360 I RegisteredComponentCache: ComponentInfo: ResolveInfo{3cceccc com.android.apps.tag/.TagViewer m=0x108000 userHandle=UserHandle{0}}, techs: android.nfc.tech.Ndef,
11-29 09:24:00.371 3360 3360 I RegisteredComponentCache: Removed Components =>
11-29 09:24:00.371 3360 3360 I RegisteredComponentCache: ComponentInfo: ResolveInfo{7a5ae07 com.android.apps.tag/.TagViewer m=0x108000 userHandle=UserHandle{0}}, techs: android.nfc.tech.Ndef,
11-29 09:24:00.373 1278 7914 W AppOpService: Ignored setUidMode call for runtime permission app op: uid = 1001, code = READ_SMS, mode = allow, callingUid = 1001, oldMode = allow
11-29 09:24:00.373 1278 4814 W AppOpService: Ignored setUidMode call for runtime permission app op: uid = 1001, code = RECEIVE_SMS, mode = allow, callingUid = 1001, oldMode = allow
11-29 09:24:00.373 1278 4814 W AppOpService: Ignored setUidMode call for runtime permission app op: uid = 1001, code = RECEIVE_WAP_PUSH, mode = allow, callingUid = 1001, oldMode = allow
11-29 09:24:00.374 1278 4814 W AppOpService: Ignored setUidMode call for runtime permission app op: uid = 1001, code = SEND_SMS, mode = allow, callingUid = 1001, oldMode = allow
11-29 09:24:00.374 1278 4814 W AppOpService: Ignored setUidMode call for runtime permission app op: uid = 1001, code = READ_CELL_BROADCASTS, mode = allow, callingUid = 1001, oldMode = allow
11-29 09:24:00.375 1278 2145 I RoleService: Granting default roles...
11-29 09:24:00.377 2620 2919 D ImsResolver: maybeAddedImsService, packageName: org.omnirom.chromium
11-29 09:24:00.378 1278 1327 W VoiceInteractionManager: no available voice recognition services found for user 0
11-29 09:24:00.383 1278 1327 W MagnificationConnectionManager: requestConnection duplicated request: connect=false, mConnectionState=DISCONNECTED
11-29 09:24:00.384 1278 1302 W Searchables: No global search activity found
11-29 09:24:00.400 2754 2754 D StatsLog: LAUNCHER_ALLAPPS_COUNT
11-29 09:24:00.404 2754 2842 W PackageManager: Failure retrieving text 0x7f130737 in package com.android.systemui
11-29 09:24:00.404 2754 2842 W PackageManager: android.content.res.Resources$NotFoundException: String resource ID #0x7f130737
11-29 09:24:00.404 2754 2842 W PackageManager: at android.content.res.Resources.getText(Resources.java:466)
11-29 09:24:00.404 2754 2842 W PackageManager: at android.app.ApplicationPackageManager.getText(ApplicationPackageManager.java:2405)
11-29 09:24:00.404 2754 2842 W PackageManager: at android.appwidget.AppWidgetProviderInfo.loadDescription(AppWidgetProviderInfo.java:484)
11-29 09:24:00.404 2754 2842 W PackageManager: at com.android.launcher3.model.WidgetItem.(WidgetItem.java:51)
11-29 09:24:00.404 2754 2842 W PackageManager: at com.android.launcher3.model.WidgetsModel.update(WidgetsModel.java:175)
11-29 09:24:00.404 2754 2842 W PackageManager: at com.android.launcher3.LauncherModel.lambda$refreshAndBindWidgetsAndShortcuts$7(LauncherModel.java:645)
11-29 09:24:00.404 2754 2842 W PackageManager: at com.android.launcher3.LauncherModel$$ExternalSyntheticLambda1.execute(D8$$SyntheticClass:0)
11-29 09:24:00.404 2754 2842 W PackageManager: at com.android.launcher3.LauncherModel.lambda$enqueueModelUpdateTask$4(LauncherModel.java:601)
11-29 09:24:00.404 2754 2842 W PackageManager: at com.android.launcher3.LauncherModel.$r8$lambda$SKXi6XTQCzp7YD319ivtcCq0ZGc(Unknown Source:0)
11-29 09:24:00.404 2754 2842 W PackageManager: at com.android.launcher3.LauncherModel$$ExternalSyntheticLambda10.run(D8$$SyntheticClass:0)
11-29 09:24:00.404 2754 2842 W PackageManager: at android.os.Handler.handleCallback(Handler.java:959)
11-29 09:24:00.404 2754 2842 W PackageManager: at android.os.Handler.dispatchMessage(Handler.java:100)
11-29 09:24:00.404 2754 2842 W PackageManager: at android.os.Looper.loopOnce(Looper.java:232)
11-29 09:24:00.404 2754 2842 W PackageManager: at android.os.Looper.loop(Looper.java:317)
11-29 09:24:00.404 2754 2842 W PackageManager: at android.os.HandlerThread.run(HandlerThread.java:85)
11-29 09:24:00.425 1119 7619 I QC2C2DEngine: calcYSize: unsupported or RGB color format, RGBA8888(1)
11-29 09:24:00.462 1278 1327 D ShortcutService: Getting shortcuts for launcher= com.android.launcher3user=0 pkg=org.omnirom.chromium
11-29 09:24:00.462 1278 2461 D ShortcutService: Saving package item org.omnirom.chromium to /data/system_ce/0/shortcut_service/packages/org.omnirom.chromium.xml
11-29 09:24:00.472 1278 1327 D ShortcutService: Getting shortcuts for launcher= com.android.systemuiuser=0 pkg=org.omnirom.chromium
11-29 09:24:00.528 1119 7619 I QC2C2DEngine: calcYSize: unsupported or RGB color format, RGBA8888(1)
11-29 09:24:00.528 1055 1079 I android.hardware.thermal@2.0-service.qti: uevent triggered for sensor: camera-therm-usr
11-29 09:24:00.628 1119 7619 I QC2C2DEngine: calcYSize: unsupported or RGB color format, RGBA8888(1)
11-29 09:24:00.731 1119 7619 I QC2C2DEngine: calcYSize: unsupported or RGB color format, RGBA8888(1)
11-29 09:24:00.833 1119 7619 I QC2C2DEngine: calcYSize: unsupported or RGB color format, RGBA8888(1)
11-29 09:24:00.833 4097 4297 W HidlServiceManagement: Waited one second for android.hardware.drm@1.0::IDrmFactory/widevine
11-29 09:24:00.835 643 643 I hwservicemanager: Since android.hardware.drm@1.0::IDrmFactory/widevine is not registered, trying to start it as a lazy HAL (if it's not configured to be a lazy HAL, it may be stuck starting or still starting).
11-29 09:24:00.836 4097 4297 I HidlServiceManagement: getService: Trying again for android.hardware.drm@1.0::IDrmFactory/widevine...
11-29 09:24:00.860 1278 1304 E ActivityTaskManager: Background activity launch blocked! [callingPackage: com.mixplorer; callingPackageTargetSdk: 33; callingUid: 10171; callingPid: 4206; appSwitchState: 2; callingUidHasAnyVisibleWindow: false; callingUidProcState: CACHED_EMPTY; isCallingUidPersistentSystemProcess: false; forcedBalByPiSender: BSP.NONE; intent: Intent { flg=0x10000000 pkg=com.mixplorer cmp=com.mixplorer/.activities.RunActivity }; callerApp: ProcessRecord{b0a7a24 4206:com.mixplorer/u0a171}; inVisibleTask: false; balAllowedByPiCreator: BSP.ALLOW_BAL; balAllowedByPiCreatorWithHardening: BSP.ALLOW_BAL; resultIfPiCreatorAllowsBal: BAL_BLOCK; hasRealCaller: true; isCallForResult: false; isPendingIntent: false; autoOptInReason: notPendingIntent; realCallingPackage: com.mixplorer; realCallingPackageTargetSdk: 33; realCallingUid: 10171; realCallingPid: 4206; realCallingUidHasAnyVisibleWindow: false; realCallingUidProcState: CACHED_EMPTY; isRealCallingUidPersistentSystemProcess: false; originatingPendingIntent: null; realCallerApp: ProcessRecord{b0a7a24 4206:com.mixplorer/u0a171}; realInVisibleTask: false; balAllowedByPiSender: BSP.ALLOW_BAL; resultIfPiSenderAllowsBal: BAL_BLOCK; balImproveRealCallerVisibilityCheck: true; balRequireOptInByPendingIntentCreator: true; balRequireOptInSameUid: false; balRespectAppSwitchStateWhenCheckBoundByForegroundUid: true; balDontBringExistingBackgroundTaskStackToFg: true]
11-29 09:24:00.862 1278 1304 W OptProp : Cannot read opt property android.window.PROPERTY_COMPAT_ALLOW_ORIENTATION_OVERRIDE
11-29 09:24:00.863 1278 1304 V GrammaticalInflectionUtils: AttributionSource: android.content.AttributionSource@d6656e7 does not have READ_SYSTEM_GRAMMATICAL_GENDER permission.
11-29 09:24:00.863 1278 1304 W OptProp : Cannot read opt property android.window.PROPERTY_COMPAT_ALLOW_RESIZEABLE_ACTIVITY_OVERRIDES
11-29 09:24:00.863 1278 1304 W OptProp : Cannot read opt property android.window.PROPERTY_COMPAT_ALLOW_MIN_ASPECT_RATIO_OVERRIDE
11-29 09:24:00.865 1278 1304 E ActivityTaskManager: Abort background activity starts from 10171
11-29 09:24:00.866 1278 1304 I ActivityTaskManager: START u0 {flg=0x10000000 pkg=com.mixplorer cmp=com.mixplorer/.activities.RunActivity} with LAUNCH_SINGLE_INSTANCE from uid 10171 (BAL_BLOCK) result code=102
11-29 09:24:00.866 2494 2750 D KeyguardService: setOccluded(false)
11-29 09:24:00.866 2494 2750 D KeyguardViewMediator: setOccluded(false)
11-29 09:24:00.866 2494 2494 D KeyguardViewMediator: handleSetOccluded(false)
11-29 09:24:00.866 2494 2494 D KeyguardViewMediator: KeyguardViewMediator queue processing message: SET_OCCLUDED
11-29 09:24:00.880 8069 8069 F linker : CANNOT LINK EXECUTABLE "/vendor/bin/hw/android.hardware.drm@1.3-service.widevine": cannot locate symbol "CBS_init" referenced by "/vendor/lib64/libwvhidl.so"...
11-29 09:24:00.902 8071 8071 I flags_health_check: ServerConfigurableFlagsReset reset_mode value: 1
11-29 09:24:00.903 8071 8071 I flags_health_check: ServerConfigurableFlagsReset updatable crashing detected, resetting flags.
11-29 09:24:00.932 1119 7619 I QC2C2DEngine: calcYSize: unsupported or RGB color format, RGBA8888(1)
11-29 09:24:00.996 1119 7619 I QC2C2DEngine: calcYSize: unsupported or RGB color format, RGBA8888(1)
11-29 09:24:01.009 1119 7619 I QC2C2DEngine: calcYSize: unsupported or RGB color format, RGBA8888(1)
11-29 09:24:01.028 1119 7619 I QC2C2DEngine: calcYSize: unsupported or RGB color format, RGBA8888(1)
11-29 09:24:01.043 1119 7619 I QC2C2DEngine: calcYSize: unsupported or RGB color format, RGBA8888(1)
11-29 09:24:01.059 1119 7619 I QC2C2DEngine: calcYSize: unsupported or RGB color format, RGBA8888(1)
11-29 09:24:01.075 1119 7619 I QC2C2DEngine: calcYSize: unsupported or RGB color format, RGBA8888(1)
11-29 09:24:01.093 1119 7619 I QC2C2DEngine: calcYSize: unsupported or RGB color format, RGBA8888(1)
11-29 09:24:01.109 1119 7619 I QC2C2DEngine: calcYSize: unsupported or RGB color format, RGBA8888(1)
11-29 09:24:01.125 1119 7619 I QC2C2DEngine: calcYSize: unsupported or RGB color format, RGBA8888(1)
11-29 09:24:01.142 1119 7619 I QC2C2DEngine: calcYSize: unsupported or RGB color format, RGBA8888(1)
11-29 09:24:01.160 1119 7619 I QC2C2DEngine: calcYSize: unsupported or RGB color format, RGBA8888(1)
11-29 09:24:01.176 1119 7619 I QC2C2DEngine: calcYSize: unsupported or RGB color format, RGBA8888(1)
11-29 09:24:01.193 1119 7619 I QC2C2DEngine: calcYSize: unsupported or RGB color format, RGBA8888(1)
11-29 09:24:01.210 1119 7619 I QC2C2DEngine: calcYSize: unsupported or RGB color format, RGBA8888(1)
11-29 09:24:01.226 1119 7619 I QC2C2DEngine: calcYSize: unsupported or RGB color format, RGBA8888(1)
11-29 09:24:01.244 1119 7619 I QC2C2DEngine: calcYSize: unsupported or RGB color format, RGBA8888(1)
11-29 09:24:01.260 1119 7619 I QC2C2DEngine: calcYSize: unsupported or RGB color format, RGBA8888(1)
11-29 09:24:01.361 1119 7619 I QC2C2DEngine: calcYSize: unsupported or RGB color format, RGBA8888(1)
11-29 09:24:01.464 1119 7619 I QC2C2DEngine: calcYSize: unsupported or RGB color format, RGBA8888(1)
11-29 09:24:01.558 1055 1079 I android.hardware.thermal@2.0-service.qti: uevent triggered for sensor: camera-therm-usr
11-29 09:24:01.563 1119 7619 I QC2C2DEngine: calcYSize: unsupported or RGB color format, RGBA8888(1)
11-29 09:24:01.574 1119 7619 I QC2Comp : [avcE_14] Stats: Pending(1) i/p-done(0) Works: Q: 2016/Done 2015|Work-Rate: Q(35.9/s Avg=33.3/s) Done(35.745/s Avg=33.262/s)| Stream: 10.00fps 165.0Kbps
11-29 09:24:01.574 1119 7619 I QC2Comp : Mem-usage: [In-2D - 65 bufs 365.625 MB] [1D-17 - 6 bufs 11.227 MB] [1D-0 - 2 bufs 0.008 MB]
11-29 09:24:01.574 1119 7619 I QC2Comp : Total Mem-usage: 376.859 MB
11-29 09:24:01.672 1119 7619 I QC2C2DEngine: calcYSize: unsupported or RGB color format, RGBA8888(1)
11-29 09:24:01.767 1119 7619 I QC2C2DEngine: calcYSize: unsupported or RGB color format, RGBA8888(1)
11-29 09:24:01.836 4097 4297 W HidlServiceManagement: Waited one second for android.hardware.drm@1.0::IDrmFactory/widevine
11-29 09:24:01.839 643 643 I hwservicemanager: Since android.hardware.drm@1.0::IDrmFactory/widevine is not registered, trying to start it as a lazy HAL (if it's not configured to be a lazy HAL, it may be stuck starting or still starting).
11-29 09:24:01.840 4097 4297 I HidlServiceManagement: getService: Trying again for android.hardware.drm@1.0::IDrmFactory/widevine...
11-29 09:24:01.865 1119 7619 I QC2C2DEngine: calcYSize: unsupported or RGB color format, RGBA8888(1)
11-29 09:24:01.888 8073 8073 F linker : CANNOT LINK EXECUTABLE "/vendor/bin/hw/android.hardware.drm@1.3-service.widevine": cannot locate symbol "CBS_init" referenced by "/vendor/lib64/libwvhidl.so"...
11-29 09:24:01.914 8074 8074 I flags_health_check: ServerConfigurableFlagsReset reset_mode value: 1
11-29 09:24:01.915 8074 8074 I flags_health_check: ServerConfigurableFlagsReset updatable crashing detected, resetting flags.
11-29 09:24:01.927 2494 2494 I KeyButtonView: Back button event: ACTION_DOWN
11-29 09:24:01.934 2334 3199 D audioserver: logFgsApiBegin: FGS Logger Transaction failed, -129
11-29 09:24:01.935 1278 7915 W AS.PlaybackActivityMon: No piid assigned for invalid/internal port id 41
11-29 09:24:01.964 1119 7619 I QC2C2DEngine: calcYSize: unsupported or RGB color format, RGBA8888(1)
11-29 09:24:01.979 1119 7619 I QC2C2DEngine: calcYSize: unsupported or RGB color format, RGBA8888(1)
11-29 09:24:01.997 1119 7619 I QC2C2DEngine: calcYSize: unsupported or RGB color format, RGBA8888(1)
11-29 09:24:02.014 1119 7619 I QC2C2DEngine: calcYSize: unsupported or RGB color format, RGBA8888(1)
11-29 09:24:02.030 1119 7619 I QC2C2DEngine: calcYSize: unsupported or RGB color format, RGBA8888(1)
11-29 09:24:02.046 1119 7619 I QC2C2DEngine: calcYSize: unsupported or RGB color format, RGBA8888(1)
11-29 09:24:02.063 1119 7619 I QC2C2DEngine: calcYSize: unsupported or RGB color format, RGBA8888(1)
11-29 09:24:02.083 1119 7619 I QC2C2DEngine: calcYSize: unsupported or RGB color format, RGBA8888(1)
11-29 09:24:02.106 1119 7619 I QC2C2DEngine: calcYSize: unsupported or RGB color format, RGBA8888(1)
11-29 09:24:02.118 2334 7637 D audioserver: logFgsApiEnd: FGS Logger Transaction failed, -129
11-29 09:24:02.130 1119 7619 I QC2C2DEngine: calcYSize: unsupported or RGB color format, RGBA8888(1)
11-29 09:24:02.133 1119 7619 I QC2C2DEngine: calcYSize: unsupported or RGB color format, RGBA8888(1)
11-29 09:24:02.140 2494 2494 I KeyButtonView: Back button event: ACTION_UP
11-29 09:24:02.141 1278 1304 I KeyHandler: nav_code= 0
11-29 09:24:02.147 1119 7619 I QC2C2DEngine: calcYSize: unsupported or RGB color format, RGBA8888(1)
11-29 09:24:02.152 2494 2531 V WindowManagerShell: Transition requested (#40): android.os.BinderProxy@ff9c8b8 TransitionRequestInfo { type = CLOSE, triggerTask = TaskInfo{userId=0 taskId=38 displayId=0 isRunning=false baseIntent=Intent { act=android.intent.action.MAIN cat=[android.intent.category.LAUNCHER] flg=0x34000000 pkg=org.omnirom.chromium cmp=org.omnirom.chromium/com.google.android.apps.chrome.Main } baseActivity=null topActivity=null origActivity=ComponentInfo{org.omnirom.chromium/com.google.android.apps.chrome.Main} realActivity=ComponentInfo{org.omnirom.chromium/org.chromium.chrome.browser.ChromeTabbedActivity} numActivities=0 lastActiveTime=914019 supportsMultiWindow=true resizeMode=2 isResizeable=true minWidth=-1 minHeight=-1 defaultMinSize=200 token=WCT{android.window.IWindowContainerToken$Stub$Proxy@ed2b691} topActivityType=1 pictureInPictureParams=null shouldDockBigOverlays=false launchIntoPipHostTaskId=-1 lastParentTaskIdBeforePip=-1 displayCutoutSafeInsets=Rect(0, 114 - 0, 0) topActivityInfo=null launchCookies=[] positionInParent=Point(0, 0) parentTaskId=-1 isFocused=true isVisible=true isVisibleRequested=true isSleeping=false locusId=null displayAreaFeatureId=1 isTopActivityTransparent=false appCompatTaskInfo=AppCompatTaskInfo { topActivityInSizeCompat=false topActivityEligibleForLetterboxEducation= falseisLetterboxEducationEnabled= false isLetterboxDoubleTapEnabled= false topActivityEligibleForUserAspectRatioButton= false topActivityBoundsLetterboxed= false isFromLetterboxDoubleTap= false topActivityLetterboxVerticalPosition= -1 topActivityLetterboxHorizontalPosition= -1 topActivityLetterboxWidth=-1 topActivityLetterboxHeight=-1 isUserFullscreenOverrideEnabled=false isSystemFullscreenOverrideEnabled=false cameraCompatTaskInfo=CameraCompatTaskInfo { cameraCompatControlState=hidden freeformCameraCompatMode=inactive}}}, pipTask = null, remoteTransition = null, displayChange = null, flags = 0, debugId = 40 }
11-29 09:24:02.157 2754 2754 I TopTaskTracker: onTaskMovedToFront: (moved taskInfo to front) taskId=37, baseIntent=Intent { act=android.intent.action.VIEW dat=content://downloads/... typ=application/vnd.android.package-archive flg=0x13800001 cmp=com.android.packageinstaller/.InstallStart }
11-29 09:24:02.165 1119 7619 I QC2C2DEngine: calcYSize: unsupported or RGB color format, RGBA8888(1)
11-29 09:24:02.180 3360 7913 D ForegroundUtils: Foreground UID status:
11-29 09:24:02.180 3360 7913 D ForegroundUtils: UID: 10038 is in foreground: false
11-29 09:24:02.180 3360 7913 D ForegroundUtils: UID: 10043 is in foreground: false
11-29 09:24:02.180 3360 7913 D ForegroundUtils: UID: 10102 is in foreground: true
11-29 09:24:02.180 3360 7913 D ForegroundUtils: UID: 10104 is in foreground: false
11-29 09:24:02.180 3360 7913 D ForegroundUtils: UID: 10118 is in foreground: false
11-29 09:24:02.180 3360 7913 D ForegroundUtils: UID: 10135 is in foreground: true
11-29 09:24:02.180 3360 7913 D ForegroundUtils: UID: 10140 is in foreground: false
11-29 09:24:02.180 3360 7913 D ForegroundUtils: UID: 10176 is in foreground: true
11-29 09:24:02.180 3360 7913 D ForegroundUtils: UID: 10178 is in foreground: true
11-29 09:24:02.183 3360 7913 D ForegroundUtils: Foreground UID status:
11-29 09:24:02.183 3360 7913 D ForegroundUtils: UID: 10038 is in foreground: false
11-29 09:24:02.183 3360 7913 D ForegroundUtils: UID: 10043 is in foreground: true
11-29 09:24:02.183 3360 7913 D ForegroundUtils: UID: 10102 is in foreground: true
11-29 09:24:02.183 3360 7913 D ForegroundUtils: UID: 10104 is in foreground: false
11-29 09:24:02.183 3360 7913 D ForegroundUtils: UID: 10118 is in foreground: false
11-29 09:24:02.183 3360 7913 D ForegroundUtils: UID: 10135 is in foreground: true
11-29 09:24:02.183 3360 7913 D ForegroundUtils: UID: 10140 is in foreground: false
11-29 09:24:02.183 3360 7913 D ForegroundUtils: UID: 10176 is in foreground: true
11-29 09:24:02.183 3360 7913 D ForegroundUtils: UID: 10178 is in foreground: true
11-29 09:24:02.186 3360 7913 D ForegroundUtils: Foreground UID status:
11-29 09:24:02.186 3360 7913 D ForegroundUtils: UID: 10038 is in foreground: false
11-29 09:24:02.186 3360 7913 D ForegroundUtils: UID: 10043 is in foreground: true
11-29 09:24:02.186 3360 7913 D ForegroundUtils: UID: 10102 is in foreground: true
11-29 09:24:02.186 3360 7913 D ForegroundUtils: UID: 10104 is in foreground: false
11-29 09:24:02.186 3360 7913 D ForegroundUtils: UID: 10118 is in foreground: false
11-29 09:24:02.186 3360 7913 D ForegroundUtils: UID: 10135 is in foreground: true
11-29 09:24:02.186 3360 7913 D ForegroundUtils: UID: 10140 is in foreground: false
11-29 09:24:02.186 3360 7913 D ForegroundUtils: UID: 10176 is in foreground: true
11-29 09:24:02.186 3360 7913 D ForegroundUtils: UID: 10178 is in foreground: false
11-29 09:24:02.191 1119 7619 I QC2C2DEngine: calcYSize: unsupported or RGB color format, RGBA8888(1)
11-29 09:24:02.197 2754 2754 I TopTaskTracker: onTaskMovedToFront: (moved taskInfo to front) taskId=34, baseIntent=Intent { act=android.intent.action.MAIN cat=[android.intent.category.LAUNCHER] flg=0x10200000 cmp=org.omnirom.omnistore/.MainActivity }
11-29 09:24:02.198 1278 1320 I ActivityManager: Killing 4170:org.omnirom.omniota/u0a98 (adj 975): empty #17
11-29 09:24:02.200 3360 7913 D ForegroundUtils: Foreground UID status:
11-29 09:24:02.200 3360 7913 D ForegroundUtils: UID: 10038 is in foreground: false
11-29 09:24:02.200 3360 7913 D ForegroundUtils: UID: 10043 is in foreground: false
11-29 09:24:02.200 3360 7913 D ForegroundUtils: UID: 10102 is in foreground: true
11-29 09:24:02.200 3360 7913 D ForegroundUtils: UID: 10104 is in foreground: false
11-29 09:24:02.200 3360 7913 D ForegroundUtils: UID: 10118 is in foreground: false
11-29 09:24:02.200 3360 7913 D ForegroundUtils: UID: 10135 is in foreground: true
11-29 09:24:02.200 3360 7913 D ForegroundUtils: UID: 10140 is in foreground: false
11-29 09:24:02.200 3360 7913 D ForegroundUtils: UID: 10176 is in foreground: true
11-29 09:24:02.200 3360 7913 D ForegroundUtils: UID: 10178 is in foreground: false
11-29 09:24:02.209 6716 6716 D OmniStore:MainActivity: refresh
11-29 09:24:02.212 2494 2750 V WindowManagerShell: onTransitionReady(transaction=5488968205837)
11-29 09:24:02.214 2494 2531 V WindowManagerShell: onTransitionReady (#40) android.os.BinderProxy@ff9c8b8: {id=40 t=CLOSE f=0x0 trk=0 r=[0@Point(0, 0)] c=[{WCT{android.window.IWindowContainerToken$Stub$Proxy@5b2acd} m=TO_FRONT f=MOVE_TO_TOP leash=Surface(name=Task=34)/@0x87e19f6 sb=Rect(0, 0 - 1080, 2400) eb=Rect(0, 0 - 1080, 2400) d=0 taskParent=-1},{WCT{android.window.IWindowContainerToken$Stub$Proxy@569df82} m=CLOSE f=NONE leash=Surface(name=Task=38)/@0x3de31f7 sb=Rect(0, 0 - 1080, 2400) eb=Rect(0, 0 - 1080, 2400) d=0 taskParent=-1}]}
11-29 09:24:02.214 2494 2531 V WindowManagerShell: Playing animation for (#40) android.os.BinderProxy@ff9c8b8@0
11-29 09:24:02.214 2494 2531 V WindowManagerShell: try handler com.android.wm.shell.transition.DefaultMixedHandler@9605821
11-29 09:24:02.214 2494 2531 V WindowManagerShell: try handler com.android.wm.shell.keyguard.KeyguardTransitionHandler@365c446
11-29 09:24:02.214 2494 2531 V WindowManagerShell: try handler com.android.wm.shell.pip.PipTransition@3830621
11-29 09:24:02.214 2494 2531 V WindowManagerShell: try handler com.android.wm.shell.activityembedding.ActivityEmbeddingController@92dda46
11-29 09:24:02.214 2494 2531 V WindowManagerShell: try handler com.android.wm.shell.recents.RecentsTransitionHandler@92b7407
11-29 09:24:02.214 2494 2531 V ShellRecents: RecentsTransitionHandler.startAnimation: no controller found
11-29 09:24:02.214 2494 2531 V WindowManagerShell: try handler com.android.wm.shell.splitscreen.StageCoordinator@944b934
11-29 09:24:02.214 2494 2531 V WindowManagerShell: try handler com.android.wm.shell.transition.RemoteTransitionHandler@4e8e35d
