11-29 09:23:56.854 2594 2594 D ActivityThread: Package [org.omnirom.chromium] reported as REPLACED, but missing application info. Assuming REMOVED.
11-29 09:23:56.854 2604 2604 D ActivityThread: Package [org.omnirom.chromium] reported as REPLACED, but missing application info. Assuming REMOVED.
11-29 09:23:56.854 2494 2494 D ActivityThread: Package [org.omnirom.chromium] reported as REPLACED, but missing application info. Assuming REMOVED.
11-29 09:23:56.854 2591 2591 D ActivityThread: Package [org.omnirom.chromium] reported as REPLACED, but missing application info. Assuming REMOVED.
11-29 09:23:56.855 3360 3360 I RegisteredComponentCache: New Components =>
11-29 09:23:56.855 3360 3360 I RegisteredComponentCache: ComponentInfo: ResolveInfo{306d6e com.android.apps.tag/.TagViewer m=0x108000 userHandle=UserHandle{0}}, techs: android.nfc.tech.Ndef,
11-29 09:23:56.855 3360 3360 I RegisteredComponentCache: Removed Components =>
11-29 09:23:56.855 3360 3360 I RegisteredComponentCache: ComponentInfo: ResolveInfo{252e7b3 com.android.apps.tag/.TagViewer m=0x108000 userHandle=UserHandle{0}}, techs: android.nfc.tech.Ndef,
11-29 09:23:56.856 2754 2754 D ActivityThread: Package [org.omnirom.chromium] reported as REPLACED, but missing application info. Assuming REMOVED.
11-29 09:23:56.856 1278 2469 I SdkSandboxManager: No SDKs used. Skipping SDK data reconcilation for CallingInfo{mUid=10178, mPackageName='org.omnirom.chromium, mAppProcessToken='null'}
11-29 09:23:56.857 1278 2195 E AppOps : attributionTag VCN not declared in manifest of android
11-29 09:23:56.860 1278 2121 E JobScheduler.Background: Couldn't determine stopped state for unknown package: com.google.android.syncadapters.calendar
11-29 09:23:56.860 1278 2121 E JobScheduler.Background: Couldn't determine stopped state for unknown package: com.android.vending
11-29 09:23:56.861 2752 2752 I SafetyLabelChangedBroadcastReceiver: received broadcast packageName: org.omnirom.chromium, current user: UserHandle{0}, packageChangeEvent: UPDATE, intent user: UserHandle{0}
11-29 09:23:56.861 1278 1278 I Telecom : CarModeTracker: Package org.omnirom.chromium is not tracked.: SSH.oR@ANo
11-29 09:23:56.861 1278 1278 I Telecom : InCallController: updateCarModeForConnections: car mode apps: : SSH.oR@ANo
11-29 09:23:56.861 1278 1278 I Telecom : InCallController: update carmode current:UserHandle{0} parent:null: SSH.oR@ANo
11-29 09:23:56.862 3180 3180 D ActivityThread: Package [org.omnirom.chromium] reported as REPLACED, but missing application info. Assuming REMOVED.
11-29 09:23:56.862 3216 3216 D ActivityThread: Package [org.omnirom.chromium] reported as REPLACED, but missing application info. Assuming REMOVED.
11-29 09:23:56.863 2626 2626 D ActivityThread: Package [org.omnirom.chromium] reported as REPLACED, but missing application info. Assuming REMOVED.
11-29 09:23:56.863 2846 2846 D ActivityThread: Package [org.omnirom.chromium] reported as REPLACED, but missing application info. Assuming REMOVED.
11-29 09:23:56.863 3794 3794 D ActivityThread: Package [org.omnirom.chromium] reported as REPLACED, but missing application info. Assuming REMOVED.
11-29 09:23:56.863 3393 3393 D ActivityThread: Package [org.omnirom.chromium] reported as REPLACED, but missing application info. Assuming REMOVED.
11-29 09:23:56.863 2609 2609 D ActivityThread: Package [org.omnirom.chromium] reported as REPLACED, but missing application info. Assuming REMOVED.
11-29 09:23:56.863 4127 4127 D ActivityThread: Package [org.omnirom.chromium] reported as REPLACED, but missing application info. Assuming REMOVED.
11-29 09:23:56.863 7232 7232 D ActivityThread: Package [org.omnirom.chromium] reported as REPLACED, but missing application info. Assuming REMOVED.
11-29 09:23:56.863 4097 4097 D ActivityThread: Package [org.omnirom.chromium] reported as REPLACED, but missing application info. Assuming REMOVED.
11-29 09:23:56.863 2592 2592 D ActivityThread: Package [org.omnirom.chromium] reported as REPLACED, but missing application info. Assuming REMOVED.
11-29 09:23:56.863 3290 3290 D ActivityThread: Package [org.omnirom.chromium] reported as REPLACED, but missing application info. Assuming REMOVED.
11-29 09:23:56.864 4141 4141 D ActivityThread: Package [org.omnirom.chromium] reported as REPLACED, but missing application info. Assuming REMOVED.
11-29 09:23:56.864 4170 4170 D ActivityThread: Package [org.omnirom.chromium] reported as REPLACED, but missing application info. Assuming REMOVED.
11-29 09:23:56.864 3080 3080 D ActivityThread: Package [org.omnirom.chromium] reported as REPLACED, but missing application info. Assuming REMOVED.
11-29 09:23:56.864 4027 4027 D ActivityThread: Package [org.omnirom.chromium] reported as REPLACED, but missing application info. Assuming REMOVED.
11-29 09:23:56.864 2494 2494 D ActivityThread: Package [org.omnirom.chromium] reported as REPLACED, but missing application info. Assuming REMOVED.
11-29 09:23:56.864 2591 2591 D ActivityThread: Package [org.omnirom.chromium] reported as REPLACED, but missing application info. Assuming REMOVED.
11-29 09:23:56.865 6716 6716 D ActivityThread: Package [org.omnirom.chromium] reported as REPLACED, but missing application info. Assuming REMOVED.
11-29 09:23:56.865 2594 2594 D ActivityThread: Package [org.omnirom.chromium] reported as REPLACED, but missing application info. Assuming REMOVED.
11-29 09:23:56.866 7331 7331 D ActivityThread: Package [org.omnirom.chromium] reported as REPLACED, but missing application info. Assuming REMOVED.
11-29 09:23:56.866 4227 4227 D ActivityThread: Package [org.omnirom.chromium] reported as REPLACED, but missing application info. Assuming REMOVED.
11-29 09:23:56.866 4206 4206 D ActivityThread: Package [org.omnirom.chromium] reported as REPLACED, but missing application info. Assuming REMOVED.
11-29 09:23:56.866 2872 2872 D ActivityThread: Package [org.omnirom.chromium] reported as REPLACED, but missing application info. Assuming REMOVED.
11-29 09:23:56.867 4188 4188 D ActivityThread: Package [org.omnirom.chromium] reported as REPLACED, but missing application info. Assuming REMOVED.
11-29 09:23:56.867 4082 4082 D ActivityThread: Package [org.omnirom.chromium] reported as REPLACED, but missing application info. Assuming REMOVED.
11-29 09:23:56.867 3644 3644 D ActivityThread: Package [org.omnirom.chromium] reported as REPLACED, but missing application info. Assuming REMOVED.
11-29 09:23:56.867 2604 2604 D ActivityThread: Package [org.omnirom.chromium] reported as REPLACED, but missing application info. Assuming REMOVED.
11-29 09:23:56.867 2601 2601 D ActivityThread: Package [org.omnirom.chromium] reported as REPLACED, but missing application info. Assuming REMOVED.
11-29 09:23:56.867 3327 3327 D ActivityThread: Package [org.omnirom.chromium] reported as REPLACED, but missing application info. Assuming REMOVED.
11-29 09:23:56.867 4240 4240 D ActivityThread: Package [org.omnirom.chromium] reported as REPLACED, but missing application info. Assuming REMOVED.
11-29 09:23:56.868 3103 3103 D ActivityThread: Package [org.omnirom.chromium] reported as REPLACED, but missing application info. Assuming REMOVED.
11-29 09:23:56.868 933 933 D Zygote : Forked child process 7919
11-29 09:23:56.868 7841 7841 D ActivityThread: Package [org.omnirom.chromium] reported as REPLACED, but missing application info. Assuming REMOVED.
11-29 09:23:56.868 3436 3436 D ActivityThread: Package [org.omnirom.chromium] reported as REPLACED, but missing application info. Assuming REMOVED.
11-29 09:23:56.869 2754 2754 D ActivityThread: Package [org.omnirom.chromium] reported as REPLACED, but missing application info. Assuming REMOVED.
11-29 09:23:56.869 3788 3788 D ActivityThread: Package [org.omnirom.chromium] reported as REPLACED, but missing application info. Assuming REMOVED.
11-29 09:23:56.870 1278 1889 D PackageInstallerSession: Marking session 691322357 as applied
11-29 09:23:56.870 1119 7619 I QC2C2DEngine: calcYSize: unsupported or RGB color format, RGBA8888(1)
11-29 09:23:56.870 3360 3360 D RegisteredServicesCache: Ignoring package intent due to package being replaced.
11-29 09:23:56.870 1278 2461 E system_server: No package ID 7f found for resource ID 0x7f090462.
11-29 09:23:56.871 2752 2752 D ActivityThread: Package [org.omnirom.chromium] reported as REPLACED, but missing application info. Assuming REMOVED.
11-29 09:23:56.871 3360 3360 D RegisteredNfcFServicesCache: Ignoring package intent due to package being replaced.
11-29 09:23:56.872 3360 3360 I RegisteredComponentCache: New Components =>
11-29 09:23:56.872 3360 3360 I RegisteredComponentCache: ComponentInfo: ResolveInfo{7a5ae07 com.android.apps.tag/.TagViewer m=0x108000 userHandle=UserHandle{0}}, techs: android.nfc.tech.Ndef,
11-29 09:23:56.872 3360 3360 I RegisteredComponentCache: Removed Components =>
11-29 09:23:56.872 3360 3360 I RegisteredComponentCache: ComponentInfo: ResolveInfo{306d6e com.android.apps.tag/.TagViewer m=0x108000 userHandle=UserHandle{0}}, techs: android.nfc.tech.Ndef,
11-29 09:23:56.876 2754 2842 W PackageManager: Failure retrieving text 0x7f130737 in package com.android.systemui
11-29 09:23:56.876 2754 2842 W PackageManager: android.content.res.Resources$NotFoundException: String resource ID #0x7f130737
11-29 09:23:56.876 2754 2842 W PackageManager: at android.content.res.Resources.getText(Resources.java:466)
11-29 09:23:56.876 2754 2842 W PackageManager: at android.app.ApplicationPackageManager.getText(ApplicationPackageManager.java:2405)
11-29 09:23:56.876 2754 2842 W PackageManager: at android.appwidget.AppWidgetProviderInfo.loadDescription(AppWidgetProviderInfo.java:484)
11-29 09:23:56.876 2754 2842 W PackageManager: at com.android.launcher3.model.WidgetItem.(WidgetItem.java:51)
11-29 09:23:56.876 2754 2842 W PackageManager: at com.android.launcher3.model.WidgetsModel.update(WidgetsModel.java:175)
11-29 09:23:56.876 2754 2842 W PackageManager: at com.android.launcher3.LauncherModel.lambda$refreshAndBindWidgetsAndShortcuts$7(LauncherModel.java:645)
11-29 09:23:56.876 2754 2842 W PackageManager: at com.android.launcher3.LauncherModel$$ExternalSyntheticLambda1.execute(D8$$SyntheticClass:0)
11-29 09:23:56.876 2754 2842 W PackageManager: at com.android.launcher3.LauncherModel.lambda$enqueueModelUpdateTask$4(LauncherModel.java:601)
11-29 09:23:56.876 2754 2842 W PackageManager: at com.android.launcher3.LauncherModel.$r8$lambda$SKXi6XTQCzp7YD319ivtcCq0ZGc(Unknown Source:0)
11-29 09:23:56.876 2754 2842 W PackageManager: at com.android.launcher3.LauncherModel$$ExternalSyntheticLambda10.run(D8$$SyntheticClass:0)
11-29 09:23:56.876 2754 2842 W PackageManager: at android.os.Handler.handleCallback(Handler.java:959)
11-29 09:23:56.876 2754 2842 W PackageManager: at android.os.Handler.dispatchMessage(Handler.java:100)
11-29 09:23:56.876 2754 2842 W PackageManager: at android.os.Looper.loopOnce(Looper.java:232)
11-29 09:23:56.876 2754 2842 W PackageManager: at android.os.Looper.loop(Looper.java:317)
11-29 09:23:56.876 2754 2842 W PackageManager: at android.os.HandlerThread.run(HandlerThread.java:85)
11-29 09:23:56.878 1119 7619 I QC2C2DEngine: calcYSize: unsupported or RGB color format, RGBA8888(1)
11-29 09:23:56.880 1278 1334 I ActivityManager: Start proc 7919:com.android.keychain/1000 for service {com.android.keychain/com.android.keychain.KeyChainService}
11-29 09:23:56.880 1278 2461 E system_server: No package ID 7f found for resource ID 0x7f1406da.
11-29 09:23:56.881 1278 2461 E system_server: No package ID 7f found for resource ID 0x7f090461.
11-29 09:23:56.881 1278 2461 E system_server: No package ID 7f found for resource ID 0x7f1401d1.
11-29 09:23:56.881 1278 2461 E system_server: No package ID 7f found for resource ID 0x7f1406d9.
11-29 09:23:56.881 1278 2461 E system_server: No package ID 7f found for resource ID 0x7f140484.
11-29 09:23:56.881 1278 2461 E ShortcutService: Ignoring excessive intent tag.
11-29 09:23:56.881 1278 2461 D ShortcutService: Package org.omnirom.chromium has 2 manifest shortcut(s), and 0 share target(s)
11-29 09:23:56.881 1278 2461 D ShortcutService: Package org.omnirom.chromium updated, version 535910915 -> 631205804
11-29 09:23:56.881 1278 1327 W BroadcastLoopers: Found previously unknown looper Thread[android.bg,5,main]
11-29 09:23:56.881 1278 2091 W BroadcastLoopers: Found previously unknown looper Thread[PackageInstaller,5,main]
11-29 09:23:56.883 1278 2461 D ShortcutService: Package org.omnirom.chromium: publishing manifest shortcuts
11-29 09:23:56.890 1119 7619 I QC2C2DEngine: calcYSize: unsupported or RGB color format, RGBA8888(1)
11-29 09:23:56.891 3360 3360 D ActivityThread: Package [org.omnirom.chromium] reported as REPLACED, but missing application info. Assuming REMOVED.
11-29 09:23:56.894 1278 1304 D CompatChangeReporter: Compat change id reported: 151861875; UID 10043; state: ENABLED
11-29 09:23:56.894 1278 1304 W OptProp : Cannot read opt property android.window.PROPERTY_COMPAT_ALLOW_ORIENTATION_OVERRIDE
11-29 09:23:56.895 1278 1304 D CompatChangeReporter: Compat change id reported: 306666082; UID 10043; state: ENABLED
11-29 09:23:56.897 1278 1304 W OptProp : Cannot read opt property android.window.PROPERTY_COMPAT_ALLOW_MIN_ASPECT_RATIO_OVERRIDE
11-29 09:23:56.897 3360 3360 D ActivityThread: Package [org.omnirom.chromium] reported as REPLACED, but missing application info. Assuming REMOVED.
11-29 09:23:56.897 1278 1304 W OptProp : Cannot read opt property android.window.PROPERTY_COMPAT_ALLOW_RESIZEABLE_ACTIVITY_OVERRIDES
11-29 09:23:56.900 1278 2145 I RoleService: Granting default roles...
11-29 09:23:56.902 1053 1053 I android.hardware.power-service-qti: Power setMode: 5 to: 1
11-29 09:23:56.905 1119 7619 I QC2C2DEngine: calcYSize: unsupported or RGB color format, RGBA8888(1)
11-29 09:23:56.905 7919 7919 I ndroid.keychain: Using CollectorTypeCC GC.
11-29 09:23:56.906 2494 2531 V WindowManagerShell: Transition requested (#33): android.os.BinderProxy@72b3998 TransitionRequestInfo { type = OPEN, triggerTask = TaskInfo{userId=0 taskId=37 displayId=0 isRunning=true baseIntent=Intent { act=android.intent.action.VIEW dat=content://downloads/... typ=application/vnd.android.package-archive flg=0x13800001 cmp=com.android.packageinstaller/.InstallStart } baseActivity=ComponentInfo{com.android.packageinstaller/com.android.packageinstaller.DeleteStagedFileOnResult} topActivity=ComponentInfo{com.android.packageinstaller/com.android.packageinstaller.InstallSuccess} origActivity=null realActivity=ComponentInfo{com.android.packageinstaller/com.android.packageinstaller.InstallStart} numActivities=3 lastActiveTime=911834 supportsMultiWindow=true resizeMode=1 isResizeable=true minWidth=-1 minHeight=-1 defaultMinSize=200 token=WCT{android.window.IWindowContainerToken$Stub$Proxy@c8405f1} topActivityType=1 pictureInPictureParams=null shouldDockBigOverlays=false launchIntoPipHostTaskId=-1 lastParentTaskIdBeforePip=-1 displayCutoutSafeInsets=Rect(0, 114 - 0, 0) topActivityInfo=ActivityInfo{76c25d6 com.android.packageinstaller.InstallSuccess} launchCookies=[] positionInParent=Point(0, 0) parentTaskId=-1 isFocused=true isVisible=true isVisibleRequested=true isSleeping=false locusId=null displayAreaFeatureId=1 isTopActivityTransparent=true appCompatTaskInfo=AppCompatTaskInfo { topActivityInSizeCompat=false topActivityEligibleForLetterboxEducation= falseisLetterboxEducationEnabled= false isLetterboxDoubleTapEnabled= false topActivityEligibleForUserAspectRatioButton= false topActivityBoundsLetterboxed= false isFromLetterboxDoubleTap= false topActivityLetterboxVerticalPosition= -1 topActivityLetterboxHorizontalPosition= -1 topActivityLetterboxWidth=1080 topActivityLetterboxHeight=2400 isUserFullscreenOverrideEnabled=false isSystemFullscreenOverrideEnabled=false cameraCompatTaskInfo=CameraCompatTaskInfo { cameraCompatControlState=hidden freeformCameraCompatMode=inactive}}}, pipTask = null, remoteTransition = null, displayChange = null, flags = 0, debugId = 33 }
11-29 09:23:56.906 1278 1304 I ActivityTaskManager: START u0 {dat=file:///... flg=0x2000000 cmp=com.android.packageinstaller/.InstallSuccess (has extras)} with LAUNCH_MULTIPLE from uid 10043 (BAL_ALLOW_VISIBLE_WINDOW) result code=0
11-29 09:23:56.906 2620 2620 E SmsApplication: com.android.messaging lost android:receive_wap_push: (fixing)
11-29 09:23:56.907 7841 7841 W WindowOnBackDispatcher: sendCancelIfRunning: isInProgress=false callback=android.view.ViewRootImpl$$ExternalSyntheticLambda11@a98f5d4
11-29 09:23:56.907 1278 1302 W AppOpService: Ignored setUidMode call for runtime permission app op: uid = 10091, code = RECEIVE_WAP_PUSH, mode = allow, callingUid = 1001, oldMode = allow
11-29 09:23:56.907 1278 1278 D ActivityThread: Package [org.omnirom.chromium] reported as REPLACED, but missing application info. Assuming REMOVED.
11-29 09:23:56.908 2620 2620 E SmsApplication: com.android.messaging lost android:read_cell_broadcasts: (fixing)
11-29 09:23:56.908 1278 7915 D CoreBackPreview: Window{3bf293f u0 com.android.packageinstaller/com.android.packageinstaller.InstallInstalling}: Setting back callback null
11-29 09:23:56.908 1278 2764 W AppOpService: Ignored setUidMode call for runtime permission app op: uid = 10091, code = READ_CELL_BROADCASTS, mode = allow, callingUid = 1001, oldMode = allow
11-29 09:23:56.909 1278 2094 W InputManager-JNI: Input channel object '3bf293f com.android.packageinstaller/com.android.packageinstaller.InstallInstalling (client)' was disposed without first being removed with the input manager!
11-29 09:23:56.909 7919 7919 E ndroid.keychain: Not starting debugger since process cannot load the jdwp agent.
11-29 09:23:56.910 2752 4520 I PermissionControllerServiceImpl: Updating user sensitive for uid 10178
11-29 09:23:56.911 1278 1327 W VoiceInteractionManager: no available voice recognition services found for user 0
11-29 09:23:56.912 7919 7919 D nativeloader: Load libframework-connectivity-tiramisu-jni.so using APEX ns com_android_tethering for caller /apex/com.android.tethering/javalib/framework-connectivity-t.jar: ok
11-29 09:23:56.914 2754 2842 D PackageUpdatedTask: Package updated: mOp=UPDATE packages=[org.omnirom.chromium]
11-29 09:23:56.916 7917 7917 F linker : CANNOT LINK EXECUTABLE "/vendor/bin/hw/android.hardware.drm@1.3-service.widevine": cannot locate symbol "CBS_init" referenced by "/vendor/lib64/libwvhidl.so"...
11-29 09:23:56.925 1278 1278 D ActivityThread: Package [org.omnirom.chromium] reported as REPLACED, but missing application info. Assuming REMOVED.
11-29 09:23:56.928 1278 2094 W AppOpService: Ignored setUidMode call for runtime permission app op: uid = 1001, code = READ_SMS, mode = allow, callingUid = 1001, oldMode = allow
11-29 09:23:56.928 1278 2094 W AppOpService: Ignored setUidMode call for runtime permission app op: uid = 1001, code = RECEIVE_SMS, mode = allow, callingUid = 1001, oldMode = allow
11-29 09:23:56.928 1278 2094 W AppOpService: Ignored setUidMode call for runtime permission app op: uid = 1001, code = RECEIVE_WAP_PUSH, mode = allow, callingUid = 1001, oldMode = allow
11-29 09:23:56.929 1278 2094 W AppOpService: Ignored setUidMode call for runtime permission app op: uid = 1001, code = SEND_SMS, mode = allow, callingUid = 1001, oldMode = allow
11-29 09:23:56.930 1119 7619 I QC2C2DEngine: calcYSize: unsupported or RGB color format, RGBA8888(1)
11-29 09:23:56.931 1278 2094 W AppOpService: Ignored setUidMode call for runtime permission app op: uid = 1001, code = READ_CELL_BROADCASTS, mode = allow, callingUid = 1001, oldMode = allow
11-29 09:23:56.934 2620 2620 D CarrierSvcBindHelper: onPackageUpdateFinished: org.omnirom.chromium
11-29 09:23:56.935 2620 2620 D CarrierSvcBindHelper: No carrier app for: 0
11-29 09:23:56.935 2620 2620 D CarrierSvcBindHelper: No carrier app for: 1
11-29 09:23:56.935 2620 2620 D CarrierSvcBindHelper: onPackageModified: org.omnirom.chromium
11-29 09:23:56.935 2620 2620 D CarrierSvcBindHelper: No carrier app for: 0
11-29 09:23:56.935 2620 2620 D CarrierSvcBindHelper: No carrier app for: 1
11-29 09:23:56.937 3280 3427 D ThermalEngine: ACTION:TM Id 'ASUS_TSCPU_7' Sensor 'cpu-1-7-usr' - alarm cleared 1 at 39.5 degC
11-29 09:23:56.937 3280 3427 D ThermalEngine: ACTION:TM Id 'ASUS_TSCPU_1' Sensor 'cpu-1-1-usr' - alarm cleared 1 at 41.1 degC
11-29 09:23:56.937 3280 3427 D ThermalEngine: ACTION:TM Id 'ASUS_TSCPU_0' Sensor 'cpu-1-0-usr' - alarm cleared 1 at 40.1 degC
11-29 09:23:56.937 3280 3427 D ThermalEngine: ACTION: CPU - Setting CPU[4] to 0
11-29 09:23:56.938 1278 1278 W AlarmManager: Package org.omnirom.chromium, uid 10178 lost permission to set exact alarms!
11-29 09:23:56.938 2620 2620 E SmsApplication: com.android.messaging lost android:receive_wap_push: (fixing)
11-29 09:23:56.938 1278 2094 W AppOpService: Ignored setUidMode call for runtime permission app op: uid = 10091, code = RECEIVE_WAP_PUSH, mode = allow, callingUid = 1001, oldMode = allow
11-29 09:23:56.939 7928 7928 I flags_health_check: ServerConfigurableFlagsReset reset_mode value: 1
11-29 09:23:56.939 7928 7928 I flags_health_check: ServerConfigurableFlagsReset updatable crashing detected, resetting flags.
11-29 09:23:56.940 2620 2620 E SmsApplication: com.android.messaging lost android:read_cell_broadcasts: (fixing)
11-29 09:23:56.940 1278 7915 W AppOpService: Ignored setUidMode call for runtime permission app op: uid = 10091, code = READ_CELL_BROADCASTS, mode = allow, callingUid = 1001, oldMode = allow
11-29 09:23:56.940 3280 3427 D ThermalEngine: ACTION:TM Id 'ASUS_TSCPU_6' Sensor 'cpu-1-6-usr' - alarm cleared 2 at 43.8 degC
11-29 09:23:56.940 3280 3427 D ThermalEngine: j=0 i=0 TM Id ASUS_TSCPU_6 Sensor cpu-1-6-usr: Action cpu7 value 2265600
11-29 09:23:56.940 3280 3427 D ThermalEngine: ACTION: CPU - Setting CPU[7] to 6
11-29 09:23:56.942 2754 2754 D StatsLog: LAUNCHER_ALLAPPS_COUNT
11-29 09:23:56.942 1278 1302 W AppOpService: Ignored setUidMode call for runtime permission app op: uid = 1001, code = READ_SMS, mode = allow, callingUid = 1001, oldMode = allow
11-29 09:23:56.942 1278 1302 W AppOpService: Ignored setUidMode call for runtime permission app op: uid = 1001, code = RECEIVE_SMS, mode = allow, callingUid = 1001, oldMode = allow
11-29 09:23:56.942 1278 1302 W AppOpService: Ignored setUidMode call for runtime permission app op: uid = 1001, code = RECEIVE_WAP_PUSH, mode = allow, callingUid = 1001, oldMode = allow
11-29 09:23:56.942 1278 1302 W AppOpService: Ignored setUidMode call for runtime permission app op: uid = 1001, code = SEND_SMS, mode = allow, callingUid = 1001, oldMode = allow
11-29 09:23:56.943 1278 1302 W AppOpService: Ignored setUidMode call for runtime permission app op: uid = 1001, code = READ_CELL_BROADCASTS, mode = allow, callingUid = 1001, oldMode = allow
11-29 09:23:56.944 7919 7919 D nativeloader: Configuring clns-shared-7 for other apk /system/app/KeyChain/KeyChain.apk. target_sdk_version=35, uses_libraries=, library_path=/system/app/KeyChain/lib/arm64:/system/app/KeyChain/KeyChain.apk!/lib/arm64-v8a:/system/lib64:/system_ext/lib64, permitted_path=/data:/mnt/expand:/data/user/0/com.android.keychain:/system/app/KeyChain:/system/lib64:/system_ext/lib64
11-29 09:23:56.946 7919 7919 D CompatChangeReporter: Compat change id reported: 202956589; UID 1000; state: ENABLED
11-29 09:23:56.947 1278 1320 V WindowManager: Unknown focus tokens, dropping reportFocusChanged
11-29 09:23:56.948 1119 7619 I QC2C2DEngine: calcYSize: unsupported or RGB color format, RGBA8888(1)
11-29 09:23:56.948 2620 2620 E SmsApplication: com.android.messaging lost android:receive_wap_push: (fixing)
11-29 09:23:56.948 1278 1302 W AppOpService: Ignored setUidMode call for runtime permission app op: uid = 10091, code = RECEIVE_WAP_PUSH, mode = allow, callingUid = 1001, oldMode = allow
11-29 09:23:56.948 2620 2620 E SmsApplication: com.android.messaging lost android:read_cell_broadcasts: (fixing)
11-29 09:23:56.948 1278 1304 W AppOpService: Ignored setUidMode call for runtime permission app op: uid = 10091, code = READ_CELL_BROADCASTS, mode = allow, callingUid = 1001, oldMode = allow
11-29 09:23:56.949 7919 7919 V GraphicsEnvironment: Currently set values for:
11-29 09:23:56.949 7919 7919 V GraphicsEnvironment: angle_gl_driver_selection_pkgs=[]
11-29 09:23:56.949 7919 7919 V GraphicsEnvironment: angle_gl_driver_selection_values=[]
11-29 09:23:56.949 7919 7919 V GraphicsEnvironment: Global.Settings values are invalid: number of packages: 0, number of values: 0
11-29 09:23:56.950 1278 7915 W AppOpService: Ignored setUidMode call for runtime permission app op: uid = 1001, code = READ_SMS, mode = allow, callingUid = 1001, oldMode = allow
11-29 09:23:56.950 1278 7915 W AppOpService: Ignored setUidMode call for runtime permission app op: uid = 1001, code = RECEIVE_SMS, mode = allow, callingUid = 1001, oldMode = allow
11-29 09:23:56.950 1278 7915 W AppOpService: Ignored setUidMode call for runtime permission app op: uid = 1001, code = RECEIVE_WAP_PUSH, mode = allow, callingUid = 1001, oldMode = allow
11-29 09:23:56.950 1278 7915 W AppOpService: Ignored setUidMode call for runtime permission app op: uid = 1001, code = SEND_SMS, mode = allow, callingUid = 1001, oldMode = allow
11-29 09:23:56.950 1278 7915 W AppOpService: Ignored setUidMode call for runtime permission app op: uid = 1001, code = READ_CELL_BROADCASTS, mode = allow, callingUid = 1001, oldMode = allow
11-29 09:23:56.951 1278 1327 W MagnificationConnectionManager: requestConnection duplicated request: connect=false, mConnectionState=DISCONNECTED
11-29 09:23:56.953 2620 2919 D ImsResolver: maybeAddedImsService, packageName: org.omnirom.chromium
11-29 09:23:56.955 1278 1327 W MagnificationConnectionManager: requestConnection duplicated request: connect=false, mConnectionState=DISCONNECTED
11-29 09:23:56.956 2620 2620 D ActivityThread: Package [org.omnirom.chromium] reported as REPLACED, but missing application info. Assuming REMOVED.
11-29 09:23:56.957 2620 2620 D ActivityThread: Package [org.omnirom.chromium] reported as REPLACED, but missing application info. Assuming REMOVED.
11-29 09:23:56.962 1119 7619 I QC2C2DEngine: calcYSize: unsupported or RGB color format, RGBA8888(1)
11-29 09:23:56.972 1278 1302 D CoreBackPreview: Window{db28be6 u0 com.android.packageinstaller/com.android.packageinstaller.InstallSuccess}: Setting back callback OnBackInvokedCallbackInfo{mCallback=android.window.IOnBackInvokedCallback$Stub$Proxy@85cc34, mPriority=0, mIsAnimationCallback=false}
11-29 09:23:56.978 1119 7619 I QC2C2DEngine: calcYSize: unsupported or RGB color format, RGBA8888(1)
11-29 09:23:56.978 1278 1302 D CompatChangeReporter: Compat change id reported: 311208629; UID 1000; state: ENABLED
11-29 09:23:56.989 1278 2461 D ShortcutService: Saving package item org.omnirom.chromium to /data/system_ce/0/shortcut_service/packages/org.omnirom.chromium.xml
11-29 09:23:56.994 1278 1304 D CoreBackPreview: Window{5663cb3 u0 com.android.packageinstaller/com.android.packageinstaller.InstallSuccess}: Setting back callback OnBackInvokedCallbackInfo{mCallback=android.window.IOnBackInvokedCallback$Stub$Proxy@558671e, mPriority=0, mIsAnimationCallback=false}
11-29 09:23:56.995 1278 1327 D ShortcutService: Getting shortcuts for launcher= com.android.launcher3user=0 pkg=org.omnirom.chromium
11-29 09:23:56.998 1119 7619 I QC2C2DEngine: calcYSize: unsupported or RGB color format, RGBA8888(1)
11-29 09:23:57.001 1278 1327 D ShortcutService: Getting shortcuts for launcher= com.android.systemuiuser=0 pkg=org.omnirom.chromium
11-29 09:23:57.006 1278 1304 D CoreBackPreview: Window{6e83f88 u0 com.android.packageinstaller/com.android.packageinstaller.InstallSuccess}: Setting back callback OnBackInvokedCallbackInfo{mCallback=android.window.IOnBackInvokedCallback$Stub$Proxy@3e51815, mPriority=0, mIsAnimationCallback=false}
11-29 09:23:57.012 1119 7619 I QC2C2DEngine: calcYSize: unsupported or RGB color format, RGBA8888(1)
11-29 09:23:57.017 1278 1298 I system_server: Background concurrent copying GC freed 30MB AllocSpace bytes, 27(604KB) LOS objects, 75% free, 24MB/98MB, paused 81us,218us total 194.759ms
11-29 09:23:57.021 1278 1317 I ActivityTaskManager: Displayed com.android.packageinstaller/.InstallSuccess for user 0: +108ms
11-29 09:23:57.021 1278 1317 V WindowManager: Sent Transition (#33) createdAt=11-29 09:23:56.895 via request=TransitionRequestInfo { type = OPEN, triggerTask = TaskInfo{userId=0 taskId=37 displayId=0 isRunning=true baseIntent=Intent { act=android.intent.action.VIEW dat=content://downloads/... typ=application/vnd.android.package-archive flg=0x13800001 cmp=com.android.packageinstaller/.InstallStart } baseActivity=ComponentInfo{com.android.packageinstaller/com.android.packageinstaller.DeleteStagedFileOnResult} topActivity=ComponentInfo{com.android.packageinstaller/com.android.packageinstaller.InstallSuccess} origActivity=null realActivity=ComponentInfo{com.android.packageinstaller/com.android.packageinstaller.InstallStart} numActivities=3 lastActiveTime=911834 supportsMultiWindow=true resizeMode=1 isResizeable=true minWidth=-1 minHeight=-1 defaultMinSize=200 token=WCT{RemoteToken{50df769 Task{80993d7 #37 type=standard A=10043:com.android.packageinstaller}}} topActivityType=1 pictureInPictureParams=null shouldDockBigOverlays=false launchIntoPipHostTaskId=-1 lastParentTaskIdBeforePip=-1 displayCutoutSafeInsets=Rect(0, 114 - 0, 0) topActivityInfo=ActivityInfo{c4eaa64 com.android.packageinstaller.InstallSuccess} launchCookies=[] positionInParent=Point(0, 0) parentTaskId=-1 isFocused=true isVisible=true isVisibleRequested=true isSleeping=false locusId=null displayAreaFeatureId=1 isTopActivityTransparent=true appCompatTaskInfo=AppCompatTaskInfo { topActivityInSizeCompat=false topActivityEligibleForLetterboxEducation= falseisLetterboxEducationEnabled= false isLetterboxDoubleTapEnabled= false topActivityEligibleForUserAspectRatioButton= false topActivityBoundsLetterboxed= false isFromLetterboxDoubleTap= false topActivityLetterboxVerticalPosition= -1 topActivityLetterboxHorizontalPosition= -1 topActivityLetterboxWidth=1080 topActivityLetterboxHeight=2400 isUserFullscreenOverrideEnabled=false isSystemFullscreenOverrideEnabled=false cameraCompatTaskInfo=CameraCompatTaskInfo { cameraCompatControlState=hidden freeformCameraCompatMode=inactive}}}, pipTask = null, remoteTransition = null, displayChange = null, flags = 0, debugId = 33 }
11-29 09:23:57.021 2494 2573 V WindowManagerShell: onTransitionReady(transaction=5488968205694)
11-29 09:23:57.022 2494 2531 V WindowManagerShell: onTransitionReady (#33) android.os.BinderProxy@72b3998: {id=33 t=OPEN f=0x0 trk=0 r=[0@Point(0, 0)] c=[{null m=OPEN f=TRANSLUCENT|FILLS_TASK leash=Surface(name=ActivityRecord{af72747 u0 com.android.packageinstaller/.InstallSuccess)/@0x6178057 sb=Rect(0, 0 - 0, 0) eb=Rect(0, 0 - 1080, 2400) d=-1->0 r=-1->0:-1 bc=ffeff0f7 component=com.android.packageinstaller/.InstallSuccess},{null m=CLOSE f=TRANSLUCENT|FILLS_TASK leash=Surface(name=ActivityRecord{ad37ae5 u0 com.android.packageinstaller/.InstallInstalling)/@0xb665744 sb=Rect(0, 0 - 1080, 2400) eb=Rect(0, 0 - 1080, 2400) d=0 bc=ffeff0f7 component=com.android.packageinstaller/.InstallInstalling}]}
11-29 09:23:57.022 2494 2531 V WindowManagerShell: Playing animation for (#33) android.os.BinderProxy@72b3998@0
11-29 09:23:57.022 2494 2531 V WindowManagerShell: try handler com.android.wm.shell.transition.DefaultMixedHandler@9605821
11-29 09:23:57.022 2494 2531 V WindowManagerShell: try handler com.android.wm.shell.keyguard.KeyguardTransitionHandler@365c446
11-29 09:23:57.022 2494 2531 V WindowManagerShell: try handler com.android.wm.shell.pip.PipTransition@3830621
11-29 09:23:57.022 2494 2531 V WindowManagerShell: try handler com.android.wm.shell.activityembedding.ActivityEmbeddingController@92dda46
11-29 09:23:57.022 2494 2531 V WindowManagerShell: try handler com.android.wm.shell.recents.RecentsTransitionHandler@92b7407
11-29 09:23:57.022 2494 2531 V ShellRecents: RecentsTransitionHandler.startAnimation: no controller found
11-29 09:23:57.022 2494 2531 V WindowManagerShell: try handler com.android.wm.shell.splitscreen.StageCoordinator@944b934
11-29 09:23:57.022 2494 2531 V WindowManagerShell: try handler com.android.wm.shell.transition.RemoteTransitionHandler@4e8e35d
11-29 09:23:57.022 2494 2531 V WindowManagerShell: Transition doesn't have explicit remote, search filters for match for {id=33 t=OPEN f=0x0 trk=0 r=[0@Point(0, 0)] c=[{null m=OPEN f=TRANSLUCENT|FILLS_TASK leash=Surface(name=ActivityRecord{af72747 u0 com.android.packageinstaller/.InstallSuccess)/@0x6178057 sb=Rect(0, 0 - 0, 0) eb=Rect(0, 0 - 1080, 2400) d=-1->0 r=-1->0:-1 bc=ffeff0f7 component=com.android.packageinstaller/.InstallSuccess},{null m=CLOSE f=TRANSLUCENT|FILLS_TASK leash=Surface(name=ActivityRecord{ad37ae5 u0 com.android.packageinstaller/.InstallInstalling)/@0xb665744 sb=Rect(0, 0 - 1080, 2400) eb=Rect(0, 0 - 1080, 2400) d=0 bc=ffeff0f7 component=com.android.packageinstaller/.InstallInstalling}]}
11-29 09:23:57.022 2494 2531 V WindowManagerShell: Checking filter Pair{{types=[] flags=0x0] notFlags=0x100 checks=[{atype=home independent=true modes=[OPEN,TO_FRONT] flags=NONE mustBeTask=false order=TOP topActivity=ComponentInfo{com.android.launcher3/com.android.launcher3.uioverrides.QuickstepLauncher} launchCookie=null},{atype=standard independent=true modes=[CLOSE,TO_BACK] flags=NONE mustBeTask=false order=ANY topActivity=null launchCookie=null}]} RemoteTransition { remoteTransition = android.window.IRemoteTransition$Stub$Proxy@35d54d2, appThread = android.app.IApplicationThread$Stub$Proxy@b0149a3, debugName = QuickstepLaunchHome }}
11-29 09:23:57.022 2494 2531 V WindowManagerShell: Delegate animation for (#33) to null
11-29 09:23:57.022 2494 2531 V WindowManagerShell: try handler com.android.wm.shell.transition.DefaultTransitionHandler@829fb88
11-29 09:23:57.023 2494 2531 V WindowManagerShell: start default transition animation, info = {id=33 t=OPEN f=0x0 trk=0 r=[0@Point(0, 0)] c=[{null m=OPEN f=TRANSLUCENT|FILLS_TASK leash=Surface(name=ActivityRecord{af72747 u0 com.android.packageinstaller/.InstallSuccess)/@0x6178057 sb=Rect(0, 0 - 0, 0) eb=Rect(0, 0 - 1080, 2400) d=-1->0 r=-1->0:-1 bc=ffeff0f7 component=com.android.packageinstaller/.InstallSuccess},{null m=CLOSE f=TRANSLUCENT|FILLS_TASK leash=Surface(name=ActivityRecord{ad37ae5 u0 com.android.packageinstaller/.InstallInstalling)/@0xb665744 sb=Rect(0, 0 - 1080, 2400) eb=Rect(0, 0 - 1080, 2400) d=0 bc=ffeff0f7 component=com.android.packageinstaller/.InstallInstalling}]}
11-29 09:23:57.023 2494 2531 V WindowManagerShell: loadAnimation: anim=null animAttr=0x5 type=OPEN isEntrance=false
11-29 09:23:57.023 2494 2531 V WindowManagerShell: loadAnimation: anim=null animAttr=0x4 type=OPEN isEntrance=true
11-29 09:23:57.021 1278 1317 V WindowManager: startWCT=WindowContainerTransaction { changes = {} hops = [] errorCallbackToken=null taskFragmentOrganizer=null }
11-29 09:23:57.023 1278 1304 W UserManagerService: Requested status bar icon for non-badged user 0
11-29 09:23:57.024 2494 2531 V WindowManagerShell: Transition animation finished (aborted=false), notifying core (#33) android.os.BinderProxy@72b3998@0
11-29 09:23:57.023 1278 1317 V WindowManager: info={id=33 t=OPEN f=0x0 trk=0 r=[0@Point(0, 0)] c=[
11-29 09:23:57.023 1278 1317 V WindowManager: {null m=OPEN f=TRANSLUCENT|FILLS_TASK leash=Surface(name=ActivityRecord{af72747 u0 com.android.packageinstaller/.InstallSuccess)/@0x63c3bf6 sb=Rect(0, 0 - 0, 0) eb=Rect(0, 0 - 1080, 2400) d=-1->0 r=-1->0:-1 bc=ffeff0f7 component=com.android.packageinstaller/.InstallSuccess},
11-29 09:23:57.023 1278 1317 V WindowManager: {null m=CLOSE f=TRANSLUCENT|FILLS_TASK leash=Surface(name=ActivityRecord{ad37ae5 u0 com.android.packageinstaller/.InstallInstalling)/@0xd205910 sb=Rect(0, 0 - 1080, 2400) eb=Rect(0, 0 - 1080, 2400) d=0 bc=ffeff0f7 component=com.android.packageinstaller/.InstallInstalling}
11-29 09:23:57.023 1278 1317 V WindowManager: ]}
11-29 09:23:57.026 1278 1317 V WindowManager: Finish Transition (#33): created at
11-29 09:23:56.895 collect-started=0.041ms request-sent=9.579ms started=23.039ms ready=32.271ms sent=124.691ms finished=130.155ms
11-29 09:23:57.028 1119 7619 I QC2C2DEngine: calcYSize: unsupported or RGB color format, RGBA8888(1)
11-29 09:23:57.028 2494 2531 V WindowManagerShell: Track 0 became idle
11-29 09:23:57.028 2494 2531 V WindowManagerShell: All active transition animations finished
11-29 09:23:57.028 2494 2531 V WindowManagerShell: animated by com.android.wm.shell.transition.DefaultTransitionHandler@829fb88
11-29 09:23:57.029 2494 2531 V WindowManagerShell: Track 0 became idle
11-29 09:23:57.029 2494 2531 V WindowManagerShell: All active transition animations finished
11-29 09:23:57.030 1278 1304 W UserManagerService: Requested status bar icon for non-badged user 0
11-29 09:23:57.030 1278 1300 W system_server: ApkAssets: Deleting an ApkAssets object ' and /system_ext/priv-app/Settings/Settings.apk' with 1 weak references
11-29 09:23:57.030 1278 1302 W UserManagerService: Requested status bar icon for non-badged user 0
11-29 09:23:57.030 1278 1300 W system_server: ApkAssets: Deleting an ApkAssets object '/product/overlay/SettingsOverlay.apk' with 1 weak references
11-29 09:23:57.033 7841 7841 D VRI[InstallInstalling]: visibilityChanged oldVisibility=true newVisibility=false
11-29 09:23:57.035 7841 7841 W WindowOnBackDispatcher: sendCancelIfRunning: isInProgress=false callback=android.view.ViewRootImpl$$ExternalSyntheticLambda11@4ca5470
11-29 09:23:57.035 1278 7916 D CoreBackPreview: Window{ad39e36 u0 com.android.packageinstaller/com.android.packageinstaller.InstallInstalling}: Setting back callback null
11-29 09:23:57.036 1278 1304 W InputManager-JNI: Input channel object 'ad39e36 com.android.packageinstaller/com.android.packageinstaller.InstallInstalling (client)' was disposed without first being removed with the input manager!
11-29 09:23:57.041 1053 1053 I android.hardware.power-service-qti: Power setMode: 5 to: 0
11-29 09:23:57.044 1278 1300 W System : A resource failed to call release.
11-29 09:23:57.044 1278 1300 W System : A resource failed to call HardwareBuffer.close.
11-29 09:23:57.044 1278 1300 W System : A resource failed to call release.
11-29 09:23:57.045 1278 1300 W System : A resource failed to call HardwareBuffer.close.
11-29 09:23:57.045 1278 1300 W System : A resource failed to call release.
11-29 09:23:57.047 1278 1300 W System : A resource failed to call HardwareBuffer.close.
11-29 09:23:57.047 1278 1300 W System : A resource failed to call HardwareBuffer.close.
11-29 09:23:57.047 1119 7619 I QC2C2DEngine: calcYSize: unsupported or RGB color format, RGBA8888(1)
11-29 09:23:57.060 1119 7619 I QC2C2DEngine: calcYSize: unsupported or RGB color format, RGBA8888(1)
11-29 09:23:57.079 1119 7619 I QC2C2DEngine: calcYSize: unsupported or RGB color format, RGBA8888(1)
11-29 09:23:57.096 1119 7619 I QC2C2DEngine: calcYSize: unsupported or RGB color format, RGBA8888(1)
11-29 09:23:57.113 1119 7619 I QC2C2DEngine: calcYSize: unsupported or RGB color format, RGBA8888(1)
11-29 09:23:57.129 1119 7619 I QC2C2DEngine: calcYSize: unsupported or RGB color format, RGBA8888(1)
11-29 09:23:57.144 1119 7619 I QC2C2DEngine: calcYSize: unsupported or RGB color format, RGBA8888(1)
11-29 09:23:57.163 1119 7619 I QC2C2DEngine: calcYSize: unsupported or RGB color format, RGBA8888(1)
11-29 09:23:57.180 1119 7619 I QC2C2DEngine: calcYSize: unsupported or RGB color format, RGBA8888(1)
11-29 09:23:57.190 3280 3427 D ThermalEngine: ACTION:TM Id 'ASUS_TSCPU_6' Sensor 'cpu-1-6-usr' - alarm cleared 1 at 36.2 degC
11-29 09:23:57.191 3280 3427 D ThermalEngine: ACTION: CPU - Setting CPU[7] to 0
11-29 09:23:57.196 1119 7619 I QC2C2DEngine: calcYSize: unsupported or RGB color format, RGBA8888(1)
11-29 09:23:57.214 1119 7619 I QC2C2DEngine: calcYSize: unsupported or RGB color format, RGBA8888(1)
11-29 09:23:57.230 1119 7619 I QC2C2DEngine: calcYSize: unsupported or RGB color format, RGBA8888(1)
11-29 09:23:57.246 1119 7619 I QC2C2DEngine: calcYSize: unsupported or RGB color format, RGBA8888(1)
11-29 09:23:57.263 1119 7619 I QC2C2DEngine: calcYSize: unsupported or RGB color format, RGBA8888(1)
11-29 09:23:57.280 1119 7619 I QC2C2DEngine: calcYSize: unsupported or RGB color format, RGBA8888(1)
11-29 09:23:57.297 1119 7619 I QC2C2DEngine: calcYSize: unsupported or RGB color format, RGBA8888(1)
11-29 09:23:57.315 1119 7619 I QC2C2DEngine: calcYSize: unsupported or RGB color format, RGBA8888(1)
11-29 09:23:57.327 3290 3290 W MediaProvider: WorkProfileOwnerApps cache miss for package org.omnirom.chromium
11-29 09:23:57.327 3290 3290 D PickerSyncLockManager: Trying to acquire lock com.android.providers.media.photopicker.sync.CloseableReentrantLock@2d1249b[Unlocked]. Lock Name = CLOUD_PROVIDER_LOCK. Threads that may be waiting to acquire this lock = []
11-29 09:23:57.327 3290 3290 D CloseableReentrantLock: Successfully acquired lock com.android.providers.media.photopicker.sync.CloseableReentrantLock@2d1249b[Locked by thread main]. Lock Name = CLOUD_PROVIDER_LOCK. Threads that may be waiting to acquire this lock = []
11-29 09:23:57.328 3290 3290 D CloseableReentrantLock: Successfully released lock com.android.providers.media.photopicker.sync.CloseableReentrantLock@2d1249b[Unlocked]. Lock Name = CLOUD_PROVIDER_LOCK. Threads that may be waiting to acquire this lock = []
11-29 09:23:57.330 1119 7619 I QC2C2DEngine: calcYSize: unsupported or RGB color format, RGBA8888(1)
11-29 09:23:57.333 2494 2494 D ControlsListingControllerImpl: ServiceConfig reloaded, count: 0
11-29 09:23:57.335 1278 1304 E ActivityTaskManager: Background activity launch blocked! [callingPackage: com.mixplorer; callingPackageTargetSdk: 33; callingUid: 10171; callingPid: 4206; appSwitchState: 2; callingUidHasAnyVisibleWindow: false; callingUidProcState: CACHED_EMPTY; isCallingUidPersistentSystemProcess: false; forcedBalByPiSender: BSP.NONE; intent: Intent { flg=0x10000000 pkg=com.mixplorer cmp=com.mixplorer/.activities.RunActivity }; callerApp: ProcessRecord{b0a7a24 4206:com.mixplorer/u0a171}; inVisibleTask: false; balAllowedByPiCreator: BSP.ALLOW_BAL; balAllowedByPiCreatorWithHardening: BSP.ALLOW_BAL; resultIfPiCreatorAllowsBal: BAL_BLOCK; hasRealCaller: true; isCallForResult: false; isPendingIntent: false; autoOptInReason: notPendingIntent; realCallingPackage: com.mixplorer; realCallingPackageTargetSdk: 33; realCallingUid: 10171; realCallingPid: 4206; realCallingUidHasAnyVisibleWindow: false; realCallingUidProcState: CACHED_EMPTY; isRealCallingUidPersistentSystemProcess: false; originatingPendingIntent: null; realCallerApp: ProcessRecord{b0a7a24 4206:com.mixplorer/u0a171}; realInVisibleTask: false; balAllowedByPiSender: BSP.ALLOW_BAL; resultIfPiSenderAllowsBal: BAL_BLOCK; balImproveRealCallerVisibilityCheck: true; balRequireOptInByPendingIntentCreator: true; balRequireOptInSameUid: false; balRespectAppSwitchStateWhenCheckBoundByForegroundUid: true; balDontBringExistingBackgroundTaskStackToFg: true]
11-29 09:23:57.337 1278 1304 W OptProp : Cannot read opt property android.window.PROPERTY_COMPAT_ALLOW_ORIENTATION_OVERRIDE
11-29 09:23:57.337 1278 1304 V GrammaticalInflectionUtils: AttributionSource: android.content.AttributionSource@d6656e7 does not have READ_SYSTEM_GRAMMATICAL_GENDER permission.
11-29 09:23:57.338 1278 1304 W OptProp : Cannot read opt property android.window.PROPERTY_COMPAT_ALLOW_RESIZEABLE_ACTIVITY_OVERRIDES
11-29 09:23:57.338 1278 1304 W OptProp : Cannot read opt property android.window.PROPERTY_COMPAT_ALLOW_MIN_ASPECT_RATIO_OVERRIDE
11-29 09:23:57.340 1278 1304 E ActivityTaskManager: Abort background activity starts from 10171
11-29 09:23:57.340 1278 1304 I ActivityTaskManager: START u0 {flg=0x10000000 pkg=com.mixplorer cmp=com.mixplorer/.activities.RunActivity} with LAUNCH_SINGLE_INSTANCE from uid 10171 (BAL_BLOCK) result code=102
11-29 09:23:57.340 2494 2750 D KeyguardService: setOccluded(false)
11-29 09:23:57.340 2494 2750 D KeyguardViewMediator: setOccluded(false)
11-29 09:23:57.341 2494 2494 D ControlsListingControllerImpl: ServiceConfig reloaded, count: 0
11-29 09:23:57.341 2494 2494 D ControlsListingControllerImpl: ServiceConfig reloaded, count: 0
11-29 09:23:57.341 2494 2494 D KeyguardViewMediator: handleSetOccluded(false)
11-29 09:23:57.342 2494 2494 D KeyguardViewMediator: KeyguardViewMediator queue processing message: SET_OCCLUDED
11-29 09:23:57.345 1278 7915 E ActivityTaskManager: Background activity launch blocked! [callingPackage: com.mixplorer; callingPackageTargetSdk: 33; callingUid: 10171; callingPid: 4206; appSwitchState: 2; callingUidHasAnyVisibleWindow: false; callingUidProcState: CACHED_EMPTY; isCallingUidPersistentSystemProcess: false; forcedBalByPiSender: BSP.NONE; intent: Intent { flg=0x10000000 pkg=com.mixplorer cmp=com.mixplorer/.activities.RunActivity }; callerApp: ProcessRecord{b0a7a24 4206:com.mixplorer/u0a171}; inVisibleTask: false; balAllowedByPiCreator: BSP.ALLOW_BAL; balAllowedByPiCreatorWithHardening: BSP.ALLOW_BAL; resultIfPiCreatorAllowsBal: BAL_BLOCK; hasRealCaller: true; isCallForResult: false; isPendingIntent: false; autoOptInReason: notPendingIntent; realCallingPackage: com.mixplorer; realCallingPackageTargetSdk: 33; realCallingUid: 10171; realCallingPid: 4206; realCallingUidHasAnyVisibleWindow: false; realCallingUidProcState: CACHED_EMPTY; isRealCallingUidPersistentSystemProcess: false; originatingPendingIntent: null; realCallerApp: ProcessRecord{b0a7a24 4206:com.mixplorer/u0a171}; realInVisibleTask: false; balAllowedByPiSender: BSP.ALLOW_BAL; resultIfPiSenderAllowsBal: BAL_BLOCK; balImproveRealCallerVisibilityCheck: true; balRequireOptInByPendingIntentCreator: true; balRequireOptInSameUid: false; balRespectAppSwitchStateWhenCheckBoundByForegroundUid: true; balDontBringExistingBackgroundTaskStackToFg: true]
11-29 09:23:57.346 1278 7915 W OptProp : Cannot read opt property android.window.PROPERTY_COMPAT_ALLOW_ORIENTATION_OVERRIDE
11-29 09:23:57.347 1278 7915 V GrammaticalInflectionUtils: AttributionSource: android.content.AttributionSource@d6656e7 does not have READ_SYSTEM_GRAMMATICAL_GENDER permission.
11-29 09:23:57.347 1278 7915 W OptProp : Cannot read opt property android.window.PROPERTY_COMPAT_ALLOW_RESIZEABLE_ACTIVITY_OVERRIDES
11-29 09:23:57.347 1278 7915 W OptProp : Cannot read opt property android.window.PROPERTY_COMPAT_ALLOW_MIN_ASPECT_RATIO_OVERRIDE
11-29 09:23:57.348 1278 7915 E ActivityTaskManager: Abort background activity starts from 10171
11-29 09:23:57.349 2494 2519 D KeyguardService: setOccluded(false)
11-29 09:23:57.349 2494 2519 D KeyguardViewMediator: setOccluded(false)
11-29 09:23:57.349 2494 2494 D KeyguardViewMediator: handleSetOccluded(false)
11-29 09:23:57.349 1278 7915 I ActivityTaskManager: START u0 {flg=0x10000000 pkg=com.mixplorer cmp=com.mixplorer/.activities.RunActivity} with LAUNCH_SINGLE_INSTANCE from uid 10171 (BAL_BLOCK) result code=102
11-29 09:23:57.349 2494 2494 D KeyguardViewMediator: KeyguardViewMediator queue processing message: SET_OCCLUDED
11-29 09:23:57.351 1278 1304 E ActivityTaskManager: Background activity launch blocked! [callingPackage: com.mixplorer; callingPackageTargetSdk: 33; callingUid: 10171; callingPid: 4206; appSwitchState: 2; callingUidHasAnyVisibleWindow: false; callingUidProcState: CACHED_EMPTY; isCallingUidPersistentSystemProcess: false; forcedBalByPiSender: BSP.NONE; intent: Intent { flg=0x10000000 pkg=com.mixplorer cmp=com.mixplorer/.activities.RunActivity }; callerApp: ProcessRecord{b0a7a24 4206:com.mixplorer/u0a171}; inVisibleTask: false; balAllowedByPiCreator: BSP.ALLOW_BAL; balAllowedByPiCreatorWithHardening: BSP.ALLOW_BAL; resultIfPiCreatorAllowsBal: BAL_BLOCK; hasRealCaller: true; isCallForResult: false; isPendingIntent: false; autoOptInReason: notPendingIntent; realCallingPackage: com.mixplorer; realCallingPackageTargetSdk: 33; realCallingUid: 10171; realCallingPid: 4206; realCallingUidHasAnyVisibleWindow: false; realCallingUidProcState: CACHED_EMPTY; isRealCallingUidPersistentSystemProcess: false; originatingPendingIntent: null; realCallerApp: ProcessRecord{b0a7a24 4206:com.mixplorer/u0a171}; realInVisibleTask: false; balAllowedByPiSender: BSP.ALLOW_BAL; resultIfPiSenderAllowsBal: BAL_BLOCK; balImproveRealCallerVisibilityCheck: true; balRequireOptInByPendingIntentCreator: true; balRequireOptInSameUid: false; balRespectAppSwitchStateWhenCheckBoundByForegroundUid: true; balDontBringExistingBackgroundTaskStackToFg: true]
11-29 09:23:57.352 1278 1304 W OptProp : Cannot read opt property android.window.PROPERTY_COMPAT_ALLOW_ORIENTATION_OVERRIDE
11-29 09:23:57.353 1278 1304 V GrammaticalInflectionUtils: AttributionSource: android.content.AttributionSource@d6656e7 does not have READ_SYSTEM_GRAMMATICAL_GENDER permission.
11-29 09:23:57.353 1278 1304 W OptProp : Cannot read opt property android.window.PROPERTY_COMPAT_ALLOW_RESIZEABLE_ACTIVITY_OVERRIDES
11-29 09:23:57.353 1278 1304 W OptProp : Cannot read opt property android.window.PROPERTY_COMPAT_ALLOW_MIN_ASPECT_RATIO_OVERRIDE
11-29 09:23:57.354 1278 1304 E ActivityTaskManager: Abort background activity starts from 10171
11-29 09:23:57.354 2494 2519 D KeyguardService: setOccluded(false)
11-29 09:23:57.354 1278 1304 I ActivityTaskManager: START u0 {flg=0x10000000 pkg=com.mixplorer cmp=com.mixplorer/.activities.RunActivity} with LAUNCH_SINGLE_INSTANCE from uid 10171 (BAL_BLOCK) result code=102
11-29 09:23:57.354 2494 2519 D KeyguardViewMediator: setOccluded(false)
11-29 09:23:57.354 2494 2494 D KeyguardViewMediator: handleSetOccluded(false)
11-29 09:23:57.354 2494 2494 D KeyguardViewMediator: KeyguardViewMediator queue processing message: SET_OCCLUDED
11-29 09:23:57.384 1119 7619 I QC2C2DEngine: calcYSize: unsupported or RGB color format, RGBA8888(1)
11-29 09:23:57.397 1119 7619 I QC2C2DEngine: calcYSize: unsupported or RGB color format, RGBA8888(1)
11-29 09:23:57.457 1055 1079 I android.hardware.thermal@2.0-service.qti: uevent triggered for sensor: camera-therm-usr
