11-29 09:23:01.049 7604 7604 D app_process: u_setTimeZoneFilesDirectory("/apex/com.android.tzdata/etc/tz/versioned/8/icu") succeeded.
11-29 09:23:01.049 7604 7604 D app_process: I18n APEX ICU file found: /apex/com.android.i18n/etc/icu/icudt75l.dat
11-29 09:23:01.049 7594 7614 D CCodecBufferChannel: [c2.qti.avc.encoder#674] Query output allocators returned 0 params => BAD_INDEX (6)
11-29 09:23:01.050 1119 1119 D C2Store : Using ION
11-29 09:23:01.050 7604 7604 D nativeloader: Load libjavacore.so using APEX ns com_android_art for caller /apex/com.android.art/javalib/core-oj.jar: ok
11-29 09:23:01.050 7594 7610 W app_process: unable to execute idmap2: Permission denied
11-29 09:23:01.050 7594 7610 W OverlayConfig: 'idmap2 create-multiple' failed: no mutable="false" overlays targeting "android" will be loaded
11-29 09:23:01.050 7604 7604 D nativeloader: Load libopenjdk.so using APEX ns com_android_art for caller /apex/com.android.art/javalib/core-oj.jar: ok
11-29 09:23:01.051 7594 7614 I CCodecBufferChannel: [c2.qti.avc.encoder#674] Created output block pool with allocatorID 16 => poolID 17 - OK
11-29 09:23:01.051 7594 7614 D CCodecBufferChannel: [c2.qti.avc.encoder#674] Configured output block pool ids 17 => OK
11-29 09:23:01.051 1119 1119 E QC2Interface: Few parameters failed to configure
11-29 09:23:01.052 7604 7604 W ziparchive: Unable to open '/data/local/tmp/scrcpy-server.dm': No such file or directory
11-29 09:23:01.052 1449 2907 W ResourceManagerServiceUtils: Ignoring request to add new resource entry with value <= 0
11-29 09:23:01.059 2334 3199 D PermissionCache: checking android.permission.CALL_AUDIO_INTERCEPTION for uid=2000 => granted (167 us)
11-29 09:23:01.059 1278 1318 I WindowManager: Override config changes=20005df8 {0.0 ?mcc0mnc ?localeList ?layoutDir sw172800dp w172800dp h384000dp 1dpi xlrg long port ?uimode ?night -touch -keyb/v/h -nav/h winConfig={ mBounds=Rect(0, 0 - 1080, 2400) mAppBounds=Rect(0, 0 - 1080, 2400) mMaxBounds=Rect(0, 0 - 1080, 2400) mDisplayRotation=ROTATION_0 mWindowingMode=fullscreen mActivityType=undefined mAlwaysOnTop=undefined mRotation=ROTATION_0} ?fontWeightAdjustment} for displayId=2
11-29 09:23:01.060 2494 2531 W DisplayController: Skipping Display Configuration change on non-added display.
11-29 09:23:01.061 2284 2929 D r_submix: adev_open_input_stream(addr=0)
11-29 09:23:01.061 2284 2929 I r_submix: adev_open_input_stream(): about to create pipe at index 9, rate 48000, pipe size 4096
11-29 09:23:01.061 2284 2929 D r_submix: submix_audio_device_create_pipe_l(addr=0, idx=9)
11-29 09:23:01.061 2284 2929 D r_submix: now using address 0 for route 9
11-29 09:23:01.061 1278 1318 V WindowManager: Content Recording: Successfully created a ContentRecordingSession for displayId=2 to mirror content from displayId=0
11-29 09:23:01.062 1278 1318 V WindowManager: Content Recording: Display 2 has no content and is on, so start recording for state 2
11-29 09:23:01.062 2334 7634 I AudioFlinger: AudioFlinger's thread 0xb400007a486a9b88 tid=7634 ready to run
11-29 09:23:01.062 1278 1318 V WindowManager: Content Recording: Apply transformations of shift 0 x 0, scale 1.0 x 1.0, crop (aka recorded content size) 1080 x 2400 for display 2; display has size 172800 x 384000; surface has size 1080 x 2400
11-29 09:23:01.063 2284 2284 I r_submix: in_standby()
11-29 09:23:01.063 2334 3199 D audioserver: not monitoring app op for uid 2000 and source 8
11-29 09:23:01.066 2284 2929 I r_submix: in_standby()
11-29 09:23:01.066 7604 7604 D nativeloader: Load libframework-connectivity-tiramisu-jni.so using APEX ns com_android_tethering for caller /apex/com.android.tethering/javalib/framework-connectivity-t.jar: ok
11-29 09:23:01.066 7604 7604 D AndroidRuntime: Calling main entry com.genymobile.scrcpy.CleanUp
11-29 09:23:01.067 1278 1318 I MediaProjectionManagerService: Cannot log MediaProjectionTargetChanged atom due to null projection
11-29 09:23:01.069 1278 1318 V WindowManager: Content Recording: Display 2 was already recording, so apply transformations if necessary
11-29 09:23:01.070 2334 7634 D audioserver: logFgsApiEnd: FGS Logger Transaction failed, -129
11-29 09:23:01.070 2334 7634 D audioserver: logFgsApiBegin: FGS Logger Transaction failed, -129
11-29 09:23:01.070 1278 2848 W ForegroundServiceTypeLoggerModule: API event end called before start!
11-29 09:23:01.070 1278 1278 W WindowTokenClientController: Can't find attached WindowTokenClient for android.window.WindowTokenClient@a3c57cf
11-29 09:23:01.071 1278 1320 D DisplayManagerService: Ignore redundant display event 2/2 to 10118/2752
11-29 09:23:01.072 1278 1318 V WindowManager: Content Recording: Display 2 state was (2), is now (2), so update recording?
11-29 09:23:01.073 2284 2929 D audio_hw_primary: adev_set_parameters: enter: 0=;connect=32768
11-29 09:23:01.074 2334 3199 I AudioFlinger: openOutput() this 0xb400007925230960, module 26 Device AUDIO_DEVICE_OUT_REMOTE_SUBMIX, @:0, SamplingRate 48000, Format 0x000001, Channels 0x3, flags 0
11-29 09:23:01.074 2284 2293 D r_submix: adev_open_output_stream(address=0)
11-29 09:23:01.074 2284 2293 I r_submix: adev_open_output_stream(): about to create pipe at index 9, rate 48000, pipe size 4096
11-29 09:23:01.074 2284 2293 D r_submix: submix_audio_device_create_pipe_l(addr=0, idx=9)
11-29 09:23:01.074 2284 2293 D r_submix: now using address 0 for route 9
11-29 09:23:01.075 2334 3199 I AudioFlinger: HAL output buffer size 1024 frames, normal sink buffer size 1024 frames
11-29 09:23:01.076 2334 3199 D AudioFlinger: Failed to add event callback
11-29 09:23:01.076 2334 7637 I AudioFlinger: AudioFlinger's thread 0xb400007a4865b8e0 tid=7637 ready to run
11-29 09:23:01.077 2334 7637 D AudioFlinger: ro.audio.silent is ignored since no output device is set
11-29 09:23:01.077 2284 2929 I r_submix: out_standby()
11-29 09:23:01.078 2334 7637 D AudioFlinger: ro.audio.silent is ignored since no output device is set
11-29 09:23:01.085 2334 3199 W AudioFlinger: moveEffectChain_ll: effect chain for session 0 not on source thread 0xb400007a4cd8dfe8
11-29 09:23:01.123 7594 7602 I Gralloc4: Adding additional valid usage bits: 0x8202000
11-29 09:23:01.128 2334 7637 D AudioFlinger: ro.audio.silent will be ignored for threads on AUDIO_DEVICE_OUT_REMOTE_SUBMIX
11-29 09:23:01.129 2334 7637 D AudioFlinger: updateHalSupportedLatencyModes_l: thread(93) status -38 supported latency modes: { }
11-29 09:23:01.131 7594 7602 D GraphicBufferSource: got buffer with new dataSpace 0x104
11-29 09:23:01.131 7594 7602 D C2NodeImpl: dataspace changed to 0x104 pixel format: 0x1
11-29 09:23:01.133 2334 3199 I AudioFlinger: HAL output buffer size 1024 frames, normal sink buffer size 1024 frames
11-29 09:23:01.134 2334 3199 W AF::TrackHandle: OpPlayAudio: not muting track:59 usage:0 for service UID 1041
11-29 09:23:01.135 2334 3199 D AudioFlinger: Failed to add event callback
11-29 09:23:01.135 1055 1079 I android.hardware.thermal@2.0-service.qti: uevent triggered for sensor: camera-therm-usr
11-29 09:23:01.136 2334 7639 I AudioFlinger: AudioFlinger's thread 0xb400007a48496890 tid=7639 ready to run
11-29 09:23:01.136 2334 3199 W AF::TrackHandle: OpPlayAudio: not muting track:60 usage:0 for service UID 1041
11-29 09:23:01.139 2334 7639 D AudioFlinger: ro.audio.silent is ignored since no output device is set
11-29 09:23:01.140 2334 7639 D AudioFlinger: ro.audio.silent is ignored since no output device is set
11-29 09:23:01.143 1119 7619 I QC2ImageConverter: Constructing QC2C2D engine for image conversion
11-29 09:23:01.148 1119 7619 I QC2ImageConverter: created QC2ImageConverter: [1080x2400, RGBA8888] -- {do flip 0, then rotate 0} --> [1080x2400, VENUS_NV12]
11-29 09:23:01.148 1119 7619 I QC2Buf : use default ref tracker
11-29 09:23:01.153 1119 7619 I Gralloc4: Adding additional valid usage bits: 0x8202000
11-29 09:23:01.154 1119 7619 I QC2C2DEngine: calcYSize: unsupported or RGB color format, RGBA8888(1)
11-29 09:23:01.165 1119 7619 E QC2Interface: Failed to query parameters
11-29 09:23:01.165 1119 7619 W QC2V4l2Codec: [avcE_14] unknown/unsupported param 3254796295 index = 0xC2004007
11-29 09:23:01.171 1119 7619 E QC2Interface: Failed to query parameters
11-29 09:23:01.173 7594 7618 D C2Store : Using ION
11-29 09:23:01.174 7594 7614 D CCodecConfig: c2 config diff is Buffer coded.init-data.value = {
11-29 09:23:01.174 7594 7614 D CCodecConfig: 00000000: 00 00 00 01 67 64 00 33 ac b4 02 20 09 6f 2f 29 ....gd.3... .o/)
11-29 09:23:01.174 7594 7614 D CCodecConfig: 00000010: 05 06 05 06 d0 a1 35 00 00 00 01 68 ee 06 f2 c0 ......5....h....
11-29 09:23:01.174 7594 7614 D Codec2-OutputBufferQueue: set max dequeue count 11 from update
11-29 09:23:01.192 2334 7637 D AudioFlinger: ro.audio.silent will be ignored for threads on AUDIO_DEVICE_OUT_REMOTE_SUBMIX
11-29 09:23:01.202 2284 2929 D audio_hw_primary: adev_get_parameters:0;routing=32768;supEncapsulationMetadataTypes;supEncapsulationModes
11-29 09:23:01.203 2284 2929 D soundtrigger: audio_extn_sound_trigger_get_parameters input string
11-29 09:23:01.203 2284 2929 D soundtrigger: extract_sm_handle input string param string
11-29 09:23:01.203 2284 2929 D audio_hw_extn: audio_extn_get_parameters: returns
11-29 09:23:01.220 2334 3199 D audioserver: logFgsApiBegin: FGS Logger Transaction failed, -129
11-29 09:23:01.222 7594 7610 D MediaCodec: keep callback message for reclaim
11-29 09:23:01.230 7594 7612 W Codec2Client: query -- param skipped: index = 1342179345.
11-29 09:23:01.230 7594 7612 W Codec2Client: query -- param skipped: index = 2415921170.
11-29 09:23:01.230 7594 7612 W Codec2Client: query -- param skipped: index = 3254792206.
11-29 09:23:01.230 7594 7612 W Codec2Client: query -- param skipped: index = 3254792194.
11-29 09:23:01.231 1278 1304 I AudioService.RecordingActivityMonitor: rec update riid:151 uid:2000 session:121 src:REMOTE_SUBMIX not silenced pack:com.android.shell
11-29 09:23:01.231 7594 7612 D CCodecBufferChannel: [c2.android.opus.encoder#711] Created input block pool with allocatorID 16 => poolID 17 - OK (0)
11-29 09:23:01.232 7594 7612 I CCodecBufferChannel: [c2.android.opus.encoder#711] Created output block pool with allocatorID 16 => poolID 48 - OK
11-29 09:23:01.233 7594 7612 D CCodecBufferChannel: [c2.android.opus.encoder#711] Configured output block pool ids 48 => OK
11-29 09:23:01.233 1479 1775 E Codec2-ComponentInterface: We have a failed config
11-29 09:23:01.234 1479 7620 D SimpleC2Component: Using output block pool with poolID 48 => got 48 - 0
11-29 09:23:01.236 1119 7619 I QC2C2DEngine: calcYSize: unsupported or RGB color format, RGBA8888(1)
11-29 09:23:01.238 1278 1278 I Telecom : WiredHeadsetManager: ACTION_HEADSET_PLUG event, plugged in: false, : WHC.oADA@AMY
11-29 09:23:01.269 1278 2457 E MR2SystemProvider: Could not map this selected device attribute type to an available route: 25
11-29 09:23:01.271 1278 2457 E MR2SystemProvider: Could not map this selected device attribute type to an available route: 25
11-29 09:23:01.337 1119 7619 I QC2C2DEngine: calcYSize: unsupported or RGB color format, RGBA8888(1)
11-29 09:23:01.441 1119 7619 I QC2C2DEngine: calcYSize: unsupported or RGB color format, RGBA8888(1)
11-29 09:23:01.543 1119 7619 I QC2C2DEngine: calcYSize: unsupported or RGB color format, RGBA8888(1)
11-29 09:23:01.557 1119 7619 I QC2Comp : [avcE_14] Stats: Pending(1) i/p-done(0) Works: Q: 5/Done 4|Work-Rate: Q(8.9/s Avg=8.9/s) Done(7.105/s Avg=7.105/s)| Stream: 10.00fps 941.2Kbps
11-29 09:23:01.557 1119 7619 I QC2Comp : Mem-usage: [In-2D - 5 bufs 28.125 MB] [1D-17 - 4 bufs 7.484 MB] [1D-0 - 1 bufs 0.004 MB]
11-29 09:23:01.557 1119 7619 I QC2Comp : Total Mem-usage: 35.613 MB
11-29 09:23:01.643 1119 7619 I QC2C2DEngine: calcYSize: unsupported or RGB color format, RGBA8888(1)
11-29 09:23:01.666 4097 4297 W HidlServiceManagement: Waited one second for android.hardware.drm@1.0::IDrmFactory/widevine
11-29 09:23:01.667 643 643 I hwservicemanager: Since android.hardware.drm@1.0::IDrmFactory/widevine is not registered, trying to start it as a lazy HAL (if it's not configured to be a lazy HAL, it may be stuck starting or still starting).
11-29 09:23:01.668 4097 4297 I HidlServiceManagement: getService: Trying again for android.hardware.drm@1.0::IDrmFactory/widevine...
11-29 09:23:01.722 7646 7646 F linker : CANNOT LINK EXECUTABLE "/vendor/bin/hw/android.hardware.drm@1.3-service.widevine": cannot locate symbol "CBS_init" referenced by "/vendor/lib64/libwvhidl.so"...
11-29 09:23:01.741 1119 7619 I QC2C2DEngine: calcYSize: unsupported or RGB color format, RGBA8888(1)
11-29 09:23:01.743 7647 7647 I flags_health_check: ServerConfigurableFlagsReset reset_mode value: 1
11-29 09:23:01.743 7647 7647 I flags_health_check: ServerConfigurableFlagsReset updatable crashing detected, resetting flags.
11-29 09:23:01.755 1278 1304 E ActivityTaskManager: Background activity launch blocked! [callingPackage: com.mixplorer; callingPackageTargetSdk: 33; callingUid: 10171; callingPid: 4206; appSwitchState: 2; callingUidHasAnyVisibleWindow: false; callingUidProcState: CACHED_EMPTY; isCallingUidPersistentSystemProcess: false; forcedBalByPiSender: BSP.NONE; intent: Intent { flg=0x10000000 pkg=com.mixplorer cmp=com.mixplorer/.activities.RunActivity }; callerApp: ProcessRecord{b0a7a24 4206:com.mixplorer/u0a171}; inVisibleTask: false; balAllowedByPiCreator: BSP.ALLOW_BAL; balAllowedByPiCreatorWithHardening: BSP.ALLOW_BAL; resultIfPiCreatorAllowsBal: BAL_BLOCK; hasRealCaller: true; isCallForResult: false; isPendingIntent: false; autoOptInReason: notPendingIntent; realCallingPackage: com.mixplorer; realCallingPackageTargetSdk: 33; realCallingUid: 10171; realCallingPid: 4206; realCallingUidHasAnyVisibleWindow: false; realCallingUidProcState: CACHED_EMPTY; isRealCallingUidPersistentSystemProcess: false; originatingPendingIntent: null; realCallerApp: ProcessRecord{b0a7a24 4206:com.mixplorer/u0a171}; realInVisibleTask: false; balAllowedByPiSender: BSP.ALLOW_BAL; resultIfPiSenderAllowsBal: BAL_BLOCK; balImproveRealCallerVisibilityCheck: true; balRequireOptInByPendingIntentCreator: true; balRequireOptInSameUid: false; balRespectAppSwitchStateWhenCheckBoundByForegroundUid: true; balDontBringExistingBackgroundTaskStackToFg: true]
11-29 09:23:01.759 1278 1304 W OptProp : Cannot read opt property android.window.PROPERTY_COMPAT_ALLOW_ORIENTATION_OVERRIDE
11-29 09:23:01.760 1278 1304 V GrammaticalInflectionUtils: AttributionSource: android.content.AttributionSource@d6656e7 does not have READ_SYSTEM_GRAMMATICAL_GENDER permission.
11-29 09:23:01.761 1278 1304 W OptProp : Cannot read opt property android.window.PROPERTY_COMPAT_ALLOW_RESIZEABLE_ACTIVITY_OVERRIDES
11-29 09:23:01.761 1278 1304 W OptProp : Cannot read opt property android.window.PROPERTY_COMPAT_ALLOW_MIN_ASPECT_RATIO_OVERRIDE
11-29 09:23:01.763 1278 1304 E ActivityTaskManager: Abort background activity starts from 10171
11-29 09:23:01.763 1278 1304 I ActivityTaskManager: START u0 {flg=0x10000000 pkg=com.mixplorer cmp=com.mixplorer/.activities.RunActivity} with LAUNCH_SINGLE_INSTANCE from uid 10171 (BAL_BLOCK) result code=102
11-29 09:23:01.763 2494 2518 D KeyguardService: setOccluded(false)
11-29 09:23:01.764 2494 2518 D KeyguardViewMediator: setOccluded(false)
11-29 09:23:01.764 2494 2494 D KeyguardViewMediator: handleSetOccluded(false)
11-29 09:23:01.764 2494 2494 D KeyguardViewMediator: KeyguardViewMediator queue processing message: SET_OCCLUDED
11-29 09:23:01.766 1278 2744 E ActivityTaskManager: Background activity launch blocked! [callingPackage: com.mixplorer; callingPackageTargetSdk: 33; callingUid: 10171; callingPid: 4206; appSwitchState: 2; callingUidHasAnyVisibleWindow: false; callingUidProcState: CACHED_EMPTY; isCallingUidPersistentSystemProcess: false; forcedBalByPiSender: BSP.NONE; intent: Intent { flg=0x10000000 pkg=com.mixplorer cmp=com.mixplorer/.activities.RunActivity }; callerApp: ProcessRecord{b0a7a24 4206:com.mixplorer/u0a171}; inVisibleTask: false; balAllowedByPiCreator: BSP.ALLOW_BAL; balAllowedByPiCreatorWithHardening: BSP.ALLOW_BAL; resultIfPiCreatorAllowsBal: BAL_BLOCK; hasRealCaller: true; isCallForResult: false; isPendingIntent: false; autoOptInReason: notPendingIntent; realCallingPackage: com.mixplorer; realCallingPackageTargetSdk: 33; realCallingUid: 10171; realCallingPid: 4206; realCallingUidHasAnyVisibleWindow: false; realCallingUidProcState: CACHED_EMPTY; isRealCallingUidPersistentSystemProcess: false; originatingPendingIntent: null; realCallerApp: ProcessRecord{b0a7a24 4206:com.mixplorer/u0a171}; realInVisibleTask: false; balAllowedByPiSender: BSP.ALLOW_BAL; resultIfPiSenderAllowsBal: BAL_BLOCK; balImproveRealCallerVisibilityCheck: true; balRequireOptInByPendingIntentCreator: true; balRequireOptInSameUid: false; balRespectAppSwitchStateWhenCheckBoundByForegroundUid: true; balDontBringExistingBackgroundTaskStackToFg: true]
11-29 09:23:01.768 1278 2744 W OptProp : Cannot read opt property android.window.PROPERTY_COMPAT_ALLOW_ORIENTATION_OVERRIDE
11-29 09:23:01.768 1278 2744 V GrammaticalInflectionUtils: AttributionSource: android.content.AttributionSource@d6656e7 does not have READ_SYSTEM_GRAMMATICAL_GENDER permission.
11-29 09:23:01.768 1278 2744 W OptProp : Cannot read opt property android.window.PROPERTY_COMPAT_ALLOW_RESIZEABLE_ACTIVITY_OVERRIDES
11-29 09:23:01.768 1278 2744 W OptProp : Cannot read opt property android.window.PROPERTY_COMPAT_ALLOW_MIN_ASPECT_RATIO_OVERRIDE
11-29 09:23:01.769 1278 2744 E ActivityTaskManager: Abort background activity starts from 10171
11-29 09:23:01.770 2494 2518 D KeyguardService: setOccluded(false)
11-29 09:23:01.770 2494 2518 D KeyguardViewMediator: setOccluded(false)
11-29 09:23:01.770 1278 2744 I ActivityTaskManager: START u0 {flg=0x10000000 pkg=com.mixplorer cmp=com.mixplorer/.activities.RunActivity} with LAUNCH_SINGLE_INSTANCE from uid 10171 (BAL_BLOCK) result code=102
11-29 09:23:01.770 2494 2494 D KeyguardViewMediator: handleSetOccluded(false)
11-29 09:23:01.770 2494 2494 D KeyguardViewMediator: KeyguardViewMediator queue processing message: SET_OCCLUDED
11-29 09:23:01.772 1278 2535 E ActivityTaskManager: Background activity launch blocked! [callingPackage: com.mixplorer; callingPackageTargetSdk: 33; callingUid: 10171; callingPid: 4206; appSwitchState: 2; callingUidHasAnyVisibleWindow: false; callingUidProcState: CACHED_EMPTY; isCallingUidPersistentSystemProcess: false; forcedBalByPiSender: BSP.NONE; intent: Intent { flg=0x10000000 pkg=com.mixplorer cmp=com.mixplorer/.activities.RunActivity }; callerApp: ProcessRecord{b0a7a24 4206:com.mixplorer/u0a171}; inVisibleTask: false; balAllowedByPiCreator: BSP.ALLOW_BAL; balAllowedByPiCreatorWithHardening: BSP.ALLOW_BAL; resultIfPiCreatorAllowsBal: BAL_BLOCK; hasRealCaller: true; isCallForResult: false; isPendingIntent: false; autoOptInReason: notPendingIntent; realCallingPackage: com.mixplorer; realCallingPackageTargetSdk: 33; realCallingUid: 10171; realCallingPid: 4206; realCallingUidHasAnyVisibleWindow: false; realCallingUidProcState: CACHED_EMPTY; isRealCallingUidPersistentSystemProcess: false; originatingPendingIntent: null; realCallerApp: ProcessRecord{b0a7a24 4206:com.mixplorer/u0a171}; realInVisibleTask: false; balAllowedByPiSender: BSP.ALLOW_BAL; resultIfPiSenderAllowsBal: BAL_BLOCK; balImproveRealCallerVisibilityCheck: true; balRequireOptInByPendingIntentCreator: true; balRequireOptInSameUid: false; balRespectAppSwitchStateWhenCheckBoundByForegroundUid: true; balDontBringExistingBackgroundTaskStackToFg: true]
11-29 09:23:01.773 1278 2535 W OptProp : Cannot read opt property android.window.PROPERTY_COMPAT_ALLOW_ORIENTATION_OVERRIDE
11-29 09:23:01.773 1278 2535 V GrammaticalInflectionUtils: AttributionSource: android.content.AttributionSource@d6656e7 does not have READ_SYSTEM_GRAMMATICAL_GENDER permission.
11-29 09:23:01.773 1278 2535 W OptProp : Cannot read opt property android.window.PROPERTY_COMPAT_ALLOW_RESIZEABLE_ACTIVITY_OVERRIDES
11-29 09:23:01.773 1278 2535 W OptProp : Cannot read opt property android.window.PROPERTY_COMPAT_ALLOW_MIN_ASPECT_RATIO_OVERRIDE
11-29 09:23:01.774 1278 2535 E ActivityTaskManager: Abort background activity starts from 10171
11-29 09:23:01.774 2494 2518 D KeyguardService: setOccluded(false)
11-29 09:23:01.774 2494 2518 D KeyguardViewMediator: setOccluded(false)
11-29 09:23:01.774 1278 2535 I ActivityTaskManager: START u0 {flg=0x10000000 pkg=com.mixplorer cmp=com.mixplorer/.activities.RunActivity} with LAUNCH_SINGLE_INSTANCE from uid 10171 (BAL_BLOCK) result code=102
11-29 09:23:01.774 2494 2494 D KeyguardViewMediator: handleSetOccluded(false)
11-29 09:23:01.774 2494 2494 D KeyguardViewMediator: KeyguardViewMediator queue processing message: SET_OCCLUDED
11-29 09:23:01.845 1119 7619 I QC2C2DEngine: calcYSize: unsupported or RGB color format, RGBA8888(1)
11-29 09:23:01.947 1119 7619 I QC2C2DEngine: calcYSize: unsupported or RGB color format, RGBA8888(1)
11-29 09:23:02.048 1119 7619 I QC2C2DEngine: calcYSize: unsupported or RGB color format, RGBA8888(1)
11-29 09:23:02.149 1119 7619 I QC2C2DEngine: calcYSize: unsupported or RGB color format, RGBA8888(1)
11-29 09:23:02.162 1055 1079 I android.hardware.thermal@2.0-service.qti: uevent triggered for sensor: camera-therm-usr
11-29 09:23:02.669 4097 4297 W HidlServiceManagement: Waited one second for android.hardware.drm@1.0::IDrmFactory/widevine
11-29 09:23:02.670 643 643 I hwservicemanager: Since android.hardware.drm@1.0::IDrmFactory/widevine is not registered, trying to start it as a lazy HAL (if it's not configured to be a lazy HAL, it may be stuck starting or still starting).
11-29 09:23:02.671 4097 4297 I HidlServiceManagement: getService: Trying again for android.hardware.drm@1.0::IDrmFactory/widevine...
11-29 09:23:02.710 7652 7652 D diagcommd: DBG:Diag Daemon services process entry PPID = 1
11-29 09:23:02.710 7652 7652 D diagcommd: DBG:Calling LSM init
11-29 09:23:02.711 7652 7652 E Diag_Lib: diag:failed to connect to diag socket
11-29 09:23:02.711 7652 7652 E Diag_Lib: Diag_LSM_Init: Failed to open handle to diag driver, error = 25
11-29 09:23:02.711 7652 7652 E diagcommd: ERR:DiagDaemon: Diag_LSM_Init() failed.
11-29 09:23:02.716 7653 7653 F linker : CANNOT LINK EXECUTABLE "/vendor/bin/hw/android.hardware.drm@1.3-service.widevine": cannot locate symbol "CBS_init" referenced by "/vendor/lib64/libwvhidl.so"...
11-29 09:23:02.733 7654 7654 I flags_health_check: ServerConfigurableFlagsReset reset_mode value: 1
11-29 09:23:02.733 7654 7654 I flags_health_check: ServerConfigurableFlagsReset updatable crashing detected, resetting flags.
11-29 09:23:02.764 7655 7655 I flags_health_check: ServerConfigurableFlagsReset reset_mode value: 1
11-29 09:23:02.765 7655 7655 I flags_health_check: ServerConfigurableFlagsReset updatable crashing detected, resetting flags.
11-29 09:23:03.185 1055 1079 I android.hardware.thermal@2.0-service.qti: uevent triggered for sensor: camera-therm-usr
11-29 09:23:03.672 4097 4297 W HidlServiceManagement: Waited one second for android.hardware.drm@1.0::IDrmFactory/widevine
11-29 09:23:03.674 643 643 I hwservicemanager: Since android.hardware.drm@1.0::IDrmFactory/widevine is not registered, trying to start it as a lazy HAL (if it's not configured to be a lazy HAL, it may be stuck starting or still starting).
11-29 09:23:03.675 4097 4297 I HidlServiceManagement: getService: Trying again for android.hardware.drm@1.0::IDrmFactory/widevine...
11-29 09:23:03.710 7657 7657 F linker : CANNOT LINK EXECUTABLE "/vendor/bin/hw/android.hardware.drm@1.3-service.widevine": cannot locate symbol "CBS_init" referenced by "/vendor/lib64/libwvhidl.so"...
11-29 09:23:03.731 7658 7658 I flags_health_check: ServerConfigurableFlagsReset reset_mode value: 1
11-29 09:23:03.731 7658 7658 I flags_health_check: ServerConfigurableFlagsReset updatable crashing detected, resetting flags.
11-29 09:23:04.209 1055 1079 I android.hardware.thermal@2.0-service.qti: uevent triggered for sensor: camera-therm-usr
11-29 09:23:04.676 4097 4297 W HidlServiceManagement: Waited one second for android.hardware.drm@1.0::IDrmFactory/widevine
11-29 09:23:04.677 643 643 I hwservicemanager: Since android.hardware.drm@1.0::IDrmFactory/widevine is not registered, trying to start it as a lazy HAL (if it's not configured to be a lazy HAL, it may be stuck starting or still starting).
11-29 09:23:04.678 4097 4297 I HidlServiceManagement: getService: Trying again for android.hardware.drm@1.0::IDrmFactory/widevine...
11-29 09:23:04.730 7660 7660 F linker : CANNOT LINK EXECUTABLE "/vendor/bin/hw/android.hardware.drm@1.3-service.widevine": cannot locate symbol "CBS_init" referenced by "/vendor/lib64/libwvhidl.so"...
11-29 09:23:04.751 7661 7661 I flags_health_check: ServerConfigurableFlagsReset reset_mode value: 1
11-29 09:23:04.751 7661 7661 I flags_health_check: ServerConfigurableFlagsReset updatable crashing detected, resetting flags.
11-29 09:23:04.862 1054 7180 I sensors-hal: handle_sns_client_event:470, [SSC_HAL] ACCEL, ts:859.718368 s X:0.03 Y:0.16 Z:9.79, elapsedRealtime: 859.793715, ts_diff: 0.075347, pb_ts: 16798798744, offset = -15219066619
11-29 09:23:05.233 1055 1079 I android.hardware.thermal@2.0-service.qti: uevent triggered for sensor: camera-therm-usr
11-29 09:23:05.679 4097 4297 W HidlServiceManagement: Waited one second for android.hardware.drm@1.0::IDrmFactory/widevine
11-29 09:23:05.681 643 643 I hwservicemanager: Since android.hardware.drm@1.0::IDrmFactory/widevine is not registered, trying to start it as a lazy HAL (if it's not configured to be a lazy HAL, it may be stuck starting or still starting).
11-29 09:23:05.682 4097 4297 I HidlServiceManagement: getService: Trying again for android.hardware.drm@1.0::IDrmFactory/widevine...
11-29 09:23:05.724 7663 7663 F linker : CANNOT LINK EXECUTABLE "/vendor/bin/hw/android.hardware.drm@1.3-service.widevine": cannot locate symbol "CBS_init" referenced by "/vendor/lib64/libwvhidl.so"...
11-29 09:23:05.746 7664 7664 I flags_health_check: ServerConfigurableFlagsReset reset_mode value: 1
11-29 09:23:05.746 7664 7664 I flags_health_check: ServerConfigurableFlagsReset updatable crashing detected, resetting flags.
11-29 09:23:05.871 3280 3404 W ThermalEngine: thermal_sensor_get_temperature: virtual-therm Reading 23148 .
11-29 09:23:05.996 1479 1761 D BufferPoolAccessor2.0: bufferpool2 0xb4000073b6481378 : 0(0 size) total buffers - 0(0 size) used buffers - 0/0 (recycle/alloc) - 0/0 (fetch/transfer)
11-29 09:23:05.996 1479 1761 D BufferPoolAccessor2.0: evictor expired: 1, evicted: 1
11-29 09:23:05.997 3788 3845 D BufferPoolAccessor2.0: evictor expired: 1, evicted: 0
11-29 09:23:06.257 1055 1079 I android.hardware.thermal@2.0-service.qti: uevent triggered for sensor: camera-therm-usr
11-29 09:23:06.346 7594 7612 D BufferPoolAccessor2.0: bufferpool2 0xb400007d61f5ebe8 : 5(19200 size) total buffers - 4(15360 size) used buffers - 254/259 (recycle/alloc) - 5/509 (fetch/transfer)
11-29 09:23:06.347 1479 7620 D BufferPoolAccessor2.0: bufferpool2 0xb4000073b6481f08 : 3(7500 size) total buffers - 1(3000 size) used buffers - 253/256 (recycle/alloc) - 2/254 (fetch/transfer)
11-29 09:23:06.557 1119 7619 I QC2Comp : [avcE_14] Stats: Pending(0) i/p-done(0) Works: Q: 11/Done 11|Work-Rate: Q(1.2/s Avg=2.0/s) Done(1.400/s Avg=1.977/s)| Stream: 10.00fps 646.4Kbps
11-29 09:23:06.557 1119 7619 I QC2Comp : Mem-usage: [In-2D - 11 bufs 61.875 MB] [1D-17 - 4 bufs 7.484 MB] [1D-0 - 1 bufs 0.004 MB]
11-29 09:23:06.557 1119 7619 I QC2Comp : Total Mem-usage: 69.363 MB
11-29 09:23:06.683 4097 4297 W HidlServiceManagement: Waited one second for android.hardware.drm@1.0::IDrmFactory/widevine
11-29 09:23:06.684 643 643 I hwservicemanager: Since android.hardware.drm@1.0::IDrmFactory/widevine is not registered, trying to start it as a lazy HAL (if it's not configured to be a lazy HAL, it may be stuck starting or still starting).
11-29 09:23:06.686 4097 4297 I HidlServiceManagement: getService: Trying again for android.hardware.drm@1.0::IDrmFactory/widevine...
11-29 09:23:06.731 7666 7666 F linker : CANNOT LINK EXECUTABLE "/vendor/bin/hw/android.hardware.drm@1.3-service.widevine": cannot locate symbol "CBS_init" referenced by "/vendor/lib64/libwvhidl.so"...
11-29 09:23:06.753 7667 7667 I flags_health_check: ServerConfigurableFlagsReset reset_mode value: 1
11-29 09:23:06.753 7667 7667 I flags_health_check: ServerConfigurableFlagsReset updatable crashing detected, resetting flags.
11-29 09:23:07.281 1055 1079 I android.hardware.thermal@2.0-service.qti: uevent triggered for sensor: camera-therm-usr
11-29 09:23:07.687 4097 4297 W HidlServiceManagement: Waited one second for android.hardware.drm@1.0::IDrmFactory/widevine
11-29 09:23:07.688 643 643 I hwservicemanager: Since android.hardware.drm@1.0::IDrmFactory/widevine is not registered, trying to start it as a lazy HAL (if it's not configured to be a lazy HAL, it may be stuck starting or still starting).
11-29 09:23:07.689 4097 4297 I HidlServiceManagement: getService: Trying again for android.hardware.drm@1.0::IDrmFactory/widevine...
11-29 09:23:07.729 7669 7669 D diagcommd: DBG:Diag Daemon services process entry PPID = 1
11-29 09:23:07.729 7669 7669 D diagcommd: DBG:Calling LSM init
11-29 09:23:07.729 7669 7669 E Diag_Lib: diag:failed to connect to diag socket
11-29 09:23:07.729 7669 7669 E Diag_Lib: Diag_LSM_Init: Failed to open handle to diag driver, error = 25
11-29 09:23:07.729 7669 7669 E diagcommd: ERR:DiagDaemon: Diag_LSM_Init() failed.
11-29 09:23:07.734 7670 7670 F linker : CANNOT LINK EXECUTABLE "/vendor/bin/hw/android.hardware.drm@1.3-service.widevine": cannot locate symbol "CBS_init" referenced by "/vendor/lib64/libwvhidl.so"...
11-29 09:23:07.755 7671 7671 I flags_health_check: ServerConfigurableFlagsReset reset_mode value: 1
11-29 09:23:07.755 7671 7671 I flags_health_check: ServerConfigurableFlagsReset updatable crashing detected, resetting flags.
11-29 09:23:07.789 7672 7672 I flags_health_check: ServerConfigurableFlagsReset reset_mode value: 1
11-29 09:23:07.789 7672 7672 I flags_health_check: ServerConfigurableFlagsReset updatable crashing detected, resetting flags.
11-29 09:23:08.058 1119 1759 D BufferPoolAccessor2.0: bufferpool2 0xe9b00b68 : 4(7847936 size) total buffers - 3(5885952 size) used buffers - 11/15 (recycle/alloc) - 3/11 (fetch/transfer)
11-29 09:23:08.058 1119 1759 D BufferPoolAccessor2.0: evictor expired: 1, evicted: 1
11-29 09:23:08.305 1055 1079 I android.hardware.thermal@2.0-service.qti: uevent triggered for sensor: camera-therm-usr
11-29 09:23:08.690 4097 4297 W HidlServiceManagement: Waited one second for android.hardware.drm@1.0::IDrmFactory/widevine
11-29 09:23:08.692 643 643 I hwservicemanager: Since android.hardware.drm@1.0::IDrmFactory/widevine is not registered, trying to start it as a lazy HAL (if it's not configured to be a lazy HAL, it may be stuck starting or still starting).
11-29 09:23:08.694 4097 4297 I HidlServiceManagement: getService: Trying again for android.hardware.drm@1.0::IDrmFactory/widevine...
11-29 09:23:08.734 7674 7674 F linker : CANNOT LINK EXECUTABLE "/vendor/bin/hw/android.hardware.drm@1.3-service.widevine": cannot locate symbol "CBS_init" referenced by "/vendor/lib64/libwvhidl.so"...
11-29 09:23:08.758 7675 7675 I flags_health_check: ServerConfigurableFlagsReset reset_mode value: 1
11-29 09:23:08.758 7675 7675 I flags_health_check: ServerConfigurableFlagsReset updatable crashing detected, resetting flags.
11-29 09:23:09.329 1055 1079 I android.hardware.thermal@2.0-service.qti: uevent triggered for sensor: camera-therm-usr
11-29 09:23:09.694 4097 4297 W HidlServiceManagement: Waited one second for android.hardware.drm@1.0::IDrmFactory/widevine
11-29 09:23:09.696 643 643 I hwservicemanager: Since android.hardware.drm@1.0::IDrmFactory/widevine is not registered, trying to start it as a lazy HAL (if it's not configured to be a lazy HAL, it may be stuck starting or still starting).
11-29 09:23:09.697 4097 4297 I HidlServiceManagement: getService: Trying again for android.hardware.drm@1.0::IDrmFactory/widevine...
11-29 09:23:09.737 7677 7677 F linker : CANNOT LINK EXECUTABLE "/vendor/bin/hw/android.hardware.drm@1.3-service.widevine": cannot locate symbol "CBS_init" referenced by "/vendor/lib64/libwvhidl.so"...
11-29 09:23:09.759 7678 7678 I flags_health_check: ServerConfigurableFlagsReset reset_mode value: 1
11-29 09:23:09.759 7678 7678 I flags_health_check: ServerConfigurableFlagsReset updatable crashing detected, resetting flags.
11-29 09:23:09.797 1054 7180 I sensors-hal: handle_sns_client_event:470, [SSC_HAL] ACCEL, ts:864.718391 s X:0.03 Y:0.16 Z:9.78, elapsedRealtime: 864.728757, ts_diff: 0.010367, pb_ts: 16894799194, offset = -15219066619
11-29 09:23:10.352 1055 1079 I android.hardware.thermal@2.0-service.qti: uevent triggered for sensor: camera-therm-usr
11-29 09:23:10.698 4097 4297 W HidlServiceManagement: Waited one second for android.hardware.drm@1.0::IDrmFactory/widevine
11-29 09:23:10.699 643 643 I hwservicemanager: Since android.hardware.drm@1.0::IDrmFactory/widevine is not registered, trying to start it as a lazy HAL (if it's not configured to be a lazy HAL, it may be stuck starting or still starting).
11-29 09:23:10.700 4097 4297 I HidlServiceManagement: getService: Trying again for android.hardware.drm@1.0::IDrmFactory/widevine...
11-29 09:23:10.748 7680 7680 F linker : CANNOT LINK EXECUTABLE "/vendor/bin/hw/android.hardware.drm@1.3-service.widevine": cannot locate symbol "CBS_init" referenced by "/vendor/lib64/libwvhidl.so"...
11-29 09:23:10.771 7681 7681 I flags_health_check: ServerConfigurableFlagsReset reset_mode value: 1
11-29 09:23:10.771 7681 7681 I flags_health_check: ServerConfigurableFlagsReset updatable crashing detected, resetting flags.
11-29 09:23:10.858 4097 4097 W JobService: onNetworkChanged() not implemented in androidx.work.impl.background.systemjob.SystemJobService. Must override in a subclass.
11-29 09:23:10.858 4097 4097 W JobService: onNetworkChanged() not implemented in androidx.work.impl.background.systemjob.SystemJobService. Must override in a subclass.
11-29 09:23:10.867 4097 4128 D WM-NetworkStateTracker: Network capabilities changed: [ Transports: WIFI Capabilities: NOT_METERED&INTERNET&NOT_RESTRICTED&TRUSTED&NOT_VPN&VALIDATED&NOT_ROAMING&FOREGROUND&NOT_CONGESTED&NOT_SUSPENDED&NOT_VCN_MANAGED&NOT_BANDWIDTH_CONSTRAINED LinkUpBandwidth>=10000Kbps LinkDnBandwidth>=43415Kbps TransportInfo: , BSSID: 02:00:00:00:00:00, MAC: 02:00:00:00:00:00, IP: /192.168.1.148, Security type: 2, Supplicant state: COMPLETED, Wi-Fi standard: 11n, RSSI: -72, Link speed: 173Mbps, Tx Link speed: 173Mbps, Max Supported Tx Link speed: 144Mbps, Rx Link speed: 86Mbps, Max Supported Rx Link speed: 144Mbps, Frequency: 2447MHz, Net ID: -1, Metered hint: false, score: 60, isUsable: true, CarrierMerged: false, SubscriptionId: -1, IsPrimary: -1, Trusted: true, Restricted: false, Ephemeral: false, OEM paid: false, OEM private: false, OSU AP: false, FQDN: , Provider friendly name: , Requesting package name: MLO Information: , Is TID-To-Link negotiation supported by the AP: false, AP MLD Address: , AP MLO Link Id: , AP MLO Affiliated links: , Vendor Data: > SignalStrength: -72 UnderlyingNetworks: Null]
11-29 09:23:11.375 1055 1079 I android.hardware.thermal@2.0-service.qti: uevent triggered for sensor: camera-therm-usr
11-29 09:23:11.465 7594 7612 D BufferPoolAccessor2.0: bufferpool2 0xb400007d61f5ebe8 : 5(19200 size) total buffers - 4(15360 size) used buffers - 510/515 (recycle/alloc) - 5/1021 (fetch/transfer)
11-29 09:23:11.466 1479 7620 D BufferPoolAccessor2.0: bufferpool2 0xb4000073b6481f08 : 3(7500 size) total buffers - 1(3000 size) used buffers - 509/512 (recycle/alloc) - 2/510 (fetch/transfer)
11-29 09:23:11.559 1119 7619 I QC2Comp : [avcE_14] Stats: Pending(0) i/p-done(0) Works: Q: 11/Done 11|Work-Rate: Q(0.0/s Avg=1.0/s) Done(0.000/s Avg=1.041/s)| Stream: 10.00fps 646.4Kbps
11-29 09:23:11.559 1119 7619 I QC2Comp : Mem-usage: [In-2D - 11 bufs 61.875 MB] [1D-17 - 4 bufs 7.484 MB] [1D-0 - 1 bufs 0.004 MB]
11-29 09:23:11.559 1119 7619 I QC2Comp : Total Mem-usage: 69.363 MB
11-29 09:23:11.700 4097 4297 W HidlServiceManagement: Waited one second for android.hardware.drm@1.0::IDrmFactory/widevine
11-29 09:23:11.703 643 643 I hwservicemanager: Since android.hardware.drm@1.0::IDrmFactory/widevine is not registered, trying to start it as a lazy HAL (if it's not configured to be a lazy HAL, it may be stuck starting or still starting).
11-29 09:23:11.704 4097 4297 I HidlServiceManagement: getService: Trying again for android.hardware.drm@1.0::IDrmFactory/widevine...
11-29 09:23:11.751 7683 7683 F linker : CANNOT LINK EXECUTABLE "/vendor/bin/hw/android.hardware.drm@1.3-service.widevine": cannot locate symbol "CBS_init" referenced by "/vendor/lib64/libwvhidl.so"...
11-29 09:23:11.776 7684 7684 I flags_health_check: ServerConfigurableFlagsReset reset_mode value: 1
11-29 09:23:11.776 7684 7684 I flags_health_check: ServerConfigurableFlagsReset updatable crashing detected, resetting flags.
11-29 09:23:11.888 3280 3404 W ThermalEngine: thermal_sensor_get_temperature: virtual-therm Reading 23168 .
11-29 09:23:12.400 1055 1079 I android.hardware.thermal@2.0-service.qti: uevent triggered for sensor: camera-therm-usr
11-29 09:23:12.704 4097 4297 W HidlServiceManagement: Waited one second for android.hardware.drm@1.0::IDrmFactory/widevine
11-29 09:23:12.708 643 643 I hwservicemanager: Since android.hardware.drm@1.0::IDrmFactory/widevine is not registered, trying to start it as a lazy HAL (if it's not configured to be a lazy HAL, it may be stuck starting or still starting).
11-29 09:23:12.709 4097 4297 I HidlServiceManagement: getService: Trying again for android.hardware.drm@1.0::IDrmFactory/widevine...
11-29 09:23:12.738 7685 7685 D diagcommd: DBG:Diag Daemon services process entry PPID = 1
11-29 09:23:12.738 7685 7685 D diagcommd: DBG:Calling LSM init
11-29 09:23:12.738 7685 7685 E Diag_Lib: diag:failed to connect to diag socket
11-29 09:23:12.739 7685 7685 E Diag_Lib: Diag_LSM_Init: Failed to open handle to diag driver, error = 25
11-29 09:23:12.739 7685 7685 E diagcommd: ERR:DiagDaemon: Diag_LSM_Init() failed.
11-29 09:23:12.744 7687 7687 F linker : CANNOT LINK EXECUTABLE "/vendor/bin/hw/android.hardware.drm@1.3-service.widevine": cannot locate symbol "CBS_init" referenced by "/vendor/lib64/libwvhidl.so"...
11-29 09:23:12.760 7688 7688 I flags_health_check: ServerConfigurableFlagsReset reset_mode value: 1
11-29 09:23:12.760 7688 7688 I flags_health_check: ServerConfigurableFlagsReset updatable crashing detected, resetting flags.
11-29 09:23:12.795 7689 7689 I flags_health_check: ServerConfigurableFlagsReset reset_mode value: 1
11-29 09:23:12.795 7689 7689 I flags_health_check: ServerConfigurableFlagsReset updatable crashing detected, resetting flags.
11-29 09:23:13.431 1055 1079 I android.hardware.thermal@2.0-service.qti: uevent triggered for sensor: camera-therm-usr
11-29 09:23:13.709 4097 4297 W HidlServiceManagement: Waited one second for android.hardware.drm@1.0::IDrmFactory/widevine
11-29 09:23:13.712 643 643 I hwservicemanager: Since android.hardware.drm@1.0::IDrmFactory/widevine is not registered, trying to start it as a lazy HAL (if it's not configured to be a lazy HAL, it may be stuck starting or still starting).
11-29 09:23:13.714 4097 4297 I HidlServiceManagement: getService: Trying again for android.hardware.drm@1.0::IDrmFactory/widevine...
11-29 09:23:13.755 7691 7691 F linker : CANNOT LINK EXECUTABLE "/vendor/bin/hw/android.hardware.drm@1.3-service.widevine": cannot locate symbol "CBS_init" referenced by "/vendor/lib64/libwvhidl.so"...
11-29 09:23:13.778 7692 7692 I flags_health_check: ServerConfigurableFlagsReset reset_mode value: 1
11-29 09:23:13.778 7692 7692 I flags_health_check: ServerConfigurableFlagsReset updatable crashing detected, resetting flags.
11-29 09:23:14.449 1055 1079 I android.hardware.thermal@2.0-service.qti: uevent triggered for sensor: camera-therm-usr
11-29 09:23:14.715 4097 4297 W HidlServiceManagement: Waited one second for android.hardware.drm@1.0::IDrmFactory/widevine
11-29 09:23:14.716 643 643 I hwservicemanager: Since android.hardware.drm@1.0::IDrmFactory/widevine is not registered, trying to start it as a lazy HAL (if it's not configured to be a lazy HAL, it may be stuck starting or still starting).
11-29 09:23:14.718 4097 4297 I HidlServiceManagement: getService: Trying again for android.hardware.drm@1.0::IDrmFactory/widevine...
11-29 09:23:14.760 7694 7694 F linker : CANNOT LINK EXECUTABLE "/vendor/bin/hw/android.hardware.drm@1.3-service.widevine": cannot locate symbol "CBS_init" referenced by "/vendor/lib64/libwvhidl.so"...
11-29 09:23:14.781 7695 7695 I flags_health_check: ServerConfigurableFlagsReset reset_mode value: 1
11-29 09:23:14.781 7695 7695 I flags_health_check: ServerConfigurableFlagsReset updatable crashing detected, resetting flags.
11-29 09:23:14.969 1054 7180 I sensors-hal: handle_sns_client_event:470, [SSC_HAL] ACCEL, ts:869.718415 s X:0.03 Y:0.16 Z:9.79, elapsedRealtime: 869.900547, ts_diff: 0.182133, pb_ts: 16990799644, offset = -15219066619
11-29 09:23:15.473 1055 1079 I android.hardware.thermal@2.0-service.qti: uevent triggered for sensor: camera-therm-usr
11-29 09:23:15.718 4097 4297 W HidlServiceManagement: Waited one second for android.hardware.drm@1.0::IDrmFactory/widevine
11-29 09:23:15.721 643 643 I hwservicemanager: Since android.hardware.drm@1.0::IDrmFactory/widevine is not registered, trying to start it as a lazy HAL (if it's not configured to be a lazy HAL, it may be stuck starting or still starting).
11-29 09:23:15.722 4097 4297 I HidlServiceManagement: getService: Trying again for android.hardware.drm@1.0::IDrmFactory/widevine...
11-29 09:23:15.766 7697 7697 F linker : CANNOT LINK EXECUTABLE "/vendor/bin/hw/android.hardware.drm@1.3-service.widevine": cannot locate symbol "CBS_init" referenced by "/vendor/lib64/libwvhidl.so"...
11-29 09:23:15.789 7698 7698 I flags_health_check: ServerConfigurableFlagsReset reset_mode value: 1
11-29 09:23:15.790 7698 7698 I flags_health_check: ServerConfigurableFlagsReset updatable crashing detected, resetting flags.
11-29 09:23:16.497 1055 1079 I android.hardware.thermal@2.0-service.qti: uevent triggered for sensor: camera-therm-usr
11-29 09:23:16.560 1119 7619 I QC2Comp : [avcE_14] Stats: Pending(0) i/p-done(0) Works: Q: 11/Done 11|Work-Rate: Q(0.0/s Avg=0.7/s) Done(0.000/s Avg=0.707/s)| Stream: 10.00fps 646.4Kbps
11-29 09:23:16.560 1119 7619 I QC2Comp : Mem-usage: [In-2D - 11 bufs 61.875 MB] [1D-17 - 4 bufs 7.484 MB] [1D-0 - 1 bufs 0.004 MB]
11-29 09:23:16.560 1119 7619 I QC2Comp : Total Mem-usage: 69.363 MB
11-29 09:23:16.585 7594 7612 D BufferPoolAccessor2.0: bufferpool2 0xb400007d61f5ebe8 : 5(19200 size) total buffers - 4(15360 size) used buffers - 766/771 (recycle/alloc) - 5/1533 (fetch/transfer)
11-29 09:23:16.587 1479 7620 D BufferPoolAccessor2.0: bufferpool2 0xb4000073b6481f08 : 3(7500 size) total buffers - 1(3000 size) used buffers - 765/768 (recycle/alloc) - 2/766 (fetch/transfer)
11-29 09:23:16.722 4097 4297 W HidlServiceManagement: Waited one second for android.hardware.drm@1.0::IDrmFactory/widevine
11-29 09:23:16.724 643 643 I hwservicemanager: Since android.hardware.drm@1.0::IDrmFactory/widevine is not registered, trying to start it as a lazy HAL (if it's not configured to be a lazy HAL, it may be stuck starting or still starting).
11-29 09:23:16.725 4097 4297 I HidlServiceManagement: getService: Trying again for android.hardware.drm@1.0::IDrmFactory/widevine...
11-29 09:23:16.768 7700 7700 F linker : CANNOT LINK EXECUTABLE "/vendor/bin/hw/android.hardware.drm@1.3-service.widevine": cannot locate symbol "CBS_init" referenced by "/vendor/lib64/libwvhidl.so"...
11-29 09:23:16.793 7701 7701 I flags_health_check: ServerConfigurableFlagsReset reset_mode value: 1
11-29 09:23:16.793 7701 7701 I flags_health_check: ServerConfigurableFlagsReset updatable crashing detected, resetting flags.
11-29 09:23:17.521 1055 1079 I android.hardware.thermal@2.0-service.qti: uevent triggered for sensor: camera-therm-usr
11-29 09:23:17.726 4097 4297 W HidlServiceManagement: Waited one second for android.hardware.drm@1.0::IDrmFactory/widevine
11-29 09:23:17.727 643 643 I hwservicemanager: Since android.hardware.drm@1.0::IDrmFactory/widevine is not registered, trying to start it as a lazy HAL (if it's not configured to be a lazy HAL, it may be stuck starting or still starting).
11-29 09:23:17.727 1119 7619 I QC2C2DEngine: calcYSize: unsupported or RGB color format, RGBA8888(1)
11-29 09:23:17.727 4097 4297 I HidlServiceManagement: getService: Trying again for android.hardware.drm@1.0::IDrmFactory/widevine...
11-29 09:23:17.737 7702 7702 D diagcommd: DBG:Diag Daemon services process entry PPID = 1
11-29 09:23:17.737 7702 7702 D diagcommd: DBG:Calling LSM init
11-29 09:23:17.737 7702 7702 E Diag_Lib: diag:failed to connect to diag socket
11-29 09:23:17.737 7702 7702 E Diag_Lib: Diag_LSM_Init: Failed to open handle to diag driver, error = 25
11-29 09:23:17.737 7702 7702 E diagcommd: ERR:DiagDaemon: Diag_LSM_Init() failed.
11-29 09:23:17.738 1119 7641 D BufferPoolAccessor2.0: bufferpool2 0xe9b00b68 : 4(7847936 size) total buffers - 4(7847936 size) used buffers - 11/16 (recycle/alloc) - 3/11 (fetch/transfer)
11-29 09:23:17.740 1119 7619 I QC2C2DEngine: calcYSize: unsupported or RGB color format, RGBA8888(1)
11-29 09:23:17.743 1278 7705 W AudioTrack: restoreTrack_l(33): dead IAudioTrack, PCM, creating a new one from getTimestampExtended()
11-29 09:23:17.743 1278 7705 I BpBinder: onLastStrongRef automatically unlinking death recipients:
11-29 09:23:17.746 2334 7637 D AudioFlinger: ro.audio.silent will be ignored for threads on AUDIO_DEVICE_OUT_REMOTE_SUBMIX
11-29 09:23:17.747 2334 7639 D AudioFlinger: ro.audio.silent is ignored since no output device is set
11-29 09:23:17.751 6716 7706 D TrafficStats: tagSocket(107) with statsTag=0xffffffff, statsUid=-1
11-29 09:23:17.757 1119 7619 I QC2C2DEngine: calcYSize: unsupported or RGB color format, RGBA8888(1)
11-29 09:23:17.762 7704 7704 F linker : CANNOT LINK EXECUTABLE "/vendor/bin/hw/android.hardware.drm@1.3-service.widevine": cannot locate symbol "CBS_init" referenced by "/vendor/lib64/libwvhidl.so"...
11-29 09:23:17.762 2334 3200 W AudioFlinger: createTrack_l(): mismatch between requested flags (00000004) and output flags (00000000)
11-29 09:23:17.766 7710 7710 I flags_health_check: ServerConfigurableFlagsReset reset_mode value: 1
11-29 09:23:17.766 7710 7710 I flags_health_check: ServerConfigurableFlagsReset updatable crashing detected, resetting flags.
11-29 09:23:17.767 2334 3199 D audioserver: logFgsApiEnd: FGS Logger Transaction failed, -129
11-29 09:23:17.767 2334 2334 D audioserver: logFgsApiBegin: FGS Logger Transaction failed, -129
11-29 09:23:17.768 1278 1304 W AS.PlaybackActivityMon: No piid assigned for invalid/internal port id 41
11-29 09:23:17.768 1278 2744 W AS.PlaybackActivityMon: No piid assigned for invalid/internal port id 41
11-29 09:23:17.773 1119 7619 I QC2C2DEngine: calcYSize: unsupported or RGB color format, RGBA8888(1)
11-29 09:23:17.781 7712 7712 I flags_health_check: ServerConfigurableFlagsReset reset_mode value: 1
11-29 09:23:17.781 7712 7712 I flags_health_check: ServerConfigurableFlagsReset updatable crashing detected, resetting flags.
11-29 09:23:17.792 1119 7619 I QC2C2DEngine: calcYSize: unsupported or RGB color format, RGBA8888(1)
11-29 09:23:17.811 1119 7619 I QC2C2DEngine: calcYSize: unsupported or RGB color format, RGBA8888(1)
11-29 09:23:17.827 1119 7619 I QC2C2DEngine: calcYSize: unsupported or RGB color format, RGBA8888(1)
11-29 09:23:17.843 1119 7619 I QC2C2DEngine: calcYSize: unsupported or RGB color format, RGBA8888(1)
11-29 09:23:17.859 1119 7619 I QC2C2DEngine: calcYSize: unsupported or RGB color format, RGBA8888(1)
11-29 09:23:17.877 1119 7619 I QC2C2DEngine: calcYSize: unsupported or RGB color format, RGBA8888(1)
11-29 09:23:17.894 1119 7619 I QC2C2DEngine: calcYSize: unsupported or RGB color format, RGBA8888(1)
11-29 09:23:17.903 3280 3404 W ThermalEngine: thermal_sensor_get_temperature: virtual-therm Reading 23168 .
11-29 09:23:17.911 1119 7619 I QC2C2DEngine: calcYSize: unsupported or RGB color format, RGBA8888(1)
11-29 09:23:17.916 2334 7637 D audioserver: logFgsApiEnd: FGS Logger Transaction failed, -129
11-29 09:23:17.917 6716 6716 D OmniStore:MainViewModel: enqueDownloadApp url = https://dl.omnirom.org/store/ChromePublic-123.0.6312.58.apk
11-29 09:23:17.929 1119 7619 I QC2C2DEngine: calcYSize: unsupported or RGB color format, RGBA8888(1)
11-29 09:23:17.946 1119 7619 I QC2C2DEngine: calcYSize: unsupported or RGB color format, RGBA8888(1)
11-29 09:23:17.948 6716 6716 D OmniStore:MainViewModel: ADD_DOWNLOAD DOWNLOAD_ID = 2 DOWNLOAD_PKG = org.omnirom.chromium
11-29 09:23:17.948 6716 6716 D OmniStore:MainViewModel: CURRENT_DOWNLOADS = {"2":"org.omnirom.chromium"}
11-29 09:23:17.954 7232 7717 D DownloadManager: [2] Starting
11-29 09:23:17.959 1119 7619 I QC2C2DEngine: calcYSize: unsupported or RGB color format, RGBA8888(1)
11-29 09:23:17.968 7232 7717 D TrafficStats: tagSocket(84) with statsTag=0xffffff01, statsUid=10176
11-29 09:23:17.976 1119 7619 I QC2C2DEngine: calcYSize: unsupported or RGB color format, RGBA8888(1)
11-29 09:23:17.993 1119 7619 I QC2C2DEngine: calcYSize: unsupported or RGB color format, RGBA8888(1)
11-29 09:23:18.009 1119 7619 I QC2C2DEngine: calcYSize: unsupported or RGB color format, RGBA8888(1)
11-29 09:23:18.029 1119 7619 I QC2C2DEngine: calcYSize: unsupported or RGB color format, RGBA8888(1)
11-29 09:23:18.044 1119 7619 I QC2C2DEngine: calcYSize: unsupported or RGB color format, RGBA8888(1)
11-29 09:23:18.064 1119 7619 I QC2C2DEngine: calcYSize: unsupported or RGB color format, RGBA8888(1)
11-29 09:23:18.078 1119 7619 I QC2C2DEngine: calcYSize: unsupported or RGB color format, RGBA8888(1)
11-29 09:23:18.094 1119 7619 I QC2C2DEngine: calcYSize: unsupported or RGB color format, RGBA8888(1)
