11-29 09:24:27.425 2494 2531 V WindowManagerShell: try handler com.android.wm.shell.splitscreen.StageCoordinator@944b934
11-29 09:24:27.425 2494 2531 V WindowManagerShell: try handler com.android.wm.shell.transition.RemoteTransitionHandler@4e8e35d
11-29 09:24:27.425 2494 2531 V WindowManagerShell: Transition doesn't have explicit remote, search filters for match for {id=41 t=OPEN f=0x0 trk=0 r=[0@Point(0, 0)] c=[{WCT{android.window.IWindowContainerToken$Stub$Proxy@2a9308a} m=TO_FRONT f=SHOW_WALLPAPER|MOVE_TO_TOP leash=Surface(name=Task=1)/@0xe2cea7e sb=Rect(0, 0 - 1080, 2400) eb=Rect(0, 0 - 1080, 2400) d=0 taskParent=-1},{WCT{android.window.IWindowContainerToken$Stub$Proxy@38fe6fb} m=TO_BACK f=NONE leash=Surface(name=Task=34)/@0x4066bdf sb=Rect(0, 0 - 1080, 2400) eb=Rect(0, 0 - 1080, 2400) d=0 taskParent=-1},{null m=TO_FRONT f=IS_WALLPAPER leash=Surface(name=WallpaperWindowToken{c70ff2c token=android.os.Binder@e15b6df})/@0x914102c sb=Rect(0, 0 - 1080, 2400) eb=Rect(0, 0 - 1080, 2400) d=0}]}
11-29 09:24:27.426 2494 2531 V WindowManagerShell: Checking filter Pair{{types=[] flags=0x0] notFlags=0x100 checks=[{atype=home independent=true modes=[OPEN,TO_FRONT] flags=NONE mustBeTask=false order=TOP topActivity=ComponentInfo{com.android.launcher3/com.android.launcher3.uioverrides.QuickstepLauncher} launchCookie=null},{atype=standard independent=true modes=[CLOSE,TO_BACK] flags=NONE mustBeTask=false order=ANY topActivity=null launchCookie=null}]} RemoteTransition { remoteTransition = android.window.IRemoteTransition$Stub$Proxy@35d54d2, appThread = android.app.IApplicationThread$Stub$Proxy@b0149a3, debugName = QuickstepLaunchHome }}
11-29 09:24:27.426 2494 2531 D RemoteTransitionHandler: Found filterPair{{types=[] flags=0x0] notFlags=0x100 checks=[{atype=home independent=true modes=[OPEN,TO_FRONT] flags=NONE mustBeTask=false order=TOP topActivity=ComponentInfo{com.android.launcher3/com.android.launcher3.uioverrides.QuickstepLauncher} launchCookie=null},{atype=standard independent=true modes=[CLOSE,TO_BACK] flags=NONE mustBeTask=false order=ANY topActivity=null launchCookie=null}]} RemoteTransition { remoteTransition = android.window.IRemoteTransition$Stub$Proxy@35d54d2, appThread = android.app.IApplicationThread$Stub$Proxy@b0149a3, debugName = QuickstepLaunchHome }}
11-29 09:24:27.426 2494 2531 V WindowManagerShell: Delegate animation for (#41) to RemoteTransition { remoteTransition = android.window.IRemoteTransition$Stub$Proxy@35d54d2, appThread = android.app.IApplicationThread$Stub$Proxy@b0149a3, debugName = QuickstepLaunchHome }
11-29 09:24:27.428 1119 7619 I QC2C2DEngine: calcYSize: unsupported or RGB color format, RGBA8888(1)
11-29 09:24:27.431 1053 1053 I android.hardware.power-service-qti: Power setMode: 5 to: 0
11-29 09:24:27.432 2754 2754 D StateManager: createAtomicAnimation - fromState: Background, toState: Normal, partial trace:
11-29 09:24:27.432 2754 2754 D StateManager: at com.android.quickstep.util.WorkspaceRevealAnim.prepareToAnimate(WorkspaceRevealAnim.java:130)
11-29 09:24:27.432 2754 2754 D StateManager: at com.android.quickstep.util.WorkspaceRevealAnim.(WorkspaceRevealAnim.java:66)
11-29 09:24:27.432 2754 2754 D StateManager: at com.android.launcher3.QuickstepTransitionManager.createWallpaperOpenAnimations(QuickstepTransitionManager.java:1716)
11-29 09:24:27.432 2494 2531 V WindowManagerShell: animated by com.android.wm.shell.transition.RemoteTransitionHandler@4e8e35d
11-29 09:24:27.434 1278 4577 W UserManagerService: Requested status bar icon for non-badged user 0
11-29 09:24:27.448 1278 1317 V WindowManager: Sent Transition (#41) createdAt=11-29 09:24:27.364 via request=TransitionRequestInfo { type = OPEN, triggerTask = TaskInfo{userId=0 taskId=31 displayId=0 isRunning=true baseIntent=Intent { act=android.intent.action.MAIN cat=[android.intent.category.HOME] flg=0x10000100 cmp=com.android.launcher3/.uioverrides.QuickstepLauncher } baseActivity=ComponentInfo{com.android.launcher3/com.android.launcher3.uioverrides.QuickstepLauncher} topActivity=ComponentInfo{com.android.launcher3/com.android.launcher3.uioverrides.QuickstepLauncher} origActivity=null realActivity=ComponentInfo{com.android.launcher3/com.android.launcher3.uioverrides.QuickstepLauncher} numActivities=1 lastActiveTime=942303 supportsMultiWindow=true resizeMode=2 isResizeable=true minWidth=-1 minHeight=-1 defaultMinSize=200 token=WCT{RemoteToken{1a65eb0 Task{7606fd2 #31 type=home I=com.android.launcher3/.uioverrides.QuickstepLauncher}}} topActivityType=2 pictureInPictureParams=null shouldDockBigOverlays=false launchIntoPipHostTaskId=-1 lastParentTaskIdBeforePip=-1 displayCutoutSafeInsets=null topActivityInfo=ActivityInfo{d02129 com.android.launcher3.uioverrides.QuickstepLauncher} launchCookies=[] positionInParent=Point(0, 0) parentTaskId=-1 isFocused=true isVisible=false isVisibleRequested=true isSleeping=false locusId=LocusId[17_chars] displayAreaFeatureId=1 isTopActivityTransparent=false appCompatTaskInfo=AppCompatTaskInfo { topActivityInSizeCompat=false topActivityEligibleForLetterboxEducation= falseisLetterboxEducationEnabled= false isLetterboxDoubleTapEnabled= false topActivityEligibleForUserAspectRatioButton= false topActivityBoundsLetterboxed= false isFromLetterboxDoubleTap= false topActivityLetterboxVerticalPosition= -1 topActivityLetterboxHorizontalPosition= -1 topActivityLetterboxWidth=1080 topActivityLetterboxHeight=2400 isUserFullscreenOverrideEnabled=false isSystemFullscreenOverrideEnabled=false cameraCompatTaskInfo=CameraCompatTaskInfo { cameraCompatControlState=hidden freeformCameraCompatMode=inactive}}}, pipTask = null, remoteTransition = null, displayChange = null, flags = 0, debugId = 41 }
11-29 09:24:27.448 1278 1317 V WindowManager: startWCT=WindowContainerTransaction { changes = {} hops = [] errorCallbackToken=null taskFragmentOrganizer=null }
11-29 09:24:27.448 1278 1317 V WindowManager: info={id=41 t=OPEN f=0x0 trk=0 r=[0@Point(0, 0)] c=[
11-29 09:24:27.448 1278 1317 V WindowManager: {WCT{RemoteToken{9501e19 Task{5faec2e #1 type=home}}} m=TO_FRONT f=SHOW_WALLPAPER|MOVE_TO_TOP leash=Surface(name=Task=1)/@0x10c3093 sb=Rect(0, 0 - 1080, 2400) eb=Rect(0, 0 - 1080, 2400) d=0 taskParent=-1},
11-29 09:24:27.448 1278 1317 V WindowManager: {WCT{RemoteToken{6121e72 Task{c1c2d61 #34 type=standard A=10176:org.omnirom.omnistore}}} m=TO_BACK f=NONE leash=Surface(name=Task=34)/@0x7eb49e6 sb=Rect(0, 0 - 1080, 2400) eb=Rect(0, 0 - 1080, 2400) d=0 taskParent=-1},
11-29 09:24:27.448 1278 1317 V WindowManager: {null m=TO_FRONT f=IS_WALLPAPER leash=Surface(name=WallpaperWindowToken{c70ff2c token=android.os.Binder@e15b6df})/@0x9d054cd sb=Rect(0, 0 - 1080, 2400) eb=Rect(0, 0 - 1080, 2400) d=0}
11-29 09:24:27.448 1278 1317 V WindowManager: ]}
11-29 09:24:27.449 1119 7619 I QC2C2DEngine: calcYSize: unsupported or RGB color format, RGBA8888(1)
11-29 09:24:27.466 1119 7619 I QC2C2DEngine: calcYSize: unsupported or RGB color format, RGBA8888(1)
11-29 09:24:27.467 1278 1338 I libprocessgroup: Removed cgroup /sys/fs/cgroup/uid_1000/pid_4240
11-29 09:24:27.467 933 933 I Zygote : Process 4240 exited due to signal 9 (Killed)
11-29 09:24:27.468 1278 2165 I ImeTracker: com.android.launcher3:ddfe46a4: onRequestHide at ORIGIN_SERVER reason HIDE_UNSPECIFIED_WINDOW fromUser false
11-29 09:24:27.469 1278 2165 I ImeTracker: com.android.launcher3:ddfe46a4: onCancelled at PHASE_SERVER_SHOULD_HIDE
11-29 09:24:27.478 1119 7619 I QC2C2DEngine: calcYSize: unsupported or RGB color format, RGBA8888(1)
11-29 09:24:27.496 1119 7619 I QC2C2DEngine: calcYSize: unsupported or RGB color format, RGBA8888(1)
11-29 09:24:27.512 1119 7619 I QC2C2DEngine: calcYSize: unsupported or RGB color format, RGBA8888(1)
11-29 09:24:27.529 1119 7619 I QC2C2DEngine: calcYSize: unsupported or RGB color format, RGBA8888(1)
11-29 09:24:27.544 1119 7619 I QC2C2DEngine: calcYSize: unsupported or RGB color format, RGBA8888(1)
11-29 09:24:27.562 1119 7619 I QC2C2DEngine: calcYSize: unsupported or RGB color format, RGBA8888(1)
11-29 09:24:27.581 1119 7619 I QC2C2DEngine: calcYSize: unsupported or RGB color format, RGBA8888(1)
11-29 09:24:27.595 1119 7619 I QC2C2DEngine: calcYSize: unsupported or RGB color format, RGBA8888(1)
11-29 09:24:27.613 1119 7619 I QC2C2DEngine: calcYSize: unsupported or RGB color format, RGBA8888(1)
11-29 09:24:27.627 1119 7619 I QC2C2DEngine: calcYSize: unsupported or RGB color format, RGBA8888(1)
11-29 09:24:27.645 1119 7619 I QC2C2DEngine: calcYSize: unsupported or RGB color format, RGBA8888(1)
11-29 09:24:27.659 1119 7619 I QC2C2DEngine: calcYSize: unsupported or RGB color format, RGBA8888(1)
11-29 09:24:27.677 1119 7619 I QC2C2DEngine: calcYSize: unsupported or RGB color format, RGBA8888(1)
11-29 09:24:27.696 1119 7619 I QC2C2DEngine: calcYSize: unsupported or RGB color format, RGBA8888(1)
11-29 09:24:27.710 1119 7619 I QC2C2DEngine: calcYSize: unsupported or RGB color format, RGBA8888(1)
11-29 09:24:27.727 1119 7619 I QC2C2DEngine: calcYSize: unsupported or RGB color format, RGBA8888(1)
11-29 09:24:27.744 1119 7619 I QC2C2DEngine: calcYSize: unsupported or RGB color format, RGBA8888(1)
11-29 09:24:27.761 1119 7619 I QC2C2DEngine: calcYSize: unsupported or RGB color format, RGBA8888(1)
11-29 09:24:27.772 2494 2531 V WindowManagerShell: Transition animation finished (aborted=false), notifying core (#41) android.os.BinderProxy@b1daa83@0
11-29 09:24:27.775 1278 1317 V WindowManager: Finish Transition (#41): created at
11-29 09:24:27.364 collect-started=0.078ms request-sent=11.544ms started=15.862ms ready=15.821ms sent=50.471ms finished=410.387ms
11-29 09:24:27.776 6716 6716 D VRI[MainActivity]: visibilityChanged oldVisibility=true newVisibility=false
11-29 09:24:27.780 1119 7619 I QC2C2DEngine: calcYSize: unsupported or RGB color format, RGBA8888(1)
11-29 09:24:27.782 3360 7913 D ForegroundUtils: Foreground UID status:
11-29 09:24:27.782 3360 7913 D ForegroundUtils: UID: 10038 is in foreground: false
11-29 09:24:27.782 3360 7913 D ForegroundUtils: UID: 10043 is in foreground: false
11-29 09:24:27.782 3360 7913 D ForegroundUtils: UID: 10102 is in foreground: true
11-29 09:24:27.782 3360 7913 D ForegroundUtils: UID: 10104 is in foreground: true
11-29 09:24:27.782 3360 7913 D ForegroundUtils: UID: 10118 is in foreground: false
11-29 09:24:27.782 3360 7913 D ForegroundUtils: UID: 10135 is in foreground: true
11-29 09:24:27.782 3360 7913 D ForegroundUtils: UID: 10140 is in foreground: false
11-29 09:24:27.782 3360 7913 D ForegroundUtils: UID: 10176 is in foreground: false
11-29 09:24:27.782 3360 7913 D ForegroundUtils: UID: 10178 is in foreground: false
11-29 09:24:27.788 2494 2531 V WindowManagerShell: Track 0 became idle
11-29 09:24:27.788 2494 2531 V WindowManagerShell: All active transition animations finished
11-29 09:24:27.789 1278 1302 W UserManagerService: Requested status bar icon for non-badged user 0
11-29 09:24:27.789 1278 4577 W UserManagerService: Requested status bar icon for non-badged user 0
11-29 09:24:27.796 1119 7619 I QC2C2DEngine: calcYSize: unsupported or RGB color format, RGBA8888(1)
11-29 09:24:27.811 1119 7619 I QC2C2DEngine: calcYSize: unsupported or RGB color format, RGBA8888(1)
11-29 09:24:27.826 1119 7619 I QC2C2DEngine: calcYSize: unsupported or RGB color format, RGBA8888(1)
11-29 09:24:27.843 1119 7619 I QC2C2DEngine: calcYSize: unsupported or RGB color format, RGBA8888(1)
11-29 09:24:27.864 1119 7619 I QC2C2DEngine: calcYSize: unsupported or RGB color format, RGBA8888(1)
11-29 09:24:27.885 8177 8177 D diagcommd: DBG:Diag Daemon services process entry PPID = 1
11-29 09:24:27.885 8177 8177 D diagcommd: DBG:Calling LSM init
11-29 09:24:27.886 8177 8177 E Diag_Lib: diag:failed to connect to diag socket
11-29 09:24:27.886 8177 8177 E Diag_Lib: Diag_LSM_Init: Failed to open handle to diag driver, error = 25
11-29 09:24:27.886 8177 8177 E diagcommd: ERR:DiagDaemon: Diag_LSM_Init() failed.
11-29 09:24:27.908 8178 8178 I flags_health_check: ServerConfigurableFlagsReset reset_mode value: 1
11-29 09:24:27.908 8178 8178 I flags_health_check: ServerConfigurableFlagsReset updatable crashing detected, resetting flags.
11-29 09:24:27.914 4097 4297 W HidlServiceManagement: Waited one second for android.hardware.drm@1.0::IDrmFactory/widevine
11-29 09:24:27.915 643 643 I hwservicemanager: Since android.hardware.drm@1.0::IDrmFactory/widevine is not registered, trying to start it as a lazy HAL (if it's not configured to be a lazy HAL, it may be stuck starting or still starting).
11-29 09:24:27.915 4097 4297 I HidlServiceManagement: getService: Trying again for android.hardware.drm@1.0::IDrmFactory/widevine...
11-29 09:24:27.954 8180 8180 F linker : CANNOT LINK EXECUTABLE "/vendor/bin/hw/android.hardware.drm@1.3-service.widevine": cannot locate symbol "CBS_init" referenced by "/vendor/lib64/libwvhidl.so"...
11-29 09:24:27.963 1119 7619 I QC2C2DEngine: calcYSize: unsupported or RGB color format, RGBA8888(1)
11-29 09:24:27.982 8181 8181 I flags_health_check: ServerConfigurableFlagsReset reset_mode value: 1
11-29 09:24:27.982 8181 8181 I flags_health_check: ServerConfigurableFlagsReset updatable crashing detected, resetting flags.
11-29 09:24:28.068 1119 7619 I QC2C2DEngine: calcYSize: unsupported or RGB color format, RGBA8888(1)
11-29 09:24:28.167 1119 7619 I QC2C2DEngine: calcYSize: unsupported or RGB color format, RGBA8888(1)
11-29 09:24:28.177 1055 1079 I android.hardware.thermal@2.0-service.qti: uevent triggered for sensor: camera-therm-usr
11-29 09:24:28.205 7594 7612 D BufferPoolAccessor2.0: bufferpool2 0xb400007d61f5ebe8 : 5(19200 size) total buffers - 4(15360 size) used buffers - 4347/4352 (recycle/alloc) - 17/8695 (fetch/transfer)
11-29 09:24:28.234 1119 7619 I QC2C2DEngine: calcYSize: unsupported or RGB color format, RGBA8888(1)
11-29 09:24:28.241 2754 2754 D StatsLog: LAUNCHER_ALLAPPS_ENTRY_WITH_DEVICE_SEARCH
11-29 09:24:28.241 2754 2754 D StateManager: onStateTransitionStart - state: AllApps
11-29 09:24:28.244 2494 2531 D WindowManagerShell: setLauncherKeepClearAreaHeight: visible=false, height=308
11-29 09:24:28.250 1119 7619 I QC2C2DEngine: calcYSize: unsupported or RGB color format, RGBA8888(1)
11-29 09:24:28.271 1479 7620 D BufferPoolAccessor2.0: bufferpool2 0xb4000073b6481f08 : 3(7500 size) total buffers - 1(3000 size) used buffers - 4349/4352 (recycle/alloc) - 5/4350 (fetch/transfer)
11-29 09:24:28.283 1119 7619 I QC2C2DEngine: calcYSize: unsupported or RGB color format, RGBA8888(1)
11-29 09:24:28.299 1119 7619 I QC2C2DEngine: calcYSize: unsupported or RGB color format, RGBA8888(1)
11-29 09:24:28.313 2754 2754 D StateManager: onStateTransitionStart - state: AllApps
11-29 09:24:28.319 1119 7619 I QC2C2DEngine: calcYSize: unsupported or RGB color format, RGBA8888(1)
11-29 09:24:28.331 1119 7619 I QC2C2DEngine: calcYSize: unsupported or RGB color format, RGBA8888(1)
11-29 09:24:28.346 1119 7619 I QC2C2DEngine: calcYSize: unsupported or RGB color format, RGBA8888(1)
11-29 09:24:28.364 1119 7619 I QC2C2DEngine: calcYSize: unsupported or RGB color format, RGBA8888(1)
11-29 09:24:28.382 1119 7619 I QC2C2DEngine: calcYSize: unsupported or RGB color format, RGBA8888(1)
11-29 09:24:28.398 1119 7619 I QC2C2DEngine: calcYSize: unsupported or RGB color format, RGBA8888(1)
11-29 09:24:28.416 1119 7619 I QC2C2DEngine: calcYSize: unsupported or RGB color format, RGBA8888(1)
11-29 09:24:28.423 2754 2754 D StateManager: onStateTransitionEnd - state: AllApps
11-29 09:24:28.423 2754 2754 D RecentsView: reset - mEnableDrawingLiveTile: false, mRecentsAnimationController: null
11-29 09:24:28.424 2754 2754 D StatsLog: LAUNCHER_ALLAPPS_OPEN_UP
11-29 09:24:28.432 1119 7619 I QC2C2DEngine: calcYSize: unsupported or RGB color format, RGBA8888(1)
11-29 09:24:28.447 1119 7619 I QC2C2DEngine: calcYSize: unsupported or RGB color format, RGBA8888(1)
11-29 09:24:28.464 1119 7619 I QC2C2DEngine: calcYSize: unsupported or RGB color format, RGBA8888(1)
11-29 09:24:28.482 1119 7619 I QC2C2DEngine: calcYSize: unsupported or RGB color format, RGBA8888(1)
11-29 09:24:28.497 1119 7619 I QC2C2DEngine: calcYSize: unsupported or RGB color format, RGBA8888(1)
11-29 09:24:28.515 1119 7619 I QC2C2DEngine: calcYSize: unsupported or RGB color format, RGBA8888(1)
11-29 09:24:28.531 1119 7619 I QC2C2DEngine: calcYSize: unsupported or RGB color format, RGBA8888(1)
11-29 09:24:28.548 1119 7619 I QC2C2DEngine: calcYSize: unsupported or RGB color format, RGBA8888(1)
11-29 09:24:28.565 1119 7619 I QC2C2DEngine: calcYSize: unsupported or RGB color format, RGBA8888(1)
11-29 09:24:28.582 1119 7619 I QC2C2DEngine: calcYSize: unsupported or RGB color format, RGBA8888(1)
11-29 09:24:28.600 1119 7619 I QC2C2DEngine: calcYSize: unsupported or RGB color format, RGBA8888(1)
11-29 09:24:28.614 1119 7619 I QC2C2DEngine: calcYSize: unsupported or RGB color format, RGBA8888(1)
11-29 09:24:28.631 1119 7619 I QC2C2DEngine: calcYSize: unsupported or RGB color format, RGBA8888(1)
11-29 09:24:28.647 1119 7619 I QC2C2DEngine: calcYSize: unsupported or RGB color format, RGBA8888(1)
11-29 09:24:28.647 7959 7964 W mnirom.chromium: Cleared Reference was only reachable from finalizer (only reported once)
11-29 09:24:28.664 1119 7619 I QC2C2DEngine: calcYSize: unsupported or RGB color format, RGBA8888(1)
11-29 09:24:28.681 1119 7619 I QC2C2DEngine: calcYSize: unsupported or RGB color format, RGBA8888(1)
11-29 09:24:28.698 1119 7619 I QC2C2DEngine: calcYSize: unsupported or RGB color format, RGBA8888(1)
11-29 09:24:28.715 1119 7619 I QC2C2DEngine: calcYSize: unsupported or RGB color format, RGBA8888(1)
11-29 09:24:28.733 1119 7619 I QC2C2DEngine: calcYSize: unsupported or RGB color format, RGBA8888(1)
11-29 09:24:28.748 1119 7619 I QC2C2DEngine: calcYSize: unsupported or RGB color format, RGBA8888(1)
11-29 09:24:28.851 1119 7619 I QC2C2DEngine: calcYSize: unsupported or RGB color format, RGBA8888(1)
11-29 09:24:28.916 4097 4297 W HidlServiceManagement: Waited one second for android.hardware.drm@1.0::IDrmFactory/widevine
11-29 09:24:28.916 643 643 I hwservicemanager: Since android.hardware.drm@1.0::IDrmFactory/widevine is not registered, trying to start it as a lazy HAL (if it's not configured to be a lazy HAL, it may be stuck starting or still starting).
11-29 09:24:28.917 4097 4297 I HidlServiceManagement: getService: Trying again for android.hardware.drm@1.0::IDrmFactory/widevine...
11-29 09:24:28.946 8185 8185 F linker : CANNOT LINK EXECUTABLE "/vendor/bin/hw/android.hardware.drm@1.3-service.widevine": cannot locate symbol "CBS_init" referenced by "/vendor/lib64/libwvhidl.so"...
11-29 09:24:28.949 1119 7619 I QC2C2DEngine: calcYSize: unsupported or RGB color format, RGBA8888(1)
11-29 09:24:28.974 8186 8186 I flags_health_check: ServerConfigurableFlagsReset reset_mode value: 1
11-29 09:24:28.974 8186 8186 I flags_health_check: ServerConfigurableFlagsReset updatable crashing detected, resetting flags.
11-29 09:24:29.053 1119 7619 I QC2C2DEngine: calcYSize: unsupported or RGB color format, RGBA8888(1)
11-29 09:24:29.155 1119 7619 I QC2C2DEngine: calcYSize: unsupported or RGB color format, RGBA8888(1)
11-29 09:24:29.200 1055 1079 I android.hardware.thermal@2.0-service.qti: uevent triggered for sensor: camera-therm-usr
11-29 09:24:29.253 1119 7619 I QC2C2DEngine: calcYSize: unsupported or RGB color format, RGBA8888(1)
11-29 09:24:29.268 7959 7959 I chromium: [INFO:subscription_updater_impl.cc(55)] [eyeo] Running subscription update check
11-29 09:24:29.269 7959 7959 I chromium: [INFO:subscription_updater_impl.cc(57)] [eyeo] Subscription update check completed, next one scheduled for 2024-11-30 07:45:29.269600 UTC
11-29 09:24:29.357 1119 7619 I QC2C2DEngine: calcYSize: unsupported or RGB color format, RGBA8888(1)
11-29 09:24:29.457 1119 7619 I QC2C2DEngine: calcYSize: unsupported or RGB color format, RGBA8888(1)
11-29 09:24:29.564 1119 7619 I QC2C2DEngine: calcYSize: unsupported or RGB color format, RGBA8888(1)
11-29 09:24:29.662 1119 7619 I QC2C2DEngine: calcYSize: unsupported or RGB color format, RGBA8888(1)
11-29 09:24:29.688 4097 4097 W JobService: onNetworkChanged() not implemented in androidx.work.impl.background.systemjob.SystemJobService. Must override in a subclass.
11-29 09:24:29.694 4097 4128 D WM-NetworkStateTracker: Network capabilities changed: [ Transports: WIFI Capabilities: NOT_METERED&INTERNET&NOT_RESTRICTED&TRUSTED&NOT_VPN&VALIDATED&NOT_ROAMING&FOREGROUND&NOT_CONGESTED&NOT_SUSPENDED&NOT_VCN_MANAGED&NOT_BANDWIDTH_CONSTRAINED LinkUpBandwidth>=10000Kbps LinkDnBandwidth>=45205Kbps TransportInfo: , BSSID: 02:00:00:00:00:00, MAC: 02:00:00:00:00:00, IP: /192.168.1.148, Security type: 2, Supplicant state: COMPLETED, Wi-Fi standard: 11n, RSSI: -72, Link speed: 115Mbps, Tx Link speed: 115Mbps, Max Supported Tx Link speed: 144Mbps, Rx Link speed: 86Mbps, Max Supported Rx Link speed: 144Mbps, Frequency: 2447MHz, Net ID: -1, Metered hint: false, score: 60, isUsable: true, CarrierMerged: false, SubscriptionId: -1, IsPrimary: -1, Trusted: true, Restricted: false, Ephemeral: false, OEM paid: false, OEM private: false, OSU AP: false, FQDN: , Provider friendly name: , Requesting package name: MLO Information: , Is TID-To-Link negotiation supported by the AP: false, AP MLD Address: , AP MLO Link Id: , AP MLO Affiliated links: , Vendor Data: > SignalStrength: -72 UnderlyingNetworks: Null]
11-29 09:24:29.764 1119 7619 I QC2C2DEngine: calcYSize: unsupported or RGB color format, RGBA8888(1)
11-29 09:24:29.836 1054 7180 I sensors-hal: handle_sns_client_event:470, [SSC_HAL] ACCEL, ts:944.718766 s X:0.03 Y:0.16 Z:9.80, elapsedRealtime: 944.767208, ts_diff: 0.048442, pb_ts: 18430806394, offset = -15219066746
11-29 09:24:29.917 4097 4297 W HidlServiceManagement: Waited one second for android.hardware.drm@1.0::IDrmFactory/widevine
11-29 09:24:29.919 643 643 I hwservicemanager: Since android.hardware.drm@1.0::IDrmFactory/widevine is not registered, trying to start it as a lazy HAL (if it's not configured to be a lazy HAL, it may be stuck starting or still starting).
11-29 09:24:29.921 4097 4297 I HidlServiceManagement: getService: Trying again for android.hardware.drm@1.0::IDrmFactory/widevine...
11-29 09:24:29.962 8188 8188 F linker : CANNOT LINK EXECUTABLE "/vendor/bin/hw/android.hardware.drm@1.3-service.widevine": cannot locate symbol "CBS_init" referenced by "/vendor/lib64/libwvhidl.so"...
11-29 09:24:29.984 8189 8189 I flags_health_check: ServerConfigurableFlagsReset reset_mode value: 1
11-29 09:24:29.984 8189 8189 I flags_health_check: ServerConfigurableFlagsReset updatable crashing detected, resetting flags.
11-29 09:24:30.066 3280 3404 W ThermalEngine: thermal_sensor_get_temperature: virtual-therm Reading 24180 .
11-29 09:24:30.224 1055 1079 I android.hardware.thermal@2.0-service.qti: uevent triggered for sensor: camera-therm-usr
11-29 09:24:30.238 2284 2391 I r_submix: out_standby()
11-29 09:24:30.645 1119 7619 I QC2C2DEngine: calcYSize: unsupported or RGB color format, RGBA8888(1)
11-29 09:24:30.658 1119 7619 I QC2C2DEngine: calcYSize: unsupported or RGB color format, RGBA8888(1)
11-29 09:24:30.674 1119 7619 I QC2C2DEngine: calcYSize: unsupported or RGB color format, RGBA8888(1)
11-29 09:24:30.691 1119 7619 I QC2C2DEngine: calcYSize: unsupported or RGB color format, RGBA8888(1)
11-29 09:24:30.709 1119 7619 I QC2C2DEngine: calcYSize: unsupported or RGB color format, RGBA8888(1)
11-29 09:24:30.726 1119 7619 I QC2C2DEngine: calcYSize: unsupported or RGB color format, RGBA8888(1)
11-29 09:24:30.742 1119 7619 I QC2C2DEngine: calcYSize: unsupported or RGB color format, RGBA8888(1)
11-29 09:24:30.759 1119 7619 I QC2C2DEngine: calcYSize: unsupported or RGB color format, RGBA8888(1)
11-29 09:24:30.776 1119 7619 I QC2C2DEngine: calcYSize: unsupported or RGB color format, RGBA8888(1)
11-29 09:24:30.792 1119 7619 I QC2C2DEngine: calcYSize: unsupported or RGB color format, RGBA8888(1)
11-29 09:24:30.810 1119 7619 I QC2C2DEngine: calcYSize: unsupported or RGB color format, RGBA8888(1)
11-29 09:24:30.826 1119 7619 I QC2C2DEngine: calcYSize: unsupported or RGB color format, RGBA8888(1)
11-29 09:24:30.843 1119 7619 I QC2C2DEngine: calcYSize: unsupported or RGB color format, RGBA8888(1)
11-29 09:24:30.860 1119 7619 I QC2C2DEngine: calcYSize: unsupported or RGB color format, RGBA8888(1)
11-29 09:24:30.875 1119 7619 I QC2C2DEngine: calcYSize: unsupported or RGB color format, RGBA8888(1)
11-29 09:24:30.893 1119 7619 I QC2C2DEngine: calcYSize: unsupported or RGB color format, RGBA8888(1)
11-29 09:24:30.910 1119 7619 I QC2C2DEngine: calcYSize: unsupported or RGB color format, RGBA8888(1)
11-29 09:24:30.921 4097 4297 W HidlServiceManagement: Waited one second for android.hardware.drm@1.0::IDrmFactory/widevine
11-29 09:24:30.922 643 643 I hwservicemanager: Since android.hardware.drm@1.0::IDrmFactory/widevine is not registered, trying to start it as a lazy HAL (if it's not configured to be a lazy HAL, it may be stuck starting or still starting).
11-29 09:24:30.922 4097 4297 I HidlServiceManagement: getService: Trying again for android.hardware.drm@1.0::IDrmFactory/widevine...
11-29 09:24:30.927 1119 7619 I QC2C2DEngine: calcYSize: unsupported or RGB color format, RGBA8888(1)
11-29 09:24:30.944 1119 7619 I QC2C2DEngine: calcYSize: unsupported or RGB color format, RGBA8888(1)
11-29 09:24:30.959 8191 8191 F linker : CANNOT LINK EXECUTABLE "/vendor/bin/hw/android.hardware.drm@1.3-service.widevine": cannot locate symbol "CBS_init" referenced by "/vendor/lib64/libwvhidl.so"...
11-29 09:24:30.959 1119 7619 I QC2C2DEngine: calcYSize: unsupported or RGB color format, RGBA8888(1)
11-29 09:24:30.976 1119 7619 I QC2C2DEngine: calcYSize: unsupported or RGB color format, RGBA8888(1)
11-29 09:24:30.985 8192 8192 I flags_health_check: ServerConfigurableFlagsReset reset_mode value: 1
11-29 09:24:30.985 8192 8192 I flags_health_check: ServerConfigurableFlagsReset updatable crashing detected, resetting flags.
11-29 09:24:30.992 1119 7619 I QC2C2DEngine: calcYSize: unsupported or RGB color format, RGBA8888(1)
11-29 09:24:31.012 1119 7619 I QC2C2DEngine: calcYSize: unsupported or RGB color format, RGBA8888(1)
11-29 09:24:31.028 1119 7619 I QC2C2DEngine: calcYSize: unsupported or RGB color format, RGBA8888(1)
11-29 09:24:31.044 1119 7619 I QC2C2DEngine: calcYSize: unsupported or RGB color format, RGBA8888(1)
11-29 09:24:31.061 1119 7619 I QC2C2DEngine: calcYSize: unsupported or RGB color format, RGBA8888(1)
11-29 09:24:31.077 1119 7619 I QC2C2DEngine: calcYSize: unsupported or RGB color format, RGBA8888(1)
11-29 09:24:31.094 1119 7619 I QC2C2DEngine: calcYSize: unsupported or RGB color format, RGBA8888(1)
11-29 09:24:31.112 1119 7619 I QC2C2DEngine: calcYSize: unsupported or RGB color format, RGBA8888(1)
11-29 09:24:31.129 1119 7619 I QC2C2DEngine: calcYSize: unsupported or RGB color format, RGBA8888(1)
11-29 09:24:31.145 1119 7619 I QC2C2DEngine: calcYSize: unsupported or RGB color format, RGBA8888(1)
11-29 09:24:31.166 1119 7619 I QC2C2DEngine: calcYSize: unsupported or RGB color format, RGBA8888(1)
11-29 09:24:31.180 1119 7619 I QC2C2DEngine: calcYSize: unsupported or RGB color format, RGBA8888(1)
11-29 09:24:31.194 1119 7619 I QC2C2DEngine: calcYSize: unsupported or RGB color format, RGBA8888(1)
11-29 09:24:31.204 2754 2754 D StatsLog: LAUNCHER_ALLAPPS_PERSONAL_SCROLLED_DOWN
11-29 09:24:31.212 1119 7619 I QC2C2DEngine: calcYSize: unsupported or RGB color format, RGBA8888(1)
11-29 09:24:31.229 1119 7619 I QC2C2DEngine: calcYSize: unsupported or RGB color format, RGBA8888(1)
11-29 09:24:31.248 1055 1079 I android.hardware.thermal@2.0-service.qti: uevent triggered for sensor: camera-therm-usr
11-29 09:24:31.332 1119 7619 I QC2C2DEngine: calcYSize: unsupported or RGB color format, RGBA8888(1)
11-29 09:24:31.431 1119 7619 I QC2C2DEngine: calcYSize: unsupported or RGB color format, RGBA8888(1)
11-29 09:24:31.507 1054 7180 I sensors-hal: update_qtimer_to_realtime_offset:207, [SSC_HAL] updating qtimer-realtime offset, elapsedRealtimeNano = 946438288283, ns = 961657351250, offset_diff = 2008 time_diff = 60000281123
11-29 09:24:31.533 1119 7619 I QC2C2DEngine: calcYSize: unsupported or RGB color format, RGBA8888(1)
11-29 09:24:31.579 1119 7619 I QC2Comp : [avcE_14] Stats: Pending(0) i/p-done(0) Works: Q: 2477/Done 2477|Work-Rate: Q(24.6/s Avg=27.3/s) Done(24.594/s Avg=27.344/s)| Stream: 10.00fps 786.0Kbps
11-29 09:24:31.579 1119 7619 I QC2Comp : Mem-usage: [In-2D - 65 bufs 365.625 MB] [1D-17 - 8 bufs 14.969 MB] [1D-0 - 2 bufs 0.008 MB]
11-29 09:24:31.579 1119 7619 I QC2Comp : Total Mem-usage: 380.602 MB
11-29 09:24:31.635 1119 7619 I QC2C2DEngine: calcYSize: unsupported or RGB color format, RGBA8888(1)
11-29 09:24:31.740 1119 7619 I QC2C2DEngine: calcYSize: unsupported or RGB color format, RGBA8888(1)
11-29 09:24:31.842 1119 7619 I QC2C2DEngine: calcYSize: unsupported or RGB color format, RGBA8888(1)
11-29 09:24:31.923 4097 4297 W HidlServiceManagement: Waited one second for android.hardware.drm@1.0::IDrmFactory/widevine
11-29 09:24:31.924 643 643 I hwservicemanager: Since android.hardware.drm@1.0::IDrmFactory/widevine is not registered, trying to start it as a lazy HAL (if it's not configured to be a lazy HAL, it may be stuck starting or still starting).
11-29 09:24:31.926 4097 4297 I HidlServiceManagement: getService: Trying again for android.hardware.drm@1.0::IDrmFactory/widevine...
11-29 09:24:31.940 1119 7619 I QC2C2DEngine: calcYSize: unsupported or RGB color format, RGBA8888(1)
11-29 09:24:31.973 8194 8194 F linker : CANNOT LINK EXECUTABLE "/vendor/bin/hw/android.hardware.drm@1.3-service.widevine": cannot locate symbol "CBS_init" referenced by "/vendor/lib64/libwvhidl.so"...
11-29 09:24:32.000 8195 8195 I flags_health_check: ServerConfigurableFlagsReset reset_mode value: 1
11-29 09:24:32.000 8195 8195 I flags_health_check: ServerConfigurableFlagsReset updatable crashing detected, resetting flags.
11-29 09:24:32.045 1119 7619 I QC2C2DEngine: calcYSize: unsupported or RGB color format, RGBA8888(1)
11-29 09:24:32.145 1119 7619 I QC2C2DEngine: calcYSize: unsupported or RGB color format, RGBA8888(1)
11-29 09:24:32.246 1119 7619 I QC2C2DEngine: calcYSize: unsupported or RGB color format, RGBA8888(1)
11-29 09:24:32.272 1055 1079 I android.hardware.thermal@2.0-service.qti: uevent triggered for sensor: camera-therm-usr
11-29 09:24:32.635 2334 2334 D audioserver: logFgsApiBegin: FGS Logger Transaction failed, -129
11-29 09:24:32.636 2334 7637 D AudioFlinger: ro.audio.silent will be ignored for threads on AUDIO_DEVICE_OUT_REMOTE_SUBMIX
11-29 09:24:32.638 1278 1302 W AS.PlaybackActivityMon: No piid assigned for invalid/internal port id 41
11-29 09:24:32.638 1278 4577 W OptProp : Cannot read opt property android.window.PROPERTY_COMPAT_ALLOW_ORIENTATION_OVERRIDE
11-29 09:24:32.640 1278 4577 V GrammaticalInflectionUtils: AttributionSource: android.content.AttributionSource@2a71cc4c does not have READ_SYSTEM_GRAMMATICAL_GENDER permission.
11-29 09:24:32.641 1278 4577 W OptProp : Cannot read opt property android.window.PROPERTY_COMPAT_ALLOW_RESIZEABLE_ACTIVITY_OVERRIDES
11-29 09:24:32.642 1278 4577 W OptProp : Cannot read opt property android.window.PROPERTY_COMPAT_ALLOW_MIN_ASPECT_RATIO_OVERRIDE
11-29 09:24:32.654 1053 1053 I android.hardware.power-service-qti: Power setMode: 5 to: 1
11-29 09:24:32.654 1119 7619 I QC2C2DEngine: calcYSize: unsupported or RGB color format, RGBA8888(1)
11-29 09:24:32.658 1278 4577 I ActivityTaskManager: START u0 {act=android.intent.action.MAIN cat=[android.intent.category.LAUNCHER] flg=0x10200000 cmp=com.google.android.gms/org.microg.gms.ui.SettingsActivity bnds=[0,1610][216,1940]} with LAUNCH_MULTIPLE from uid 10104 (BAL_ALLOW_VISIBLE_WINDOW) result code=0
11-29 09:24:32.660 2754 2754 D StatsLog: LAUNCHER_APP_LAUNCH_TAP
11-29 09:24:32.662 2494 2531 V WindowManagerShell: Transition requested (#42): android.os.BinderProxy@35746e2 TransitionRequestInfo { type = OPEN, triggerTask = TaskInfo{userId=0 taskId=39 displayId=0 isRunning=true baseIntent=Intent { act=android.intent.action.MAIN cat=[android.intent.category.LAUNCHER] flg=0x10200000 cmp=com.google.android.gms/org.microg.gms.ui.SettingsActivity } baseActivity=ComponentInfo{com.google.android.gms/org.microg.gms.ui.SettingsActivity} topActivity=ComponentInfo{com.google.android.gms/org.microg.gms.ui.SettingsActivity} origActivity=null realActivity=ComponentInfo{com.google.android.gms/org.microg.gms.ui.SettingsActivity} numActivities=1 lastActiveTime=947588 supportsMultiWindow=true resizeMode=1 isResizeable=true minWidth=-1 minHeight=-1 defaultMinSize=200 token=WCT{android.window.IWindowContainerToken$Stub$Proxy@88e3a73} topActivityType=1 pictureInPictureParams=null shouldDockBigOverlays=false launchIntoPipHostTaskId=-1 lastParentTaskIdBeforePip=-1 displayCutoutSafeInsets=Rect(0, 114 - 0, 0) topActivityInfo=ActivityInfo{2501d30 org.microg.gms.ui.SettingsActivity} launchCookies=[android.os.BinderProxy@8213da9] positionInParent=Point(0, 0) parentTaskId=-1 isFocused=false isVisible=false isVisibleRequested=false isSleeping=false locusId=null displayAreaFeatureId=1 isTopActivityTransparent=false appCompatTaskInfo=AppCompatTaskInfo { topActivityInSizeCompat=false topActivityEligibleForLetterboxEducation= falseisLetterboxEducationEnabled= false isLetterboxDoubleTapEnabled= false topActivityEligibleForUserAspectRatioButton= false topActivityBoundsLetterboxed= false isFromLetterboxDoubleTap= false topActivityLetterboxVerticalPosition= -1 topActivityLetterboxHorizontalPosition= -1 topActivityLetterboxWidth=1080 topActivityLetterboxHeight=2400 isUserFullscreenOverrideEnabled=false isSystemFullscreenOverrideEnabled=false cameraCompatTaskInfo=CameraCompatTaskInfo { cameraCompatControlState=hidden freeformCameraCompatMode=inactive}}}, pipTask = null, remoteTransition = RemoteTransition { remoteTransition = android.window.IRemoteTransition$Stub$Proxy@a6ef2e, appThread = android.app.IApplicationThread$Stub$Proxy@f880acf, debugName = QuickstepLaunch }, displayChange = null, flags = 0, debugId = 42 }
11-29 09:24:32.662 2494 2531 V WindowManagerShell: RemoteTransition directly requested for (#42) android.os.BinderProxy@35746e2: RemoteTransition { remoteTransition = android.window.IRemoteTransition$Stub$Proxy@a6ef2e, appThread = android.app.IApplicationThread$Stub$Proxy@f880acf, debugName = QuickstepLaunch }
11-29 09:24:32.674 2754 2754 W SplitSelectStateCtor: Missing session instanceIds
11-29 09:24:32.674 2754 2754 D StatsLog: LAUNCHER_SPLIT_SELECTION_EXIT_INTERRUPTED
11-29 09:24:32.679 1278 1320 V GrammaticalInflectionUtils: AttributionSource: android.content.AttributionSource@2a71cc4c does not have READ_SYSTEM_GRAMMATICAL_GENDER permission.
11-29 09:24:32.679 1158 1158 I BpBinder: onLastStrongRef automatically unlinking death recipients:
11-29 09:24:32.681 2754 2754 I TopTaskTracker: onTaskMovedToFront: (moved taskInfo to front) taskId=39, baseIntent=Intent { act=android.intent.action.MAIN cat=[android.intent.category.LAUNCHER] flg=0x10200000 cmp=com.google.android.gms/org.microg.gms.ui.SettingsActivity }
11-29 09:24:32.686 1119 7619 I QC2C2DEngine: calcYSize: unsupported or RGB color format, RGBA8888(1)
11-29 09:24:32.695 933 933 D Zygote : Forked child process 8196
11-29 09:24:32.696 1278 1334 I ActivityManager: Start proc 8196:com.google.android.gms:ui/u0a38 for next-top-activity {com.google.android.gms/org.microg.gms.ui.SettingsActivity}
11-29 09:24:32.696 1278 1302 D CoreBackPreview: Window{5b25641 u0 Splash Screen com.google.android.gms}: Setting back callback OnBackInvokedCallbackInfo{mCallback=android.window.IOnBackInvokedCallback$Stub$Proxy@32fdfd4, mPriority=0, mIsAnimationCallback=false}
11-29 09:24:32.699 1119 7641 D BufferPoolAccessor2.0: bufferpool2 0xe9b00b68 : 4(7847936 size) total buffers - 4(7847936 size) used buffers - 2482/2490 (recycle/alloc) - 20/2485 (fetch/transfer)
11-29 09:24:32.704 1119 7619 I QC2C2DEngine: calcYSize: unsupported or RGB color format, RGBA8888(1)
11-29 09:24:32.713 2494 2518 V WindowManagerShell: onTransitionReady(transaction=5488968205893)
11-29 09:24:32.713 2494 2531 V WindowManagerShell: onTransitionReady (#42) android.os.BinderProxy@35746e2: {id=42 t=OPEN f=0x0 trk=0 r=[0@Point(0, 0)] c=[{WCT{android.window.IWindowContainerToken$Stub$Proxy@6eca249} m=OPEN f=NONE leash=Surface(name=Task=39)/@0xaaa9d02 sb=Rect(0, 0 - 1080, 2400) eb=Rect(0, 0 - 1080, 2400) d=0 taskParent=-1},{WCT{android.window.IWindowContainerToken$Stub$Proxy@9a9874e} m=TO_BACK f=SHOW_WALLPAPER leash=Surface(name=Task=1)/@0x807a613 sb=Rect(0, 0 - 1080, 2400) eb=Rect(0, 0 - 1080, 2400) d=0 taskParent=-1}]}
11-29 09:24:32.713 2494 2531 V WindowManagerShell: Playing animation for (#42) android.os.BinderProxy@35746e2@0
11-29 09:24:32.713 2494 2531 V WindowManagerShell: try firstHandler com.android.wm.shell.transition.DefaultMixedHandler@9605821
11-29 09:24:32.713 2494 2531 V WindowManagerShell: Mixed transition for opening an intent with a remote transition and PIP #42
11-29 09:24:32.713 2494 2531 V WindowManagerShell: Delegate animation for (#42) to RemoteTransition { remoteTransition = android.window.IRemoteTransition$Stub$Proxy@a6ef2e, appThread = android.app.IApplicationThread$Stub$Proxy@f880acf, debugName = QuickstepLaunch }
11-29 09:24:32.714 2494 2531 V WindowManagerShell: animated by firstHandler
11-29 09:24:32.715 1278 1317 V WindowManager: Sent Transition (#42) createdAt=11-29 09:24:32.643 via request=TransitionRequestInfo { type = OPEN, triggerTask = TaskInfo{userId=0 taskId=39 displayId=0 isRunning=true baseIntent=Intent { act=android.intent.action.MAIN cat=[android.intent.category.LAUNCHER] flg=0x10200000 cmp=com.google.android.gms/org.microg.gms.ui.SettingsActivity } baseActivity=ComponentInfo{com.google.android.gms/org.microg.gms.ui.SettingsActivity} topActivity=ComponentInfo{com.google.android.gms/org.microg.gms.ui.SettingsActivity} origActivity=null realActivity=ComponentInfo{com.google.android.gms/org.microg.gms.ui.SettingsActivity} numActivities=1 lastActiveTime=947588 supportsMultiWindow=true resizeMode=1 isResizeable=true minWidth=-1 minHeight=-1 defaultMinSize=200 token=WCT{RemoteToken{47556c Task{9fa52c5 #39 type=standard A=10038:org.microg.gms.settings}}} topActivityType=1 pictureInPictureParams=null shouldDockBigOverlays=false launchIntoPipHostTaskId=-1 lastParentTaskIdBeforePip=-1 displayCutoutSafeInsets=Rect(0, 114 - 0, 0) topActivityInfo=ActivityInfo{7ee7735 org.microg.gms.ui.SettingsActivity} launchCookies=[android.os.BinderProxy@d917ca] positionInParent=Point(0, 0) parentTaskId=-1 isFocused=false isVisible=false isVisibleRequested=false isSleeping=false locusId=null displayAreaFeatureId=1 isTopActivityTransparent=false appCompatTaskInfo=AppCompatTaskInfo { topActivityInSizeCompat=false topActivityEligibleForLetterboxEducation= falseisLetterboxEducationEnabled= false isLetterboxDoubleTapEnabled= false topActivityEligibleForUserAspectRatioButton= false topActivityBoundsLetterboxed= false isFromLetterboxDoubleTap= false topActivityLetterboxVerticalPosition= -1 topActivityLetterboxHorizontalPosition= -1 topActivityLetterboxWidth=1080 topActivityLetterboxHeight=2400 isUserFullscreenOverrideEnabled=false isSystemFullscreenOverrideEnabled=false cameraCompatTaskInfo=CameraCompatTaskInfo { cameraCompatControlState=hidden freeformCameraCompatMode=inactive}}}, pipTask = null, remoteTransition = RemoteTransition { remoteTransition = android.window.IRemoteTransition$Stub$Proxy@1eadd3b, appThread = android.app.IApplicationThread$Stub$Proxy@70a5c58, debugName = QuickstepLaunch }, displayChange = null, flags = 0, debugId = 42 }
11-29 09:24:32.715 1278 1317 V WindowManager: startWCT=WindowContainerTransaction { changes = {} hops = [] errorCallbackToken=null taskFragmentOrganizer=null }
11-29 09:24:32.716 1278 1317 V WindowManager: info={id=42 t=OPEN f=0x0 trk=0 r=[0@Point(0, 0)] c=[
11-29 09:24:32.716 1278 1317 V WindowManager: {WCT{RemoteToken{47556c Task{9fa52c5 #39 type=standard A=10038:org.microg.gms.settings}}} m=OPEN f=NONE leash=Surface(name=Task=39)/@0xb4c6c72 sb=Rect(0, 0 - 1080, 2400) eb=Rect(0, 0 - 1080, 2400) d=0 taskParent=-1},
11-29 09:24:32.716 1278 1317 V WindowManager: {WCT{RemoteToken{9501e19 Task{5faec2e #1 type=home}}} m=TO_BACK f=SHOW_WALLPAPER leash=Surface(name=Task=1)/@0x10c3093 sb=Rect(0, 0 - 1080, 2400) eb=Rect(0, 0 - 1080, 2400) d=0 taskParent=-1}
11-29 09:24:32.716 1278 1317 V WindowManager: ]}
11-29 09:24:32.720 1278 1302 W UserManagerService: Requested status bar icon for non-badged user 0
11-29 09:24:32.722 1119 7619 I QC2C2DEngine: calcYSize: unsupported or RGB color format, RGBA8888(1)
11-29 09:24:32.723 8196 8196 I libc : SetHeapTaggingLevel: tag level set to 0
11-29 09:24:32.729 8196 8196 I .android.gms:ui: Using CollectorTypeCC GC.
11-29 09:24:32.731 8196 8196 E .android.gms:ui: Not starting debugger since process cannot load the jdwp agent.
11-29 09:24:32.733 8196 8196 D nativeloader: Load libframework-connectivity-tiramisu-jni.so using APEX ns com_android_tethering for caller /apex/com.android.tethering/javalib/framework-connectivity-t.jar: ok
11-29 09:24:32.738 1119 7619 I QC2C2DEngine: calcYSize: unsupported or RGB color format, RGBA8888(1)
11-29 09:24:32.741 8196 8196 D ApplicationLoaders: Returning zygote-cached class loader: /system/framework/android.test.base.jar
11-29 09:24:32.741 3360 7913 D ForegroundUtils: Foreground UID status:
11-29 09:24:32.741 3360 7913 D ForegroundUtils: UID: 10038 is in foreground: true
11-29 09:24:32.741 3360 7913 D ForegroundUtils: UID: 10043 is in foreground: false
11-29 09:24:32.741 3360 7913 D ForegroundUtils: UID: 10102 is in foreground: true
11-29 09:24:32.741 3360 7913 D ForegroundUtils: UID: 10104 is in foreground: true
11-29 09:24:32.741 3360 7913 D ForegroundUtils: UID: 10118 is in foreground: false
11-29 09:24:32.741 3360 7913 D ForegroundUtils: UID: 10135 is in foreground: true
11-29 09:24:32.741 3360 7913 D ForegroundUtils: UID: 10140 is in foreground: false
11-29 09:24:32.741 3360 7913 D ForegroundUtils: UID: 10176 is in foreground: false
11-29 09:24:32.742 3360 7913 D ForegroundUtils: UID: 10178 is in foreground: false
11-29 09:24:32.743 8196 8196 D nativeloader: Configuring clns-shared-7 for other apk /system/framework/com.android.location.provider.jar. target_sdk_version=29, uses_libraries=ALL, library_path=/system/priv-app/GmsCore/lib/arm64:/system/priv-app/GmsCore/GmsCore.apk!/lib/arm64-v8a:/system/lib64:/system_ext/lib64, permitted_path=/data:/mnt/expand:/data/user/0/com.google.android.gms:/system/priv-app/GmsCore:/system/lib64:/system_ext/lib64
11-29 09:24:32.743 8196 8196 D nativeloader: Extending system_exposed_libraries: libbinauralrenderer_wrapper.qti.so:libhoaeffects.qti.so:libupdateprof.qti.so:libthermalclient.qti.so:libdiag_system.qti.so:libqape.qti.so:liblistenjni.qti.so
11-29 09:24:32.744 8196 8196 D ApplicationLoaders: Returning zygote-cached class loader: /system/framework/org.apache.http.legacy.jar
11-29 09:24:32.744 8196 8196 D ApplicationLoaders: Returning zygote-cached class loader: /system_ext/framework/androidx.window.extensions.jar
11-29 09:24:32.744 8196 8196 D ApplicationLoaders: Returning zygote-cached class loader: /system_ext/framework/androidx.window.sidecar.jar
11-29 09:24:32.746 8196 8196 D nativeloader: Configuring clns-shared-8 for other apk /system/priv-app/GmsCore/GmsCore.apk. target_sdk_version=29, uses_libraries=, library_path=/system/priv-app/GmsCore/lib/arm64:/system/priv-app/GmsCore/GmsCore.apk!/lib/arm64-v8a:/system/lib64:/system_ext/lib64, permitted_path=/data:/mnt/expand:/data/user/0/com.google.android.gms:/system/priv-app/GmsCore:/system/lib64:/system_ext/lib64
11-29 09:24:32.746 8196 8196 D nativeloader: Extending system_exposed_libraries: libbinauralrenderer_wrapper.qti.so:libhoaeffects.qti.so:libupdateprof.qti.so:libthermalclient.qti.so:libdiag_system.qti.so:libqape.qti.so:liblistenjni.qti.so
11-29 09:24:32.750 8196 8196 V GraphicsEnvironment: Currently set values for:
11-29 09:24:32.750 8196 8196 V GraphicsEnvironment: angle_gl_driver_selection_pkgs=[]
11-29 09:24:32.750 8196 8196 V GraphicsEnvironment: angle_gl_driver_selection_values=[]
11-29 09:24:32.750 8196 8196 V GraphicsEnvironment: Global.Settings values are invalid: number of packages: 0, number of values: 0
11-29 09:24:32.753 8196 8196 I MultiDex: VM with version 2.1.0 has multidex support
11-29 09:24:32.753 8196 8196 I MultiDex: Installing application
11-29 09:24:32.753 8196 8196 I MultiDex: VM has multidex support, MultiDex support library is disabled.
11-29 09:24:32.754 1119 7619 I QC2C2DEngine: calcYSize: unsupported or RGB color format, RGBA8888(1)
11-29 09:24:32.763 8196 8196 D AppCompatDelegate: Checking for metadata for AppLocalesMetadataHolderService : Service not found
11-29 09:24:32.767 2334 7637 D audioserver: logFgsApiEnd: FGS Logger Transaction failed, -129
11-29 09:24:32.768 1119 7619 I QC2C2DEngine: calcYSize: unsupported or RGB color format, RGBA8888(1)
11-29 09:24:32.787 1278 2189 D InetDiagMessage: Destroyed 0 sockets, proto=IPPROTO_TCP, family=AF_INET, states=14
11-29 09:24:32.790 1278 2189 D InetDiagMessage: Destroyed 8 sockets, proto=IPPROTO_TCP, family=AF_INET6, states=14
11-29 09:24:32.790 1278 2189 D InetDiagMessage: Destroyed live tcp sockets for uids={10176} in 5ms
11-29 09:24:32.791 1278 2189 D InetDiagMessage: Destroyed 0 sockets, proto=IPPROTO_TCP, family=AF_INET, states=14
11-29 09:24:32.792 1278 2189 D InetDiagMessage: Destroyed 0 sockets, proto=IPPROTO_TCP, family=AF_INET6, states=14
11-29 09:24:32.792 1278 2189 D InetDiagMessage: Destroyed live tcp sockets for uids={20176} in 1ms
11-29 09:24:32.794 1119 7619 I QC2C2DEngine: calcYSize: unsupported or RGB color format, RGBA8888(1)
11-29 09:24:32.808 1119 7619 I QC2C2DEngine: calcYSize: unsupported or RGB color format, RGBA8888(1)
11-29 09:24:32.820 1119 7619 I QC2C2DEngine: calcYSize: unsupported or RGB color format, RGBA8888(1)
11-29 09:24:32.825 8196 8214 D ExposureNotification: 0, 0, 0, 0
11-29 09:24:32.830 1278 2764 D CoreBackPreview: Window{1798b88 u0 com.google.android.gms/org.microg.gms.ui.SettingsActivity}: Setting back callback OnBackInvokedCallbackInfo{mCallback=android.window.IOnBackInvokedCallback$Stub$Proxy@8b62146, mPriority=0, mIsAnimationCallback=false}
11-29 09:24:32.838 8196 8210 I AdrenoGLES-0: QUALCOMM build : c91de61166, Ibd0298713c
11-29 09:24:32.838 8196 8210 I AdrenoGLES-0: Build Date : 03/01/21
11-29 09:24:32.838 8196 8210 I AdrenoGLES-0: OpenGL ES Shader Compiler Version: EV031.35.01.04
11-29 09:24:32.838 8196 8210 I AdrenoGLES-0: Local Branch :
11-29 09:24:32.838 8196 8210 I AdrenoGLES-0: Remote Branch :
11-29 09:24:32.838 8196 8210 I AdrenoGLES-0: Remote Branch :
11-29 09:24:32.838 8196 8210 I AdrenoGLES-0: Reconstruct Branch :
11-29 09:24:32.838 8196 8210 I AdrenoGLES-0: Build Config : S P 10.0.7 AArch64
11-29 09:24:32.838 8196 8210 I AdrenoGLES-0: Driver Path : /vendor/lib64/egl/libGLESv2_adreno.so
11-29 09:24:32.839 1119 7619 I QC2C2DEngine: calcYSize: unsupported or RGB color format, RGBA8888(1)
11-29 09:24:32.841 8196 8210 I AdrenoGLES-0: PFP: 0x016dc094, ME: 0x00000000
11-29 09:24:32.858 8196 8219 I Gralloc4: Adding additional valid usage bits: 0x8202000
11-29 09:24:32.859 1119 7619 I QC2C2DEngine: calcYSize: unsupported or RGB color format, RGBA8888(1)
11-29 09:24:32.877 1053 1053 I android.hardware.power-service-qti: Power setMode: 5 to: 0
11-29 09:24:32.877 1119 7619 I QC2C2DEngine: calcYSize: unsupported or RGB color format, RGBA8888(1)
11-29 09:24:32.878 1278 4577 W ActivityTaskManager: Request to remove task ignored for non-existent task 37
11-29 09:24:32.881 8222 8222 D diagcommd: DBG:Diag Daemon services process entry PPID = 1
11-29 09:24:32.881 8222 8222 D diagcommd: DBG:Calling LSM init
11-29 09:24:32.881 8222 8222 E Diag_Lib: diag:failed to connect to diag socket
11-29 09:24:32.881 8222 8222 E Diag_Lib: Diag_LSM_Init: Failed to open handle to diag driver, error = 25
11-29 09:24:32.881 8222 8222 E diagcommd: ERR:DiagDaemon: Diag_LSM_Init() failed.
11-29 09:24:32.882 1278 1317 I ActivityTaskManager: Displayed com.google.android.gms/org.microg.gms.ui.SettingsActivity for user 0: +238ms
11-29 09:24:32.891 1119 7619 I QC2C2DEngine: calcYSize: unsupported or RGB color format, RGBA8888(1)
11-29 09:24:32.897 8223 8223 I flags_health_check: ServerConfigurableFlagsReset reset_mode value: 1
11-29 09:24:32.897 8223 8223 I flags_health_check: ServerConfigurableFlagsReset updatable crashing detected, resetting flags.
11-29 09:24:32.909 1119 7619 I QC2C2DEngine: calcYSize: unsupported or RGB color format, RGBA8888(1)
11-29 09:24:32.912 1278 2165 I ImeTracker: com.google.android.gms:8c7e4aab: onRequestHide at ORIGIN_SERVER reason HIDE_UNSPECIFIED_WINDOW fromUser false
11-29 09:24:32.912 1278 2165 I ImeTracker: com.google.android.gms:8c7e4aab: onCancelled at PHASE_SERVER_SHOULD_HIDE
11-29 09:24:32.924 1119 7619 I QC2C2DEngine: calcYSize: unsupported or RGB color format, RGBA8888(1)
11-29 09:24:32.926 4097 4297 W HidlServiceManagement: Waited one second for android.hardware.drm@1.0::IDrmFactory/widevine
11-29 09:24:32.926 643 643 I hwservicemanager: Since android.hardware.drm@1.0::IDrmFactory/widevine is not registered, trying to start it as a lazy HAL (if it's not configured to be a lazy HAL, it may be stuck starting or still starting).
11-29 09:24:32.927 4097 4297 I HidlServiceManagement: getService: Trying again for android.hardware.drm@1.0::IDrmFactory/widevine...
11-29 09:24:32.941 1119 7619 I QC2C2DEngine: calcYSize: unsupported or RGB color format, RGBA8888(1)
11-29 09:24:32.958 1119 7619 I QC2C2DEngine: calcYSize: unsupported or RGB color format, RGBA8888(1)
11-29 09:24:32.958 8226 8226 F linker : CANNOT LINK EXECUTABLE "/vendor/bin/hw/android.hardware.drm@1.3-service.widevine": cannot locate symbol "CBS_init" referenced by "/vendor/lib64/libwvhidl.so"...
11-29 09:24:32.974 1119 7619 I QC2C2DEngine: calcYSize: unsupported or RGB color format, RGBA8888(1)
11-29 09:24:32.990 1119 7619 I QC2C2DEngine: calcYSize: unsupported or RGB color format, RGBA8888(1)
