11-29 09:23:52.399 7841 7841 V AconfigFlags: Read Aconfig default flag value com.android.text.flags.complete_font_load_in_system_services_ready = true
11-29 09:23:52.400 7841 7841 V AconfigFlags: Read Aconfig default flag value com.android.text.flags.deprecate_ui_fonts = true
11-29 09:23:52.400 7841 7841 V AconfigFlags: Read Aconfig default flag value com.android.text.flags.disable_handwriting_initiator_for_ime = true
11-29 09:23:52.400 7841 7841 V AconfigFlags: Read Aconfig default flag value com.android.text.flags.escape_clears_focus = true
11-29 09:23:52.400 7841 7841 V AconfigFlags: Read Aconfig default flag value com.android.text.flags.fix_double_underline = true
11-29 09:23:52.400 7841 7841 V AconfigFlags: Read Aconfig default flag value com.android.text.flags.fix_font_update_failure = true
11-29 09:23:52.400 7841 7841 V AconfigFlags: Read Aconfig default flag value com.android.text.flags.fix_line_height_for_locale = true
11-29 09:23:52.400 7841 7841 V AconfigFlags: Read Aconfig default flag value com.android.text.flags.fix_misaligned_context_menu = true
11-29 09:23:52.400 7841 7841 V AconfigFlags: Read Aconfig default flag value com.android.text.flags.fix_null_typeface_bolding = false
11-29 09:23:52.400 7841 7841 V AconfigFlags: Read Aconfig default flag value com.android.text.flags.handwriting_cursor_position = true
11-29 09:23:52.400 7841 7841 V AconfigFlags: Read Aconfig default flag value com.android.text.flags.handwriting_end_of_line_tap = true
11-29 09:23:52.400 7841 7841 V AconfigFlags: Read Aconfig default flag value com.android.text.flags.handwriting_unsupported_message = true
11-29 09:23:52.400 7841 7841 V AconfigFlags: Read Aconfig default flag value com.android.text.flags.icu_bidi_migration = true
11-29 09:23:52.400 7841 7841 V AconfigFlags: Read Aconfig default flag value com.android.text.flags.insert_mode_crash_when_delete = true
11-29 09:23:52.400 7841 7841 V AconfigFlags: Read Aconfig default flag value com.android.text.flags.insert_mode_not_update_selection = false
11-29 09:23:52.400 7841 7841 V AconfigFlags: Read Aconfig default flag value com.android.text.flags.lazy_variation_instance = true
11-29 09:23:52.400 7841 7841 V AconfigFlags: Read Aconfig default flag value com.android.text.flags.letter_spacing_justification = true
11-29 09:23:52.400 7841 7841 V AconfigFlags: Read Aconfig default flag value com.android.text.flags.missing_getter_apis = false
11-29 09:23:52.400 7841 7841 V AconfigFlags: Read Aconfig default flag value com.android.text.flags.new_fonts_fallback_xml = true
11-29 09:23:52.400 7841 7841 V AconfigFlags: Read Aconfig default flag value com.android.text.flags.no_break_no_hyphenation_span = true
11-29 09:23:52.400 7841 7841 V AconfigFlags: Read Aconfig default flag value com.android.text.flags.phrase_strict_fallback = true
11-29 09:23:52.400 7841 7841 V AconfigFlags: Read Aconfig default flag value com.android.text.flags.rust_hyphenator = false
11-29 09:23:52.400 7841 7841 V AconfigFlags: Read Aconfig default flag value com.android.text.flags.use_bounds_for_width = true
11-29 09:23:52.400 7841 7841 V AconfigFlags: Read Aconfig default flag value com.android.text.flags.use_optimized_boottime_font_loading = true
11-29 09:23:52.400 7841 7841 V AconfigFlags: Read Aconfig default flag value com.android.text.flags.vendor_custom_locale_fallback = true
11-29 09:23:52.400 7841 7841 V AconfigFlags: Read Aconfig default flag value com.android.text.flags.word_style_auto = true
11-29 09:23:52.400 7841 7841 V AconfigFlags: Read Aconfig default flag value com.android.window.flags.activity_embedding_animation_customization_flag = false
11-29 09:23:52.400 7841 7841 V AconfigFlags: Read Aconfig default flag value com.android.window.flags.activity_embedding_interactive_divider_flag = true
11-29 09:23:52.400 7841 7841 V AconfigFlags: Read Aconfig default flag value com.android.window.flags.activity_embedding_overlay_presentation_flag = true
11-29 09:23:52.400 7841 7841 V AconfigFlags: Read Aconfig default flag value com.android.window.flags.activity_snapshot_by_default = true
11-29 09:23:52.400 7841 7841 V AconfigFlags: Read Aconfig default flag value com.android.window.flags.activity_window_info_flag = true
11-29 09:23:52.400 7841 7841 V AconfigFlags: Read Aconfig default flag value com.android.window.flags.allow_disable_activity_record_input_sink = true
11-29 09:23:52.400 7841 7841 V AconfigFlags: Read Aconfig default flag value com.android.window.flags.allow_hide_scm_button = true
11-29 09:23:52.400 7841 7841 V AconfigFlags: Read Aconfig default flag value com.android.window.flags.allows_screen_size_decoupled_from_status_bar_and_cutout = true
11-29 09:23:52.400 7841 7841 V AconfigFlags: Read Aconfig default flag value com.android.window.flags.always_defer_transition_when_apply_wct = true
11-29 09:23:52.400 7841 7841 V AconfigFlags: Read Aconfig default flag value com.android.window.flags.always_draw_magnification_fullscreen_border = true
11-29 09:23:52.400 7841 7841 V AconfigFlags: Read Aconfig default flag value com.android.window.flags.always_update_wallpaper_permission = true
11-29 09:23:52.400 7841 7841 V AconfigFlags: Read Aconfig default flag value com.android.window.flags.app_compat_properties_api = true
11-29 09:23:52.400 7841 7841 V AconfigFlags: Read Aconfig default flag value com.android.window.flags.app_compat_refactoring = false
11-29 09:23:52.400 7841 7841 V AconfigFlags: Read Aconfig default flag value com.android.window.flags.bal_dont_bring_existing_background_task_stack_to_fg = true
11-29 09:23:52.400 7841 7841 V AconfigFlags: Read Aconfig default flag value com.android.window.flags.bal_improve_real_caller_visibility_check = true
11-29 09:23:52.400 7841 7841 V AconfigFlags: Read Aconfig default flag value com.android.window.flags.bal_improved_metrics = false
11-29 09:23:52.400 7841 7841 V AconfigFlags: Read Aconfig default flag value com.android.window.flags.bal_require_opt_in_by_pending_intent_creator = true
11-29 09:23:52.400 7841 7841 V AconfigFlags: Read Aconfig default flag value com.android.window.flags.bal_require_opt_in_same_uid = false
11-29 09:23:52.400 7841 7841 V AconfigFlags: Read Aconfig default flag value com.android.window.flags.bal_respect_app_switch_state_when_check_bound_by_foreground_uid = true
11-29 09:23:52.400 7841 7841 V AconfigFlags: Read Aconfig default flag value com.android.window.flags.bal_show_toasts = false
11-29 09:23:52.400 7841 7841 V AconfigFlags: Read Aconfig default flag value com.android.window.flags.bal_show_toasts_blocked = false
11-29 09:23:52.400 7841 7841 V AconfigFlags: Read Aconfig default flag value com.android.window.flags.blast_sync_notification_shade_on_display_switch = false
11-29 09:23:52.400 7841 7841 V AconfigFlags: Read Aconfig default flag value com.android.window.flags.bundle_client_transaction_flag = true
11-29 09:23:52.400 7841 7841 V AconfigFlags: Read Aconfig default flag value com.android.window.flags.camera_compat_for_freeform = false
11-29 09:23:52.400 7841 7841 V AconfigFlags: Read Aconfig default flag value com.android.window.flags.close_to_square_config_includes_status_bar = false
11-29 09:23:52.400 7841 7841 V AconfigFlags: Read Aconfig default flag value com.android.window.flags.configurable_font_scale_default = true
11-29 09:23:52.400 7841 7841 V AconfigFlags: Read Aconfig default flag value com.android.window.flags.cover_display_opt_in = true
11-29 09:23:52.400 7841 7841 V AconfigFlags: Read Aconfig default flag value com.android.window.flags.defer_display_updates = true
11-29 09:23:52.400 7841 7841 V AconfigFlags: Read Aconfig default flag value com.android.window.flags.delay_notification_to_magnification_when_recents_window_to_front_transition = true
11-29 09:23:52.400 7841 7841 V AconfigFlags: Read Aconfig default flag value com.android.window.flags.delegate_unhandled_drags = true
11-29 09:23:52.400 7841 7841 V AconfigFlags: Read Aconfig default flag value com.android.window.flags.delete_capture_display = true
11-29 09:23:52.400 7841 7841 V AconfigFlags: Read Aconfig default flag value com.android.window.flags.density_390_api = true
11-29 09:23:52.400 7841 7841 V AconfigFlags: Read Aconfig default flag value com.android.window.flags.disable_object_pool = false
11-29 09:23:52.400 7841 7841 V AconfigFlags: Read Aconfig default flag value com.android.window.flags.disable_thin_letterboxing_policy = true
11-29 09:23:52.400 7841 7841 V AconfigFlags: Read Aconfig default flag value com.android.window.flags.do_not_check_intersection_when_non_magnifiable_window_transitions = false
11-29 09:23:52.400 7841 7841 V AconfigFlags: Read Aconfig default flag value com.android.window.flags.draw_snapshot_aspect_ratio_match = false
11-29 09:23:52.400 7841 7841 V AconfigFlags: Read Aconfig default flag value com.android.window.flags.edge_to_edge_by_default = false
11-29 09:23:52.400 7841 7841 V AconfigFlags: Read Aconfig default flag value com.android.window.flags.embedded_activity_back_nav_flag = true
11-29 09:23:52.400 7841 7841 V AconfigFlags: Read Aconfig default flag value com.android.window.flags.enable_additional_windows_above_status_bar = false
11-29 09:23:52.400 7841 7841 V AconfigFlags: Read Aconfig default flag value com.android.window.flags.enable_app_header_with_task_density = false
11-29 09:23:52.400 7841 7841 V AconfigFlags: Read Aconfig default flag value com.android.window.flags.enable_buffer_transform_hint_from_display = true
11-29 09:23:52.400 7841 7841 V AconfigFlags: Read Aconfig default flag value com.android.window.flags.enable_camera_compat_for_desktop_windowing = false
11-29 09:23:52.400 7841 7841 V AconfigFlags: Read Aconfig default flag value com.android.window.flags.enable_compatui_sysui_launcher = false
11-29 09:23:52.400 7841 7841 V AconfigFlags: Read Aconfig default flag value com.android.window.flags.enable_desktop_windowing_immersive_handle_hiding = false
11-29 09:23:52.400 7841 7841 V AconfigFlags: Read Aconfig default flag value com.android.window.flags.enable_desktop_windowing_modals_policy = false
11-29 09:23:52.400 7841 7841 V AconfigFlags: Read Aconfig default flag value com.android.window.flags.enable_desktop_windowing_mode = false
11-29 09:23:52.400 7841 7841 V AconfigFlags: Read Aconfig default flag value com.android.window.flags.enable_desktop_windowing_quick_switch = false
11-29 09:23:52.400 7841 7841 V AconfigFlags: Read Aconfig default flag value com.android.window.flags.enable_desktop_windowing_scvh_cache = false
11-29 09:23:52.400 7841 7841 V AconfigFlags: Read Aconfig default flag value com.android.window.flags.enable_desktop_windowing_size_constraints = false
11-29 09:23:52.400 7841 7841 V AconfigFlags: Read Aconfig default flag value com.android.window.flags.enable_desktop_windowing_task_limit = false
11-29 09:23:52.400 7841 7841 V AconfigFlags: Read Aconfig default flag value com.android.window.flags.enable_desktop_windowing_taskbar_running_apps = false
11-29 09:23:52.400 7841 7841 V AconfigFlags: Read Aconfig default flag value com.android.window.flags.enable_desktop_windowing_wallpaper_activity = false
11-29 09:23:52.400 7841 7841 V AconfigFlags: Read Aconfig default flag value com.android.window.flags.enable_scaled_resizing = false
11-29 09:23:52.400 7841 7841 V AconfigFlags: Read Aconfig default flag value com.android.window.flags.enable_task_stack_observer_in_shell = false
11-29 09:23:52.400 7841 7841 V AconfigFlags: Read Aconfig default flag value com.android.window.flags.enable_themed_app_headers = false
11-29 09:23:52.400 7841 7841 V AconfigFlags: Read Aconfig default flag value com.android.window.flags.enable_windowing_dynamic_initial_bounds = false
11-29 09:23:52.400 7841 7841 V AconfigFlags: Read Aconfig default flag value com.android.window.flags.enable_windowing_edge_drag_resize = false
11-29 09:23:52.400 7841 7841 V AconfigFlags: Read Aconfig default flag value com.android.window.flags.enable_wm_extensions_for_all_flag = true
11-29 09:23:52.400 7841 7841 V AconfigFlags: Read Aconfig default flag value com.android.window.flags.enforce_edge_to_edge = true
11-29 09:23:52.400 7841 7841 V AconfigFlags: Read Aconfig default flag value com.android.window.flags.ensure_wallpaper_in_transitions = false
11-29 09:23:52.400 7841 7841 V AconfigFlags: Read Aconfig default flag value com.android.window.flags.explicit_refresh_rate_hints = true
11-29 09:23:52.400 7841 7841 V AconfigFlags: Read Aconfig default flag value com.android.window.flags.fifo_priority_for_major_ui_processes = false
11-29 09:23:52.400 7841 7841 V AconfigFlags: Read Aconfig default flag value com.android.window.flags.fix_no_container_update_without_resize = true
11-29 09:23:52.400 7841 7841 V AconfigFlags: Read Aconfig default flag value com.android.window.flags.fix_pip_restore_to_overlay = true
11-29 09:23:52.400 7841 7841 V AconfigFlags: Read Aconfig default flag value com.android.window.flags.fullscreen_dim_flag = true
11-29 09:23:52.400 7841 7841 V AconfigFlags: Read Aconfig default flag value com.android.window.flags.get_dimmer_on_closing = false
11-29 09:23:52.400 7841 7841 V AconfigFlags: Read Aconfig default flag value com.android.window.flags.immersive_app_repositioning = true
11-29 09:23:52.400 7841 7841 V AconfigFlags: Read Aconfig default flag value com.android.window.flags.insets_control_changed_item = true
11-29 09:23:52.401 1119 7619 I QC2C2DEngine: calcYSize: unsupported or RGB color format, RGBA8888(1)
11-29 09:23:52.402 7841 7841 V AconfigFlags: Read Aconfig default flag value com.android.launcher3.enable_add_app_widget_via_config_activity_v2 = true
11-29 09:23:52.402 7841 7841 V AconfigFlags: Read Aconfig default flag value com.android.launcher3.enable_additional_home_animations = true
11-29 09:23:52.402 7841 7841 V AconfigFlags: Read Aconfig default flag value com.android.launcher3.enable_categorized_widget_suggestions = true
11-29 09:23:52.402 7841 7841 V AconfigFlags: Read Aconfig default flag value com.android.launcher3.enable_cursor_hover_states = true
11-29 09:23:52.402 7841 7841 V AconfigFlags: Read Aconfig default flag value com.android.launcher3.enable_expanding_pause_work_button = false
11-29 09:23:52.402 7841 7841 V AconfigFlags: Read Aconfig default flag value com.android.launcher3.enable_fallback_overview_in_window = false
11-29 09:23:52.402 7841 7841 V AconfigFlags: Read Aconfig default flag value com.android.launcher3.enable_first_screen_broadcast_archiving_extras = false
11-29 09:23:52.402 7841 7841 V AconfigFlags: Read Aconfig default flag value com.android.launcher3.enable_focus_outline = true
11-29 09:23:52.402 7841 7841 V AconfigFlags: Read Aconfig default flag value com.android.launcher3.enable_generated_previews = true
11-29 09:23:52.402 7841 7841 V AconfigFlags: Read Aconfig default flag value com.android.launcher3.enable_grid_migration_fix = true
11-29 09:23:52.402 7841 7841 V AconfigFlags: Read Aconfig default flag value com.android.launcher3.enable_grid_only_overview = false
11-29 09:23:52.402 7841 7841 V AconfigFlags: Read Aconfig default flag value com.android.launcher3.enable_handle_delayed_gesture_callbacks = true
11-29 09:23:52.402 7841 7841 V AconfigFlags: Read Aconfig default flag value com.android.launcher3.enable_home_transition_listener = true
11-29 09:23:52.402 7841 7841 V AconfigFlags: Read Aconfig default flag value com.android.launcher3.enable_launcher_br_metrics_fixed = true
11-29 09:23:52.402 7841 7841 V AconfigFlags: Read Aconfig default flag value com.android.launcher3.enable_narrow_grid_restore = true
11-29 09:23:52.402 7841 7841 V AconfigFlags: Read Aconfig default flag value com.android.launcher3.enable_overview_icon_menu = false
11-29 09:23:52.402 7841 7841 V AconfigFlags: Read Aconfig default flag value com.android.launcher3.enable_predictive_back_gesture = true
11-29 09:23:52.402 7841 7841 V AconfigFlags: Read Aconfig default flag value com.android.launcher3.enable_private_space = true
11-29 09:23:52.402 7841 7841 V AconfigFlags: Read Aconfig default flag value com.android.launcher3.enable_private_space_install_shortcut = true
11-29 09:23:52.402 7841 7841 V AconfigFlags: Read Aconfig default flag value com.android.launcher3.enable_reboot_unlock_animation = false
11-29 09:23:52.402 7841 7841 V AconfigFlags: Read Aconfig default flag value com.android.launcher3.enable_recents_in_taskbar = false
11-29 09:23:52.402 7841 7841 V AconfigFlags: Read Aconfig default flag value com.android.launcher3.enable_refactor_task_thumbnail = false
11-29 09:23:52.402 7841 7841 V AconfigFlags: Read Aconfig default flag value com.android.launcher3.enable_responsive_workspace = true
11-29 09:23:52.402 7841 7841 V AconfigFlags: Read Aconfig default flag value com.android.launcher3.enable_scaling_reveal_home_animation = false
11-29 09:23:52.402 7841 7841 V AconfigFlags: Read Aconfig default flag value com.android.launcher3.enable_shortcut_dont_suggest_app = true
11-29 09:23:52.402 7841 7841 V AconfigFlags: Read Aconfig default flag value com.android.launcher3.enable_smartspace_as_a_widget = false
11-29 09:23:52.402 7841 7841 V AconfigFlags: Read Aconfig default flag value com.android.launcher3.enable_smartspace_removal_toggle = false
11-29 09:23:52.402 7841 7841 V AconfigFlags: Read Aconfig default flag value com.android.launcher3.enable_support_for_archiving = true
11-29 09:23:52.402 7841 7841 V AconfigFlags: Read Aconfig default flag value com.android.launcher3.enable_tablet_two_pane_picker_v2 = false
11-29 09:23:52.402 7841 7841 V AconfigFlags: Read Aconfig default flag value com.android.launcher3.enable_taskbar_customization = false
11-29 09:23:52.402 7841 7841 V AconfigFlags: Read Aconfig default flag value com.android.launcher3.enable_taskbar_no_recreate = false
11-29 09:23:52.402 7841 7841 V AconfigFlags: Read Aconfig default flag value com.android.launcher3.enable_taskbar_pinning = true
11-29 09:23:52.402 7841 7841 V AconfigFlags: Read Aconfig default flag value com.android.launcher3.enable_two_pane_launcher_settings = false
11-29 09:23:52.402 7841 7841 V AconfigFlags: Read Aconfig default flag value com.android.launcher3.enable_twoline_allapps = false
11-29 09:23:52.402 7841 7841 V AconfigFlags: Read Aconfig default flag value com.android.launcher3.enable_twoline_toggle = true
11-29 09:23:52.402 7841 7841 V AconfigFlags: Read Aconfig default flag value com.android.launcher3.enable_unfold_state_animation = false
11-29 09:23:52.402 7841 7841 V AconfigFlags: Read Aconfig default flag value com.android.launcher3.enable_unfolded_two_pane_picker = true
11-29 09:23:52.402 7841 7841 V AconfigFlags: Read Aconfig default flag value com.android.launcher3.enable_widget_tap_to_add = true
11-29 09:23:52.402 7841 7841 V AconfigFlags: Read Aconfig default flag value com.android.launcher3.enable_workspace_inflation = false
11-29 09:23:52.402 7841 7841 V AconfigFlags: Read Aconfig default flag value com.android.launcher3.enabled_folders_in_all_apps = false
11-29 09:23:52.402 7841 7841 V AconfigFlags: Read Aconfig default flag value com.android.launcher3.floating_search_bar = false
11-29 09:23:52.402 7841 7841 V AconfigFlags: Read Aconfig default flag value com.android.launcher3.force_monochrome_app_icons = false
11-29 09:23:52.402 7841 7841 V AconfigFlags: Read Aconfig default flag value com.android.launcher3.private_space_add_floating_mask_view = false
11-29 09:23:52.402 7841 7841 V AconfigFlags: Read Aconfig default flag value com.android.launcher3.private_space_animation = true
11-29 09:23:52.402 7841 7841 V AconfigFlags: Read Aconfig default flag value com.android.launcher3.private_space_app_installer_button = true
11-29 09:23:52.402 7841 7841 V AconfigFlags: Read Aconfig default flag value com.android.launcher3.private_space_restrict_accessibility_drag = true
11-29 09:23:52.402 7841 7841 V AconfigFlags: Read Aconfig default flag value com.android.launcher3.private_space_restrict_item_drag = true
11-29 09:23:52.402 7841 7841 V AconfigFlags: Read Aconfig default flag value com.android.launcher3.private_space_sys_apps_separation = true
11-29 09:23:52.402 7841 7841 V AconfigFlags: Read Aconfig default flag value com.android.launcher3.use_activity_overlay = true
11-29 09:23:52.402 7841 7841 V AconfigFlags: Read Aconfig default flag value com.android.settings.accessibility.add_brightness_settings_in_suw = false
11-29 09:23:52.402 7841 7841 V AconfigFlags: Read Aconfig default flag value com.android.settings.accessibility.edit_shortcuts_in_full_screen = true
11-29 09:23:52.402 7841 7841 V AconfigFlags: Read Aconfig default flag value com.android.settings.accessibility.enable_color_contrast_control = true
11-29 09:23:52.402 7841 7841 V AconfigFlags: Read Aconfig default flag value com.android.settings.accessibility.enable_hearing_aid_preset_control = true
11-29 09:23:52.402 7841 7841 V AconfigFlags: Read Aconfig default flag value com.android.settings.accessibility.enable_hearing_aid_volume_offset_control = false
11-29 09:23:52.402 7841 7841 V AconfigFlags: Read Aconfig default flag value com.android.settings.accessibility.hide_magnification_always_on_toggle_when_window_mode_only = false
11-29 09:23:52.402 7841 7841 V AconfigFlags: Read Aconfig default flag value com.android.settings.accessibility.remove_qs_tooltip_in_suw = false
11-29 09:23:52.402 7841 7841 V AconfigFlags: Read Aconfig default flag value com.android.settings.development.a2dp_offload_codec_extensibility_settings = false
11-29 09:23:52.402 7841 7841 V AconfigFlags: Read Aconfig default flag value com.android.settings.development.deprecate_list_activity = false
11-29 09:23:52.402 7841 7841 V AconfigFlags: Read Aconfig default flag value com.android.settings.factory_reset.enable_factory_reset_wizard = true
11-29 09:23:52.402 7841 7841 V AconfigFlags: Read Aconfig default flag value com.android.settings.flags.accessibility_customize_text_reading_preview = false
11-29 09:23:52.402 7841 7841 V AconfigFlags: Read Aconfig default flag value com.android.settings.flags.accessibility_show_app_info_button = true
11-29 09:23:52.402 7841 7841 V AconfigFlags: Read Aconfig default flag value com.android.settings.flags.app_archiving = false
11-29 09:23:52.402 7841 7841 V AconfigFlags: Read Aconfig default flag value com.android.settings.flags.biometric_settings_provider = true
11-29 09:23:52.402 7841 7841 V AconfigFlags: Read Aconfig default flag value com.android.settings.flags.datetime_feedback = false
11-29 09:23:52.402 7841 7841 V AconfigFlags: Read Aconfig default flag value com.android.settings.flags.dedupe_dnd_settings_channels = true
11-29 09:23:52.402 7841 7841 V AconfigFlags: Read Aconfig default flag value com.android.settings.flags.development_game_default_frame_rate = true
11-29 09:23:52.402 7841 7841 V AconfigFlags: Read Aconfig default flag value com.android.settings.flags.development_hdr_sdr_ratio = true
11-29 09:23:52.402 7841 7841 V AconfigFlags: Read Aconfig default flag value com.android.settings.flags.dynamic_injection_category = false
11-29 09:23:52.402 7841 7841 V AconfigFlags: Read Aconfig default flag value com.android.settings.flags.enable_auth_challenge_for_usb_preferences = true
11-29 09:23:52.402 7841 7841 V AconfigFlags: Read Aconfig default flag value com.android.settings.flags.enable_bluetooth_profile_toggle_visibility_checker = true
11-29 09:23:52.402 7841 7841 V AconfigFlags: Read Aconfig default flag value com.android.settings.flags.enable_bonded_bluetooth_device_searchable = false
11-29 09:23:52.402 7841 7841 V AconfigFlags: Read Aconfig default flag value com.android.settings.flags.enable_device_diagnostics_in_settings = false
11-29 09:23:52.402 7841 7841 V AconfigFlags: Read Aconfig default flag value com.android.settings.flags.enable_offload_bluetooth_operations_to_background_thread = false
11-29 09:23:52.402 7841 7841 V AconfigFlags: Read Aconfig default flag value com.android.settings.flags.enable_perform_backup_tasks_in_settings = false
11-29 09:23:52.402 7841 7841 V AconfigFlags: Read Aconfig default flag value com.android.settings.flags.enable_sound_backup = true
11-29 09:23:52.402 7841 7841 V AconfigFlags: Read Aconfig default flag value com.android.settings.flags.enable_subsequent_pair_settings_integration = true
11-29 09:23:52.402 7841 7841 V AconfigFlags: Read Aconfig default flag value com.android.settings.flags.enable_voice_activation_apps_in_settings = false
11-29 09:23:52.402 7841 7841 V AconfigFlags: Read Aconfig default flag value com.android.settings.flags.fingerprint_v2_enrollment = false
11-29 09:23:52.402 7841 7841 V AconfigFlags: Read Aconfig default flag value com.android.settings.flags.hide_le_audio_toggle_for_le_audio_only_device = false
11-29 09:23:52.402 7841 7841 V AconfigFlags: Read Aconfig default flag value com.android.settings.flags.homepage_revamp = false
11-29 09:23:52.402 7841 7841 V AconfigFlags: Read Aconfig default flag value com.android.settings.flags.internet_preference_controller_v2 = false
11-29 09:23:52.402 7841 7841 V AconfigFlags: Read Aconfig default flag value com.android.settings.flags.is_dual_sim_onboarding_enabled = true
11-29 09:23:52.402 7841 7841 V AconfigFlags: Read Aconfig default flag value com.android.settings.flags.locale_notification_enabled = true
11-29 09:23:52.402 7841 7841 V AconfigFlags: Read Aconfig default flag value com.android.settings.flags.mainline_module_explicit_intent = true
11-29 09:23:52.402 7841 7841 V AconfigFlags: Read Aconfig default flag value com.android.settings.flags.new_apn_page_enabled = true
11-29 09:23:52.402 7841 7841 V AconfigFlags: Read Aconfig default flag value com.android.settings.flags.new_hearing_device_pairing_page = false
11-29 09:23:52.402 7841 7841 V AconfigFlags: Read Aconfig default flag value com.android.settings.flags.protect_lock_after_timeout_with_auth = true
11-29 09:23:52.402 7841 7841 V AconfigFlags: Read Aconfig default flag value com.android.settings.flags.protect_screen_timeout_with_auth = true
11-29 09:23:52.402 7841 7841 V AconfigFlags: Read Aconfig default flag value com.android.settings.flags.refactor_print_settings = false
11-29 09:23:52.402 7841 7841 V AconfigFlags: Read Aconfig default flag value com.android.settings.flags.remove_key_hide_enable_2g = true
11-29 09:23:52.402 7841 7841 V AconfigFlags: Read Aconfig default flag value com.android.settings.flags.separate_accessibility_vibration_settings_fragments = false
11-29 09:23:52.402 7841 7841 V AconfigFlags: Read Aconfig default flag value com.android.settings.flags.sfps_enroll_refinement = true
11-29 09:23:52.402 7841 7841 V AconfigFlags: Read Aconfig default flag value com.android.settings.flags.show_factory_reset_cancel_button = true
11-29 09:23:52.402 7841 7841 V AconfigFlags: Read Aconfig default flag value com.android.settings.flags.slices_retirement = false
11-29 09:23:52.402 7841 7841 V AconfigFlags: Read Aconfig default flag value com.android.settings.flags.terms_of_address_enabled = true
11-29 09:23:52.402 7841 7841 V AconfigFlags: Read Aconfig default flag value com.android.settings.flags.thread_settings_enabled = false
11-29 09:23:52.402 7841 7841 V AconfigFlags: Read Aconfig default flag value com.android.settings.flags.udfps_enroll_calibration = true
11-29 09:23:52.402 7841 7841 V AconfigFlags: Read Aconfig default flag value com.android.settings.media_drm.force_l3_enabled = true
11-29 09:23:52.403 7841 7841 V AconfigFlags: Read Aconfig default flag value com.android.graphics.libgui.flags.bq_extendedallocate = false
11-29 09:23:52.403 7841 7841 V AconfigFlags: Read Aconfig default flag value com.android.graphics.libgui.flags.bq_setframerate = true
11-29 09:23:52.403 7841 7841 V AconfigFlags: Read Aconfig default flag value com.android.graphics.libgui.flags.frametimestamps_previousrelease = true
11-29 09:23:52.403 7841 7841 V AconfigFlags: Read Aconfig default flag value com.android.graphics.libgui.flags.trace_frame_rate_override = false
11-29 09:23:52.403 7841 7841 V AconfigFlags: Read Aconfig default flag value com.android.media.audioserver.direct_track_reprioritization = true
11-29 09:23:52.403 7841 7841 V AconfigFlags: Read Aconfig default flag value com.android.media.audioserver.effect_chain_callback_improve = false
11-29 09:23:52.403 7841 7841 V AconfigFlags: Read Aconfig default flag value com.android.media.audioserver.fdtostring_timeout_fix = true
11-29 09:23:52.403 7841 7841 V AconfigFlags: Read Aconfig default flag value com.android.media.audioserver.fix_concurrent_playback_behavior_with_bit_perfect_client = false
11-29 09:23:52.403 7841 7841 V AconfigFlags: Read Aconfig default flag value com.android.media.audioserver.fix_input_sharing_logic = false
11-29 09:23:52.403 7841 7841 V AconfigFlags: Read Aconfig default flag value com.android.media.audioserver.mutex_priority_inheritance = true
11-29 09:23:52.403 7841 7841 V AconfigFlags: Read Aconfig default flag value com.android.media.audioserver.use_bt_sco_for_media = false
11-29 09:23:52.403 7841 7841 V AconfigFlags: Read Aconfig default flag value com.android.media.codec.flags.aidl_hal = true
11-29 09:23:52.403 7841 7841 V AconfigFlags: Read Aconfig default flag value com.android.media.codec.flags.codec_importance = true
11-29 09:23:52.403 7841 7841 V AconfigFlags: Read Aconfig default flag value com.android.media.codec.flags.large_audio_frame = true
11-29 09:23:52.405 7841 7841 D CompatChangeReporter: Compat change id reported: 312399441; UID 10043; state: ENABLED
11-29 09:23:52.427 1479 7620 D BufferPoolAccessor2.0: bufferpool2 0xb4000073b6481f08 : 3(7500 size) total buffers - 1(3000 size) used buffers - 2557/2560 (recycle/alloc) - 2/2558 (fetch/transfer)
11-29 09:23:52.440 1278 1304 D CoreBackPreview: Window{ab9965a u0 com.android.packageinstaller/com.android.packageinstaller.PackageInstallerActivity}: Setting back callback OnBackInvokedCallbackInfo{mCallback=android.window.IOnBackInvokedCallback$Stub$Proxy@47a9603, mPriority=0, mIsAnimationCallback=false}
11-29 09:23:52.467 1119 7619 I QC2C2DEngine: calcYSize: unsupported or RGB color format, RGBA8888(1)
11-29 09:23:52.476 1278 2744 D CoreBackPreview: Window{eae80bd u0 com.android.packageinstaller/com.android.packageinstaller.PackageInstallerActivity}: Setting back callback OnBackInvokedCallbackInfo{mCallback=android.window.IOnBackInvokedCallback$Stub$Proxy@b38f980, mPriority=0, mIsAnimationCallback=false}
11-29 09:23:52.486 1119 7619 I QC2C2DEngine: calcYSize: unsupported or RGB color format, RGBA8888(1)
11-29 09:23:52.490 1278 1317 I ActivityTaskManager: Displayed com.android.packageinstaller/.PackageInstallerActivity for user 0: +169ms
11-29 09:23:52.490 2494 7188 V WindowManagerShell: onTransitionReady(transaction=5488968205575)
11-29 09:23:52.491 1278 1317 V WindowManager: Sent Transition (#31) createdAt=11-29 09:23:52.304 via request=TransitionRequestInfo { type = OPEN, triggerTask = TaskInfo{userId=0 taskId=37 displayId=0 isRunning=true baseIntent=Intent { act=android.intent.action.VIEW dat=content://downloads/... typ=application/vnd.android.package-archive flg=0x13800001 cmp=com.android.packageinstaller/.InstallStart } baseActivity=ComponentInfo{com.android.packageinstaller/com.android.packageinstaller.InstallStaging} topActivity=ComponentInfo{com.android.packageinstaller/com.android.packageinstaller.DeleteStagedFileOnResult} origActivity=null realActivity=ComponentInfo{com.android.packageinstaller/com.android.packageinstaller.InstallStart} numActivities=2 lastActiveTime=907240 supportsMultiWindow=true resizeMode=1 isResizeable=true minWidth=-1 minHeight=-1 defaultMinSize=200 token=WCT{RemoteToken{50df769 Task{80993d7 #37 type=standard A=10043:com.android.packageinstaller}}} topActivityType=1 pictureInPictureParams=null shouldDockBigOverlays=false launchIntoPipHostTaskId=-1 lastParentTaskIdBeforePip=-1 displayCutoutSafeInsets=Rect(0, 114 - 0, 0) topActivityInfo=ActivityInfo{72ec27b com.android.packageinstaller.DeleteStagedFileOnResult} launchCookies=[] positionInParent=Point(0, 0) parentTaskId=-1 isFocused=true isVisible=true isVisibleRequested=true isSleeping=false locusId=null displayAreaFeatureId=1 isTopActivityTransparent=true appCompatTaskInfo=AppCompatTaskInfo { topActivityInSizeCompat=false topActivityEligibleForLetterboxEducation= falseisLetterboxEducationEnabled= false isLetterboxDoubleTapEnabled= false topActivityEligibleForUserAspectRatioButton= false topActivityBoundsLetterboxed= false isFromLetterboxDoubleTap= false topActivityLetterboxVerticalPosition= -1 topActivityLetterboxHorizontalPosition= -1 topActivityLetterboxWidth=1080 topActivityLetterboxHeight=2400 isUserFullscreenOverrideEnabled=false isSystemFullscreenOverrideEnabled=false cameraCompatTaskInfo=CameraCompatTaskInfo { cameraCompatControlState=hidden freeformCameraCompatMode=inactive}}}, pipTask = null, remoteTransition = null, displayChange = null, flags = 0, debugId = 31 }
11-29 09:23:52.491 1278 1317 V WindowManager: startWCT=WindowContainerTransaction { changes = {} hops = [] errorCallbackToken=null taskFragmentOrganizer=null }
11-29 09:23:52.491 2494 2531 V WindowManagerShell: onTransitionReady (#31) android.os.BinderProxy@da87a81: {id=31 t=OPEN f=0x0 trk=0 r=[0@Point(0, 0)] c=[{null m=OPEN f=TRANSLUCENT|FILLS_TASK|NO_ANIMATION leash=Surface(name=ActivityRecord{e2045e4 u0 com.android.packageinstaller/.PackageInstallerActivity)/@0xa168114 sb=Rect(0, 0 - 0, 0) eb=Rect(0, 0 - 1080, 2400) d=-1->0 r=-1->0:-1 bc=ffeff0f7 component=com.android.packageinstaller/.PackageInstallerActivity},{null m=OPEN f=TRANSLUCENT|FILLS_TASK|NO_ANIMATION leash=Surface(name=ActivityRecord{7d68cd9 u0 com.android.packageinstaller/.DeleteStagedFileOnResult)/@0x613dbd sb=Rect(0, 0 - 0, 0) eb=Rect(0, 0 - 1080, 2400) d=-1->0 r=-1->0:-1 bc=ffeff0f7 component=com.android.packageinstaller/.DeleteStagedFileOnResult},{null m=CLOSE f=TRANSLUCENT|FILLS_TASK leash=Surface(name=ActivityRecord{4e5e60 u0 com.android.packageinstaller/.InstallStaging)/@0x7650fb2 sb=Rect(0, 0 - 1080, 2400) eb=Rect(0, 0 - 1080, 2400) d=0 bc=ffeff0f7 component=com.android.packageinstaller/.InstallStaging}]}
11-29 09:23:52.492 2494 2531 V WindowManagerShell: Playing animation for (#31) android.os.BinderProxy@da87a81@0
11-29 09:23:52.493 2494 2531 V WindowManagerShell: try handler com.android.wm.shell.transition.DefaultMixedHandler@9605821
11-29 09:23:52.493 2494 2531 V WindowManagerShell: try handler com.android.wm.shell.keyguard.KeyguardTransitionHandler@365c446
11-29 09:23:52.493 2494 2531 V WindowManagerShell: try handler com.android.wm.shell.pip.PipTransition@3830621
11-29 09:23:52.493 2494 2531 V WindowManagerShell: try handler com.android.wm.shell.activityembedding.ActivityEmbeddingController@92dda46
11-29 09:23:52.493 2494 2531 V WindowManagerShell: try handler com.android.wm.shell.recents.RecentsTransitionHandler@92b7407
11-29 09:23:52.493 2494 2531 V ShellRecents: RecentsTransitionHandler.startAnimation: no controller found
11-29 09:23:52.493 2494 2531 V WindowManagerShell: try handler com.android.wm.shell.splitscreen.StageCoordinator@944b934
11-29 09:23:52.493 2494 2531 V WindowManagerShell: try handler com.android.wm.shell.transition.RemoteTransitionHandler@4e8e35d
11-29 09:23:52.494 2494 2531 V WindowManagerShell: Transition doesn't have explicit remote, search filters for match for {id=31 t=OPEN f=0x0 trk=0 r=[0@Point(0, 0)] c=[{null m=OPEN f=TRANSLUCENT|FILLS_TASK|NO_ANIMATION leash=Surface(name=ActivityRecord{e2045e4 u0 com.android.packageinstaller/.PackageInstallerActivity)/@0xa168114 sb=Rect(0, 0 - 0, 0) eb=Rect(0, 0 - 1080, 2400) d=-1->0 r=-1->0:-1 bc=ffeff0f7 component=com.android.packageinstaller/.PackageInstallerActivity},{null m=OPEN f=TRANSLUCENT|FILLS_TASK|NO_ANIMATION leash=Surface(name=ActivityRecord{7d68cd9 u0 com.android.packageinstaller/.DeleteStagedFileOnResult)/@0x613dbd sb=Rect(0, 0 - 0, 0) eb=Rect(0, 0 - 1080, 2400) d=-1->0 r=-1->0:-1 bc=ffeff0f7 component=com.android.packageinstaller/.DeleteStagedFileOnResult},{null m=CLOSE f=TRANSLUCENT|FILLS_TASK leash=Surface(name=ActivityRecord{4e5e60 u0 com.android.packageinstaller/.InstallStaging)/@0x7650fb2 sb=Rect(0, 0 - 1080, 2400) eb=Rect(0, 0 - 1080, 2400) d=0 bc=ffeff0f7 component=com.android.packageinstaller/.InstallStaging}]}
11-29 09:23:52.494 2494 2531 V WindowManagerShell: Checking filter Pair{{types=[] flags=0x0] notFlags=0x100 checks=[{atype=home independent=true modes=[OPEN,TO_FRONT] flags=NONE mustBeTask=false order=TOP topActivity=ComponentInfo{com.android.launcher3/com.android.launcher3.uioverrides.QuickstepLauncher} launchCookie=null},{atype=standard independent=true modes=[CLOSE,TO_BACK] flags=NONE mustBeTask=false order=ANY topActivity=null launchCookie=null}]} RemoteTransition { remoteTransition = android.window.IRemoteTransition$Stub$Proxy@35d54d2, appThread = android.app.IApplicationThread$Stub$Proxy@b0149a3, debugName = QuickstepLaunchHome }}
11-29 09:23:52.494 2494 2531 V WindowManagerShell: Delegate animation for (#31) to null
11-29 09:23:52.494 2494 2531 V WindowManagerShell: try handler com.android.wm.shell.transition.DefaultTransitionHandler@829fb88
11-29 09:23:52.494 2494 2531 V WindowManagerShell: start default transition animation, info = {id=31 t=OPEN f=0x0 trk=0 r=[0@Point(0, 0)] c=[{null m=OPEN f=TRANSLUCENT|FILLS_TASK|NO_ANIMATION leash=Surface(name=ActivityRecord{e2045e4 u0 com.android.packageinstaller/.PackageInstallerActivity)/@0xa168114 sb=Rect(0, 0 - 0, 0) eb=Rect(0, 0 - 1080, 2400) d=-1->0 r=-1->0:-1 bc=ffeff0f7 component=com.android.packageinstaller/.PackageInstallerActivity},{null m=OPEN f=TRANSLUCENT|FILLS_TASK|NO_ANIMATION leash=Surface(name=ActivityRecord{7d68cd9 u0 com.android.packageinstaller/.DeleteStagedFileOnResult)/@0x613dbd sb=Rect(0, 0 - 0, 0) eb=Rect(0, 0 - 1080, 2400) d=-1->0 r=-1->0:-1 bc=ffeff0f7 component=com.android.packageinstaller/.DeleteStagedFileOnResult},{null m=CLOSE f=TRANSLUCENT|FILLS_TASK leash=Surface(name=ActivityRecord{4e5e60 u0 com.android.packageinstaller/.InstallStaging)/@0x7650fb2 sb=Rect(0, 0 - 1080, 2400) eb=Rect(0, 0 - 1080, 2400) d=0 bc=ffeff0f7 component=com.android.packageinstaller/.InstallStaging}]}
11-29 09:23:52.495 1278 1317 V WindowManager: info={id=31 t=OPEN f=0x0 trk=0 r=[0@Point(0, 0)] c=[
11-29 09:23:52.495 1278 1317 V WindowManager: {null m=OPEN f=TRANSLUCENT|FILLS_TASK|NO_ANIMATION leash=Surface(name=ActivityRecord{e2045e4 u0 com.android.packageinstaller/.PackageInstallerActivity)/@0x9ea0a75 sb=Rect(0, 0 - 0, 0) eb=Rect(0, 0 - 1080, 2400) d=-1->0 r=-1->0:-1 bc=ffeff0f7 component=com.android.packageinstaller/.PackageInstallerActivity},
11-29 09:23:52.495 1278 1317 V WindowManager: {null m=OPEN f=TRANSLUCENT|FILLS_TASK|NO_ANIMATION leash=Surface(name=ActivityRecord{7d68cd9 u0 com.android.packageinstaller/.DeleteStagedFileOnResult)/@0x1f42dac sb=Rect(0, 0 - 0, 0) eb=Rect(0, 0 - 1080, 2400) d=-1->0 r=-1->0:-1 bc=ffeff0f7 component=com.android.packageinstaller/.DeleteStagedFileOnResult},
11-29 09:23:52.495 1278 1317 V WindowManager: {null m=CLOSE f=TRANSLUCENT|FILLS_TASK leash=Surface(name=ActivityRecord{4e5e60 u0 com.android.packageinstaller/.InstallStaging)/@0x1068f5f sb=Rect(0, 0 - 1080, 2400) eb=Rect(0, 0 - 1080, 2400) d=0 bc=ffeff0f7 component=com.android.packageinstaller/.InstallStaging}
11-29 09:23:52.495 1278 1317 V WindowManager: ]}
11-29 09:23:52.496 1278 2744 W UserManagerService: Requested status bar icon for non-badged user 0
11-29 09:23:52.498 2494 2531 V WindowManagerShell: Transition animation finished (aborted=false), notifying core (#31) android.os.BinderProxy@da87a81@0
11-29 09:23:52.500 1053 1053 I android.hardware.power-service-qti: Power setMode: 5 to: 0
11-29 09:23:52.504 1119 7619 I QC2C2DEngine: calcYSize: unsupported or RGB color format, RGBA8888(1)
11-29 09:23:52.506 1278 1317 V WindowManager: Finish Transition (#31): created at
11-29 09:23:52.304 collect-started=0.075ms request-sent=5.849ms started=10.195ms ready=45.983ms sent=183.94ms finished=196.615ms
11-29 09:23:52.506 7841 7841 D VRI[InstallStaging]: visibilityChanged oldVisibility=true newVisibility=false
11-29 09:23:52.509 2494 2531 V WindowManagerShell: Track 0 became idle
11-29 09:23:52.509 2494 2531 V WindowManagerShell: All active transition animations finished
11-29 09:23:52.509 2494 2531 V WindowManagerShell: animated by com.android.wm.shell.transition.DefaultTransitionHandler@829fb88
11-29 09:23:52.509 2494 2531 V WindowManagerShell: Track 0 became idle
11-29 09:23:52.509 2494 2531 V WindowManagerShell: All active transition animations finished
11-29 09:23:52.509 1278 2744 W UserManagerService: Requested status bar icon for non-badged user 0
11-29 09:23:52.514 7841 7841 D VRI[InstallStaging]: visibilityChanged oldVisibility=true newVisibility=false
11-29 09:23:52.516 7841 7841 W WindowOnBackDispatcher: sendCancelIfRunning: isInProgress=false callback=android.view.ViewRootImpl$$ExternalSyntheticLambda11@83d2c7d
11-29 09:23:52.517 1278 2744 D CoreBackPreview: Window{49d1851 u0 com.android.packageinstaller/com.android.packageinstaller.InstallStaging EXITING}: Setting back callback null
11-29 09:23:52.518 1278 2744 W InputManager-JNI: Input channel object '49d1851 com.android.packageinstaller/com.android.packageinstaller.InstallStaging (client)' was disposed without first being removed with the input manager!
11-29 09:23:52.519 7841 7841 W WindowOnBackDispatcher: sendCancelIfRunning: isInProgress=false callback=android.view.ViewRootImpl$$ExternalSyntheticLambda11@22cc86c
11-29 09:23:52.519 1278 2094 D CoreBackPreview: Window{2d83b66 u0 com.android.packageinstaller/com.android.packageinstaller.InstallStaging}: Setting back callback null
11-29 09:23:52.520 1119 7619 I QC2C2DEngine: calcYSize: unsupported or RGB color format, RGBA8888(1)
11-29 09:23:52.520 1278 4814 W UserManagerService: Requested status bar icon for non-badged user 0
11-29 09:23:52.521 1278 2094 W UserManagerService: Requested status bar icon for non-badged user 0
11-29 09:23:52.522 1278 2535 W InputManager-JNI: Input channel object '2d83b66 com.android.packageinstaller/com.android.packageinstaller.InstallStaging (client)' was disposed without first being removed with the input manager!
11-29 09:23:52.538 1119 7619 I QC2C2DEngine: calcYSize: unsupported or RGB color format, RGBA8888(1)
11-29 09:23:52.554 1119 7619 I QC2C2DEngine: calcYSize: unsupported or RGB color format, RGBA8888(1)
11-29 09:23:52.573 1119 7619 I QC2C2DEngine: calcYSize: unsupported or RGB color format, RGBA8888(1)
11-29 09:23:52.589 1119 7619 I QC2C2DEngine: calcYSize: unsupported or RGB color format, RGBA8888(1)
11-29 09:23:52.604 1119 7619 I QC2C2DEngine: calcYSize: unsupported or RGB color format, RGBA8888(1)
11-29 09:23:52.623 1119 7619 I QC2C2DEngine: calcYSize: unsupported or RGB color format, RGBA8888(1)
11-29 09:23:52.638 1119 7619 I QC2C2DEngine: calcYSize: unsupported or RGB color format, RGBA8888(1)
11-29 09:23:52.655 1119 7619 I QC2C2DEngine: calcYSize: unsupported or RGB color format, RGBA8888(1)
11-29 09:23:52.672 1119 7619 I QC2C2DEngine: calcYSize: unsupported or RGB color format, RGBA8888(1)
11-29 09:23:52.689 1119 7619 I QC2C2DEngine: calcYSize: unsupported or RGB color format, RGBA8888(1)
11-29 09:23:52.705 1119 7619 I QC2C2DEngine: calcYSize: unsupported or RGB color format, RGBA8888(1)
11-29 09:23:52.721 1119 7619 I QC2C2DEngine: calcYSize: unsupported or RGB color format, RGBA8888(1)
11-29 09:23:52.739 1119 7619 I QC2C2DEngine: calcYSize: unsupported or RGB color format, RGBA8888(1)
11-29 09:23:52.757 1119 7619 I QC2C2DEngine: calcYSize: unsupported or RGB color format, RGBA8888(1)
11-29 09:23:52.772 1119 7619 I QC2C2DEngine: calcYSize: unsupported or RGB color format, RGBA8888(1)
11-29 09:23:52.791 1119 7619 I QC2C2DEngine: calcYSize: unsupported or RGB color format, RGBA8888(1)
11-29 09:23:52.808 7878 7878 D diagcommd: DBG:Diag Daemon services process entry PPID = 1
11-29 09:23:52.808 7878 7878 D diagcommd: DBG:Calling LSM init
11-29 09:23:52.808 7878 7878 E Diag_Lib: diag:failed to connect to diag socket
11-29 09:23:52.809 7878 7878 E Diag_Lib: Diag_LSM_Init: Failed to open handle to diag driver, error = 25
11-29 09:23:52.809 7878 7878 E diagcommd: ERR:DiagDaemon: Diag_LSM_Init() failed.
11-29 09:23:52.817 4097 4297 W HidlServiceManagement: Waited one second for android.hardware.drm@1.0::IDrmFactory/widevine
11-29 09:23:52.818 643 643 I hwservicemanager: Since android.hardware.drm@1.0::IDrmFactory/widevine is not registered, trying to start it as a lazy HAL (if it's not configured to be a lazy HAL, it may be stuck starting or still starting).
11-29 09:23:52.818 4097 4297 I HidlServiceManagement: getService: Trying again for android.hardware.drm@1.0::IDrmFactory/widevine...
11-29 09:23:52.830 7879 7879 I flags_health_check: ServerConfigurableFlagsReset reset_mode value: 1
11-29 09:23:52.830 7879 7879 I flags_health_check: ServerConfigurableFlagsReset updatable crashing detected, resetting flags.
11-29 09:23:52.839 7881 7881 F linker : CANNOT LINK EXECUTABLE "/vendor/bin/hw/android.hardware.drm@1.3-service.widevine": cannot locate symbol "CBS_init" referenced by "/vendor/lib64/libwvhidl.so"...
11-29 09:23:52.863 7882 7882 I flags_health_check: ServerConfigurableFlagsReset reset_mode value: 1
11-29 09:23:52.863 7882 7882 I flags_health_check: ServerConfigurableFlagsReset updatable crashing detected, resetting flags.
11-29 09:23:52.891 1119 7619 I QC2C2DEngine: calcYSize: unsupported or RGB color format, RGBA8888(1)
11-29 09:23:52.994 1119 7619 I QC2C2DEngine: calcYSize: unsupported or RGB color format, RGBA8888(1)
11-29 09:23:53.095 1119 7619 I QC2C2DEngine: calcYSize: unsupported or RGB color format, RGBA8888(1)
11-29 09:23:53.197 1119 7619 I QC2C2DEngine: calcYSize: unsupported or RGB color format, RGBA8888(1)
11-29 09:23:53.273 1278 2189 D ConnectivityService: NetReassign [no changes] [c 0] [a 1] [i 2]
11-29 09:23:53.298 1119 7619 I QC2C2DEngine: calcYSize: unsupported or RGB color format, RGBA8888(1)
11-29 09:23:53.362 1055 1079 I android.hardware.thermal@2.0-service.qti: uevent triggered for sensor: camera-therm-usr
11-29 09:23:53.399 1119 7619 I QC2C2DEngine: calcYSize: unsupported or RGB color format, RGBA8888(1)
11-29 09:23:53.499 1119 7619 I QC2C2DEngine: calcYSize: unsupported or RGB color format, RGBA8888(1)
11-29 09:23:53.601 1119 7619 I QC2C2DEngine: calcYSize: unsupported or RGB color format, RGBA8888(1)
11-29 09:23:53.619 1119 7641 D BufferPoolAccessor2.0: bufferpool2 0xe9b00b68 : 4(7847936 size) total buffers - 4(7847936 size) used buffers - 1698/1703 (recycle/alloc) - 10/1698 (fetch/transfer)
11-29 09:23:53.703 1119 7619 I QC2C2DEngine: calcYSize: unsupported or RGB color format, RGBA8888(1)
11-29 09:23:53.804 1119 7619 I QC2C2DEngine: calcYSize: unsupported or RGB color format, RGBA8888(1)
11-29 09:23:53.818 4097 4297 W HidlServiceManagement: Waited one second for android.hardware.drm@1.0::IDrmFactory/widevine
11-29 09:23:53.819 643 643 I hwservicemanager: Since android.hardware.drm@1.0::IDrmFactory/widevine is not registered, trying to start it as a lazy HAL (if it's not configured to be a lazy HAL, it may be stuck starting or still starting).
11-29 09:23:53.820 4097 4297 I HidlServiceManagement: getService: Trying again for android.hardware.drm@1.0::IDrmFactory/widevine...
11-29 09:23:53.863 7884 7884 F linker : CANNOT LINK EXECUTABLE "/vendor/bin/hw/android.hardware.drm@1.3-service.widevine": cannot locate symbol "CBS_init" referenced by "/vendor/lib64/libwvhidl.so"...
11-29 09:23:53.888 7885 7885 I flags_health_check: ServerConfigurableFlagsReset reset_mode value: 1
11-29 09:23:53.888 7885 7885 I flags_health_check: ServerConfigurableFlagsReset updatable crashing detected, resetting flags.
11-29 09:23:53.980 3280 3404 W ThermalEngine: thermal_sensor_get_temperature: virtual-therm Reading 24042 .
11-29 09:23:54.084 1119 7619 I QC2C2DEngine: calcYSize: unsupported or RGB color format, RGBA8888(1)
11-29 09:23:54.116 1119 7619 I QC2C2DEngine: calcYSize: unsupported or RGB color format, RGBA8888(1)
11-29 09:23:54.132 1119 7619 I QC2C2DEngine: calcYSize: unsupported or RGB color format, RGBA8888(1)
11-29 09:23:54.145 1119 7619 I QC2C2DEngine: calcYSize: unsupported or RGB color format, RGBA8888(1)
11-29 09:23:54.156 1119 7619 I QC2C2DEngine: calcYSize: unsupported or RGB color format, RGBA8888(1)
11-29 09:23:54.175 1119 7619 I QC2C2DEngine: calcYSize: unsupported or RGB color format, RGBA8888(1)
11-29 09:23:54.192 1119 7619 I QC2C2DEngine: calcYSize: unsupported or RGB color format, RGBA8888(1)
11-29 09:23:54.211 1119 7619 I QC2C2DEngine: calcYSize: unsupported or RGB color format, RGBA8888(1)
11-29 09:23:54.228 1119 7619 I QC2C2DEngine: calcYSize: unsupported or RGB color format, RGBA8888(1)
11-29 09:23:54.243 1119 7619 I QC2C2DEngine: calcYSize: unsupported or RGB color format, RGBA8888(1)
11-29 09:23:54.259 1119 7619 I QC2C2DEngine: calcYSize: unsupported or RGB color format, RGBA8888(1)
11-29 09:23:54.275 1119 7619 I QC2C2DEngine: calcYSize: unsupported or RGB color format, RGBA8888(1)
11-29 09:23:54.295 1119 7619 I QC2C2DEngine: calcYSize: unsupported or RGB color format, RGBA8888(1)
11-29 09:23:54.311 1119 7619 I QC2C2DEngine: calcYSize: unsupported or RGB color format, RGBA8888(1)
11-29 09:23:54.325 1119 7619 I QC2C2DEngine: calcYSize: unsupported or RGB color format, RGBA8888(1)
11-29 09:23:54.344 1119 7619 I QC2C2DEngine: calcYSize: unsupported or RGB color format, RGBA8888(1)
11-29 09:23:54.385 1055 1079 I android.hardware.thermal@2.0-service.qti: uevent triggered for sensor: camera-therm-usr
11-29 09:23:54.444 1119 7619 I QC2C2DEngine: calcYSize: unsupported or RGB color format, RGBA8888(1)
11-29 09:23:54.544 1119 7619 I QC2C2DEngine: calcYSize: unsupported or RGB color format, RGBA8888(1)
11-29 09:23:54.611 1119 7619 I QC2C2DEngine: calcYSize: unsupported or RGB color format, RGBA8888(1)
11-29 09:23:54.627 1119 7619 I QC2C2DEngine: calcYSize: unsupported or RGB color format, RGBA8888(1)
11-29 09:23:54.644 1119 7619 I QC2C2DEngine: calcYSize: unsupported or RGB color format, RGBA8888(1)
11-29 09:23:54.651 2334 3200 D audioserver: logFgsApiBegin: FGS Logger Transaction failed, -129
