11-29 09:24:02.214 2494 2531 V WindowManagerShell: Transition doesn't have explicit remote, search filters for match for {id=40 t=CLOSE f=0x0 trk=0 r=[0@Point(0, 0)] c=[{WCT{android.window.IWindowContainerToken$Stub$Proxy@5b2acd} m=TO_FRONT f=MOVE_TO_TOP leash=Surface(name=Task=34)/@0x87e19f6 sb=Rect(0, 0 - 1080, 2400) eb=Rect(0, 0 - 1080, 2400) d=0 taskParent=-1},{WCT{android.window.IWindowContainerToken$Stub$Proxy@569df82} m=CLOSE f=NONE leash=Surface(name=Task=38)/@0x3de31f7 sb=Rect(0, 0 - 1080, 2400) eb=Rect(0, 0 - 1080, 2400) d=0 taskParent=-1}]}
11-29 09:24:02.215 2494 2531 V WindowManagerShell: Checking filter Pair{{types=[] flags=0x0] notFlags=0x100 checks=[{atype=home independent=true modes=[OPEN,TO_FRONT] flags=NONE mustBeTask=false order=TOP topActivity=ComponentInfo{com.android.launcher3/com.android.launcher3.uioverrides.QuickstepLauncher} launchCookie=null},{atype=standard independent=true modes=[CLOSE,TO_BACK] flags=NONE mustBeTask=false order=ANY topActivity=null launchCookie=null}]} RemoteTransition { remoteTransition = android.window.IRemoteTransition$Stub$Proxy@35d54d2, appThread = android.app.IApplicationThread$Stub$Proxy@b0149a3, debugName = QuickstepLaunchHome }}
11-29 09:24:02.215 2494 2531 V WindowManagerShell: Delegate animation for (#40) to null
11-29 09:24:02.215 2494 2531 V WindowManagerShell: try handler com.android.wm.shell.transition.DefaultTransitionHandler@829fb88
11-29 09:24:02.215 2494 2531 V WindowManagerShell: start default transition animation, info = {id=40 t=CLOSE f=0x0 trk=0 r=[0@Point(0, 0)] c=[{WCT{android.window.IWindowContainerToken$Stub$Proxy@5b2acd} m=TO_FRONT f=MOVE_TO_TOP leash=Surface(name=Task=34)/@0x87e19f6 sb=Rect(0, 0 - 1080, 2400) eb=Rect(0, 0 - 1080, 2400) d=0 taskParent=-1},{WCT{android.window.IWindowContainerToken$Stub$Proxy@569df82} m=CLOSE f=NONE leash=Surface(name=Task=38)/@0x3de31f7 sb=Rect(0, 0 - 1080, 2400) eb=Rect(0, 0 - 1080, 2400) d=0 taskParent=-1}]}
11-29 09:24:02.216 2494 2531 V WindowManagerShell: loadAnimation: anim=android.view.animation.AnimationSet@100f6d0 animAttr=0xb type=CLOSE isEntrance=false
11-29 09:24:02.218 6716 8079 D TrafficStats: tagSocket(128) with statsTag=0xffffffff, statsUid=-1
11-29 09:24:02.219 2494 2531 V WindowManagerShell: loadAnimation: anim=android.view.animation.AnimationSet@15a71ce animAttr=0xa type=CLOSE isEntrance=true
11-29 09:24:02.223 1119 7619 I QC2C2DEngine: calcYSize: unsupported or RGB color format, RGBA8888(1)
11-29 09:24:02.224 2494 2531 V WindowManagerShell: animated by com.android.wm.shell.transition.DefaultTransitionHandler@829fb88
11-29 09:24:02.225 1278 1317 V WindowManager: Sent Transition (#40) createdAt=11-29 09:24:02.150 via request=TransitionRequestInfo { type = CLOSE, triggerTask = TaskInfo{userId=0 taskId=38 displayId=0 isRunning=false baseIntent=Intent { act=android.intent.action.MAIN cat=[android.intent.category.LAUNCHER] flg=0x34000000 pkg=org.omnirom.chromium cmp=org.omnirom.chromium/com.google.android.apps.chrome.Main } baseActivity=null topActivity=null origActivity=ComponentInfo{org.omnirom.chromium/com.google.android.apps.chrome.Main} realActivity=ComponentInfo{org.omnirom.chromium/org.chromium.chrome.browser.ChromeTabbedActivity} numActivities=0 lastActiveTime=914019 supportsMultiWindow=true resizeMode=2 isResizeable=true minWidth=-1 minHeight=-1 defaultMinSize=200 token=WCT{RemoteToken{101e2a2 Task{ad4ccde #38 type=standard A=10178:org.omnirom.chromium}}} topActivityType=1 pictureInPictureParams=null shouldDockBigOverlays=false launchIntoPipHostTaskId=-1 lastParentTaskIdBeforePip=-1 displayCutoutSafeInsets=Rect(0, 114 - 0, 0) topActivityInfo=null launchCookies=[] positionInParent=Point(0, 0) parentTaskId=-1 isFocused=true isVisible=true isVisibleRequested=true isSleeping=false locusId=null displayAreaFeatureId=1 isTopActivityTransparent=false appCompatTaskInfo=AppCompatTaskInfo { topActivityInSizeCompat=false topActivityEligibleForLetterboxEducation= falseisLetterboxEducationEnabled= false isLetterboxDoubleTapEnabled= false topActivityEligibleForUserAspectRatioButton= false topActivityBoundsLetterboxed= false isFromLetterboxDoubleTap= false topActivityLetterboxVerticalPosition= -1 topActivityLetterboxHorizontalPosition= -1 topActivityLetterboxWidth=-1 topActivityLetterboxHeight=-1 isUserFullscreenOverrideEnabled=false isSystemFullscreenOverrideEnabled=false cameraCompatTaskInfo=CameraCompatTaskInfo { cameraCompatControlState=hidden freeformCameraCompatMode=inactive}}}, pipTask = null, remoteTransition = null, displayChange = null, flags = 0, debugId = 40 }
11-29 09:24:02.225 1278 1317 V WindowManager: startWCT=WindowContainerTransaction { changes = {} hops = [] errorCallbackToken=null taskFragmentOrganizer=null }
11-29 09:24:02.225 1278 1317 V WindowManager: info={id=40 t=CLOSE f=0x0 trk=0 r=[0@Point(0, 0)] c=[
11-29 09:24:02.225 1278 1317 V WindowManager: {WCT{RemoteToken{6121e72 Task{c1c2d61 #34 type=standard A=10176:org.omnirom.omnistore}}} m=TO_FRONT f=MOVE_TO_TOP leash=Surface(name=Task=34)/@0x7eb49e6 sb=Rect(0, 0 - 1080, 2400) eb=Rect(0, 0 - 1080, 2400) d=0 taskParent=-1},
11-29 09:24:02.225 1278 1317 V WindowManager: {WCT{RemoteToken{101e2a2 Task{ad4ccde #38 type=standard A=10178:org.omnirom.chromium}}} m=CLOSE f=NONE leash=Surface(name=Task=38)/@0x40afe84 sb=Rect(0, 0 - 1080, 2400) eb=Rect(0, 0 - 1080, 2400) d=0 taskParent=-1}
11-29 09:24:02.225 1278 1317 V WindowManager: ]}
11-29 09:24:02.226 1278 1304 W UserManagerService: Requested status bar icon for non-badged user 0
11-29 09:24:02.228 1119 7619 I QC2C2DEngine: calcYSize: unsupported or RGB color format, RGBA8888(1)
11-29 09:24:02.237 1119 7619 I QC2C2DEngine: calcYSize: unsupported or RGB color format, RGBA8888(1)
11-29 09:24:02.245 1278 2165 I ImeTracker: org.omnirom.omnistore:3dafc8be: onRequestHide at ORIGIN_SERVER reason HIDE_UNSPECIFIED_WINDOW fromUser false
11-29 09:24:02.245 1278 2165 I ImeTracker: org.omnirom.omnistore:3dafc8be: onCancelled at PHASE_SERVER_SHOULD_HIDE
11-29 09:24:02.256 1119 7619 I QC2C2DEngine: calcYSize: unsupported or RGB color format, RGBA8888(1)
11-29 09:24:02.268 933 933 I Zygote : Process 4170 exited due to signal 9 (Killed)
11-29 09:24:02.268 1278 2189 D ConnectivityService: releasing NetworkRequest [ REQUEST id=74, [ Capabilities: INTERNET&NOT_RESTRICTED&TRUSTED&NOT_VCN_MANAGED&NOT_BANDWIDTH_CONSTRAINED Uid: 10098 RequestorUid: 10098 RequestorPkg: org.omnirom.omniota UnderlyingNetworks: Null] ] (release request)
11-29 09:24:02.269 1278 1318 D DisplayManagerService: Drop pending events for gone uid 10098
11-29 09:24:02.270 3360 7913 D ForegroundUtils: UID: 10098 deleted.
11-29 09:24:02.270 1278 1338 I libprocessgroup: Removed cgroup /sys/fs/cgroup/uid_10098/pid_4170
11-29 09:24:02.271 1119 7619 I QC2C2DEngine: calcYSize: unsupported or RGB color format, RGBA8888(1)
11-29 09:24:02.286 1119 7619 I QC2C2DEngine: calcYSize: unsupported or RGB color format, RGBA8888(1)
11-29 09:24:02.304 1119 7619 I QC2C2DEngine: calcYSize: unsupported or RGB color format, RGBA8888(1)
11-29 09:24:02.321 1119 7619 I QC2C2DEngine: calcYSize: unsupported or RGB color format, RGBA8888(1)
11-29 09:24:02.338 1119 7619 I QC2C2DEngine: calcYSize: unsupported or RGB color format, RGBA8888(1)
11-29 09:24:02.341 4097 4097 W JobService: onNetworkChanged() not implemented in androidx.work.impl.background.systemjob.SystemJobService. Must override in a subclass.
11-29 09:24:02.343 1158 1158 I BpBinder: onLastStrongRef automatically unlinking death recipients:
11-29 09:24:02.345 4097 4128 D WM-NetworkStateTracker: Network capabilities changed: [ Transports: WIFI Capabilities: NOT_METERED&INTERNET&NOT_RESTRICTED&TRUSTED&NOT_VPN&VALIDATED&NOT_ROAMING&FOREGROUND&NOT_CONGESTED&NOT_SUSPENDED&NOT_VCN_MANAGED&NOT_BANDWIDTH_CONSTRAINED LinkUpBandwidth>=10000Kbps LinkDnBandwidth>=45205Kbps TransportInfo: , BSSID: 02:00:00:00:00:00, MAC: 02:00:00:00:00:00, IP: /192.168.1.148, Security type: 2, Supplicant state: COMPLETED, Wi-Fi standard: 11n, RSSI: -72, Link speed: 115Mbps, Tx Link speed: 115Mbps, Max Supported Tx Link speed: 144Mbps, Rx Link speed: 86Mbps, Max Supported Rx Link speed: 144Mbps, Frequency: 2447MHz, Net ID: -1, Metered hint: false, score: 59, isUsable: true, CarrierMerged: false, SubscriptionId: -1, IsPrimary: -1, Trusted: true, Restricted: false, Ephemeral: false, OEM paid: false, OEM private: false, OSU AP: false, FQDN: , Provider friendly name: , Requesting package name: MLO Information: , Is TID-To-Link negotiation supported by the AP: false, AP MLD Address: , AP MLO Link Id: , AP MLO Affiliated links: , Vendor Data: > SignalStrength: -72 UnderlyingNetworks: Null]
11-29 09:24:02.346 4097 4097 W JobService: onNetworkChanged() not implemented in androidx.work.impl.background.systemjob.SystemJobService. Must override in a subclass.
11-29 09:24:02.351 1119 7619 I QC2C2DEngine: calcYSize: unsupported or RGB color format, RGBA8888(1)
11-29 09:24:02.369 1119 7619 I QC2C2DEngine: calcYSize: unsupported or RGB color format, RGBA8888(1)
11-29 09:24:02.373 6716 6737 D OmniStore:NetworkUtils: loadAppList size = 12
11-29 09:24:02.374 2494 2515 W System : A resource failed to call release.
11-29 09:24:02.374 2494 2515 W System : A resource failed to call release.
11-29 09:24:02.379 2494 2515 W System : A resource failed to call release.
11-29 09:24:02.380 2494 2515 W System : A resource failed to call release.
11-29 09:24:02.380 2494 2515 W System : A resource failed to call release.
11-29 09:24:02.382 2494 2515 W System : A resource failed to call release.
11-29 09:24:02.382 2494 2515 W System : A resource failed to call release.
11-29 09:24:02.382 2494 2515 W System : A resource failed to call release.
11-29 09:24:02.382 2494 2515 W System : A resource failed to call release.
11-29 09:24:02.382 2494 2515 W System : A resource failed to call release.
11-29 09:24:02.382 2494 2515 W System : A resource failed to call release.
11-29 09:24:02.382 2494 2515 W System : A resource failed to call release.
11-29 09:24:02.382 2494 2515 W System : A resource failed to call release.
11-29 09:24:02.382 2494 2515 W System : A resource failed to call release.
11-29 09:24:02.382 2494 2515 W System : A resource failed to call release.
11-29 09:24:02.382 2494 2515 W System : A resource failed to call release.
11-29 09:24:02.384 2494 2515 W System : A resource failed to call release.
11-29 09:24:02.384 2494 2515 W System : A resource failed to call release.
11-29 09:24:02.384 2494 2515 W System : A resource failed to call release.
11-29 09:24:02.386 1119 7619 I QC2C2DEngine: calcYSize: unsupported or RGB color format, RGBA8888(1)
11-29 09:24:02.386 2494 2515 W System : A resource failed to call release.
11-29 09:24:02.386 2494 2515 W System : A resource failed to call release.
11-29 09:24:02.388 2494 2515 W System : A resource failed to call release.
11-29 09:24:02.388 2494 2515 W System : A resource failed to call HardwareBuffer.close.
11-29 09:24:02.388 2494 2515 W System : A resource failed to call HardwareBuffer.close.
11-29 09:24:02.388 2494 2515 W System : A resource failed to call HardwareBuffer.close.
11-29 09:24:02.388 2494 2515 W System : A resource failed to call release.
11-29 09:24:02.388 2494 2515 W System : A resource failed to call release.
11-29 09:24:02.388 2494 2515 W System : A resource failed to call release.
11-29 09:24:02.388 2494 2515 W System : A resource failed to call HardwareBuffer.close.
11-29 09:24:02.388 2494 2515 W System : A resource failed to call HardwareBuffer.close.
11-29 09:24:02.389 2494 2515 W System : A resource failed to call release.
11-29 09:24:02.389 2494 2515 W System : A resource failed to call release.
11-29 09:24:02.389 2494 2515 W System : A resource failed to call HardwareBuffer.close.
11-29 09:24:02.389 2494 2515 W System : A resource failed to call HardwareBuffer.close.
11-29 09:24:02.389 2494 2515 W System : A resource failed to call release.
11-29 09:24:02.389 2494 2515 W System : A resource failed to call release.
11-29 09:24:02.389 2494 2515 W System : A resource failed to call release.
11-29 09:24:02.389 2494 2515 W System : A resource failed to call release.
11-29 09:24:02.389 2494 2515 W System : A resource failed to call release.
11-29 09:24:02.389 2494 2515 W System : A resource failed to call release.
11-29 09:24:02.393 2494 2515 W System : A resource failed to call release.
11-29 09:24:02.393 2494 2515 W System : A resource failed to call release.
11-29 09:24:02.393 2494 2515 W System : A resource failed to call release.
11-29 09:24:02.396 2494 2515 W System : A resource failed to call release.
11-29 09:24:02.396 2494 2515 W System : A resource failed to call release.
11-29 09:24:02.396 2494 2515 W System : A resource failed to call release.
11-29 09:24:02.396 2494 2515 W System : A resource failed to call release.
11-29 09:24:02.396 2494 2515 W System : A resource failed to call release.
11-29 09:24:02.396 2494 2515 W System : A resource failed to call release.
11-29 09:24:02.397 2494 2515 W System : A resource failed to call release.
11-29 09:24:02.397 2494 2515 W System : A resource failed to call release.
11-29 09:24:02.397 2494 2515 W System : A resource failed to call release.
11-29 09:24:02.398 2494 2515 W System : A resource failed to call release.
11-29 09:24:02.398 2494 2515 W System : A resource failed to call release.
11-29 09:24:02.398 2494 2515 W System : A resource failed to call release.
11-29 09:24:02.403 1119 7619 I QC2C2DEngine: calcYSize: unsupported or RGB color format, RGBA8888(1)
11-29 09:24:02.419 1119 7619 I QC2C2DEngine: calcYSize: unsupported or RGB color format, RGBA8888(1)
11-29 09:24:02.429 6716 6737 D OmniStore:NetworkUtils: loadExtraAppList [apps-15, apps-zenfone8]
11-29 09:24:02.437 1119 7619 I QC2C2DEngine: calcYSize: unsupported or RGB color format, RGBA8888(1)
11-29 09:24:02.452 1119 7619 I QC2C2DEngine: calcYSize: unsupported or RGB color format, RGBA8888(1)
11-29 09:24:02.463 6716 6737 D OmniStore:NetworkUtils: loadExtraAppList file = apps-15 code = 404
11-29 09:24:02.473 1119 7619 I QC2C2DEngine: calcYSize: unsupported or RGB color format, RGBA8888(1)
11-29 09:24:02.485 1119 7619 I QC2C2DEngine: calcYSize: unsupported or RGB color format, RGBA8888(1)
11-29 09:24:02.500 6716 6739 D OmniStore:NetworkUtils: loadExtraAppList file = apps-zenfone8 code = 404
11-29 09:24:02.500 6716 6739 D OmniStore:NetworkUtils: loadExtraAppList size = 12
11-29 09:24:02.504 1119 7619 I QC2C2DEngine: calcYSize: unsupported or RGB color format, RGBA8888(1)
11-29 09:24:02.507 6716 6716 D OmniStore:MainActivity: CURRENT_DOWNLOADS = {}
11-29 09:24:02.521 1119 7619 I QC2C2DEngine: calcYSize: unsupported or RGB color format, RGBA8888(1)
11-29 09:24:02.538 1119 7619 I QC2C2DEngine: calcYSize: unsupported or RGB color format, RGBA8888(1)
11-29 09:24:02.555 1119 7619 I QC2C2DEngine: calcYSize: unsupported or RGB color format, RGBA8888(1)
11-29 09:24:02.570 1119 7619 I QC2C2DEngine: calcYSize: unsupported or RGB color format, RGBA8888(1)
11-29 09:24:02.575 1055 1079 I android.hardware.thermal@2.0-service.qti: uevent triggered for sensor: camera-therm-usr
11-29 09:24:02.587 1119 7619 I QC2C2DEngine: calcYSize: unsupported or RGB color format, RGBA8888(1)
11-29 09:24:02.602 1119 7619 I QC2C2DEngine: calcYSize: unsupported or RGB color format, RGBA8888(1)
11-29 09:24:02.620 1119 7619 I QC2C2DEngine: calcYSize: unsupported or RGB color format, RGBA8888(1)
11-29 09:24:02.626 7594 7612 D BufferPoolAccessor2.0: bufferpool2 0xb400007d61f5ebe8 : 5(19200 size) total buffers - 4(15360 size) used buffers - 3068/3073 (recycle/alloc) - 13/6137 (fetch/transfer)
11-29 09:24:02.637 1119 7619 I QC2C2DEngine: calcYSize: unsupported or RGB color format, RGBA8888(1)
11-29 09:24:02.654 1119 7619 I QC2C2DEngine: calcYSize: unsupported or RGB color format, RGBA8888(1)
11-29 09:24:02.671 1119 7619 I QC2C2DEngine: calcYSize: unsupported or RGB color format, RGBA8888(1)
11-29 09:24:02.687 1119 7619 I QC2C2DEngine: calcYSize: unsupported or RGB color format, RGBA8888(1)
11-29 09:24:02.691 1479 7620 D BufferPoolAccessor2.0: bufferpool2 0xb4000073b6481f08 : 3(7500 size) total buffers - 1(3000 size) used buffers - 3071/3074 (recycle/alloc) - 4/3072 (fetch/transfer)
11-29 09:24:02.704 1119 7619 I QC2C2DEngine: calcYSize: unsupported or RGB color format, RGBA8888(1)
11-29 09:24:02.724 1119 7619 I QC2C2DEngine: calcYSize: unsupported or RGB color format, RGBA8888(1)
11-29 09:24:02.740 1119 7619 I QC2C2DEngine: calcYSize: unsupported or RGB color format, RGBA8888(1)
11-29 09:24:02.743 1038 3014 D vendor.qti.bluetooth@1.0-health-info: ReportHealthInfo:statistics:
11-29 09:24:02.743 1038 3014 D vendor.qti.bluetooth@1.0-health-info: ts <08:24:02:743354> rx_vote:0, tx_vote:0, wake_lock holding:0, maximum rx sleep-wake-interval:54sec, maximum tx packet-interval:54secWake_Req sent out:2, Wake_Req received:1Sleep_Ind sent out:2, Sleep_Ind received:2
11-29 09:24:02.748 2494 2531 V WindowManagerShell: Transition animation finished (aborted=false), notifying core (#40) android.os.BinderProxy@ff9c8b8@0
11-29 09:24:02.751 1278 1317 V WindowManager: Finish Transition (#40): created at
11-29 09:24:02.150 collect-started=0.078ms request-sent=0.305ms started=7.878ms ready=45.048ms sent=60.343ms finished=600.485ms
11-29 09:24:02.756 1119 7619 I QC2C2DEngine: calcYSize: unsupported or RGB color format, RGBA8888(1)
11-29 09:24:02.757 7959 7959 D VRI[FirstRunActivity]: visibilityChanged oldVisibility=true newVisibility=false
11-29 09:24:02.760 2494 2531 V WindowManagerShell: Track 0 became idle
11-29 09:24:02.760 2494 2531 V WindowManagerShell: All active transition animations finished
11-29 09:24:02.760 1278 1304 W UserManagerService: Requested status bar icon for non-badged user 0
11-29 09:24:02.762 1278 1320 I ActivityManager: Killing 4206:com.mixplorer/u0a171 (adj 965): empty #17
11-29 09:24:02.763 1278 1320 I ActivityManager: Killing 4188:org.omnirom.omniremote/1000 (adj 975): empty #18
11-29 09:24:02.768 1278 1302 W UserManagerService: Requested status bar icon for non-badged user 0
11-29 09:24:02.768 1278 2764 W UserManagerService: Requested status bar icon for non-badged user 0
11-29 09:24:02.772 1119 7619 I QC2C2DEngine: calcYSize: unsupported or RGB color format, RGBA8888(1)
11-29 09:24:02.777 7841 7841 W WindowOnBackDispatcher: sendCancelIfRunning: isInProgress=false callback=android.view.ViewRootImpl$$ExternalSyntheticLambda11@6bd6ef9
11-29 09:24:02.779 1278 4577 D CoreBackPreview: Window{f675e49 u0 com.android.packageinstaller/com.android.packageinstaller.DeleteStagedFileOnResult}: Setting back callback null
11-29 09:24:02.780 1278 2764 W InputManager-JNI: Input channel object 'f675e49 com.android.packageinstaller/com.android.packageinstaller.DeleteStagedFileOnResult (client)' was disposed without first being removed with the input manager!
11-29 09:24:02.788 1119 7619 I QC2C2DEngine: calcYSize: unsupported or RGB color format, RGBA8888(1)
11-29 09:24:02.791 2754 2754 I TopTaskTracker: onTaskRemoved: taskId=37
11-29 09:24:02.791 2754 2754 I TopTaskTracker: onTaskRemoved: taskId=37
11-29 09:24:02.804 1119 7619 I QC2C2DEngine: calcYSize: unsupported or RGB color format, RGBA8888(1)
11-29 09:24:02.809 7959 7959 W WindowOnBackDispatcher: sendCancelIfRunning: isInProgress=false callback=android.view.ViewRootImpl$$ExternalSyntheticLambda11@5daa7cd
11-29 09:24:02.809 1278 2764 D CoreBackPreview: Window{7914767 u0 org.omnirom.chromium/org.chromium.chrome.browser.firstrun.FirstRunActivity}: Setting back callback null
11-29 09:24:02.811 1278 2764 W InputManager-JNI: Input channel object '7914767 org.omnirom.chromium/org.chromium.chrome.browser.firstrun.FirstRunActivity (client)' was disposed without first being removed with the input manager!
11-29 09:24:02.818 2754 2754 I TopTaskTracker: onTaskRemoved: taskId=38
11-29 09:24:02.818 2754 2754 I TopTaskTracker: onTaskRemoved: taskId=38
11-29 09:24:02.827 1119 7619 I QC2C2DEngine: calcYSize: unsupported or RGB color format, RGBA8888(1)
11-29 09:24:02.839 8088 8088 D diagcommd: DBG:Diag Daemon services process entry PPID = 1
11-29 09:24:02.839 8088 8088 D diagcommd: DBG:Calling LSM init
11-29 09:24:02.839 8088 8088 E Diag_Lib: diag:failed to connect to diag socket
11-29 09:24:02.839 8088 8088 E Diag_Lib: Diag_LSM_Init: Failed to open handle to diag driver, error = 25
11-29 09:24:02.839 8088 8088 E diagcommd: ERR:DiagDaemon: Diag_LSM_Init() failed.
11-29 09:24:02.840 4097 4297 W HidlServiceManagement: Waited one second for android.hardware.drm@1.0::IDrmFactory/widevine
11-29 09:24:02.843 643 643 I hwservicemanager: Since android.hardware.drm@1.0::IDrmFactory/widevine is not registered, trying to start it as a lazy HAL (if it's not configured to be a lazy HAL, it may be stuck starting or still starting).
11-29 09:24:02.845 1119 7619 I QC2C2DEngine: calcYSize: unsupported or RGB color format, RGBA8888(1)
11-29 09:24:02.845 4097 4297 I HidlServiceManagement: getService: Trying again for android.hardware.drm@1.0::IDrmFactory/widevine...
11-29 09:24:02.854 8090 8090 I flags_health_check: ServerConfigurableFlagsReset reset_mode value: 1
11-29 09:24:02.854 8090 8090 I flags_health_check: ServerConfigurableFlagsReset updatable crashing detected, resetting flags.
11-29 09:24:02.857 933 933 I Zygote : Process 4206 exited due to signal 9 (Killed)
11-29 09:24:02.858 1278 1338 I libprocessgroup: Removed cgroup /sys/fs/cgroup/uid_10171/pid_4206
11-29 09:24:02.858 1278 1318 D DisplayManagerService: Drop pending events for gone uid 10171
11-29 09:24:02.859 3360 7913 D ForegroundUtils: UID: 10171 deleted.
11-29 09:24:02.862 8091 8091 F linker : CANNOT LINK EXECUTABLE "/vendor/bin/hw/android.hardware.drm@1.3-service.widevine": cannot locate symbol "CBS_init" referenced by "/vendor/lib64/libwvhidl.so"...
11-29 09:24:02.863 933 933 I Zygote : Process 4188 exited due to signal 9 (Killed)
11-29 09:24:02.865 1278 1338 I libprocessgroup: Removed cgroup /sys/fs/cgroup/uid_1000/pid_4188
11-29 09:24:02.868 1119 7619 I QC2C2DEngine: calcYSize: unsupported or RGB color format, RGBA8888(1)
11-29 09:24:02.870 8092 8092 I flags_health_check: ServerConfigurableFlagsReset reset_mode value: 1
11-29 09:24:02.870 8092 8092 I flags_health_check: ServerConfigurableFlagsReset updatable crashing detected, resetting flags.
11-29 09:24:02.873 1119 7619 I QC2C2DEngine: calcYSize: unsupported or RGB color format, RGBA8888(1)
11-29 09:24:02.966 1278 3339 E TaskPersister: File error accessing recents directory (directory doesn't exist?).
11-29 09:24:02.970 1119 7619 I QC2C2DEngine: calcYSize: unsupported or RGB color format, RGBA8888(1)
11-29 09:24:03.073 1119 7619 I QC2C2DEngine: calcYSize: unsupported or RGB color format, RGBA8888(1)
11-29 09:24:03.174 1119 7619 I QC2C2DEngine: calcYSize: unsupported or RGB color format, RGBA8888(1)
11-29 09:24:03.275 1119 7619 I QC2C2DEngine: calcYSize: unsupported or RGB color format, RGBA8888(1)
11-29 09:24:03.377 1119 7619 I QC2C2DEngine: calcYSize: unsupported or RGB color format, RGBA8888(1)
11-29 09:24:03.478 1119 7619 I QC2C2DEngine: calcYSize: unsupported or RGB color format, RGBA8888(1)
11-29 09:24:03.577 1119 7619 I QC2C2DEngine: calcYSize: unsupported or RGB color format, RGBA8888(1)
11-29 09:24:03.601 1055 1079 I android.hardware.thermal@2.0-service.qti: uevent triggered for sensor: camera-therm-usr
11-29 09:24:03.680 1119 7619 I QC2C2DEngine: calcYSize: unsupported or RGB color format, RGBA8888(1)
11-29 09:24:03.780 1119 7619 I QC2C2DEngine: calcYSize: unsupported or RGB color format, RGBA8888(1)
11-29 09:24:03.845 4097 4297 W HidlServiceManagement: Waited one second for android.hardware.drm@1.0::IDrmFactory/widevine
11-29 09:24:03.846 643 643 I hwservicemanager: Since android.hardware.drm@1.0::IDrmFactory/widevine is not registered, trying to start it as a lazy HAL (if it's not configured to be a lazy HAL, it may be stuck starting or still starting).
11-29 09:24:03.847 4097 4297 I HidlServiceManagement: getService: Trying again for android.hardware.drm@1.0::IDrmFactory/widevine...
11-29 09:24:03.880 1119 7619 I QC2C2DEngine: calcYSize: unsupported or RGB color format, RGBA8888(1)
11-29 09:24:03.893 8094 8094 F linker : CANNOT LINK EXECUTABLE "/vendor/bin/hw/android.hardware.drm@1.3-service.widevine": cannot locate symbol "CBS_init" referenced by "/vendor/lib64/libwvhidl.so"...
11-29 09:24:03.918 8095 8095 I flags_health_check: ServerConfigurableFlagsReset reset_mode value: 1
11-29 09:24:03.918 8095 8095 I flags_health_check: ServerConfigurableFlagsReset updatable crashing detected, resetting flags.
11-29 09:24:04.295 1119 7619 I QC2C2DEngine: calcYSize: unsupported or RGB color format, RGBA8888(1)
11-29 09:24:04.304 1119 7641 D BufferPoolAccessor2.0: bufferpool2 0xe9b00b68 : 6(11771904 size) total buffers - 4(7847936 size) used buffers - 2082/2089 (recycle/alloc) - 16/2084 (fetch/transfer)
11-29 09:24:04.308 1119 7619 I QC2C2DEngine: calcYSize: unsupported or RGB color format, RGBA8888(1)
11-29 09:24:04.326 1119 7619 I QC2C2DEngine: calcYSize: unsupported or RGB color format, RGBA8888(1)
11-29 09:24:04.345 1119 7619 I QC2C2DEngine: calcYSize: unsupported or RGB color format, RGBA8888(1)
11-29 09:24:04.361 1119 7619 I QC2C2DEngine: calcYSize: unsupported or RGB color format, RGBA8888(1)
11-29 09:24:04.376 1119 7619 I QC2C2DEngine: calcYSize: unsupported or RGB color format, RGBA8888(1)
11-29 09:24:04.393 1119 7619 I QC2C2DEngine: calcYSize: unsupported or RGB color format, RGBA8888(1)
11-29 09:24:04.410 1119 7619 I QC2C2DEngine: calcYSize: unsupported or RGB color format, RGBA8888(1)
11-29 09:24:04.428 1119 7619 I QC2C2DEngine: calcYSize: unsupported or RGB color format, RGBA8888(1)
11-29 09:24:04.450 1119 7619 I QC2C2DEngine: calcYSize: unsupported or RGB color format, RGBA8888(1)
11-29 09:24:04.464 1119 7619 I QC2C2DEngine: calcYSize: unsupported or RGB color format, RGBA8888(1)
11-29 09:24:04.478 1119 7619 I QC2C2DEngine: calcYSize: unsupported or RGB color format, RGBA8888(1)
11-29 09:24:04.495 1119 7619 I QC2C2DEngine: calcYSize: unsupported or RGB color format, RGBA8888(1)
11-29 09:24:04.513 1119 7619 I QC2C2DEngine: calcYSize: unsupported or RGB color format, RGBA8888(1)
11-29 09:24:04.529 1119 7619 I QC2C2DEngine: calcYSize: unsupported or RGB color format, RGBA8888(1)
11-29 09:24:04.546 1119 7619 I QC2C2DEngine: calcYSize: unsupported or RGB color format, RGBA8888(1)
11-29 09:24:04.562 1119 7619 I QC2C2DEngine: calcYSize: unsupported or RGB color format, RGBA8888(1)
11-29 09:24:04.579 1119 7619 I QC2C2DEngine: calcYSize: unsupported or RGB color format, RGBA8888(1)
11-29 09:24:04.598 1119 7619 I QC2C2DEngine: calcYSize: unsupported or RGB color format, RGBA8888(1)
11-29 09:24:04.613 1119 7619 I QC2C2DEngine: calcYSize: unsupported or RGB color format, RGBA8888(1)
11-29 09:24:04.624 1055 1079 I android.hardware.thermal@2.0-service.qti: uevent triggered for sensor: camera-therm-usr
11-29 09:24:04.628 1119 7619 I QC2C2DEngine: calcYSize: unsupported or RGB color format, RGBA8888(1)
11-29 09:24:04.645 1119 7619 I QC2C2DEngine: calcYSize: unsupported or RGB color format, RGBA8888(1)
11-29 09:24:04.663 1119 7619 I QC2C2DEngine: calcYSize: unsupported or RGB color format, RGBA8888(1)
11-29 09:24:04.678 1119 7619 I QC2C2DEngine: calcYSize: unsupported or RGB color format, RGBA8888(1)
11-29 09:24:04.697 1119 7619 I QC2C2DEngine: calcYSize: unsupported or RGB color format, RGBA8888(1)
11-29 09:24:04.715 1119 7619 I QC2C2DEngine: calcYSize: unsupported or RGB color format, RGBA8888(1)
11-29 09:24:04.729 1119 7619 I QC2C2DEngine: calcYSize: unsupported or RGB color format, RGBA8888(1)
11-29 09:24:04.746 1119 7619 I QC2C2DEngine: calcYSize: unsupported or RGB color format, RGBA8888(1)
11-29 09:24:04.763 1119 7619 I QC2C2DEngine: calcYSize: unsupported or RGB color format, RGBA8888(1)
11-29 09:24:04.781 1119 7619 I QC2C2DEngine: calcYSize: unsupported or RGB color format, RGBA8888(1)
11-29 09:24:04.798 1119 7619 I QC2C2DEngine: calcYSize: unsupported or RGB color format, RGBA8888(1)
11-29 09:24:04.816 1119 7619 I QC2C2DEngine: calcYSize: unsupported or RGB color format, RGBA8888(1)
11-29 09:24:04.831 1119 7619 I QC2C2DEngine: calcYSize: unsupported or RGB color format, RGBA8888(1)
11-29 09:24:04.847 4097 4297 W HidlServiceManagement: Waited one second for android.hardware.drm@1.0::IDrmFactory/widevine
11-29 09:24:04.849 1119 7619 I QC2C2DEngine: calcYSize: unsupported or RGB color format, RGBA8888(1)
11-29 09:24:04.849 643 643 I hwservicemanager: Since android.hardware.drm@1.0::IDrmFactory/widevine is not registered, trying to start it as a lazy HAL (if it's not configured to be a lazy HAL, it may be stuck starting or still starting).
11-29 09:24:04.850 4097 4297 I HidlServiceManagement: getService: Trying again for android.hardware.drm@1.0::IDrmFactory/widevine...
11-29 09:24:04.866 1119 7619 I QC2C2DEngine: calcYSize: unsupported or RGB color format, RGBA8888(1)
11-29 09:24:04.879 1119 7619 I QC2C2DEngine: calcYSize: unsupported or RGB color format, RGBA8888(1)
11-29 09:24:04.894 1119 7619 I QC2C2DEngine: calcYSize: unsupported or RGB color format, RGBA8888(1)
11-29 09:24:04.894 8097 8097 F linker : CANNOT LINK EXECUTABLE "/vendor/bin/hw/android.hardware.drm@1.3-service.widevine": cannot locate symbol "CBS_init" referenced by "/vendor/lib64/libwvhidl.so"...
11-29 09:24:04.911 1119 7619 I QC2C2DEngine: calcYSize: unsupported or RGB color format, RGBA8888(1)
11-29 09:24:04.923 8098 8098 I flags_health_check: ServerConfigurableFlagsReset reset_mode value: 1
11-29 09:24:04.923 8098 8098 I flags_health_check: ServerConfigurableFlagsReset updatable crashing detected, resetting flags.
11-29 09:24:04.927 1119 7619 I QC2C2DEngine: calcYSize: unsupported or RGB color format, RGBA8888(1)
11-29 09:24:04.931 1054 7180 I sensors-hal: handle_sns_client_event:470, [SSC_HAL] ACCEL, ts:919.718649 s X:0.04 Y:0.16 Z:9.80, elapsedRealtime: 919.862211, ts_diff: 0.143562, pb_ts: 17950804144, offset = -15219066746
11-29 09:24:04.946 1119 7619 I QC2C2DEngine: calcYSize: unsupported or RGB color format, RGBA8888(1)
11-29 09:24:04.963 1119 7619 I QC2C2DEngine: calcYSize: unsupported or RGB color format, RGBA8888(1)
11-29 09:24:04.983 1119 7619 I QC2C2DEngine: calcYSize: unsupported or RGB color format, RGBA8888(1)
11-29 09:24:04.996 1119 7619 I QC2C2DEngine: calcYSize: unsupported or RGB color format, RGBA8888(1)
11-29 09:24:05.011 2284 2391 I r_submix: out_standby()
11-29 09:24:05.015 1119 7619 I QC2C2DEngine: calcYSize: unsupported or RGB color format, RGBA8888(1)
11-29 09:24:05.030 1119 7619 I QC2C2DEngine: calcYSize: unsupported or RGB color format, RGBA8888(1)
11-29 09:24:05.048 1119 7619 I QC2C2DEngine: calcYSize: unsupported or RGB color format, RGBA8888(1)
11-29 09:24:05.065 1119 7619 I QC2C2DEngine: calcYSize: unsupported or RGB color format, RGBA8888(1)
11-29 09:24:05.082 1119 7619 I QC2C2DEngine: calcYSize: unsupported or RGB color format, RGBA8888(1)
11-29 09:24:05.100 1119 7619 I QC2C2DEngine: calcYSize: unsupported or RGB color format, RGBA8888(1)
11-29 09:24:05.119 1119 7619 I QC2C2DEngine: calcYSize: unsupported or RGB color format, RGBA8888(1)
11-29 09:24:05.148 1119 7619 I QC2C2DEngine: calcYSize: unsupported or RGB color format, RGBA8888(1)
11-29 09:24:05.152 1119 7619 I QC2C2DEngine: calcYSize: unsupported or RGB color format, RGBA8888(1)
11-29 09:24:05.167 1119 7619 I QC2C2DEngine: calcYSize: unsupported or RGB color format, RGBA8888(1)
11-29 09:24:05.184 1119 7619 I QC2C2DEngine: calcYSize: unsupported or RGB color format, RGBA8888(1)
11-29 09:24:05.196 1119 7619 I QC2C2DEngine: calcYSize: unsupported or RGB color format, RGBA8888(1)
11-29 09:24:05.213 1119 7619 I QC2C2DEngine: calcYSize: unsupported or RGB color format, RGBA8888(1)
11-29 09:24:05.232 1119 7619 I QC2C2DEngine: calcYSize: unsupported or RGB color format, RGBA8888(1)
11-29 09:24:05.248 1119 7619 I QC2C2DEngine: calcYSize: unsupported or RGB color format, RGBA8888(1)
11-29 09:24:05.265 1119 7619 I QC2C2DEngine: calcYSize: unsupported or RGB color format, RGBA8888(1)
11-29 09:24:05.283 1119 7619 I QC2C2DEngine: calcYSize: unsupported or RGB color format, RGBA8888(1)
11-29 09:24:05.300 1119 7619 I QC2C2DEngine: calcYSize: unsupported or RGB color format, RGBA8888(1)
11-29 09:24:05.316 1119 7619 I QC2C2DEngine: calcYSize: unsupported or RGB color format, RGBA8888(1)
11-29 09:24:05.330 1119 7619 I QC2C2DEngine: calcYSize: unsupported or RGB color format, RGBA8888(1)
11-29 09:24:05.348 1119 7619 I QC2C2DEngine: calcYSize: unsupported or RGB color format, RGBA8888(1)
11-29 09:24:05.368 1119 7619 I QC2C2DEngine: calcYSize: unsupported or RGB color format, RGBA8888(1)
11-29 09:24:05.376 4097 4097 W JobService: onNetworkChanged() not implemented in androidx.work.impl.background.systemjob.SystemJobService. Must override in a subclass.
11-29 09:24:05.377 4097 4097 W JobService: onNetworkChanged() not implemented in androidx.work.impl.background.systemjob.SystemJobService. Must override in a subclass.
11-29 09:24:05.381 1119 7619 I QC2C2DEngine: calcYSize: unsupported or RGB color format, RGBA8888(1)
11-29 09:24:05.392 4097 4128 D WM-NetworkStateTracker: Network capabilities changed: [ Transports: WIFI Capabilities: NOT_METERED&INTERNET&NOT_RESTRICTED&TRUSTED&NOT_VPN&VALIDATED&NOT_ROAMING&FOREGROUND&NOT_CONGESTED&NOT_SUSPENDED&NOT_VCN_MANAGED&NOT_BANDWIDTH_CONSTRAINED LinkUpBandwidth>=10000Kbps LinkDnBandwidth>=45205Kbps TransportInfo: , BSSID: 02:00:00:00:00:00, MAC: 02:00:00:00:00:00, IP: /192.168.1.148, Security type: 2, Supplicant state: COMPLETED, Wi-Fi standard: 11n, RSSI: -72, Link speed: 130Mbps, Tx Link speed: 130Mbps, Max Supported Tx Link speed: 144Mbps, Rx Link speed: 86Mbps, Max Supported Rx Link speed: 144Mbps, Frequency: 2447MHz, Net ID: -1, Metered hint: false, score: 59, isUsable: true, CarrierMerged: false, SubscriptionId: -1, IsPrimary: -1, Trusted: true, Restricted: false, Ephemeral: false, OEM paid: false, OEM private: false, OSU AP: false, FQDN: , Provider friendly name: , Requesting package name: MLO Information: , Is TID-To-Link negotiation supported by the AP: false, AP MLD Address: , AP MLO Link Id: , AP MLO Affiliated links: , Vendor Data: > SignalStrength: -72 UnderlyingNetworks: Null]
11-29 09:24:05.398 1119 7619 I QC2C2DEngine: calcYSize: unsupported or RGB color format, RGBA8888(1)
11-29 09:24:05.413 1119 7619 I QC2C2DEngine: calcYSize: unsupported or RGB color format, RGBA8888(1)
11-29 09:24:05.432 1119 7619 I QC2C2DEngine: calcYSize: unsupported or RGB color format, RGBA8888(1)
11-29 09:24:05.451 1119 7619 I QC2C2DEngine: calcYSize: unsupported or RGB color format, RGBA8888(1)
11-29 09:24:05.466 1119 7619 I QC2C2DEngine: calcYSize: unsupported or RGB color format, RGBA8888(1)
11-29 09:24:05.486 1119 7619 I QC2C2DEngine: calcYSize: unsupported or RGB color format, RGBA8888(1)
11-29 09:24:05.501 1119 7619 I QC2C2DEngine: calcYSize: unsupported or RGB color format, RGBA8888(1)
11-29 09:24:05.518 1119 7619 I QC2C2DEngine: calcYSize: unsupported or RGB color format, RGBA8888(1)
11-29 09:24:05.533 1119 7619 I QC2C2DEngine: calcYSize: unsupported or RGB color format, RGBA8888(1)
11-29 09:24:05.551 1119 7619 I QC2C2DEngine: calcYSize: unsupported or RGB color format, RGBA8888(1)
11-29 09:24:05.569 1119 7619 I QC2C2DEngine: calcYSize: unsupported or RGB color format, RGBA8888(1)
11-29 09:24:05.585 1119 7619 I QC2C2DEngine: calcYSize: unsupported or RGB color format, RGBA8888(1)
11-29 09:24:05.599 1119 7619 I QC2C2DEngine: calcYSize: unsupported or RGB color format, RGBA8888(1)
11-29 09:24:05.614 1119 7619 I QC2C2DEngine: calcYSize: unsupported or RGB color format, RGBA8888(1)
11-29 09:24:05.630 1119 7619 I QC2C2DEngine: calcYSize: unsupported or RGB color format, RGBA8888(1)
11-29 09:24:05.648 1055 1079 I android.hardware.thermal@2.0-service.qti: uevent triggered for sensor: camera-therm-usr
11-29 09:24:05.649 1119 7619 I QC2C2DEngine: calcYSize: unsupported or RGB color format, RGBA8888(1)
11-29 09:24:05.665 1119 7619 I QC2C2DEngine: calcYSize: unsupported or RGB color format, RGBA8888(1)
11-29 09:24:05.683 1119 7619 I QC2C2DEngine: calcYSize: unsupported or RGB color format, RGBA8888(1)
11-29 09:24:05.701 1119 7619 I QC2C2DEngine: calcYSize: unsupported or RGB color format, RGBA8888(1)
11-29 09:24:05.718 1119 7619 I QC2C2DEngine: calcYSize: unsupported or RGB color format, RGBA8888(1)
11-29 09:24:05.735 1119 7619 I QC2C2DEngine: calcYSize: unsupported or RGB color format, RGBA8888(1)
11-29 09:24:05.836 1119 7619 I QC2C2DEngine: calcYSize: unsupported or RGB color format, RGBA8888(1)
11-29 09:24:05.850 4097 4297 W HidlServiceManagement: Waited one second for android.hardware.drm@1.0::IDrmFactory/widevine
11-29 09:24:05.852 643 643 I hwservicemanager: Since android.hardware.drm@1.0::IDrmFactory/widevine is not registered, trying to start it as a lazy HAL (if it's not configured to be a lazy HAL, it may be stuck starting or still starting).
11-29 09:24:05.853 4097 4297 I HidlServiceManagement: getService: Trying again for android.hardware.drm@1.0::IDrmFactory/widevine...
11-29 09:24:05.901 8100 8100 F linker : CANNOT LINK EXECUTABLE "/vendor/bin/hw/android.hardware.drm@1.3-service.widevine": cannot locate symbol "CBS_init" referenced by "/vendor/lib64/libwvhidl.so"...
11-29 09:24:05.925 8101 8101 I flags_health_check: ServerConfigurableFlagsReset reset_mode value: 1
11-29 09:24:05.925 8101 8101 I flags_health_check: ServerConfigurableFlagsReset updatable crashing detected, resetting flags.
11-29 09:24:05.936 1119 7619 I QC2C2DEngine: calcYSize: unsupported or RGB color format, RGBA8888(1)
11-29 09:24:06.004 3280 3404 W ThermalEngine: thermal_sensor_get_temperature: virtual-therm Reading 24288 .
11-29 09:24:06.039 1119 7619 I QC2C2DEngine: calcYSize: unsupported or RGB color format, RGBA8888(1)
11-29 09:24:06.138 1119 7619 I QC2C2DEngine: calcYSize: unsupported or RGB color format, RGBA8888(1)
11-29 09:24:06.241 1119 7619 I QC2C2DEngine: calcYSize: unsupported or RGB color format, RGBA8888(1)
11-29 09:24:06.340 1119 7619 I QC2C2DEngine: calcYSize: unsupported or RGB color format, RGBA8888(1)
11-29 09:24:06.443 1119 7619 I QC2C2DEngine: calcYSize: unsupported or RGB color format, RGBA8888(1)
11-29 09:24:06.546 1119 7619 I QC2C2DEngine: calcYSize: unsupported or RGB color format, RGBA8888(1)
11-29 09:24:06.574 1119 7619 I QC2Comp : [avcE_14] Stats: Pending(0) i/p-done(0) Works: Q: 2179/Done 2179|Work-Rate: Q(32.6/s Avg=33.2/s) Done(32.798/s Avg=33.226/s)| Stream: 10.00fps 179.6Kbps
11-29 09:24:06.574 1119 7619 I QC2Comp : Mem-usage: [In-2D - 65 bufs 365.625 MB] [1D-17 - 7 bufs 13.098 MB] [1D-0 - 2 bufs 0.008 MB]
11-29 09:24:06.574 1119 7619 I QC2Comp : Total Mem-usage: 378.730 MB
11-29 09:24:06.646 1119 7619 I QC2C2DEngine: calcYSize: unsupported or RGB color format, RGBA8888(1)
11-29 09:24:06.672 1055 1079 I android.hardware.thermal@2.0-service.qti: uevent triggered for sensor: camera-therm-usr
11-29 09:24:06.748 1119 7619 I QC2C2DEngine: calcYSize: unsupported or RGB color format, RGBA8888(1)
11-29 09:24:06.854 4097 4297 W HidlServiceManagement: Waited one second for android.hardware.drm@1.0::IDrmFactory/widevine
11-29 09:24:06.855 643 643 I hwservicemanager: Since android.hardware.drm@1.0::IDrmFactory/widevine is not registered, trying to start it as a lazy HAL (if it's not configured to be a lazy HAL, it may be stuck starting or still starting).
11-29 09:24:06.856 4097 4297 I HidlServiceManagement: getService: Trying again for android.hardware.drm@1.0::IDrmFactory/widevine...
11-29 09:24:06.903 8103 8103 F linker : CANNOT LINK EXECUTABLE "/vendor/bin/hw/android.hardware.drm@1.3-service.widevine": cannot locate symbol "CBS_init" referenced by "/vendor/lib64/libwvhidl.so"...
11-29 09:24:06.925 8104 8104 I flags_health_check: ServerConfigurableFlagsReset reset_mode value: 1
11-29 09:24:06.925 8104 8104 I flags_health_check: ServerConfigurableFlagsReset updatable crashing detected, resetting flags.
11-29 09:24:07.193 1278 2189 D InetDiagMessage: Destroyed 1 sockets, proto=IPPROTO_TCP, family=AF_INET, states=14
11-29 09:24:07.195 1278 2189 D InetDiagMessage: Destroyed 0 sockets, proto=IPPROTO_TCP, family=AF_INET6, states=14
11-29 09:24:07.196 1278 2189 D InetDiagMessage: Destroyed live tcp sockets for uids={10178} in 6ms
11-29 09:24:07.197 1278 2189 D InetDiagMessage: Destroyed 0 sockets, proto=IPPROTO_TCP, family=AF_INET, states=14
11-29 09:24:07.198 1278 2189 D InetDiagMessage: Destroyed 0 sockets, proto=IPPROTO_TCP, family=AF_INET6, states=14
11-29 09:24:07.198 1278 2189 D InetDiagMessage: Destroyed live tcp sockets for uids={20178} in 2ms
11-29 09:24:07.698 1055 1079 I android.hardware.thermal@2.0-service.qti: uevent triggered for sensor: camera-therm-usr
11-29 09:24:07.749 7594 7612 D BufferPoolAccessor2.0: bufferpool2 0xb400007d61f5ebe8 : 5(19200 size) total buffers - 4(15360 size) used buffers - 3324/3329 (recycle/alloc) - 14/6649 (fetch/transfer)
11-29 09:24:07.812 1479 7620 D BufferPoolAccessor2.0: bufferpool2 0xb4000073b6481f08 : 3(7500 size) total buffers - 1(3000 size) used buffers - 3327/3330 (recycle/alloc) - 5/3328 (fetch/transfer)
11-29 09:24:07.844 8105 8105 D diagcommd: DBG:Diag Daemon services process entry PPID = 1
11-29 09:24:07.844 8105 8105 D diagcommd: DBG:Calling LSM init
11-29 09:24:07.844 8105 8105 E Diag_Lib: diag:failed to connect to diag socket
11-29 09:24:07.844 8105 8105 E Diag_Lib: Diag_LSM_Init: Failed to open handle to diag driver, error = 25
11-29 09:24:07.844 8105 8105 E diagcommd: ERR:DiagDaemon: Diag_LSM_Init() failed.
11-29 09:24:07.857 4097 4297 W HidlServiceManagement: Waited one second for android.hardware.drm@1.0::IDrmFactory/widevine
11-29 09:24:07.857 643 643 I hwservicemanager: Since android.hardware.drm@1.0::IDrmFactory/widevine is not registered, trying to start it as a lazy HAL (if it's not configured to be a lazy HAL, it may be stuck starting or still starting).
11-29 09:24:07.858 4097 4297 I HidlServiceManagement: getService: Trying again for android.hardware.drm@1.0::IDrmFactory/widevine...
11-29 09:24:07.871 8106 8106 I flags_health_check: ServerConfigurableFlagsReset reset_mode value: 1
11-29 09:24:07.871 8106 8106 I flags_health_check: ServerConfigurableFlagsReset updatable crashing detected, resetting flags.
11-29 09:24:07.883 8108 8108 F linker : CANNOT LINK EXECUTABLE "/vendor/bin/hw/android.hardware.drm@1.3-service.widevine": cannot locate symbol "CBS_init" referenced by "/vendor/lib64/libwvhidl.so"...
11-29 09:24:07.905 8109 8109 I flags_health_check: ServerConfigurableFlagsReset reset_mode value: 1
11-29 09:24:07.906 8109 8109 I flags_health_check: ServerConfigurableFlagsReset updatable crashing detected, resetting flags.
11-29 09:24:08.415 4097 4097 W JobService: onNetworkChanged() not implemented in androidx.work.impl.background.systemjob.SystemJobService. Must override in a subclass.
11-29 09:24:08.416 4097 4097 W JobService: onNetworkChanged() not implemented in androidx.work.impl.background.systemjob.SystemJobService. Must override in a subclass.
11-29 09:24:08.423 4097 4128 D WM-NetworkStateTracker: Network capabilities changed: [ Transports: WIFI Capabilities: NOT_METERED&INTERNET&NOT_RESTRICTED&TRUSTED&NOT_VPN&VALIDATED&NOT_ROAMING&FOREGROUND&NOT_CONGESTED&NOT_SUSPENDED&NOT_VCN_MANAGED&NOT_BANDWIDTH_CONSTRAINED LinkUpBandwidth>=10000Kbps LinkDnBandwidth>=45205Kbps TransportInfo: , BSSID: 02:00:00:00:00:00, MAC: 02:00:00:00:00:00, IP: /192.168.1.148, Security type: 2, Supplicant state: COMPLETED, Wi-Fi standard: 11n, RSSI: -71, Link speed: 115Mbps, Tx Link speed: 115Mbps, Max Supported Tx Link speed: 144Mbps, Rx Link speed: 86Mbps, Max Supported Rx Link speed: 144Mbps, Frequency: 2447MHz, Net ID: -1, Metered hint: false, score: 59, isUsable: true, CarrierMerged: false, SubscriptionId: -1, IsPrimary: -1, Trusted: true, Restricted: false, Ephemeral: false, OEM paid: false, OEM private: false, OSU AP: false, FQDN: , Provider friendly name: , Requesting package name: MLO Information: , Is TID-To-Link negotiation supported by the AP: false, AP MLD Address: , AP MLO Link Id: , AP MLO Affiliated links: , Vendor Data: > SignalStrength: -71 UnderlyingNetworks: Null]
11-29 09:24:08.426 1278 2189 D ConnectivityService: NetReassign [no changes] [c 0] [a 1] [i 3]
11-29 09:24:08.721 1055 1079 I android.hardware.thermal@2.0-service.qti: uevent triggered for sensor: camera-therm-usr
11-29 09:24:08.858 4097 4297 W HidlServiceManagement: Waited one second for android.hardware.drm@1.0::IDrmFactory/widevine
11-29 09:24:08.859 643 643 I hwservicemanager: Since android.hardware.drm@1.0::IDrmFactory/widevine is not registered, trying to start it as a lazy HAL (if it's not configured to be a lazy HAL, it may be stuck starting or still starting).
11-29 09:24:08.860 4097 4297 I HidlServiceManagement: getService: Trying again for android.hardware.drm@1.0::IDrmFactory/widevine...
11-29 09:24:08.905 8111 8111 F linker : CANNOT LINK EXECUTABLE "/vendor/bin/hw/android.hardware.drm@1.3-service.widevine": cannot locate symbol "CBS_init" referenced by "/vendor/lib64/libwvhidl.so"...
11-29 09:24:08.926 8112 8112 I flags_health_check: ServerConfigurableFlagsReset reset_mode value: 1
11-29 09:24:08.927 8112 8112 I flags_health_check: ServerConfigurableFlagsReset updatable crashing detected, resetting flags.
11-29 09:24:09.317 1278 2121 I JobServiceContext: Letting fcf16d2 {androidx.work.systemjobscheduler} #u0a125/20 @androidx.work.systemjobscheduler@com.android.rkpdapp/androidx.work.impl.background.systemjob.SystemJobService continue to run past min execution time
11-29 09:24:09.319 1278 2121 I JobServiceContext: Letting 463ce1e {androidx.work.systemjobscheduler} #u0a125/22 @androidx.work.systemjobscheduler@com.android.rkpdapp/androidx.work.impl.background.systemjob.SystemJobService continue to run past min execution time
11-29 09:24:09.319 1278 2121 I JobServiceContext: Letting 6aa2391 {androidx.work.systemjobscheduler} #u0a125/24 @androidx.work.systemjobscheduler@com.android.rkpdapp/androidx.work.impl.background.systemjob.SystemJobService continue to run past min execution time
11-29 09:24:09.745 1055 1079 I android.hardware.thermal@2.0-service.qti: uevent triggered for sensor: camera-therm-usr
11-29 09:24:09.863 4097 4297 W HidlServiceManagement: Waited one second for android.hardware.drm@1.0::IDrmFactory/widevine
11-29 09:24:09.864 1054 7180 I sensors-hal: handle_sns_client_event:470, [SSC_HAL] ACCEL, ts:924.718673 s X:0.04 Y:0.17 Z:9.76, elapsedRealtime: 924.795692, ts_diff: 0.077020, pb_ts: 18046804594, offset = -15219066746
11-29 09:24:09.864 643 643 I hwservicemanager: Since android.hardware.drm@1.0::IDrmFactory/widevine is not registered, trying to start it as a lazy HAL (if it's not configured to be a lazy HAL, it may be stuck starting or still starting).
11-29 09:24:09.865 4097 4297 I HidlServiceManagement: getService: Trying again for android.hardware.drm@1.0::IDrmFactory/widevine...
11-29 09:24:09.912 8114 8114 F linker : CANNOT LINK EXECUTABLE "/vendor/bin/hw/android.hardware.drm@1.3-service.widevine": cannot locate symbol "CBS_init" referenced by "/vendor/lib64/libwvhidl.so"...
11-29 09:24:09.933 8115 8115 I flags_health_check: ServerConfigurableFlagsReset reset_mode value: 1
11-29 09:24:09.933 8115 8115 I flags_health_check: ServerConfigurableFlagsReset updatable crashing detected, resetting flags.
11-29 09:24:10.390 1278 2764 I ActivityManager: Killing 4227:com.android.externalstorage/u0a33 (adj 975): empty #17
11-29 09:24:10.449 1278 1318 D DisplayManagerService: Drop pending events for gone uid 10033
11-29 09:24:10.449 933 933 I Zygote : Process 4227 exited due to signal 9 (Killed)
11-29 09:24:10.450 1278 1338 I libprocessgroup: Removed cgroup /sys/fs/cgroup/uid_10033/pid_4227
11-29 09:24:10.450 3360 7913 D ForegroundUtils: UID: 10033 deleted.
11-29 09:24:10.491 1119 7619 I QC2C2DEngine: calcYSize: unsupported or RGB color format, RGBA8888(1)
11-29 09:24:10.503 1119 7619 I QC2C2DEngine: calcYSize: unsupported or RGB color format, RGBA8888(1)
11-29 09:24:10.504 1119 7641 D BufferPoolAccessor2.0: bufferpool2 0xe9b00b68 : 6(11771904 size) total buffers - 4(7847936 size) used buffers - 2179/2186 (recycle/alloc) - 17/2181 (fetch/transfer)
11-29 09:24:10.521 1119 7619 I QC2C2DEngine: calcYSize: unsupported or RGB color format, RGBA8888(1)
11-29 09:24:10.540 1119 7619 I QC2C2DEngine: calcYSize: unsupported or RGB color format, RGBA8888(1)
11-29 09:24:10.557 1119 7619 I QC2C2DEngine: calcYSize: unsupported or RGB color format, RGBA8888(1)
11-29 09:24:10.573 1119 7619 I QC2C2DEngine: calcYSize: unsupported or RGB color format, RGBA8888(1)
11-29 09:24:10.590 1119 7619 I QC2C2DEngine: calcYSize: unsupported or RGB color format, RGBA8888(1)
11-29 09:24:10.607 1119 7619 I QC2C2DEngine: calcYSize: unsupported or RGB color format, RGBA8888(1)
11-29 09:24:10.624 1119 7619 I QC2C2DEngine: calcYSize: unsupported or RGB color format, RGBA8888(1)
11-29 09:24:10.640 1119 7619 I QC2C2DEngine: calcYSize: unsupported or RGB color format, RGBA8888(1)
11-29 09:24:10.656 1119 7619 I QC2C2DEngine: calcYSize: unsupported or RGB color format, RGBA8888(1)
11-29 09:24:10.673 1119 7619 I QC2C2DEngine: calcYSize: unsupported or RGB color format, RGBA8888(1)
11-29 09:24:10.691 1119 7619 I QC2C2DEngine: calcYSize: unsupported or RGB color format, RGBA8888(1)
11-29 09:24:10.708 1119 7619 I QC2C2DEngine: calcYSize: unsupported or RGB color format, RGBA8888(1)
11-29 09:24:10.724 1119 7619 I QC2C2DEngine: calcYSize: unsupported or RGB color format, RGBA8888(1)
11-29 09:24:10.740 1119 7619 I QC2C2DEngine: calcYSize: unsupported or RGB color format, RGBA8888(1)
11-29 09:24:10.757 1119 7619 I QC2C2DEngine: calcYSize: unsupported or RGB color format, RGBA8888(1)
11-29 09:24:10.767 1055 1079 I android.hardware.thermal@2.0-service.qti: uevent triggered for sensor: camera-therm-usr
11-29 09:24:10.773 1119 7619 I QC2C2DEngine: calcYSize: unsupported or RGB color format, RGBA8888(1)
11-29 09:24:10.790 1119 7619 I QC2C2DEngine: calcYSize: unsupported or RGB color format, RGBA8888(1)
