11-29 09:22:11.987 1055 1079 I android.hardware.thermal@2.0-service.qti: uevent triggered for sensor: camera-therm-usr
11-29 09:22:12.005 6716 6716 W WindowOnBackDispatcher: sendCancelIfRunning: isInProgress=false callback=android.view.ViewRootImpl$$ExternalSyntheticLambda11@95a33f0
11-29 09:22:12.006 1278 1302 D CoreBackPreview: Window{51c1b u0 org.omnirom.omnistore/org.omnirom.omnistore.MainActivity}: Setting back callback null
11-29 09:22:12.011 2334 3199 D audioserver: logFgsApiBegin: FGS Logger Transaction failed, -129
11-29 09:22:12.011 1278 2749 W AS.PlaybackActivityMon: No piid assigned for invalid/internal port id 33
11-29 09:22:12.013 6716 6731 D HWUI : endAllActiveAnimators on 0xb400006e8ad23730 (RippleDrawable) with handle 0xb400006f3ac94b80
11-29 09:22:12.014 2284 3692 D audio_hw_primary: start_output_stream: enter: stream(0xe35021a0)usecase(1: low-latency-playback) devices(0x2) is_haptic_usecase(0)
11-29 09:22:12.014 1278 1302 W InputManager-JNI: Input channel object '51c1b org.omnirom.omnistore/org.omnirom.omnistore.MainActivity (client)' was disposed without first being removed with the input manager!
11-29 09:22:12.014 2284 3692 D audio_hw_primary: select_devices for use case (low-latency-playback)
11-29 09:22:12.015 2284 3692 I msm8974_platform: platform_check_and_set_codec_backend_cfg:becf: afe: bitwidth 32, samplerate 48000 channels 2, backend_idx 0 usecase = 1 device (speaker)
11-29 09:22:12.015 2284 3692 I msm8974_platform: platform_check_and_set_codec_backend_cfg: new_snd_devices[0] is 2
11-29 09:22:12.015 2284 3692 I msm8974_platform: platform_check_codec_backend_cfg:becf: afe: bitwidth 32, samplerate 48000 channels 2, backend_idx 0 usecase = 1 device (speaker)
11-29 09:22:12.018 2284 3692 D msm8974_platform: platform_check_codec_backend_cfg:becf: updated afe: bitwidth 32, samplerate 48000 channels 2,backend_idx 0 usecase = 1 device (speaker)
11-29 09:22:12.018 2284 3692 D msm8974_platform: platform_check_codec_backend_cfg:becf: afe: reset bitwidth to 24 (based on supported value for this platform)
11-29 09:22:12.018 2284 3692 I msm8974_platform: platform_check_codec_backend_cfg:becf: afe: Codec selected backend: 0 updated bit width: 24 and sample rate: 48000
11-29 09:22:12.018 2284 3692 D audio_hw_primary: check_usecases_codec_backend:becf: force routing 0
11-29 09:22:12.018 2284 3692 D audio_hw_primary: check_usecases_codec_backend:becf: (85) check_usecases curr device: speaker, usecase device: backends match 0
11-29 09:22:12.018 2284 3692 D audio_hw_primary: check_usecases_codec_backend:becf: check_usecases num.of Usecases to switch 0
11-29 09:22:12.018 2284 3692 D hardware_info: hw_info_append_hw_type : device_name = speaker
11-29 09:22:12.018 2284 3692 D audio_hw_primary: enable_snd_device: snd_device(2: speaker)
11-29 09:22:12.018 2284 3692 D msm8974_platform: platform_get_island_cfg_on_device:island cfg status on snd_device = (speaker 0)
11-29 09:22:12.018 2284 3692 I soundtrigger: audio_extn_sound_trigger_update_device_status: device 0x2 of type 0 for Event 1, with Raise=0
11-29 09:22:12.019 2284 3692 D audio_route: Apply path: speaker
11-29 09:22:12.041 1278 1320 V WindowManager: Unknown focus tokens, dropping reportFocusChanged
11-29 09:22:12.058 2284 3692 D soundtrigger: audio_extn_sound_trigger_update_stream_status: uc_info->id 1 of type 0 for Event 3, with Raise=0
11-29 09:22:12.058 2284 3692 D audio_hw_utils: audio_extn_utils_send_app_type_cfg: usecase->out_snd_device speaker
11-29 09:22:12.059 2284 3692 I audio_hw_utils: send_app_type_cfg_for_device PLAYBACK app_type 69937, acdb_dev_id 15, sample_rate 48000, snd_device_be_idx 43
11-29 09:22:12.059 2284 3692 D ACDB-LOADER: ACDB -> send_audio_cal, acdb_id = 15, path = 0, app id = 0x11131, sample rate = 48000, afe_sample_rate = 48000
11-29 09:22:12.059 2284 3692 D ACDB-LOADER: ACDB -> send_asm_topology
11-29 09:22:12.059 2284 3692 D ACDB-LOADER: ACDB -> ACDB_CMD_GET_AUDPROC_STREAM_TOPOLOGY_ID
11-29 09:22:12.059 2284 3692 D ACDB-LOADER: ACDB -> send_adm_topology
11-29 09:22:12.059 2284 3692 D ACDB-LOADER: ACDB -> ACDB_CMD_GET_AUDPROC_COMMON_TOPOLOGY_ID
11-29 09:22:12.059 2284 3692 D ACDB-LOADER: ACDB -> send_audtable
11-29 09:22:12.059 2284 3692 D ACDB-LOADER: ACDB -> ACDB_CMD_GET_AUDPROC_INSTANCE_COMMON_TABLE_SIZE
11-29 09:22:12.059 2284 3692 D ACDB-LOADER: ACDB -> ACDB_CMD_GET_AUDPROC_INSTANCE_COMMON_TABLE
11-29 09:22:12.059 2284 3692 D ACDB-LOADER: ACDB -> AUDIO_SET_AUDPROC_CAL cal_type[11] acdb_id[15] app_type[69937]
11-29 09:22:12.059 2284 3692 D ACDB-LOADER: ACDB -> send_audvoltable
11-29 09:22:12.059 2284 3692 D ACDB-LOADER: ACDB -> ACDB_CMD_GET_AUDPROC_INSTANCE_GAIN_DEP_STEP_TABLE_SIZE
11-29 09:22:12.059 2284 3692 D android.hardware.audio.service: Failed to fetch the lookup information of the device 0000000F
11-29 09:22:12.060 2284 3692 D ACDB-LOADER: Error: ACDB_CMD_GET_AUDPROC_INSTANCE_GAIN_DEP_STEP_TABLE_SIZE Returned = -19
11-29 09:22:12.060 2284 3692 D ACDB-LOADER: ACDB -> ACDB_CMD_GET_AUDPROC_INSTANCE_GAIN_DEP_STEP_TABLE, vol index 0
11-29 09:22:12.060 2284 3692 D android.hardware.audio.service: Failed to fetch the lookup information of the device 0000000F
11-29 09:22:12.060 2284 3692 D ACDB-LOADER: Error: ACDB AudProc vol returned = -19
11-29 09:22:12.060 2284 3692 D ACDB-LOADER: ACDB -> AUDIO_SET_VOL_CAL cal type = 12
11-29 09:22:12.060 2284 3692 D ACDB-LOADER: ACDB -> ACDB_CMD_GET_AUDPROC_INSTANCE_STREAM_TABLE_SIZE
11-29 09:22:12.060 2284 3692 D ACDB-LOADER: ACDB -> send_audstrmtable
11-29 09:22:12.060 2284 3692 D ACDB-LOADER: ACDB -> ACDB_CMD_GET_AUDPROC_INSTANCE_STREAM_TABLE
11-29 09:22:12.060 2284 3692 D ACDB-LOADER: ACDB -> audstrm_cal->cal_type.cal_data.cal_size = 20
11-29 09:22:12.060 2284 3692 D ACDB-LOADER: ACDB -> send_afe_topology
11-29 09:22:12.060 2284 3692 D ACDB-LOADER: ACDB -> ACDB_CMD_GET_AFE_TOPOLOGY_ID
11-29 09:22:12.060 2284 3692 D ACDB-LOADER: ACDB -> GET_AFE_TOPOLOGY_ID for adcd_id 15, Topology Id 112fc
11-29 09:22:12.060 2284 3692 D ACDB-LOADER: ACDB -> send_afe_cal
11-29 09:22:12.060 2284 3692 D ACDB-LOADER: ACDB -> ACDB_CMD_GET_AFE_INSTANCE_COMMON_TABLE_SIZE
11-29 09:22:12.060 2284 3692 D android.hardware.audio.service: Failed to fetch the lookup information of the device 0000000F
11-29 09:22:12.060 2284 3692 D ACDB-LOADER: Error: ACDB_CMD_GET_AFE_INSTANCE_COMMON_TABLE_SIZE Returned = -19
11-29 09:22:12.060 2284 3692 D ACDB-LOADER: ACDB -> ACDB_CMD_GET_AFE_INSTANCE_COMMON_TABLE
11-29 09:22:12.060 2284 3692 D android.hardware.audio.service: Failed to fetch the lookup information of the device 0000000F
11-29 09:22:12.060 2284 3692 D ACDB-LOADER: Error: ACDB AFE returned = -19
11-29 09:22:12.060 2284 3692 D ACDB-LOADER: ACDB -> AUDIO_SET_AFE_CAL cal_type[16] acdb_id[15]
11-29 09:22:12.060 2284 3692 D ACDB-LOADER: ACDB -> send_hw_delay : acdb_id = 15 path = 0
11-29 09:22:12.060 2284 3692 D ACDB-LOADER: ACDB -> ACDB_AVSYNC_INFO: ACDB_CMD_GET_DEVICE_PROPERTY
11-29 09:22:12.060 2284 3692 D audio_hw_primary: enable_audio_route: apply mixer and update path: low-latency-playback speaker
11-29 09:22:12.060 2284 3692 D audio_route: Apply path: low-latency-playback speaker
11-29 09:22:12.061 2284 3692 D msm8974_platform: platform_set_channel_map mixer_ctl_name:Playback Channel Map9
11-29 09:22:12.061 2284 3692 D msm8974_platform: platform_set_channel_map: set mapping(1 2 0 0 0 0 0 0) for channel:2
11-29 09:22:12.061 1278 2165 I ImeTracker: org.omnirom.omnistore:79700171: onRequestHide at ORIGIN_SERVER reason HIDE_SAME_WINDOW_FOCUSED_WITHOUT_EDITOR fromUser false
11-29 09:22:12.061 1278 2165 I ImeTracker: org.omnirom.omnistore:79700171: onCancelled at PHASE_SERVER_SHOULD_HIDE
11-29 09:22:12.144 2284 3692 D audio_hw_primary: start_output_stream: exit
11-29 09:22:12.294 2334 2393 D audioserver: logFgsApiEnd: FGS Logger Transaction failed, -129
11-29 09:22:12.426 4097 4297 W HidlServiceManagement: Waited one second for android.hardware.drm@1.0::IDrmFactory/widevine
11-29 09:22:12.427 643 643 I hwservicemanager: Since android.hardware.drm@1.0::IDrmFactory/widevine is not registered, trying to start it as a lazy HAL (if it's not configured to be a lazy HAL, it may be stuck starting or still starting).
11-29 09:22:12.429 4097 4297 I HidlServiceManagement: getService: Trying again for android.hardware.drm@1.0::IDrmFactory/widevine...
11-29 09:22:12.475 7424 7424 F linker : CANNOT LINK EXECUTABLE "/vendor/bin/hw/android.hardware.drm@1.3-service.widevine": cannot locate symbol "CBS_init" referenced by "/vendor/lib64/libwvhidl.so"...
11-29 09:22:12.498 7425 7425 I flags_health_check: ServerConfigurableFlagsReset reset_mode value: 1
11-29 09:22:12.498 7425 7425 I flags_health_check: ServerConfigurableFlagsReset updatable crashing detected, resetting flags.
11-29 09:22:12.629 7426 7426 D diagcommd: DBG:Diag Daemon services process entry PPID = 1
11-29 09:22:12.629 7426 7426 D diagcommd: DBG:Calling LSM init
11-29 09:22:12.630 7426 7426 E Diag_Lib: diag:failed to connect to diag socket
11-29 09:22:12.630 7426 7426 E Diag_Lib: Diag_LSM_Init: Failed to open handle to diag driver, error = 25
11-29 09:22:12.630 7426 7426 E diagcommd: ERR:DiagDaemon: Diag_LSM_Init() failed.
11-29 09:22:12.651 7427 7427 I flags_health_check: ServerConfigurableFlagsReset reset_mode value: 1
11-29 09:22:12.651 7427 7427 I flags_health_check: ServerConfigurableFlagsReset updatable crashing detected, resetting flags.
11-29 09:22:13.009 1055 1079 I android.hardware.thermal@2.0-service.qti: uevent triggered for sensor: camera-therm-usr
11-29 09:22:13.429 4097 4297 W HidlServiceManagement: Waited one second for android.hardware.drm@1.0::IDrmFactory/widevine
11-29 09:22:13.431 643 643 I hwservicemanager: Since android.hardware.drm@1.0::IDrmFactory/widevine is not registered, trying to start it as a lazy HAL (if it's not configured to be a lazy HAL, it may be stuck starting or still starting).
11-29 09:22:13.432 4097 4297 I HidlServiceManagement: getService: Trying again for android.hardware.drm@1.0::IDrmFactory/widevine...
11-29 09:22:13.473 7429 7429 F linker : CANNOT LINK EXECUTABLE "/vendor/bin/hw/android.hardware.drm@1.3-service.widevine": cannot locate symbol "CBS_init" referenced by "/vendor/lib64/libwvhidl.so"...
11-29 09:22:13.500 7430 7430 I flags_health_check: ServerConfigurableFlagsReset reset_mode value: 1
11-29 09:22:13.500 7430 7430 I flags_health_check: ServerConfigurableFlagsReset updatable crashing detected, resetting flags.
11-29 09:22:14.033 1055 1079 I android.hardware.thermal@2.0-service.qti: uevent triggered for sensor: camera-therm-usr
11-29 09:22:14.433 4097 4297 W HidlServiceManagement: Waited one second for android.hardware.drm@1.0::IDrmFactory/widevine
11-29 09:22:14.434 643 643 I hwservicemanager: Since android.hardware.drm@1.0::IDrmFactory/widevine is not registered, trying to start it as a lazy HAL (if it's not configured to be a lazy HAL, it may be stuck starting or still starting).
11-29 09:22:14.435 4097 4297 I HidlServiceManagement: getService: Trying again for android.hardware.drm@1.0::IDrmFactory/widevine...
11-29 09:22:14.483 7432 7432 F linker : CANNOT LINK EXECUTABLE "/vendor/bin/hw/android.hardware.drm@1.3-service.widevine": cannot locate symbol "CBS_init" referenced by "/vendor/lib64/libwvhidl.so"...
11-29 09:22:14.509 7433 7433 I flags_health_check: ServerConfigurableFlagsReset reset_mode value: 1
11-29 09:22:14.509 7433 7433 I flags_health_check: ServerConfigurableFlagsReset updatable crashing detected, resetting flags.
11-29 09:22:14.970 1054 7180 I sensors-hal: handle_sns_client_event:470, [SSC_HAL] ACCEL, ts:809.718134 s X:0.01 Y:0.19 Z:9.79, elapsedRealtime: 809.901974, ts_diff: 0.183840, pb_ts: 15838794244, offset = -15219065970
11-29 09:22:15.055 1055 1079 I android.hardware.thermal@2.0-service.qti: uevent triggered for sensor: camera-therm-usr
11-29 09:22:15.279 2284 2394 D audio_hw_primary: out_standby: enter: stream (0xe35021a0) usecase(1: low-latency-playback)
11-29 09:22:15.329 2284 2394 D audio_hw_primary: disable_audio_route: reset and update mixer path: low-latency-playback speaker
11-29 09:22:15.332 2284 2394 D soundtrigger: audio_extn_sound_trigger_update_stream_status: uc_info->id 1 of type 0 for Event 2, with Raise=0
11-29 09:22:15.332 2284 2394 D hardware_info: hw_info_append_hw_type : device_name = speaker
11-29 09:22:15.332 2284 2394 D audio_hw_primary: disable_snd_device: snd_device(2: speaker)
11-29 09:22:15.342 2284 2394 I soundtrigger: audio_extn_sound_trigger_update_device_status: device 0x2 of type 0 for Event 0, with Raise=0
11-29 09:22:15.435 4097 4297 W HidlServiceManagement: Waited one second for android.hardware.drm@1.0::IDrmFactory/widevine
11-29 09:22:15.437 643 643 I hwservicemanager: Since android.hardware.drm@1.0::IDrmFactory/widevine is not registered, trying to start it as a lazy HAL (if it's not configured to be a lazy HAL, it may be stuck starting or still starting).
11-29 09:22:15.437 4097 4297 I HidlServiceManagement: getService: Trying again for android.hardware.drm@1.0::IDrmFactory/widevine...
11-29 09:22:15.476 7435 7435 F linker : CANNOT LINK EXECUTABLE "/vendor/bin/hw/android.hardware.drm@1.3-service.widevine": cannot locate symbol "CBS_init" referenced by "/vendor/lib64/libwvhidl.so"...
11-29 09:22:15.502 7436 7436 I flags_health_check: ServerConfigurableFlagsReset reset_mode value: 1
11-29 09:22:15.502 7436 7436 I flags_health_check: ServerConfigurableFlagsReset updatable crashing detected, resetting flags.
11-29 09:22:16.085 1055 1079 I android.hardware.thermal@2.0-service.qti: uevent triggered for sensor: camera-therm-usr
11-29 09:22:16.225 1278 2189 D ConnectivityService: NetReassign [no changes] [c 1] [a 0] [i 4]
11-29 09:22:16.440 4097 4297 W HidlServiceManagement: Waited one second for android.hardware.drm@1.0::IDrmFactory/widevine
11-29 09:22:16.443 643 643 I hwservicemanager: Since android.hardware.drm@1.0::IDrmFactory/widevine is not registered, trying to start it as a lazy HAL (if it's not configured to be a lazy HAL, it may be stuck starting or still starting).
11-29 09:22:16.445 4097 4297 I HidlServiceManagement: getService: Trying again for android.hardware.drm@1.0::IDrmFactory/widevine...
11-29 09:22:16.488 7438 7438 F linker : CANNOT LINK EXECUTABLE "/vendor/bin/hw/android.hardware.drm@1.3-service.widevine": cannot locate symbol "CBS_init" referenced by "/vendor/lib64/libwvhidl.so"...
11-29 09:22:16.510 7439 7439 I flags_health_check: ServerConfigurableFlagsReset reset_mode value: 1
11-29 09:22:16.510 7439 7439 I flags_health_check: ServerConfigurableFlagsReset updatable crashing detected, resetting flags.
11-29 09:22:17.107 1055 1079 I android.hardware.thermal@2.0-service.qti: uevent triggered for sensor: camera-therm-usr
11-29 09:22:17.445 4097 4297 W HidlServiceManagement: Waited one second for android.hardware.drm@1.0::IDrmFactory/widevine
11-29 09:22:17.447 643 643 I hwservicemanager: Since android.hardware.drm@1.0::IDrmFactory/widevine is not registered, trying to start it as a lazy HAL (if it's not configured to be a lazy HAL, it may be stuck starting or still starting).
11-29 09:22:17.448 4097 4297 I HidlServiceManagement: getService: Trying again for android.hardware.drm@1.0::IDrmFactory/widevine...
11-29 09:22:17.494 7441 7441 F linker : CANNOT LINK EXECUTABLE "/vendor/bin/hw/android.hardware.drm@1.3-service.widevine": cannot locate symbol "CBS_init" referenced by "/vendor/lib64/libwvhidl.so"...
11-29 09:22:17.516 7442 7442 I flags_health_check: ServerConfigurableFlagsReset reset_mode value: 1
11-29 09:22:17.517 7442 7442 I flags_health_check: ServerConfigurableFlagsReset updatable crashing detected, resetting flags.
11-29 09:22:17.636 7443 7443 D diagcommd: DBG:Diag Daemon services process entry PPID = 1
11-29 09:22:17.636 7443 7443 D diagcommd: DBG:Calling LSM init
11-29 09:22:17.637 7443 7443 E Diag_Lib: diag:failed to connect to diag socket
11-29 09:22:17.637 7443 7443 E Diag_Lib: Diag_LSM_Init: Failed to open handle to diag driver, error = 25
11-29 09:22:17.637 7443 7443 E diagcommd: ERR:DiagDaemon: Diag_LSM_Init() failed.
11-29 09:22:17.661 7444 7444 I flags_health_check: ServerConfigurableFlagsReset reset_mode value: 1
11-29 09:22:17.661 7444 7444 I flags_health_check: ServerConfigurableFlagsReset updatable crashing detected, resetting flags.
11-29 09:22:17.668 3280 3404 W ThermalEngine: thermal_sensor_get_temperature: virtual-therm Reading 23276 .
11-29 09:22:18.086 7331 7337 W system:ui: ApkAssets: Deleting an ApkAssets object ' and /data/app/~~ciWThN6j6PTo_9w_u-bicw==/com.apk.editor-FIi4s1v-likpOB0ZWdwvSQ==/base.apk' with 1 weak references
11-29 09:22:18.087 7331 7337 W system:ui: ApkAssets: Deleting an ApkAssets object ' and /system/priv-app/PackageInstaller/PackageInstaller.apk' with 1 weak references
11-29 09:22:18.087 7331 7337 W system:ui: ApkAssets: Deleting an ApkAssets object ' and /data/app/~~3dklu1_1iT6VK6QwP8PleQ==/io.github.muntashirakon.AppManager-jBNmNswlNcW5WzG-Xp-ZDg==/base.apk' with 1 weak references
11-29 09:22:18.087 7331 7337 W system:ui: ApkAssets: Deleting an ApkAssets object ' and /data/app/~~iera_yEAqmIZIX8TkeIXIw==/com.termux-ETqKfah1hfmcn27Si9dLBA==/base.apk' with 1 weak references
11-29 09:22:18.130 1055 1079 I android.hardware.thermal@2.0-service.qti: uevent triggered for sensor: camera-therm-usr
11-29 09:22:18.449 4097 4297 W HidlServiceManagement: Waited one second for android.hardware.drm@1.0::IDrmFactory/widevine
11-29 09:22:18.452 643 643 I hwservicemanager: Since android.hardware.drm@1.0::IDrmFactory/widevine is not registered, trying to start it as a lazy HAL (if it's not configured to be a lazy HAL, it may be stuck starting or still starting).
11-29 09:22:18.454 4097 4297 I HidlServiceManagement: getService: Trying again for android.hardware.drm@1.0::IDrmFactory/widevine...
11-29 09:22:18.495 7446 7446 F linker : CANNOT LINK EXECUTABLE "/vendor/bin/hw/android.hardware.drm@1.3-service.widevine": cannot locate symbol "CBS_init" referenced by "/vendor/lib64/libwvhidl.so"...
11-29 09:22:18.519 7447 7447 I flags_health_check: ServerConfigurableFlagsReset reset_mode value: 1
11-29 09:22:18.519 7447 7447 I flags_health_check: ServerConfigurableFlagsReset updatable crashing detected, resetting flags.
11-29 09:22:19.153 1055 1079 I android.hardware.thermal@2.0-service.qti: uevent triggered for sensor: camera-therm-usr
11-29 09:22:19.457 4097 4297 W HidlServiceManagement: Waited one second for android.hardware.drm@1.0::IDrmFactory/widevine
11-29 09:22:19.459 643 643 I hwservicemanager: Since android.hardware.drm@1.0::IDrmFactory/widevine is not registered, trying to start it as a lazy HAL (if it's not configured to be a lazy HAL, it may be stuck starting or still starting).
11-29 09:22:19.460 4097 4297 I HidlServiceManagement: getService: Trying again for android.hardware.drm@1.0::IDrmFactory/widevine...
11-29 09:22:19.511 7449 7449 F linker : CANNOT LINK EXECUTABLE "/vendor/bin/hw/android.hardware.drm@1.3-service.widevine": cannot locate symbol "CBS_init" referenced by "/vendor/lib64/libwvhidl.so"...
11-29 09:22:19.533 7450 7450 I flags_health_check: ServerConfigurableFlagsReset reset_mode value: 1
11-29 09:22:19.533 7450 7450 I flags_health_check: ServerConfigurableFlagsReset updatable crashing detected, resetting flags.
11-29 09:22:19.904 1054 7180 I sensors-hal: handle_sns_client_event:470, [SSC_HAL] ACCEL, ts:814.718158 s X:0.04 Y:0.17 Z:9.77, elapsedRealtime: 814.835580, ts_diff: 0.117423, pb_ts: 15934794694, offset = -15219065970
11-29 09:22:20.177 1055 1079 I android.hardware.thermal@2.0-service.qti: uevent triggered for sensor: camera-therm-usr
11-29 09:22:20.462 4097 4297 W HidlServiceManagement: Waited one second for android.hardware.drm@1.0::IDrmFactory/widevine
11-29 09:22:20.464 643 643 I hwservicemanager: Since android.hardware.drm@1.0::IDrmFactory/widevine is not registered, trying to start it as a lazy HAL (if it's not configured to be a lazy HAL, it may be stuck starting or still starting).
11-29 09:22:20.465 4097 4297 I HidlServiceManagement: getService: Trying again for android.hardware.drm@1.0::IDrmFactory/widevine...
11-29 09:22:20.506 7452 7452 F linker : CANNOT LINK EXECUTABLE "/vendor/bin/hw/android.hardware.drm@1.3-service.widevine": cannot locate symbol "CBS_init" referenced by "/vendor/lib64/libwvhidl.so"...
11-29 09:22:20.529 7453 7453 I flags_health_check: ServerConfigurableFlagsReset reset_mode value: 1
11-29 09:22:20.529 7453 7453 I flags_health_check: ServerConfigurableFlagsReset updatable crashing detected, resetting flags.
11-29 09:22:21.201 1055 1079 I android.hardware.thermal@2.0-service.qti: uevent triggered for sensor: camera-therm-usr
11-29 09:22:21.468 4097 4297 W HidlServiceManagement: Waited one second for android.hardware.drm@1.0::IDrmFactory/widevine
11-29 09:22:21.470 643 643 I hwservicemanager: Since android.hardware.drm@1.0::IDrmFactory/widevine is not registered, trying to start it as a lazy HAL (if it's not configured to be a lazy HAL, it may be stuck starting or still starting).
11-29 09:22:21.472 4097 4297 I HidlServiceManagement: getService: Trying again for android.hardware.drm@1.0::IDrmFactory/widevine...
11-29 09:22:21.512 7455 7455 F linker : CANNOT LINK EXECUTABLE "/vendor/bin/hw/android.hardware.drm@1.3-service.widevine": cannot locate symbol "CBS_init" referenced by "/vendor/lib64/libwvhidl.so"...
11-29 09:22:21.534 7456 7456 I flags_health_check: ServerConfigurableFlagsReset reset_mode value: 1
11-29 09:22:21.534 7456 7456 I flags_health_check: ServerConfigurableFlagsReset updatable crashing detected, resetting flags.
11-29 09:22:22.227 1055 1079 I android.hardware.thermal@2.0-service.qti: uevent triggered for sensor: camera-therm-usr
11-29 09:22:22.473 4097 4297 W HidlServiceManagement: Waited one second for android.hardware.drm@1.0::IDrmFactory/widevine
11-29 09:22:22.474 643 643 I hwservicemanager: Since android.hardware.drm@1.0::IDrmFactory/widevine is not registered, trying to start it as a lazy HAL (if it's not configured to be a lazy HAL, it may be stuck starting or still starting).
11-29 09:22:22.475 4097 4297 I HidlServiceManagement: getService: Trying again for android.hardware.drm@1.0::IDrmFactory/widevine...
11-29 09:22:22.522 7458 7458 F linker : CANNOT LINK EXECUTABLE "/vendor/bin/hw/android.hardware.drm@1.3-service.widevine": cannot locate symbol "CBS_init" referenced by "/vendor/lib64/libwvhidl.so"...
11-29 09:22:22.545 7459 7459 I flags_health_check: ServerConfigurableFlagsReset reset_mode value: 1
11-29 09:22:22.545 7459 7459 I flags_health_check: ServerConfigurableFlagsReset updatable crashing detected, resetting flags.
11-29 09:22:22.646 7460 7460 D diagcommd: DBG:Diag Daemon services process entry PPID = 1
11-29 09:22:22.646 7460 7460 D diagcommd: DBG:Calling LSM init
11-29 09:22:22.647 7460 7460 E Diag_Lib: diag:failed to connect to diag socket
11-29 09:22:22.647 7460 7460 E Diag_Lib: Diag_LSM_Init: Failed to open handle to diag driver, error = 25
11-29 09:22:22.647 7460 7460 E diagcommd: ERR:DiagDaemon: Diag_LSM_Init() failed.
11-29 09:22:22.668 7461 7461 I flags_health_check: ServerConfigurableFlagsReset reset_mode value: 1
11-29 09:22:22.668 7461 7461 I flags_health_check: ServerConfigurableFlagsReset updatable crashing detected, resetting flags.
11-29 09:22:23.251 1055 1079 I android.hardware.thermal@2.0-service.qti: uevent triggered for sensor: camera-therm-usr
11-29 09:22:23.478 4097 4297 W HidlServiceManagement: Waited one second for android.hardware.drm@1.0::IDrmFactory/widevine
11-29 09:22:23.481 643 643 I hwservicemanager: Since android.hardware.drm@1.0::IDrmFactory/widevine is not registered, trying to start it as a lazy HAL (if it's not configured to be a lazy HAL, it may be stuck starting or still starting).
11-29 09:22:23.482 4097 4297 I HidlServiceManagement: getService: Trying again for android.hardware.drm@1.0::IDrmFactory/widevine...
11-29 09:22:23.526 7463 7463 F linker : CANNOT LINK EXECUTABLE "/vendor/bin/hw/android.hardware.drm@1.3-service.widevine": cannot locate symbol "CBS_init" referenced by "/vendor/lib64/libwvhidl.so"...
11-29 09:22:23.551 7464 7464 I flags_health_check: ServerConfigurableFlagsReset reset_mode value: 1
11-29 09:22:23.551 7464 7464 I flags_health_check: ServerConfigurableFlagsReset updatable crashing detected, resetting flags.
11-29 09:22:23.692 3280 3404 W ThermalEngine: thermal_sensor_get_temperature: virtual-therm Reading 23250 .
11-29 09:22:24.276 1055 1079 I android.hardware.thermal@2.0-service.qti: uevent triggered for sensor: camera-therm-usr
11-29 09:22:24.485 4097 4297 W HidlServiceManagement: Waited one second for android.hardware.drm@1.0::IDrmFactory/widevine
11-29 09:22:24.487 643 643 I hwservicemanager: Since android.hardware.drm@1.0::IDrmFactory/widevine is not registered, trying to start it as a lazy HAL (if it's not configured to be a lazy HAL, it may be stuck starting or still starting).
11-29 09:22:24.488 4097 4297 I HidlServiceManagement: getService: Trying again for android.hardware.drm@1.0::IDrmFactory/widevine...
11-29 09:22:24.532 7466 7466 F linker : CANNOT LINK EXECUTABLE "/vendor/bin/hw/android.hardware.drm@1.3-service.widevine": cannot locate symbol "CBS_init" referenced by "/vendor/lib64/libwvhidl.so"...
11-29 09:22:24.559 7467 7467 I flags_health_check: ServerConfigurableFlagsReset reset_mode value: 1
11-29 09:22:24.559 7467 7467 I flags_health_check: ServerConfigurableFlagsReset updatable crashing detected, resetting flags.
11-29 09:22:24.836 1054 7180 I sensors-hal: handle_sns_client_event:470, [SSC_HAL] ACCEL, ts:819.718181 s X:0.02 Y:0.18 Z:9.77, elapsedRealtime: 819.768109, ts_diff: 0.049929, pb_ts: 16030795144, offset = -15219065970
11-29 09:22:25.296 1055 1079 I android.hardware.thermal@2.0-service.qti: uevent triggered for sensor: camera-therm-usr
11-29 09:22:25.489 4097 4297 W HidlServiceManagement: Waited one second for android.hardware.drm@1.0::IDrmFactory/widevine
11-29 09:22:25.490 643 643 I hwservicemanager: Since android.hardware.drm@1.0::IDrmFactory/widevine is not registered, trying to start it as a lazy HAL (if it's not configured to be a lazy HAL, it may be stuck starting or still starting).
11-29 09:22:25.491 4097 4297 I HidlServiceManagement: getService: Trying again for android.hardware.drm@1.0::IDrmFactory/widevine...
11-29 09:22:25.538 7469 7469 F linker : CANNOT LINK EXECUTABLE "/vendor/bin/hw/android.hardware.drm@1.3-service.widevine": cannot locate symbol "CBS_init" referenced by "/vendor/lib64/libwvhidl.so"...
11-29 09:22:25.566 7470 7470 I flags_health_check: ServerConfigurableFlagsReset reset_mode value: 1
11-29 09:22:25.567 7470 7470 I flags_health_check: ServerConfigurableFlagsReset updatable crashing detected, resetting flags.
11-29 09:22:26.330 1055 1079 I android.hardware.thermal@2.0-service.qti: uevent triggered for sensor: camera-therm-usr
11-29 09:22:26.494 4097 4297 W HidlServiceManagement: Waited one second for android.hardware.drm@1.0::IDrmFactory/widevine
11-29 09:22:26.496 643 643 I hwservicemanager: Since android.hardware.drm@1.0::IDrmFactory/widevine is not registered, trying to start it as a lazy HAL (if it's not configured to be a lazy HAL, it may be stuck starting or still starting).
11-29 09:22:26.497 4097 4297 I HidlServiceManagement: getService: Trying again for android.hardware.drm@1.0::IDrmFactory/widevine...
11-29 09:22:26.540 7472 7472 F linker : CANNOT LINK EXECUTABLE "/vendor/bin/hw/android.hardware.drm@1.3-service.widevine": cannot locate symbol "CBS_init" referenced by "/vendor/lib64/libwvhidl.so"...
11-29 09:22:26.563 7473 7473 I flags_health_check: ServerConfigurableFlagsReset reset_mode value: 1
11-29 09:22:26.563 7473 7473 I flags_health_check: ServerConfigurableFlagsReset updatable crashing detected, resetting flags.
11-29 09:22:27.344 1055 1079 I android.hardware.thermal@2.0-service.qti: uevent triggered for sensor: camera-therm-usr
11-29 09:22:27.499 4097 4297 W HidlServiceManagement: Waited one second for android.hardware.drm@1.0::IDrmFactory/widevine
11-29 09:22:27.500 643 643 I hwservicemanager: Since android.hardware.drm@1.0::IDrmFactory/widevine is not registered, trying to start it as a lazy HAL (if it's not configured to be a lazy HAL, it may be stuck starting or still starting).
11-29 09:22:27.501 4097 4297 I HidlServiceManagement: getService: Trying again for android.hardware.drm@1.0::IDrmFactory/widevine...
11-29 09:22:27.534 7475 7475 F linker : CANNOT LINK EXECUTABLE "/vendor/bin/hw/android.hardware.drm@1.3-service.widevine": cannot locate symbol "CBS_init" referenced by "/vendor/lib64/libwvhidl.so"...
11-29 09:22:27.558 7476 7476 I flags_health_check: ServerConfigurableFlagsReset reset_mode value: 1
11-29 09:22:27.558 7476 7476 I flags_health_check: ServerConfigurableFlagsReset updatable crashing detected, resetting flags.
11-29 09:22:27.654 7477 7477 D diagcommd: DBG:Diag Daemon services process entry PPID = 1
11-29 09:22:27.654 7477 7477 D diagcommd: DBG:Calling LSM init
11-29 09:22:27.655 7477 7477 E Diag_Lib: diag:failed to connect to diag socket
11-29 09:22:27.655 7477 7477 E Diag_Lib: Diag_LSM_Init: Failed to open handle to diag driver, error = 25
11-29 09:22:27.655 7477 7477 E diagcommd: ERR:DiagDaemon: Diag_LSM_Init() failed.
11-29 09:22:27.678 7478 7478 I flags_health_check: ServerConfigurableFlagsReset reset_mode value: 1
11-29 09:22:27.678 7478 7478 I flags_health_check: ServerConfigurableFlagsReset updatable crashing detected, resetting flags.
11-29 09:22:28.371 1055 1079 I android.hardware.thermal@2.0-service.qti: uevent triggered for sensor: camera-therm-usr
11-29 09:22:28.501 4097 4297 W HidlServiceManagement: Waited one second for android.hardware.drm@1.0::IDrmFactory/widevine
11-29 09:22:28.503 643 643 I hwservicemanager: Since android.hardware.drm@1.0::IDrmFactory/widevine is not registered, trying to start it as a lazy HAL (if it's not configured to be a lazy HAL, it may be stuck starting or still starting).
11-29 09:22:28.503 4097 4297 I HidlServiceManagement: getService: Trying again for android.hardware.drm@1.0::IDrmFactory/widevine...
11-29 09:22:28.537 7481 7481 F linker : CANNOT LINK EXECUTABLE "/vendor/bin/hw/android.hardware.drm@1.3-service.widevine": cannot locate symbol "CBS_init" referenced by "/vendor/lib64/libwvhidl.so"...
11-29 09:22:28.564 7482 7482 I flags_health_check: ServerConfigurableFlagsReset reset_mode value: 1
11-29 09:22:28.564 7482 7482 I flags_health_check: ServerConfigurableFlagsReset updatable crashing detected, resetting flags.
11-29 09:22:29.392 1055 1079 I android.hardware.thermal@2.0-service.qti: uevent triggered for sensor: camera-therm-usr
11-29 09:22:29.504 4097 4297 W HidlServiceManagement: Waited one second for android.hardware.drm@1.0::IDrmFactory/widevine
11-29 09:22:29.505 643 643 I hwservicemanager: Since android.hardware.drm@1.0::IDrmFactory/widevine is not registered, trying to start it as a lazy HAL (if it's not configured to be a lazy HAL, it may be stuck starting or still starting).
11-29 09:22:29.505 4097 4297 I HidlServiceManagement: getService: Trying again for android.hardware.drm@1.0::IDrmFactory/widevine...
11-29 09:22:29.542 7484 7484 F linker : CANNOT LINK EXECUTABLE "/vendor/bin/hw/android.hardware.drm@1.3-service.widevine": cannot locate symbol "CBS_init" referenced by "/vendor/lib64/libwvhidl.so"...
11-29 09:22:29.568 7485 7485 I flags_health_check: ServerConfigurableFlagsReset reset_mode value: 1
11-29 09:22:29.568 7485 7485 I flags_health_check: ServerConfigurableFlagsReset updatable crashing detected, resetting flags.
11-29 09:22:29.711 3280 3404 W ThermalEngine: thermal_sensor_get_temperature: virtual-therm Reading 23216 .
11-29 09:22:29.931 1054 7180 I sensors-hal: handle_sns_client_event:470, [SSC_HAL] ACCEL, ts:824.718205 s X:0.04 Y:0.17 Z:9.79, elapsedRealtime: 824.862670, ts_diff: 0.144466, pb_ts: 16126795594, offset = -15219065970
11-29 09:22:30.418 1055 1079 I android.hardware.thermal@2.0-service.qti: uevent triggered for sensor: camera-therm-usr
11-29 09:22:30.506 4097 4297 W HidlServiceManagement: Waited one second for android.hardware.drm@1.0::IDrmFactory/widevine
11-29 09:22:30.508 643 643 I hwservicemanager: Since android.hardware.drm@1.0::IDrmFactory/widevine is not registered, trying to start it as a lazy HAL (if it's not configured to be a lazy HAL, it may be stuck starting or still starting).
11-29 09:22:30.510 4097 4297 I HidlServiceManagement: getService: Trying again for android.hardware.drm@1.0::IDrmFactory/widevine...
11-29 09:22:30.555 7487 7487 F linker : CANNOT LINK EXECUTABLE "/vendor/bin/hw/android.hardware.drm@1.3-service.widevine": cannot locate symbol "CBS_init" referenced by "/vendor/lib64/libwvhidl.so"...
11-29 09:22:30.576 7488 7488 I flags_health_check: ServerConfigurableFlagsReset reset_mode value: 1
11-29 09:22:30.576 7488 7488 I flags_health_check: ServerConfigurableFlagsReset updatable crashing detected, resetting flags.
11-29 09:22:31.439 1055 1079 I android.hardware.thermal@2.0-service.qti: uevent triggered for sensor: camera-therm-usr
11-29 09:22:31.441 1054 7180 I sensors-hal: update_qtimer_to_realtime_offset:207, [SSC_HAL] updating qtimer-realtime offset, elapsedRealtimeNano = 826372710464, ns = 841591776250, offset_diff = -649 time_diff = 60000281331
11-29 09:22:31.513 4097 4297 W HidlServiceManagement: Waited one second for android.hardware.drm@1.0::IDrmFactory/widevine
11-29 09:22:31.514 643 643 I hwservicemanager: Since android.hardware.drm@1.0::IDrmFactory/widevine is not registered, trying to start it as a lazy HAL (if it's not configured to be a lazy HAL, it may be stuck starting or still starting).
11-29 09:22:31.515 4097 4297 I HidlServiceManagement: getService: Trying again for android.hardware.drm@1.0::IDrmFactory/widevine...
11-29 09:22:31.562 7490 7490 F linker : CANNOT LINK EXECUTABLE "/vendor/bin/hw/android.hardware.drm@1.3-service.widevine": cannot locate symbol "CBS_init" referenced by "/vendor/lib64/libwvhidl.so"...
11-29 09:22:31.584 7491 7491 I flags_health_check: ServerConfigurableFlagsReset reset_mode value: 1
11-29 09:22:31.584 7491 7491 I flags_health_check: ServerConfigurableFlagsReset updatable crashing detected, resetting flags.
11-29 09:22:32.465 1055 1079 I android.hardware.thermal@2.0-service.qti: uevent triggered for sensor: camera-therm-usr
11-29 09:22:32.517 4097 4297 W HidlServiceManagement: Waited one second for android.hardware.drm@1.0::IDrmFactory/widevine
11-29 09:22:32.520 643 643 I hwservicemanager: Since android.hardware.drm@1.0::IDrmFactory/widevine is not registered, trying to start it as a lazy HAL (if it's not configured to be a lazy HAL, it may be stuck starting or still starting).
11-29 09:22:32.525 4097 4297 I HidlServiceManagement: getService: Trying again for android.hardware.drm@1.0::IDrmFactory/widevine...
11-29 09:22:32.565 7493 7493 F linker : CANNOT LINK EXECUTABLE "/vendor/bin/hw/android.hardware.drm@1.3-service.widevine": cannot locate symbol "CBS_init" referenced by "/vendor/lib64/libwvhidl.so"...
11-29 09:22:32.590 7494 7494 I flags_health_check: ServerConfigurableFlagsReset reset_mode value: 1
11-29 09:22:32.590 7494 7494 I flags_health_check: ServerConfigurableFlagsReset updatable crashing detected, resetting flags.
11-29 09:22:32.662 7495 7495 D diagcommd: DBG:Diag Daemon services process entry PPID = 1
11-29 09:22:32.662 7495 7495 D diagcommd: DBG:Calling LSM init
11-29 09:22:32.662 7495 7495 E Diag_Lib: diag:failed to connect to diag socket
11-29 09:22:32.662 7495 7495 E Diag_Lib: Diag_LSM_Init: Failed to open handle to diag driver, error = 25
11-29 09:22:32.662 7495 7495 E diagcommd: ERR:DiagDaemon: Diag_LSM_Init() failed.
11-29 09:22:32.688 7496 7496 I flags_health_check: ServerConfigurableFlagsReset reset_mode value: 1
11-29 09:22:32.688 7496 7496 I flags_health_check: ServerConfigurableFlagsReset updatable crashing detected, resetting flags.
11-29 09:22:33.490 1055 1079 I android.hardware.thermal@2.0-service.qti: uevent triggered for sensor: camera-therm-usr
11-29 09:22:33.527 4097 4297 W HidlServiceManagement: Waited one second for android.hardware.drm@1.0::IDrmFactory/widevine
11-29 09:22:33.528 643 643 I hwservicemanager: Since android.hardware.drm@1.0::IDrmFactory/widevine is not registered, trying to start it as a lazy HAL (if it's not configured to be a lazy HAL, it may be stuck starting or still starting).
11-29 09:22:33.532 4097 4297 I HidlServiceManagement: getService: Trying again for android.hardware.drm@1.0::IDrmFactory/widevine...
11-29 09:22:33.575 7498 7498 F linker : CANNOT LINK EXECUTABLE "/vendor/bin/hw/android.hardware.drm@1.3-service.widevine": cannot locate symbol "CBS_init" referenced by "/vendor/lib64/libwvhidl.so"...
11-29 09:22:33.596 7499 7499 I flags_health_check: ServerConfigurableFlagsReset reset_mode value: 1
11-29 09:22:33.596 7499 7499 I flags_health_check: ServerConfigurableFlagsReset updatable crashing detected, resetting flags.
11-29 09:22:34.512 1055 1079 I android.hardware.thermal@2.0-service.qti: uevent triggered for sensor: camera-therm-usr
11-29 09:22:34.533 4097 4297 W HidlServiceManagement: Waited one second for android.hardware.drm@1.0::IDrmFactory/widevine
11-29 09:22:34.534 643 643 I hwservicemanager: Since android.hardware.drm@1.0::IDrmFactory/widevine is not registered, trying to start it as a lazy HAL (if it's not configured to be a lazy HAL, it may be stuck starting or still starting).
11-29 09:22:34.535 4097 4297 I HidlServiceManagement: getService: Trying again for android.hardware.drm@1.0::IDrmFactory/widevine...
11-29 09:22:34.584 7501 7501 F linker : CANNOT LINK EXECUTABLE "/vendor/bin/hw/android.hardware.drm@1.3-service.widevine": cannot locate symbol "CBS_init" referenced by "/vendor/lib64/libwvhidl.so"...
11-29 09:22:34.605 7502 7502 I flags_health_check: ServerConfigurableFlagsReset reset_mode value: 1
11-29 09:22:34.605 7502 7502 I flags_health_check: ServerConfigurableFlagsReset updatable crashing detected, resetting flags.
11-29 09:22:34.866 1054 7180 I sensors-hal: handle_sns_client_event:470, [SSC_HAL] ACCEL, ts:829.718227 s X:0.03 Y:0.17 Z:9.78, elapsedRealtime: 829.797349, ts_diff: 0.079122, pb_ts: 16222796044, offset = -15219066619
11-29 09:22:35.536 4097 4297 W HidlServiceManagement: Waited one second for android.hardware.drm@1.0::IDrmFactory/widevine
11-29 09:22:35.537 643 643 I hwservicemanager: Since android.hardware.drm@1.0::IDrmFactory/widevine is not registered, trying to start it as a lazy HAL (if it's not configured to be a lazy HAL, it may be stuck starting or still starting).
11-29 09:22:35.538 1055 1079 I android.hardware.thermal@2.0-service.qti: uevent triggered for sensor: camera-therm-usr
11-29 09:22:35.538 4097 4297 I HidlServiceManagement: getService: Trying again for android.hardware.drm@1.0::IDrmFactory/widevine...
11-29 09:22:35.591 7504 7504 F linker : CANNOT LINK EXECUTABLE "/vendor/bin/hw/android.hardware.drm@1.3-service.widevine": cannot locate symbol "CBS_init" referenced by "/vendor/lib64/libwvhidl.so"...
11-29 09:22:35.613 7505 7505 I flags_health_check: ServerConfigurableFlagsReset reset_mode value: 1
11-29 09:22:35.614 7505 7505 I flags_health_check: ServerConfigurableFlagsReset updatable crashing detected, resetting flags.
11-29 09:22:35.732 3280 3404 W ThermalEngine: thermal_sensor_get_temperature: virtual-therm Reading 23211 .
11-29 09:22:36.539 4097 4297 W HidlServiceManagement: Waited one second for android.hardware.drm@1.0::IDrmFactory/widevine
11-29 09:22:36.540 643 643 I hwservicemanager: Since android.hardware.drm@1.0::IDrmFactory/widevine is not registered, trying to start it as a lazy HAL (if it's not configured to be a lazy HAL, it may be stuck starting or still starting).
11-29 09:22:36.540 4097 4297 I HidlServiceManagement: getService: Trying again for android.hardware.drm@1.0::IDrmFactory/widevine...
11-29 09:22:36.559 1055 1079 I android.hardware.thermal@2.0-service.qti: uevent triggered for sensor: camera-therm-usr
11-29 09:22:36.579 7507 7507 F linker : CANNOT LINK EXECUTABLE "/vendor/bin/hw/android.hardware.drm@1.3-service.widevine": cannot locate symbol "CBS_init" referenced by "/vendor/lib64/libwvhidl.so"...
11-29 09:22:36.605 7508 7508 I flags_health_check: ServerConfigurableFlagsReset reset_mode value: 1
11-29 09:22:36.606 7508 7508 I flags_health_check: ServerConfigurableFlagsReset updatable crashing detected, resetting flags.
11-29 09:22:37.540 4097 4297 W HidlServiceManagement: Waited one second for android.hardware.drm@1.0::IDrmFactory/widevine
11-29 09:22:37.542 643 643 I hwservicemanager: Since android.hardware.drm@1.0::IDrmFactory/widevine is not registered, trying to start it as a lazy HAL (if it's not configured to be a lazy HAL, it may be stuck starting or still starting).
11-29 09:22:37.542 4097 4297 I HidlServiceManagement: getService: Trying again for android.hardware.drm@1.0::IDrmFactory/widevine...
11-29 09:22:37.575 7510 7510 F linker : CANNOT LINK EXECUTABLE "/vendor/bin/hw/android.hardware.drm@1.3-service.widevine": cannot locate symbol "CBS_init" referenced by "/vendor/lib64/libwvhidl.so"...
11-29 09:22:37.583 1055 1079 I android.hardware.thermal@2.0-service.qti: uevent triggered for sensor: camera-therm-usr
11-29 09:22:37.599 7511 7511 I flags_health_check: ServerConfigurableFlagsReset reset_mode value: 1
11-29 09:22:37.599 7511 7511 I flags_health_check: ServerConfigurableFlagsReset updatable crashing detected, resetting flags.
11-29 09:22:37.671 7512 7512 D diagcommd: DBG:Diag Daemon services process entry PPID = 1
11-29 09:22:37.671 7512 7512 D diagcommd: DBG:Calling LSM init
11-29 09:22:37.671 7512 7512 E Diag_Lib: diag:failed to connect to diag socket
11-29 09:22:37.671 7512 7512 E Diag_Lib: Diag_LSM_Init: Failed to open handle to diag driver, error = 25
11-29 09:22:37.671 7512 7512 E diagcommd: ERR:DiagDaemon: Diag_LSM_Init() failed.
11-29 09:22:37.694 7513 7513 I flags_health_check: ServerConfigurableFlagsReset reset_mode value: 1
11-29 09:22:37.694 7513 7513 I flags_health_check: ServerConfigurableFlagsReset updatable crashing detected, resetting flags.
11-29 09:22:38.545 4097 4297 W HidlServiceManagement: Waited one second for android.hardware.drm@1.0::IDrmFactory/widevine
11-29 09:22:38.548 643 643 I hwservicemanager: Since android.hardware.drm@1.0::IDrmFactory/widevine is not registered, trying to start it as a lazy HAL (if it's not configured to be a lazy HAL, it may be stuck starting or still starting).
11-29 09:22:38.549 4097 4297 I HidlServiceManagement: getService: Trying again for android.hardware.drm@1.0::IDrmFactory/widevine...
11-29 09:22:38.599 7515 7515 F linker : CANNOT LINK EXECUTABLE "/vendor/bin/hw/android.hardware.drm@1.3-service.widevine": cannot locate symbol "CBS_init" referenced by "/vendor/lib64/libwvhidl.so"...
11-29 09:22:38.607 1055 1079 I android.hardware.thermal@2.0-service.qti: uevent triggered for sensor: camera-therm-usr
11-29 09:22:38.620 7516 7516 I flags_health_check: ServerConfigurableFlagsReset reset_mode value: 1
11-29 09:22:38.620 7516 7516 I flags_health_check: ServerConfigurableFlagsReset updatable crashing detected, resetting flags.
11-29 09:22:39.552 4097 4297 W HidlServiceManagement: Waited one second for android.hardware.drm@1.0::IDrmFactory/widevine
11-29 09:22:39.554 643 643 I hwservicemanager: Since android.hardware.drm@1.0::IDrmFactory/widevine is not registered, trying to start it as a lazy HAL (if it's not configured to be a lazy HAL, it may be stuck starting or still starting).
11-29 09:22:39.555 4097 4297 I HidlServiceManagement: getService: Trying again for android.hardware.drm@1.0::IDrmFactory/widevine...
11-29 09:22:39.604 7518 7518 F linker : CANNOT LINK EXECUTABLE "/vendor/bin/hw/android.hardware.drm@1.3-service.widevine": cannot locate symbol "CBS_init" referenced by "/vendor/lib64/libwvhidl.so"...
11-29 09:22:39.629 7519 7519 I flags_health_check: ServerConfigurableFlagsReset reset_mode value: 1
11-29 09:22:39.629 7519 7519 I flags_health_check: ServerConfigurableFlagsReset updatable crashing detected, resetting flags.
11-29 09:22:39.630 1055 1079 I android.hardware.thermal@2.0-service.qti: uevent triggered for sensor: camera-therm-usr
11-29 09:22:39.799 1054 7180 I sensors-hal: handle_sns_client_event:470, [SSC_HAL] ACCEL, ts:834.718251 s X:0.03 Y:0.16 Z:9.77, elapsedRealtime: 834.730678, ts_diff: 0.012428, pb_ts: 16318796494, offset = -15219066619
11-29 09:22:40.556 4097 4297 W HidlServiceManagement: Waited one second for android.hardware.drm@1.0::IDrmFactory/widevine
11-29 09:22:40.558 643 643 I hwservicemanager: Since android.hardware.drm@1.0::IDrmFactory/widevine is not registered, trying to start it as a lazy HAL (if it's not configured to be a lazy HAL, it may be stuck starting or still starting).
11-29 09:22:40.559 4097 4297 I HidlServiceManagement: getService: Trying again for android.hardware.drm@1.0::IDrmFactory/widevine...
11-29 09:22:40.608 7521 7521 F linker : CANNOT LINK EXECUTABLE "/vendor/bin/hw/android.hardware.drm@1.3-service.widevine": cannot locate symbol "CBS_init" referenced by "/vendor/lib64/libwvhidl.so"...
11-29 09:22:40.634 7522 7522 I flags_health_check: ServerConfigurableFlagsReset reset_mode value: 1
11-29 09:22:40.634 7522 7522 I flags_health_check: ServerConfigurableFlagsReset updatable crashing detected, resetting flags.
11-29 09:22:40.656 1055 1079 I android.hardware.thermal@2.0-service.qti: uevent triggered for sensor: camera-therm-usr
11-29 09:22:41.562 4097 4297 W HidlServiceManagement: Waited one second for android.hardware.drm@1.0::IDrmFactory/widevine
11-29 09:22:41.564 643 643 I hwservicemanager: Since android.hardware.drm@1.0::IDrmFactory/widevine is not registered, trying to start it as a lazy HAL (if it's not configured to be a lazy HAL, it may be stuck starting or still starting).
11-29 09:22:41.566 4097 4297 I HidlServiceManagement: getService: Trying again for android.hardware.drm@1.0::IDrmFactory/widevine...
11-29 09:22:41.613 7524 7524 F linker : CANNOT LINK EXECUTABLE "/vendor/bin/hw/android.hardware.drm@1.3-service.widevine": cannot locate symbol "CBS_init" referenced by "/vendor/lib64/libwvhidl.so"...
11-29 09:22:41.635 7525 7525 I flags_health_check: ServerConfigurableFlagsReset reset_mode value: 1
11-29 09:22:41.635 7525 7525 I flags_health_check: ServerConfigurableFlagsReset updatable crashing detected, resetting flags.
11-29 09:22:41.680 1055 1079 I android.hardware.thermal@2.0-service.qti: uevent triggered for sensor: camera-therm-usr
11-29 09:22:41.755 3280 3404 W ThermalEngine: thermal_sensor_get_temperature: virtual-therm Reading 23206 .
11-29 09:22:42.567 4097 4297 W HidlServiceManagement: Waited one second for android.hardware.drm@1.0::IDrmFactory/widevine
11-29 09:22:42.570 643 643 I hwservicemanager: Since android.hardware.drm@1.0::IDrmFactory/widevine is not registered, trying to start it as a lazy HAL (if it's not configured to be a lazy HAL, it may be stuck starting or still starting).
11-29 09:22:42.571 4097 4297 I HidlServiceManagement: getService: Trying again for android.hardware.drm@1.0::IDrmFactory/widevine...
11-29 09:22:42.614 7527 7527 F linker : CANNOT LINK EXECUTABLE "/vendor/bin/hw/android.hardware.drm@1.3-service.widevine": cannot locate symbol "CBS_init" referenced by "/vendor/lib64/libwvhidl.so"...
11-29 09:22:42.636 7528 7528 I flags_health_check: ServerConfigurableFlagsReset reset_mode value: 1
11-29 09:22:42.637 7528 7528 I flags_health_check: ServerConfigurableFlagsReset updatable crashing detected, resetting flags.
11-29 09:22:42.671 7529 7529 D diagcommd: DBG:Diag Daemon services process entry PPID = 1
11-29 09:22:42.671 7529 7529 D diagcommd: DBG:Calling LSM init
11-29 09:22:42.671 7529 7529 E Diag_Lib: diag:failed to connect to diag socket
11-29 09:22:42.671 7529 7529 E Diag_Lib: Diag_LSM_Init: Failed to open handle to diag driver, error = 25
11-29 09:22:42.671 7529 7529 E diagcommd: ERR:DiagDaemon: Diag_LSM_Init() failed.
11-29 09:22:42.691 7530 7530 I flags_health_check: ServerConfigurableFlagsReset reset_mode value: 1
11-29 09:22:42.691 7530 7530 I flags_health_check: ServerConfigurableFlagsReset updatable crashing detected, resetting flags.
11-29 09:22:42.704 1055 1079 I android.hardware.thermal@2.0-service.qti: uevent triggered for sensor: camera-therm-usr
11-29 09:22:43.573 4097 4297 W HidlServiceManagement: Waited one second for android.hardware.drm@1.0::IDrmFactory/widevine
11-29 09:22:43.575 643 643 I hwservicemanager: Since android.hardware.drm@1.0::IDrmFactory/widevine is not registered, trying to start it as a lazy HAL (if it's not configured to be a lazy HAL, it may be stuck starting or still starting).
11-29 09:22:43.577 4097 4297 I HidlServiceManagement: getService: Trying again for android.hardware.drm@1.0::IDrmFactory/widevine...
11-29 09:22:43.627 7532 7532 F linker : CANNOT LINK EXECUTABLE "/vendor/bin/hw/android.hardware.drm@1.3-service.widevine": cannot locate symbol "CBS_init" referenced by "/vendor/lib64/libwvhidl.so"...
11-29 09:22:43.651 7533 7533 I flags_health_check: ServerConfigurableFlagsReset reset_mode value: 1
11-29 09:22:43.651 7533 7533 I flags_health_check: ServerConfigurableFlagsReset updatable crashing detected, resetting flags.
11-29 09:22:43.734 1055 1079 I android.hardware.thermal@2.0-service.qti: uevent triggered for sensor: camera-therm-usr
11-29 09:22:44.577 4097 4297 W HidlServiceManagement: Waited one second for android.hardware.drm@1.0::IDrmFactory/widevine
11-29 09:22:44.580 643 643 I hwservicemanager: Since android.hardware.drm@1.0::IDrmFactory/widevine is not registered, trying to start it as a lazy HAL (if it's not configured to be a lazy HAL, it may be stuck starting or still starting).
11-29 09:22:44.581 4097 4297 I HidlServiceManagement: getService: Trying again for android.hardware.drm@1.0::IDrmFactory/widevine...
11-29 09:22:44.629 7535 7535 F linker : CANNOT LINK EXECUTABLE "/vendor/bin/hw/android.hardware.drm@1.3-service.widevine": cannot locate symbol "CBS_init" referenced by "/vendor/lib64/libwvhidl.so"...
11-29 09:22:44.652 7536 7536 I flags_health_check: ServerConfigurableFlagsReset reset_mode value: 1
