11-29 09:21:24.644 2494 2531 V WindowManagerShell: try handler com.android.wm.shell.transition.RemoteTransitionHandler@4e8e35d
11-29 09:21:24.644 2494 2531 V WindowManagerShell: Transition doesn't have explicit remote, search filters for match for {id=23 t=WAKE f=0x0 trk=0 r=[0@Point(0, 0)] c=[{WCT{android.window.IWindowContainerToken$Stub$Proxy@3e75915} m=TO_FRONT f=NONE p=WCT{android.window.IWindowContainerToken$Stub$Proxy@1e3842a} leash=Surface(name=Task=34)/@0x34b441e sb=Rect(0, 0 - 1080, 2400) eb=Rect(0, 0 - 1080, 2400) d=0 taskParent=-1},{WCT{android.window.IWindowContainerToken$Stub$Proxy@2a0421b} m=TO_FRONT f=NONE leash=Surface(name=DefaultTaskDisplayArea)/@0x30154ff sb=Rect(0, 0 - 1080, 2400) eb=Rect(0, 0 - 1080, 2400) d=0}]}
11-29 09:21:24.644 2494 2531 V WindowManagerShell: Checking filter Pair{{types=[] flags=0x0] notFlags=0x100 checks=[{atype=home independent=true modes=[OPEN,TO_FRONT] flags=NONE mustBeTask=false order=TOP topActivity=ComponentInfo{com.android.launcher3/com.android.launcher3.uioverrides.QuickstepLauncher} launchCookie=null},{atype=standard independent=true modes=[CLOSE,TO_BACK] flags=NONE mustBeTask=false order=ANY topActivity=null launchCookie=null}]} RemoteTransition { remoteTransition = android.window.IRemoteTransition$Stub$Proxy@35d54d2, appThread = android.app.IApplicationThread$Stub$Proxy@b0149a3, debugName = QuickstepLaunchHome }}
11-29 09:21:24.644 2494 2531 V WindowManagerShell: Delegate animation for (#23) to null
11-29 09:21:24.644 2494 2531 V WindowManagerShell: try handler com.android.wm.shell.transition.DefaultTransitionHandler@829fb88
11-29 09:21:24.644 2494 2531 V WindowManagerShell: start default transition animation, info = {id=23 t=WAKE f=0x0 trk=0 r=[0@Point(0, 0)] c=[{WCT{android.window.IWindowContainerToken$Stub$Proxy@3e75915} m=TO_FRONT f=NONE p=WCT{android.window.IWindowContainerToken$Stub$Proxy@1e3842a} leash=Surface(name=Task=34)/@0x34b441e sb=Rect(0, 0 - 1080, 2400) eb=Rect(0, 0 - 1080, 2400) d=0 taskParent=-1},{WCT{android.window.IWindowContainerToken$Stub$Proxy@2a0421b} m=TO_FRONT f=NONE leash=Surface(name=DefaultTaskDisplayArea)/@0x30154ff sb=Rect(0, 0 - 1080, 2400) eb=Rect(0, 0 - 1080, 2400) d=0}]}
11-29 09:21:24.645 2494 2531 V WindowManagerShell: Transition animation finished (aborted=false), notifying core (#23) android.os.BinderProxy@22ad91e@0
11-29 09:21:24.648 1278 1317 V WindowManager: Finish Transition (#23): created at
11-29 09:21:24.592 collect-started=0.076ms request-sent=0.203ms started=12.935ms ready=12.902ms sent=50.547ms finished=56.169ms
11-29 09:21:24.651 1278 2744 D CoreBackPreview: Window{1314850 u0 NotificationShade}: Setting back callback null
11-29 09:21:24.651 2494 2531 V WindowManagerShell: Track 0 became idle
11-29 09:21:24.651 2494 2531 V WindowManagerShell: All active transition animations finished
11-29 09:21:24.651 2494 2531 V WindowManagerShell: animated by com.android.wm.shell.transition.DefaultTransitionHandler@829fb88
11-29 09:21:24.651 2494 2531 V WindowManagerShell: Track 0 became idle
11-29 09:21:24.651 2494 2531 V WindowManagerShell: All active transition animations finished
11-29 09:21:24.652 1278 1304 W UserManagerService: Requested status bar icon for non-badged user 0
11-29 09:21:24.670 1278 1304 W UserManagerService: Requested status bar icon for non-badged user 0
11-29 09:21:24.676 1278 1320 D DisplayManagerService: Ignore redundant display event 0/2 to 10118/2752
11-29 09:21:24.678 1278 1706 I DreamManagerService: Gently waking up from dream.
11-29 09:21:24.695 2494 2531 D ShellSplitScreen: onFinishedWakingUp
11-29 09:21:24.695 1278 2749 I DreamManagerService: Leaving dreamland.
11-29 09:21:24.695 1278 1317 I DreamController: Stopping dream: name=ComponentInfo{com.android.systemui/com.android.systemui.doze.DozeService}, isPreviewMode=false, canDoze=true, userId=0, reason='finished self'(from 'power manager request')
11-29 09:21:24.701 1278 1706 V DisplayPowerController2[0]: Brightness [0.1573171] reason changing to: 'automatic', previous reason: 'manual'.
11-29 09:21:24.701 1278 1706 I DisplayPowerController2[0]: BrightnessEvent: disp=0, physDisp=local:4630947220766978690, displayState=ON, displayPolicy=BRIGHT, brt=0.1573171, initBrt=0.1583955, rcmdBrt=0.1573171, preBrt=NaN, lux=55.0, preLux=NaN, hbmMax=1.0, hbmMode=off, rbcStrength=50, thrmMax=1.0, powerFactor=1.0, wasShortTermModelActive=false, flags=, reason=automatic, autoBrightness=true, strategy=InvalidBrightnessStrategy, autoBrightnessMode=default
11-29 09:21:24.744 1278 1318 D WindowManager: powerPress: eventTime=759485 interactive=true count=1 mShortPressOnPowerBehavior=1
11-29 09:21:24.744 1278 1318 V WindowManager: Ignoring short press of power button because the device is not interactive. interactive=true, beganFromNonInteractive=true
11-29 09:21:25.140 1278 2121 E JobScheduler.Background: Couldn't determine stopped state for unknown package: com.google.android.syncadapters.calendar
11-29 09:21:25.141 1278 2121 E JobScheduler.Background: Couldn't determine stopped state for unknown package: com.android.vending
11-29 09:21:25.310 7195 7195 F linker : CANNOT LINK EXECUTABLE "/vendor/bin/hw/android.hardware.drm@1.3-service.widevine": cannot locate symbol "CBS_init" referenced by "/vendor/lib64/libwvhidl.so"...
11-29 09:21:26.308 7198 7198 F linker : CANNOT LINK EXECUTABLE "/vendor/bin/hw/android.hardware.drm@1.3-service.widevine": cannot locate symbol "CBS_init" referenced by "/vendor/lib64/libwvhidl.so"...
11-29 09:21:27.320 7203 7203 F linker : CANNOT LINK EXECUTABLE "/vendor/bin/hw/android.hardware.drm@1.3-service.widevine": cannot locate symbol "CBS_init" referenced by "/vendor/lib64/libwvhidl.so"...
11-29 09:21:28.332 7208 7208 F linker : CANNOT LINK EXECUTABLE "/vendor/bin/hw/android.hardware.drm@1.3-service.widevine": cannot locate symbol "CBS_init" referenced by "/vendor/lib64/libwvhidl.so"...
11-29 09:21:29.339 7211 7211 F linker : CANNOT LINK EXECUTABLE "/vendor/bin/hw/android.hardware.drm@1.3-service.widevine": cannot locate symbol "CBS_init" referenced by "/vendor/lib64/libwvhidl.so"...
11-29 09:21:30.333 7214 7214 F linker : CANNOT LINK EXECUTABLE "/vendor/bin/hw/android.hardware.drm@1.3-service.widevine": cannot locate symbol "CBS_init" referenced by "/vendor/lib64/libwvhidl.so"...
11-29 09:21:31.333 7217 7217 F linker : CANNOT LINK EXECUTABLE "/vendor/bin/hw/android.hardware.drm@1.3-service.widevine": cannot locate symbol "CBS_init" referenced by "/vendor/lib64/libwvhidl.so"...
11-29 09:21:32.331 7220 7220 F linker : CANNOT LINK EXECUTABLE "/vendor/bin/hw/android.hardware.drm@1.3-service.widevine": cannot locate symbol "CBS_init" referenced by "/vendor/lib64/libwvhidl.so"...
11-29 09:21:32.627 1278 2749 D CompatChangeReporter: Compat change id reported: 151861875; UID 10048; state: ENABLED
11-29 09:21:32.643 1278 1334 I ActivityManager: Start proc 7232:android.process.media/u0a48 for content provider {com.android.providers.downloads/com.android.providers.downloads.DownloadProvider}
11-29 09:21:32.737 1278 2749 D CompatChangeReporter: Compat change id reported: 311402873; UID 10048; state: ENABLED
11-29 09:21:32.737 1278 2749 D CompatChangeReporter: Compat change id reported: 323349338; UID 10048; state: ENABLED
11-29 09:21:32.991 1278 1278 W NotificationHistory: Attempted to add notif for locked/gone/disabled user 0
11-29 09:21:33.335 7253 7253 F linker : CANNOT LINK EXECUTABLE "/vendor/bin/hw/android.hardware.drm@1.3-service.widevine": cannot locate symbol "CBS_init" referenced by "/vendor/lib64/libwvhidl.so"...
11-29 09:21:34.341 7256 7256 F linker : CANNOT LINK EXECUTABLE "/vendor/bin/hw/android.hardware.drm@1.3-service.widevine": cannot locate symbol "CBS_init" referenced by "/vendor/lib64/libwvhidl.so"...
11-29 09:21:34.764 1278 2179 D CompatChangeReporter: Compat change id reported: 297989574; UID 1000; state: ENABLED
11-29 09:21:35.142 1278 2121 E JobScheduler.Background: Couldn't determine stopped state for unknown package: com.google.android.syncadapters.calendar
11-29 09:21:35.142 1278 2121 E JobScheduler.Background: Couldn't determine stopped state for unknown package: com.android.vending
11-29 09:21:35.344 7260 7260 F linker : CANNOT LINK EXECUTABLE "/vendor/bin/hw/android.hardware.drm@1.3-service.widevine": cannot locate symbol "CBS_init" referenced by "/vendor/lib64/libwvhidl.so"...
11-29 09:21:36.347 7263 7263 F linker : CANNOT LINK EXECUTABLE "/vendor/bin/hw/android.hardware.drm@1.3-service.widevine": cannot locate symbol "CBS_init" referenced by "/vendor/lib64/libwvhidl.so"...
11-29 09:21:37.362 7266 7266 F linker : CANNOT LINK EXECUTABLE "/vendor/bin/hw/android.hardware.drm@1.3-service.widevine": cannot locate symbol "CBS_init" referenced by "/vendor/lib64/libwvhidl.so"...
11-29 09:21:38.350 7271 7271 F linker : CANNOT LINK EXECUTABLE "/vendor/bin/hw/android.hardware.drm@1.3-service.widevine": cannot locate symbol "CBS_init" referenced by "/vendor/lib64/libwvhidl.so"...
11-29 09:21:39.344 7274 7274 F linker : CANNOT LINK EXECUTABLE "/vendor/bin/hw/android.hardware.drm@1.3-service.widevine": cannot locate symbol "CBS_init" referenced by "/vendor/lib64/libwvhidl.so"...
11-29 09:21:40.354 7277 7277 F linker : CANNOT LINK EXECUTABLE "/vendor/bin/hw/android.hardware.drm@1.3-service.widevine": cannot locate symbol "CBS_init" referenced by "/vendor/lib64/libwvhidl.so"...
11-29 09:21:41.362 7280 7280 F linker : CANNOT LINK EXECUTABLE "/vendor/bin/hw/android.hardware.drm@1.3-service.widevine": cannot locate symbol "CBS_init" referenced by "/vendor/lib64/libwvhidl.so"...
11-29 09:21:42.361 7283 7283 F linker : CANNOT LINK EXECUTABLE "/vendor/bin/hw/android.hardware.drm@1.3-service.widevine": cannot locate symbol "CBS_init" referenced by "/vendor/lib64/libwvhidl.so"...
11-29 09:21:43.354 7288 7288 F linker : CANNOT LINK EXECUTABLE "/vendor/bin/hw/android.hardware.drm@1.3-service.widevine": cannot locate symbol "CBS_init" referenced by "/vendor/lib64/libwvhidl.so"...
11-29 09:21:44.371 7291 7291 F linker : CANNOT LINK EXECUTABLE "/vendor/bin/hw/android.hardware.drm@1.3-service.widevine": cannot locate symbol "CBS_init" referenced by "/vendor/lib64/libwvhidl.so"...
11-29 09:21:45.368 7294 7294 F linker : CANNOT LINK EXECUTABLE "/vendor/bin/hw/android.hardware.drm@1.3-service.widevine": cannot locate symbol "CBS_init" referenced by "/vendor/lib64/libwvhidl.so"...
11-29 09:21:46.375 7297 7297 F linker : CANNOT LINK EXECUTABLE "/vendor/bin/hw/android.hardware.drm@1.3-service.widevine": cannot locate symbol "CBS_init" referenced by "/vendor/lib64/libwvhidl.so"...
11-29 09:21:47.382 7300 7300 F linker : CANNOT LINK EXECUTABLE "/vendor/bin/hw/android.hardware.drm@1.3-service.widevine": cannot locate symbol "CBS_init" referenced by "/vendor/lib64/libwvhidl.so"...
11-29 09:21:48.367 7305 7305 F linker : CANNOT LINK EXECUTABLE "/vendor/bin/hw/android.hardware.drm@1.3-service.widevine": cannot locate symbol "CBS_init" referenced by "/vendor/lib64/libwvhidl.so"...
11-29 09:21:49.379 7308 7308 F linker : CANNOT LINK EXECUTABLE "/vendor/bin/hw/android.hardware.drm@1.3-service.widevine": cannot locate symbol "CBS_init" referenced by "/vendor/lib64/libwvhidl.so"...
11-29 09:21:50.384 7311 7311 F linker : CANNOT LINK EXECUTABLE "/vendor/bin/hw/android.hardware.drm@1.3-service.widevine": cannot locate symbol "CBS_init" referenced by "/vendor/lib64/libwvhidl.so"...
11-29 09:21:51.371 7314 7314 F linker : CANNOT LINK EXECUTABLE "/vendor/bin/hw/android.hardware.drm@1.3-service.widevine": cannot locate symbol "CBS_init" referenced by "/vendor/lib64/libwvhidl.so"...
11-29 09:21:52.308 2494 4479 D PowerUI : can't show warning due to - plugged: true status unknown: false
11-29 09:21:52.377 7317 7317 F linker : CANNOT LINK EXECUTABLE "/vendor/bin/hw/android.hardware.drm@1.3-service.widevine": cannot locate symbol "CBS_init" referenced by "/vendor/lib64/libwvhidl.so"...
11-29 09:21:53.387 7322 7322 F linker : CANNOT LINK EXECUTABLE "/vendor/bin/hw/android.hardware.drm@1.3-service.widevine": cannot locate symbol "CBS_init" referenced by "/vendor/lib64/libwvhidl.so"...
11-29 09:21:54.389 7325 7325 F linker : CANNOT LINK EXECUTABLE "/vendor/bin/hw/android.hardware.drm@1.3-service.widevine": cannot locate symbol "CBS_init" referenced by "/vendor/lib64/libwvhidl.so"...
11-29 09:21:55.390 7328 7328 F linker : CANNOT LINK EXECUTABLE "/vendor/bin/hw/android.hardware.drm@1.3-service.widevine": cannot locate symbol "CBS_init" referenced by "/vendor/lib64/libwvhidl.so"...
11-29 09:21:56.192 1278 2749 D CompatChangeReporter: Compat change id reported: 311208629; UID 10048; state: ENABLED
11-29 09:21:56.210 1278 1302 W OptProp : Cannot read opt property android.window.PROPERTY_COMPAT_ALLOW_ORIENTATION_OVERRIDE
11-29 09:21:56.213 1278 1302 W OptProp : Cannot read opt property android.window.PROPERTY_COMPAT_ALLOW_MIN_ASPECT_RATIO_OVERRIDE
11-29 09:21:56.223 1278 1302 I ActivityTaskManager: START u0 {act=android.intent.action.VIEW dat=content://downloads/... typ=application/vnd.android.package-archive flg=0x10000001 cmp=android/com.android.internal.app.ResolverActivity} with LAUNCH_MULTIPLE from uid 10176 (BAL_ALLOW_VISIBLE_WINDOW) result code=0
11-29 09:21:56.224 2494 2531 V WindowManagerShell: Transition requested (#24): android.os.BinderProxy@98c84fd TransitionRequestInfo { type = OPEN, triggerTask = TaskInfo{userId=0 taskId=35 displayId=0 isRunning=true baseIntent=Intent { act=android.intent.action.VIEW dat=content://downloads/... typ=application/vnd.android.package-archive flg=0x10800001 cmp=android/com.android.internal.app.ResolverActivity } baseActivity=ComponentInfo{android/com.android.internal.app.ResolverActivity} topActivity=ComponentInfo{android/com.android.internal.app.ResolverActivity} origActivity=null realActivity=ComponentInfo{android/com.android.internal.app.ResolverActivity} numActivities=1 lastActiveTime=791152 supportsMultiWindow=true resizeMode=2 isResizeable=true minWidth=-1 minHeight=-1 defaultMinSize=200 token=WCT{android.window.IWindowContainerToken$Stub$Proxy@a07e5f2} topActivityType=1 pictureInPictureParams=null shouldDockBigOverlays=false launchIntoPipHostTaskId=-1 lastParentTaskIdBeforePip=-1 displayCutoutSafeInsets=Rect(0, 114 - 0, 0) topActivityInfo=ActivityInfo{898d443 com.android.internal.app.ResolverActivity} launchCookies=[] positionInParent=Point(0, 0) parentTaskId=-1 isFocused=false isVisible=false isVisibleRequested=false isSleeping=false locusId=null displayAreaFeatureId=1 isTopActivityTransparent=true appCompatTaskInfo=AppCompatTaskInfo { topActivityInSizeCompat=false topActivityEligibleForLetterboxEducation= falseisLetterboxEducationEnabled= false isLetterboxDoubleTapEnabled= false topActivityEligibleForUserAspectRatioButton= false topActivityBoundsLetterboxed= false isFromLetterboxDoubleTap= false topActivityLetterboxVerticalPosition= -1 topActivityLetterboxHorizontalPosition= -1 topActivityLetterboxWidth=1080 topActivityLetterboxHeight=2400 isUserFullscreenOverrideEnabled=false isSystemFullscreenOverrideEnabled=false cameraCompatTaskInfo=CameraCompatTaskInfo { cameraCompatControlState=hidden freeformCameraCompatMode=inactive}}}, pipTask = null, remoteTransition = null, displayChange = null, flags = 0, debugId = 24 }
11-29 09:21:56.245 1278 1334 I ActivityManager: Start proc 7331:system:ui/1000 for next-top-activity {android/com.android.internal.app.ResolverActivity}
11-29 09:21:56.308 1278 2744 D CompatChangeReporter: Compat change id reported: 324203798; UID 1000; state: ENABLED
11-29 09:21:56.309 1278 2744 W OptProp : Cannot read opt property android.window.PROPERTY_COMPAT_ALLOW_RESIZEABLE_ACTIVITY_OVERRIDES
11-29 09:21:56.359 1278 1302 D CoreBackPreview: Window{9e50e09 u0 android/com.android.internal.app.ResolverActivity}: Setting back callback OnBackInvokedCallbackInfo{mCallback=android.window.IOnBackInvokedCallback$Stub$Proxy@f2422f, mPriority=0, mIsAnimationCallback=false}
11-29 09:21:56.386 7351 7351 F linker : CANNOT LINK EXECUTABLE "/vendor/bin/hw/android.hardware.drm@1.3-service.widevine": cannot locate symbol "CBS_init" referenced by "/vendor/lib64/libwvhidl.so"...
11-29 09:21:56.452 2494 2518 V WindowManagerShell: onTransitionReady(transaction=5488968205338)
11-29 09:21:56.453 2494 2531 V WindowManagerShell: onTransitionReady (#24) android.os.BinderProxy@98c84fd: {id=24 t=OPEN f=0x0 trk=0 r=[0@Point(0, 0)] c=[{WCT{android.window.IWindowContainerToken$Stub$Proxy@d6a719f} m=OPEN f=TRANSLUCENT leash=Surface(name=Task=35)/@0x890fac0 sb=Rect(0, 0 - 1080, 2400) eb=Rect(0, 0 - 1080, 2400) d=0 taskParent=-1}]}
11-29 09:21:56.453 2494 2531 V WindowManagerShell: Playing animation for (#24) android.os.BinderProxy@98c84fd@0
11-29 09:21:56.453 2494 2531 V WindowManagerShell: try handler com.android.wm.shell.transition.DefaultMixedHandler@9605821
11-29 09:21:56.453 2494 2531 V WindowManagerShell: try handler com.android.wm.shell.keyguard.KeyguardTransitionHandler@365c446
11-29 09:21:56.454 2494 2531 V WindowManagerShell: try handler com.android.wm.shell.pip.PipTransition@3830621
11-29 09:21:56.454 2494 2531 V WindowManagerShell: try handler com.android.wm.shell.activityembedding.ActivityEmbeddingController@92dda46
11-29 09:21:56.454 2494 2531 V WindowManagerShell: try handler com.android.wm.shell.recents.RecentsTransitionHandler@92b7407
11-29 09:21:56.454 2494 2531 V ShellRecents: RecentsTransitionHandler.startAnimation: no controller found
11-29 09:21:56.454 2494 2531 V WindowManagerShell: try handler com.android.wm.shell.splitscreen.StageCoordinator@944b934
11-29 09:21:56.454 2494 2531 V WindowManagerShell: try handler com.android.wm.shell.transition.RemoteTransitionHandler@4e8e35d
11-29 09:21:56.454 2494 2531 V WindowManagerShell: Transition doesn't have explicit remote, search filters for match for {id=24 t=OPEN f=0x0 trk=0 r=[0@Point(0, 0)] c=[{WCT{android.window.IWindowContainerToken$Stub$Proxy@d6a719f} m=OPEN f=TRANSLUCENT leash=Surface(name=Task=35)/@0x890fac0 sb=Rect(0, 0 - 1080, 2400) eb=Rect(0, 0 - 1080, 2400) d=0 taskParent=-1}]}
11-29 09:21:56.454 2494 2531 V WindowManagerShell: Checking filter Pair{{types=[] flags=0x0] notFlags=0x100 checks=[{atype=home independent=true modes=[OPEN,TO_FRONT] flags=NONE mustBeTask=false order=TOP topActivity=ComponentInfo{com.android.launcher3/com.android.launcher3.uioverrides.QuickstepLauncher} launchCookie=null},{atype=standard independent=true modes=[CLOSE,TO_BACK] flags=NONE mustBeTask=false order=ANY topActivity=null launchCookie=null}]} RemoteTransition { remoteTransition = android.window.IRemoteTransition$Stub$Proxy@35d54d2, appThread = android.app.IApplicationThread$Stub$Proxy@b0149a3, debugName = QuickstepLaunchHome }}
11-29 09:21:56.454 2494 2531 V WindowManagerShell: Delegate animation for (#24) to null
11-29 09:21:56.454 2494 2531 V WindowManagerShell: try handler com.android.wm.shell.transition.DefaultTransitionHandler@829fb88
11-29 09:21:56.454 2494 2531 V WindowManagerShell: start default transition animation, info = {id=24 t=OPEN f=0x0 trk=0 r=[0@Point(0, 0)] c=[{WCT{android.window.IWindowContainerToken$Stub$Proxy@d6a719f} m=OPEN f=TRANSLUCENT leash=Surface(name=Task=35)/@0x890fac0 sb=Rect(0, 0 - 1080, 2400) eb=Rect(0, 0 - 1080, 2400) d=0 taskParent=-1}]}
11-29 09:21:56.455 1278 1317 V WindowManager: Sent Transition (#24) createdAt=11-29 09:21:56.212 via request=TransitionRequestInfo { type = OPEN, triggerTask = TaskInfo{userId=0 taskId=35 displayId=0 isRunning=true baseIntent=Intent { act=android.intent.action.VIEW dat=content://downloads/... typ=application/vnd.android.package-archive flg=0x10800001 cmp=android/com.android.internal.app.ResolverActivity } baseActivity=ComponentInfo{android/com.android.internal.app.ResolverActivity} topActivity=ComponentInfo{android/com.android.internal.app.ResolverActivity} origActivity=null realActivity=ComponentInfo{android/com.android.internal.app.ResolverActivity} numActivities=1 lastActiveTime=791152 supportsMultiWindow=true resizeMode=2 isResizeable=true minWidth=-1 minHeight=-1 defaultMinSize=200 token=WCT{RemoteToken{7924827 Task{568c729 #35 type=standard I=android/com.android.internal.app.ResolverActivity}}} topActivityType=1 pictureInPictureParams=null shouldDockBigOverlays=false launchIntoPipHostTaskId=-1 lastParentTaskIdBeforePip=-1 displayCutoutSafeInsets=Rect(0, 114 - 0, 0) topActivityInfo=ActivityInfo{6ecad4 com.android.internal.app.ResolverActivity} launchCookies=[] positionInParent=Point(0, 0) parentTaskId=-1 isFocused=false isVisible=false isVisibleRequested=false isSleeping=false locusId=null displayAreaFeatureId=1 isTopActivityTransparent=true appCompatTaskInfo=AppCompatTaskInfo { topActivityInSizeCompat=false topActivityEligibleForLetterboxEducation= falseisLetterboxEducationEnabled= false isLetterboxDoubleTapEnabled= false topActivityEligibleForUserAspectRatioButton= false topActivityBoundsLetterboxed= false isFromLetterboxDoubleTap= false topActivityLetterboxVerticalPosition= -1 topActivityLetterboxHorizontalPosition= -1 topActivityLetterboxWidth=1080 topActivityLetterboxHeight=2400 isUserFullscreenOverrideEnabled=false isSystemFullscreenOverrideEnabled=false cameraCompatTaskInfo=CameraCompatTaskInfo { cameraCompatControlState=hidden freeformCameraCompatMode=inactive}}}, pipTask = null, remoteTransition = null, displayChange = null, flags = 0, debugId = 24 }
11-29 09:21:56.455 1278 1317 V WindowManager: startWCT=WindowContainerTransaction { changes = {} hops = [] errorCallbackToken=null taskFragmentOrganizer=null }
11-29 09:21:56.455 2494 2531 V WindowManagerShell: loadAnimation: anim=android.view.animation.AnimationSet@95a414a animAttr=0x4 type=OPEN isEntrance=true
11-29 09:21:56.456 1278 1317 V WindowManager: info={id=24 t=OPEN f=0x0 trk=0 r=[0@Point(0, 0)] c=[
11-29 09:21:56.456 1278 1317 V WindowManager: {WCT{RemoteToken{7924827 Task{568c729 #35 type=standard I=android/com.android.internal.app.ResolverActivity}}} m=OPEN f=TRANSLUCENT leash=Surface(name=Task=35)/@0xe909428 sb=Rect(0, 0 - 1080, 2400) eb=Rect(0, 0 - 1080, 2400) d=0 taskParent=-1}
11-29 09:21:56.456 1278 1317 V WindowManager: ]}
11-29 09:21:56.457 2494 2531 V WindowManagerShell: animated by com.android.wm.shell.transition.DefaultTransitionHandler@829fb88
11-29 09:21:56.459 1278 1302 W UserManagerService: Requested status bar icon for non-badged user 0
11-29 09:21:56.766 2494 2531 V WindowManagerShell: Transition animation finished (aborted=false), notifying core (#24) android.os.BinderProxy@98c84fd@0
11-29 09:21:56.768 1278 1317 V WindowManager: Finish Transition (#24): created at
11-29 09:21:56.212 collect-started=0.093ms request-sent=9.826ms started=15.12ms ready=96.956ms sent=238.713ms finished=555.739ms
11-29 09:21:56.770 2494 2531 V WindowManagerShell: Track 0 became idle
11-29 09:21:56.770 2494 2531 V WindowManagerShell: All active transition animations finished
11-29 09:21:56.770 1278 1302 W UserManagerService: Requested status bar icon for non-badged user 0
11-29 09:21:57.398 7362 7362 F linker : CANNOT LINK EXECUTABLE "/vendor/bin/hw/android.hardware.drm@1.3-service.widevine": cannot locate symbol "CBS_init" referenced by "/vendor/lib64/libwvhidl.so"...
11-29 09:21:58.397 7369 7369 F linker : CANNOT LINK EXECUTABLE "/vendor/bin/hw/android.hardware.drm@1.3-service.widevine": cannot locate symbol "CBS_init" referenced by "/vendor/lib64/libwvhidl.so"...
11-29 09:21:58.468 2494 2531 V WindowManagerShell: Transition requested (#25): android.os.BinderProxy@381afa2 TransitionRequestInfo { type = CLOSE, triggerTask = TaskInfo{userId=0 taskId=35 displayId=0 isRunning=false baseIntent=Intent { act=android.intent.action.VIEW dat=content://downloads/... typ=application/vnd.android.package-archive flg=0x10800001 cmp=android/com.android.internal.app.ResolverActivity } baseActivity=null topActivity=null origActivity=null realActivity=ComponentInfo{android/com.android.internal.app.ResolverActivity} numActivities=0 lastActiveTime=791239 supportsMultiWindow=true resizeMode=2 isResizeable=true minWidth=-1 minHeight=-1 defaultMinSize=200 token=WCT{android.window.IWindowContainerToken$Stub$Proxy@b075433} topActivityType=1 pictureInPictureParams=null shouldDockBigOverlays=false launchIntoPipHostTaskId=-1 lastParentTaskIdBeforePip=-1 displayCutoutSafeInsets=null topActivityInfo=null launchCookies=[] positionInParent=Point(0, 0) parentTaskId=-1 isFocused=true isVisible=true isVisibleRequested=true isSleeping=false locusId=null displayAreaFeatureId=1 isTopActivityTransparent=false appCompatTaskInfo=AppCompatTaskInfo { topActivityInSizeCompat=false topActivityEligibleForLetterboxEducation= falseisLetterboxEducationEnabled= false isLetterboxDoubleTapEnabled= false topActivityEligibleForUserAspectRatioButton= false topActivityBoundsLetterboxed= false isFromLetterboxDoubleTap= false topActivityLetterboxVerticalPosition= -1 topActivityLetterboxHorizontalPosition= -1 topActivityLetterboxWidth=-1 topActivityLetterboxHeight=-1 isUserFullscreenOverrideEnabled=false isSystemFullscreenOverrideEnabled=false cameraCompatTaskInfo=CameraCompatTaskInfo { cameraCompatControlState=hidden freeformCameraCompatMode=inactive}}}, pipTask = null, remoteTransition = null, displayChange = null, flags = 0, debugId = 25 }
11-29 09:21:58.482 2494 2750 V WindowManagerShell: onTransitionReady(transaction=5488968205361)
11-29 09:21:58.483 2494 2531 V WindowManagerShell: onTransitionReady (#25) android.os.BinderProxy@381afa2: {id=25 t=CLOSE f=0x0 trk=0 r=[0@Point(0, 0)] c=[{WCT{android.window.IWindowContainerToken$Stub$Proxy@1ef23ee} m=CLOSE f=TRANSLUCENT leash=Surface(name=Task=35)/@0x3893f0 sb=Rect(0, 0 - 1080, 2400) eb=Rect(0, 0 - 1080, 2400) d=0 taskParent=-1}]}
11-29 09:21:58.483 2494 2531 V WindowManagerShell: Playing animation for (#25) android.os.BinderProxy@381afa2@0
11-29 09:21:58.483 2494 2531 V WindowManagerShell: try handler com.android.wm.shell.transition.DefaultMixedHandler@9605821
11-29 09:21:58.483 2494 2531 V WindowManagerShell: try handler com.android.wm.shell.keyguard.KeyguardTransitionHandler@365c446
11-29 09:21:58.483 2494 2531 V WindowManagerShell: try handler com.android.wm.shell.pip.PipTransition@3830621
11-29 09:21:58.483 2494 2531 V WindowManagerShell: try handler com.android.wm.shell.activityembedding.ActivityEmbeddingController@92dda46
11-29 09:21:58.483 2494 2531 V WindowManagerShell: try handler com.android.wm.shell.recents.RecentsTransitionHandler@92b7407
11-29 09:21:58.483 2494 2531 V ShellRecents: RecentsTransitionHandler.startAnimation: no controller found
11-29 09:21:58.483 2494 2531 V WindowManagerShell: try handler com.android.wm.shell.splitscreen.StageCoordinator@944b934
11-29 09:21:58.483 2494 2531 V WindowManagerShell: try handler com.android.wm.shell.transition.RemoteTransitionHandler@4e8e35d
11-29 09:21:58.483 2494 2531 V WindowManagerShell: Transition doesn't have explicit remote, search filters for match for {id=25 t=CLOSE f=0x0 trk=0 r=[0@Point(0, 0)] c=[{WCT{android.window.IWindowContainerToken$Stub$Proxy@1ef23ee} m=CLOSE f=TRANSLUCENT leash=Surface(name=Task=35)/@0x3893f0 sb=Rect(0, 0 - 1080, 2400) eb=Rect(0, 0 - 1080, 2400) d=0 taskParent=-1}]}
11-29 09:21:58.484 2494 2531 V WindowManagerShell: Checking filter Pair{{types=[] flags=0x0] notFlags=0x100 checks=[{atype=home independent=true modes=[OPEN,TO_FRONT] flags=NONE mustBeTask=false order=TOP topActivity=ComponentInfo{com.android.launcher3/com.android.launcher3.uioverrides.QuickstepLauncher} launchCookie=null},{atype=standard independent=true modes=[CLOSE,TO_BACK] flags=NONE mustBeTask=false order=ANY topActivity=null launchCookie=null}]} RemoteTransition { remoteTransition = android.window.IRemoteTransition$Stub$Proxy@35d54d2, appThread = android.app.IApplicationThread$Stub$Proxy@b0149a3, debugName = QuickstepLaunchHome }}
11-29 09:21:58.484 2494 2531 V WindowManagerShell: Delegate animation for (#25) to null
11-29 09:21:58.484 2494 2531 V WindowManagerShell: try handler com.android.wm.shell.transition.DefaultTransitionHandler@829fb88
11-29 09:21:58.484 2494 2531 V WindowManagerShell: start default transition animation, info = {id=25 t=CLOSE f=0x0 trk=0 r=[0@Point(0, 0)] c=[{WCT{android.window.IWindowContainerToken$Stub$Proxy@1ef23ee} m=CLOSE f=TRANSLUCENT leash=Surface(name=Task=35)/@0x3893f0 sb=Rect(0, 0 - 1080, 2400) eb=Rect(0, 0 - 1080, 2400) d=0 taskParent=-1}]}
11-29 09:21:58.485 2494 2531 V WindowManagerShell: loadAnimation: anim=android.view.animation.AnimationSet@5ad90fa animAttr=0x7 type=CLOSE isEntrance=false
11-29 09:21:58.486 2494 2531 V WindowManagerShell: animated by com.android.wm.shell.transition.DefaultTransitionHandler@829fb88
11-29 09:21:58.490 1278 1317 V WindowManager: Sent Transition (#25) createdAt=11-29 09:21:58.466 via request=TransitionRequestInfo { type = CLOSE, triggerTask = TaskInfo{userId=0 taskId=35 displayId=0 isRunning=false baseIntent=Intent { act=android.intent.action.VIEW dat=content://downloads/... typ=application/vnd.android.package-archive flg=0x10800001 cmp=android/com.android.internal.app.ResolverActivity } baseActivity=null topActivity=null origActivity=null realActivity=ComponentInfo{android/com.android.internal.app.ResolverActivity} numActivities=0 lastActiveTime=791239 supportsMultiWindow=true resizeMode=2 isResizeable=true minWidth=-1 minHeight=-1 defaultMinSize=200 token=WCT{RemoteToken{7924827 Task{568c729 #35 type=standard I=android/com.android.internal.app.ResolverActivity}}} topActivityType=1 pictureInPictureParams=null shouldDockBigOverlays=false launchIntoPipHostTaskId=-1 lastParentTaskIdBeforePip=-1 displayCutoutSafeInsets=null topActivityInfo=null launchCookies=[] positionInParent=Point(0, 0) parentTaskId=-1 isFocused=true isVisible=true isVisibleRequested=true isSleeping=false locusId=null displayAreaFeatureId=1 isTopActivityTransparent=false appCompatTaskInfo=AppCompatTaskInfo { topActivityInSizeCompat=false topActivityEligibleForLetterboxEducation= falseisLetterboxEducationEnabled= false isLetterboxDoubleTapEnabled= false topActivityEligibleForUserAspectRatioButton= false topActivityBoundsLetterboxed= false isFromLetterboxDoubleTap= false topActivityLetterboxVerticalPosition= -1 topActivityLetterboxHorizontalPosition= -1 topActivityLetterboxWidth=-1 topActivityLetterboxHeight=-1 isUserFullscreenOverrideEnabled=false isSystemFullscreenOverrideEnabled=false cameraCompatTaskInfo=CameraCompatTaskInfo { cameraCompatControlState=hidden freeformCameraCompatMode=inactive}}}, pipTask = null, remoteTransition = null, displayChange = null, flags = 0, debugId = 25 }
11-29 09:21:58.490 1278 1317 V WindowManager: startWCT=WindowContainerTransaction { changes = {} hops = [] errorCallbackToken=null taskFragmentOrganizer=null }
11-29 09:21:58.492 1278 1317 V WindowManager: info={id=25 t=CLOSE f=0x0 trk=0 r=[0@Point(0, 0)] c=[
11-29 09:21:58.492 1278 1317 V WindowManager: {WCT{RemoteToken{7924827 Task{568c729 #35 type=standard I=android/com.android.internal.app.ResolverActivity}}} m=CLOSE f=TRANSLUCENT leash=Surface(name=Task=35)/@0xe909428 sb=Rect(0, 0 - 1080, 2400) eb=Rect(0, 0 - 1080, 2400) d=0 taskParent=-1}
11-29 09:21:58.492 1278 1317 V WindowManager: ]}
11-29 09:21:58.494 1278 1320 I ActivityManager: Killing 4156:org.omnirom.omnijaws/u0a112 (adj 975): empty #17
11-29 09:21:58.500 1278 1302 W UserManagerService: Requested status bar icon for non-badged user 0
11-29 09:21:58.558 1278 1318 D DisplayManagerService: Drop pending events for gone uid 10112
11-29 09:21:58.753 2494 2531 V WindowManagerShell: Transition animation finished (aborted=false), notifying core (#25) android.os.BinderProxy@381afa2@0
11-29 09:21:58.758 1278 1317 V WindowManager: Finish Transition (#25): created at
11-29 09:21:58.466 collect-started=0.084ms request-sent=0.301ms started=4.607ms ready=11.861ms sent=15.396ms finished=290.072ms
11-29 09:21:58.759 2494 2531 V WindowManagerShell: Track 0 became idle
11-29 09:21:58.760 2494 2531 V WindowManagerShell: All active transition animations finished
11-29 09:21:58.761 1278 2749 W UserManagerService: Requested status bar icon for non-badged user 0
11-29 09:21:58.793 1278 1302 W ActivityTaskManager: Finishing task with all activities already finished
11-29 09:21:58.793 1278 1302 W ActivityTaskManager: Duplicate finish request for r=ActivityRecord{841dcb0 u0 android/com.android.internal.app.ResolverActivity t35 f}}
11-29 09:21:58.795 1278 1302 D CompatChangeReporter: Compat change id reported: 311208629; UID 10133; state: ENABLED
11-29 09:21:58.796 1278 2749 D CoreBackPreview: Window{9e50e09 u0 android/com.android.internal.app.ResolverActivity}: Setting back callback null --------- beginning of main
11-29 09:21:58.834 6716 6737 D OmniStore:NetworkUtils: loadExtraAppList file = apps-zenfone8 code = 404
11-29 09:21:58.834 6716 6737 D OmniStore:NetworkUtils: loadExtraAppList size = 12
11-29 09:21:58.835 6716 6716 D OmniStore:MainActivity: CURRENT_DOWNLOADS = {}
11-29 09:21:59.361 4097 4297 W HidlServiceManagement: Waited one second for android.hardware.drm@1.0::IDrmFactory/widevine
11-29 09:21:59.362 643 643 I hwservicemanager: Since android.hardware.drm@1.0::IDrmFactory/widevine is not registered, trying to start it as a lazy HAL (if it's not configured to be a lazy HAL, it may be stuck starting or still starting).
11-29 09:21:59.363 4097 4297 I HidlServiceManagement: getService: Trying again for android.hardware.drm@1.0::IDrmFactory/widevine...
11-29 09:21:59.402 7379 7379 F linker : CANNOT LINK EXECUTABLE "/vendor/bin/hw/android.hardware.drm@1.3-service.widevine": cannot locate symbol "CBS_init" referenced by "/vendor/lib64/libwvhidl.so"...
11-29 09:21:59.423 7380 7380 I flags_health_check: ServerConfigurableFlagsReset reset_mode value: 1
11-29 09:21:59.424 7380 7380 I flags_health_check: ServerConfigurableFlagsReset updatable crashing detected, resetting flags.
11-29 09:21:59.603 3280 3404 W ThermalEngine: thermal_sensor_get_temperature: virtual-therm Reading 23264 .
11-29 09:21:59.697 1055 1079 I android.hardware.thermal@2.0-service.qti: uevent triggered for sensor: camera-therm-usr
11-29 09:21:59.932 1054 7180 I sensors-hal: handle_sns_client_event:470, [SSC_HAL] ACCEL, ts:794.718064 s X:0.04 Y:0.17 Z:9.77, elapsedRealtime: 794.863969, ts_diff: 0.145906, pb_ts: 15550792894, offset = -15219065970
11-29 09:22:00.364 4097 4297 W HidlServiceManagement: Waited one second for android.hardware.drm@1.0::IDrmFactory/widevine
11-29 09:22:00.365 643 643 I hwservicemanager: Since android.hardware.drm@1.0::IDrmFactory/widevine is not registered, trying to start it as a lazy HAL (if it's not configured to be a lazy HAL, it may be stuck starting or still starting).
11-29 09:22:00.366 4097 4297 I HidlServiceManagement: getService: Trying again for android.hardware.drm@1.0::IDrmFactory/widevine...
11-29 09:22:00.404 7382 7382 F linker : CANNOT LINK EXECUTABLE "/vendor/bin/hw/android.hardware.drm@1.3-service.widevine": cannot locate symbol "CBS_init" referenced by "/vendor/lib64/libwvhidl.so"...
11-29 09:22:00.432 7383 7383 I flags_health_check: ServerConfigurableFlagsReset reset_mode value: 1
11-29 09:22:00.433 7383 7383 I flags_health_check: ServerConfigurableFlagsReset updatable crashing detected, resetting flags.
11-29 09:22:00.721 1055 1079 I android.hardware.thermal@2.0-service.qti: uevent triggered for sensor: camera-therm-usr
11-29 09:22:01.239 2334 3199 D audioserver: logFgsApiBegin: FGS Logger Transaction failed, -129
11-29 09:22:01.240 1278 2535 W AS.PlaybackActivityMon: No piid assigned for invalid/internal port id 33
11-29 09:22:01.273 1278 1302 D CoreBackPreview: Window{51c1b u0 org.omnirom.omnistore/org.omnirom.omnistore.MainActivity}: Setting back callback OnBackInvokedCallbackInfo{mCallback=android.window.IOnBackInvokedCallback$Stub$Proxy@bd89fcd, mPriority=0, mIsAnimationCallback=false}
11-29 09:22:01.366 4097 4297 W HidlServiceManagement: Waited one second for android.hardware.drm@1.0::IDrmFactory/widevine
11-29 09:22:01.369 643 643 I hwservicemanager: Since android.hardware.drm@1.0::IDrmFactory/widevine is not registered, trying to start it as a lazy HAL (if it's not configured to be a lazy HAL, it may be stuck starting or still starting).
11-29 09:22:01.369 4097 4297 I HidlServiceManagement: getService: Trying again for android.hardware.drm@1.0::IDrmFactory/widevine...
11-29 09:22:01.396 2334 2393 D audioserver: logFgsApiEnd: FGS Logger Transaction failed, -129
11-29 09:22:01.415 7386 7386 F linker : CANNOT LINK EXECUTABLE "/vendor/bin/hw/android.hardware.drm@1.3-service.widevine": cannot locate symbol "CBS_init" referenced by "/vendor/lib64/libwvhidl.so"...
11-29 09:22:01.441 7387 7387 I flags_health_check: ServerConfigurableFlagsReset reset_mode value: 1
11-29 09:22:01.441 7387 7387 I flags_health_check: ServerConfigurableFlagsReset updatable crashing detected, resetting flags.
11-29 09:22:01.478 1278 3339 E TaskPersister: File error accessing recents directory (directory doesn't exist?).
11-29 09:22:01.743 1055 1079 I android.hardware.thermal@2.0-service.qti: uevent triggered for sensor: camera-therm-usr
11-29 09:22:02.370 4097 4297 W HidlServiceManagement: Waited one second for android.hardware.drm@1.0::IDrmFactory/widevine
11-29 09:22:02.371 643 643 I hwservicemanager: Since android.hardware.drm@1.0::IDrmFactory/widevine is not registered, trying to start it as a lazy HAL (if it's not configured to be a lazy HAL, it may be stuck starting or still starting).
11-29 09:22:02.373 4097 4297 I HidlServiceManagement: getService: Trying again for android.hardware.drm@1.0::IDrmFactory/widevine...
11-29 09:22:02.416 7389 7389 F linker : CANNOT LINK EXECUTABLE "/vendor/bin/hw/android.hardware.drm@1.3-service.widevine": cannot locate symbol "CBS_init" referenced by "/vendor/lib64/libwvhidl.so"...
11-29 09:22:02.440 7390 7390 I flags_health_check: ServerConfigurableFlagsReset reset_mode value: 1
11-29 09:22:02.440 7390 7390 I flags_health_check: ServerConfigurableFlagsReset updatable crashing detected, resetting flags.
11-29 09:22:02.600 7391 7391 D diagcommd: DBG:Diag Daemon services process entry PPID = 1
11-29 09:22:02.600 7391 7391 D diagcommd: DBG:Calling LSM init
11-29 09:22:02.601 7391 7391 E Diag_Lib: diag:failed to connect to diag socket
11-29 09:22:02.601 7391 7391 E Diag_Lib: Diag_LSM_Init: Failed to open handle to diag driver, error = 25
11-29 09:22:02.601 7391 7391 E diagcommd: ERR:DiagDaemon: Diag_LSM_Init() failed.
11-29 09:22:02.622 7392 7392 I flags_health_check: ServerConfigurableFlagsReset reset_mode value: 1
11-29 09:22:02.623 7392 7392 I flags_health_check: ServerConfigurableFlagsReset updatable crashing detected, resetting flags.
11-29 09:22:02.770 1055 1079 I android.hardware.thermal@2.0-service.qti: uevent triggered for sensor: camera-therm-usr
11-29 09:22:03.374 4097 4297 W HidlServiceManagement: Waited one second for android.hardware.drm@1.0::IDrmFactory/widevine
11-29 09:22:03.376 643 643 I hwservicemanager: Since android.hardware.drm@1.0::IDrmFactory/widevine is not registered, trying to start it as a lazy HAL (if it's not configured to be a lazy HAL, it may be stuck starting or still starting).
11-29 09:22:03.378 4097 4297 I HidlServiceManagement: getService: Trying again for android.hardware.drm@1.0::IDrmFactory/widevine...
11-29 09:22:03.421 7394 7394 F linker : CANNOT LINK EXECUTABLE "/vendor/bin/hw/android.hardware.drm@1.3-service.widevine": cannot locate symbol "CBS_init" referenced by "/vendor/lib64/libwvhidl.so"...
11-29 09:22:03.444 7395 7395 I flags_health_check: ServerConfigurableFlagsReset reset_mode value: 1
11-29 09:22:03.444 7395 7395 I flags_health_check: ServerConfigurableFlagsReset updatable crashing detected, resetting flags.
11-29 09:22:03.792 1055 1079 I android.hardware.thermal@2.0-service.qti: uevent triggered for sensor: camera-therm-usr
11-29 09:22:04.054 1278 2189 D ConnectivityService: NetReassign [no changes] [c 1] [a 0] [i 4]
11-29 09:22:04.378 4097 4297 W HidlServiceManagement: Waited one second for android.hardware.drm@1.0::IDrmFactory/widevine
11-29 09:22:04.380 643 643 I hwservicemanager: Since android.hardware.drm@1.0::IDrmFactory/widevine is not registered, trying to start it as a lazy HAL (if it's not configured to be a lazy HAL, it may be stuck starting or still starting).
11-29 09:22:04.381 4097 4297 I HidlServiceManagement: getService: Trying again for android.hardware.drm@1.0::IDrmFactory/widevine...
11-29 09:22:04.382 2284 2394 D audio_hw_primary: out_standby: enter: stream (0xe35021a0) usecase(1: low-latency-playback)
11-29 09:22:04.419 7397 7397 F linker : CANNOT LINK EXECUTABLE "/vendor/bin/hw/android.hardware.drm@1.3-service.widevine": cannot locate symbol "CBS_init" referenced by "/vendor/lib64/libwvhidl.so"...
11-29 09:22:04.430 2284 2394 D audio_hw_primary: disable_audio_route: reset and update mixer path: low-latency-playback speaker
11-29 09:22:04.432 2284 2394 D soundtrigger: audio_extn_sound_trigger_update_stream_status: uc_info->id 1 of type 0 for Event 2, with Raise=0
11-29 09:22:04.432 2284 2394 D hardware_info: hw_info_append_hw_type : device_name = speaker
11-29 09:22:04.432 2284 2394 D audio_hw_primary: disable_snd_device: snd_device(2: speaker)
11-29 09:22:04.439 2284 2394 I soundtrigger: audio_extn_sound_trigger_update_device_status: device 0x2 of type 0 for Event 0, with Raise=0
11-29 09:22:04.445 7398 7398 I flags_health_check: ServerConfigurableFlagsReset reset_mode value: 1
11-29 09:22:04.445 7398 7398 I flags_health_check: ServerConfigurableFlagsReset updatable crashing detected, resetting flags.
11-29 09:22:04.820 1055 1079 I android.hardware.thermal@2.0-service.qti: uevent triggered for sensor: camera-therm-usr
11-29 09:22:04.868 1054 7180 I sensors-hal: handle_sns_client_event:470, [SSC_HAL] ACCEL, ts:799.718087 s X:0.04 Y:0.17 Z:9.76, elapsedRealtime: 799.799594, ts_diff: 0.081508, pb_ts: 15646793344, offset = -15219065970
11-29 09:22:05.384 4097 4297 W HidlServiceManagement: Waited one second for android.hardware.drm@1.0::IDrmFactory/widevine
11-29 09:22:05.391 643 643 I hwservicemanager: Since android.hardware.drm@1.0::IDrmFactory/widevine is not registered, trying to start it as a lazy HAL (if it's not configured to be a lazy HAL, it may be stuck starting or still starting).
11-29 09:22:05.393 4097 4297 I HidlServiceManagement: getService: Trying again for android.hardware.drm@1.0::IDrmFactory/widevine...
11-29 09:22:05.437 7400 7400 F linker : CANNOT LINK EXECUTABLE "/vendor/bin/hw/android.hardware.drm@1.3-service.widevine": cannot locate symbol "CBS_init" referenced by "/vendor/lib64/libwvhidl.so"...
11-29 09:22:05.458 7401 7401 I flags_health_check: ServerConfigurableFlagsReset reset_mode value: 1
11-29 09:22:05.458 7401 7401 I flags_health_check: ServerConfigurableFlagsReset updatable crashing detected, resetting flags.
11-29 09:22:05.624 3280 3404 W ThermalEngine: thermal_sensor_get_temperature: virtual-therm Reading 23339 .
11-29 09:22:05.841 1055 1079 I android.hardware.thermal@2.0-service.qti: uevent triggered for sensor: camera-therm-usr
11-29 09:22:06.394 4097 4297 W HidlServiceManagement: Waited one second for android.hardware.drm@1.0::IDrmFactory/widevine
11-29 09:22:06.396 643 643 I hwservicemanager: Since android.hardware.drm@1.0::IDrmFactory/widevine is not registered, trying to start it as a lazy HAL (if it's not configured to be a lazy HAL, it may be stuck starting or still starting).
11-29 09:22:06.398 4097 4297 I HidlServiceManagement: getService: Trying again for android.hardware.drm@1.0::IDrmFactory/widevine...
11-29 09:22:06.447 7403 7403 F linker : CANNOT LINK EXECUTABLE "/vendor/bin/hw/android.hardware.drm@1.3-service.widevine": cannot locate symbol "CBS_init" referenced by "/vendor/lib64/libwvhidl.so"...
11-29 09:22:06.470 7404 7404 I flags_health_check: ServerConfigurableFlagsReset reset_mode value: 1
11-29 09:22:06.470 7404 7404 I flags_health_check: ServerConfigurableFlagsReset updatable crashing detected, resetting flags.
11-29 09:22:06.865 1055 1079 I android.hardware.thermal@2.0-service.qti: uevent triggered for sensor: camera-therm-usr
11-29 09:22:07.401 4097 4297 W HidlServiceManagement: Waited one second for android.hardware.drm@1.0::IDrmFactory/widevine
11-29 09:22:07.403 643 643 I hwservicemanager: Since android.hardware.drm@1.0::IDrmFactory/widevine is not registered, trying to start it as a lazy HAL (if it's not configured to be a lazy HAL, it may be stuck starting or still starting).
11-29 09:22:07.405 4097 4297 I HidlServiceManagement: getService: Trying again for android.hardware.drm@1.0::IDrmFactory/widevine...
11-29 09:22:07.445 7406 7406 F linker : CANNOT LINK EXECUTABLE "/vendor/bin/hw/android.hardware.drm@1.3-service.widevine": cannot locate symbol "CBS_init" referenced by "/vendor/lib64/libwvhidl.so"...
11-29 09:22:07.469 7407 7407 I flags_health_check: ServerConfigurableFlagsReset reset_mode value: 1
11-29 09:22:07.469 7407 7407 I flags_health_check: ServerConfigurableFlagsReset updatable crashing detected, resetting flags.
11-29 09:22:07.619 7408 7408 D diagcommd: DBG:Diag Daemon services process entry PPID = 1
11-29 09:22:07.620 7408 7408 D diagcommd: DBG:Calling LSM init
11-29 09:22:07.620 7408 7408 E Diag_Lib: diag:failed to connect to diag socket
11-29 09:22:07.620 7408 7408 E Diag_Lib: Diag_LSM_Init: Failed to open handle to diag driver, error = 25
11-29 09:22:07.620 7408 7408 E diagcommd: ERR:DiagDaemon: Diag_LSM_Init() failed.
11-29 09:22:07.645 7409 7409 I flags_health_check: ServerConfigurableFlagsReset reset_mode value: 1
11-29 09:22:07.645 7409 7409 I flags_health_check: ServerConfigurableFlagsReset updatable crashing detected, resetting flags.
11-29 09:22:07.893 1055 1079 I android.hardware.thermal@2.0-service.qti: uevent triggered for sensor: camera-therm-usr
11-29 09:22:08.407 4097 4297 W HidlServiceManagement: Waited one second for android.hardware.drm@1.0::IDrmFactory/widevine
11-29 09:22:08.410 643 643 I hwservicemanager: Since android.hardware.drm@1.0::IDrmFactory/widevine is not registered, trying to start it as a lazy HAL (if it's not configured to be a lazy HAL, it may be stuck starting or still starting).
11-29 09:22:08.412 4097 4297 I HidlServiceManagement: getService: Trying again for android.hardware.drm@1.0::IDrmFactory/widevine...
11-29 09:22:08.458 7411 7411 F linker : CANNOT LINK EXECUTABLE "/vendor/bin/hw/android.hardware.drm@1.3-service.widevine": cannot locate symbol "CBS_init" referenced by "/vendor/lib64/libwvhidl.so"...
11-29 09:22:08.479 7412 7412 I flags_health_check: ServerConfigurableFlagsReset reset_mode value: 1
11-29 09:22:08.479 7412 7412 I flags_health_check: ServerConfigurableFlagsReset updatable crashing detected, resetting flags.
11-29 09:22:08.913 1055 1079 I android.hardware.thermal@2.0-service.qti: uevent triggered for sensor: camera-therm-usr
11-29 09:22:09.414 4097 4297 W HidlServiceManagement: Waited one second for android.hardware.drm@1.0::IDrmFactory/widevine
11-29 09:22:09.415 643 643 I hwservicemanager: Since android.hardware.drm@1.0::IDrmFactory/widevine is not registered, trying to start it as a lazy HAL (if it's not configured to be a lazy HAL, it may be stuck starting or still starting).
11-29 09:22:09.416 4097 4297 I HidlServiceManagement: getService: Trying again for android.hardware.drm@1.0::IDrmFactory/widevine...
11-29 09:22:09.462 7414 7414 F linker : CANNOT LINK EXECUTABLE "/vendor/bin/hw/android.hardware.drm@1.3-service.widevine": cannot locate symbol "CBS_init" referenced by "/vendor/lib64/libwvhidl.so"...
11-29 09:22:09.486 7415 7415 I flags_health_check: ServerConfigurableFlagsReset reset_mode value: 1
11-29 09:22:09.486 7415 7415 I flags_health_check: ServerConfigurableFlagsReset updatable crashing detected, resetting flags.
11-29 09:22:09.801 1054 7180 I sensors-hal: handle_sns_client_event:470, [SSC_HAL] ACCEL, ts:804.718111 s X:0.03 Y:0.17 Z:9.76, elapsedRealtime: 804.732252, ts_diff: 0.014142, pb_ts: 15742793794, offset = -15219065970
11-29 09:22:09.939 1055 1079 I android.hardware.thermal@2.0-service.qti: uevent triggered for sensor: camera-therm-usr
11-29 09:22:10.417 4097 4297 W HidlServiceManagement: Waited one second for android.hardware.drm@1.0::IDrmFactory/widevine
11-29 09:22:10.418 643 643 I hwservicemanager: Since android.hardware.drm@1.0::IDrmFactory/widevine is not registered, trying to start it as a lazy HAL (if it's not configured to be a lazy HAL, it may be stuck starting or still starting).
11-29 09:22:10.419 4097 4297 I HidlServiceManagement: getService: Trying again for android.hardware.drm@1.0::IDrmFactory/widevine...
11-29 09:22:10.470 7417 7417 F linker : CANNOT LINK EXECUTABLE "/vendor/bin/hw/android.hardware.drm@1.3-service.widevine": cannot locate symbol "CBS_init" referenced by "/vendor/lib64/libwvhidl.so"...
11-29 09:22:10.492 7418 7418 I flags_health_check: ServerConfigurableFlagsReset reset_mode value: 1
11-29 09:22:10.493 7418 7418 I flags_health_check: ServerConfigurableFlagsReset updatable crashing detected, resetting flags.
11-29 09:22:10.962 1055 1079 I android.hardware.thermal@2.0-service.qti: uevent triggered for sensor: camera-therm-usr
11-29 09:22:11.422 4097 4297 W HidlServiceManagement: Waited one second for android.hardware.drm@1.0::IDrmFactory/widevine
11-29 09:22:11.424 643 643 I hwservicemanager: Since android.hardware.drm@1.0::IDrmFactory/widevine is not registered, trying to start it as a lazy HAL (if it's not configured to be a lazy HAL, it may be stuck starting or still starting).
11-29 09:22:11.425 4097 4297 I HidlServiceManagement: getService: Trying again for android.hardware.drm@1.0::IDrmFactory/widevine...
11-29 09:22:11.466 7420 7420 F linker : CANNOT LINK EXECUTABLE "/vendor/bin/hw/android.hardware.drm@1.3-service.widevine": cannot locate symbol "CBS_init" referenced by "/vendor/lib64/libwvhidl.so"...
11-29 09:22:11.487 7421 7421 I flags_health_check: ServerConfigurableFlagsReset reset_mode value: 1
11-29 09:22:11.487 7421 7421 I flags_health_check: ServerConfigurableFlagsReset updatable crashing detected, resetting flags.
11-29 09:22:11.652 3280 3404 W ThermalEngine: thermal_sensor_get_temperature: virtual-therm Reading 23324 .
