11-29 09:25:33.289 8446 8446 E WebViewFactory: at android.app.servertransaction.LaunchActivityItem.execute(LaunchActivityItem.java:112)
11-29 09:25:33.289 8446 8446 E WebViewFactory: at android.app.servertransaction.TransactionExecutor.executeNonLifecycleItem(TransactionExecutor.java:174)
11-29 09:25:33.289 8446 8446 E WebViewFactory: at android.app.servertransaction.TransactionExecutor.executeTransactionItems(TransactionExecutor.java:109)
11-29 09:25:33.289 8446 8446 E WebViewFactory: at android.app.servertransaction.TransactionExecutor.execute(TransactionExecutor.java:81)
11-29 09:25:33.289 8446 8446 E WebViewFactory: at android.app.ActivityThread$H.handleMessage(ActivityThread.java:2636)
11-29 09:25:33.289 8446 8446 E WebViewFactory: at android.os.Handler.dispatchMessage(Handler.java:107)
11-29 09:25:33.289 8446 8446 E WebViewFactory: at android.os.Looper.loopOnce(Looper.java:232)
11-29 09:25:33.289 8446 8446 E WebViewFactory: at android.os.Looper.loop(Looper.java:317)
11-29 09:25:33.289 8446 8446 E WebViewFactory: at android.app.ActivityThread.main(ActivityThread.java:8705)
11-29 09:25:33.289 8446 8446 E WebViewFactory: at java.lang.reflect.Method.invoke(Native Method)
11-29 09:25:33.289 8446 8446 E WebViewFactory: at com.android.internal.os.RuntimeInit$MethodAndArgsCaller.run(RuntimeInit.java:580)
11-29 09:25:33.289 8446 8446 E WebViewFactory: at com.android.internal.os.ZygoteInit.main(ZygoteInit.java:886)
11-29 09:25:33.290 1119 7619 I QC2C2DEngine: calcYSize: unsupported or RGB color format, RGBA8888(1)
11-29 09:25:33.293 8446 8446 E WebViewFactory: error instantiating provider
11-29 09:25:33.293 8446 8446 E WebViewFactory: android.util.AndroidRuntimeException: android.webkit.WebViewFactory$MissingWebViewPackageException: Failed to load WebView provider: No WebView installed
11-29 09:25:33.293 8446 8446 E WebViewFactory: at android.webkit.WebViewFactory.getProviderClass(WebViewFactory.java:587)
11-29 09:25:33.293 8446 8446 E WebViewFactory: at android.webkit.WebViewFactory.getProvider(WebViewFactory.java:362)
11-29 09:25:33.293 8446 8446 E WebViewFactory: at android.webkit.WebView.getFactory(WebView.java:2606)
11-29 09:25:33.293 8446 8446 E WebViewFactory: at android.webkit.WebView.ensureProviderCreated(WebView.java:2600)
11-29 09:25:33.293 8446 8446 E WebViewFactory: at android.webkit.WebView.setOverScrollMode(WebView.java:2668)
11-29 09:25:33.293 8446 8446 E WebViewFactory: at android.view.View.(View.java:5832)
11-29 09:25:33.293 8446 8446 E WebViewFactory: at android.view.View.(View.java:5959)
11-29 09:25:33.293 8446 8446 E WebViewFactory: at android.view.ViewGroup.(ViewGroup.java:703)
11-29 09:25:33.293 8446 8446 E WebViewFactory: at android.widget.AbsoluteLayout.(AbsoluteLayout.java:56)
11-29 09:25:33.293 8446 8446 E WebViewFactory: at android.webkit.WebView.(WebView.java:422)
11-29 09:25:33.293 8446 8446 E WebViewFactory: at android.webkit.WebView.(WebView.java:364)
11-29 09:25:33.293 8446 8446 E WebViewFactory: at android.webkit.WebView.(WebView.java:346)
11-29 09:25:33.293 8446 8446 E WebViewFactory: at android.webkit.WebView.(WebView.java:333)
11-29 09:25:33.293 8446 8446 E WebViewFactory: at android.webkit.WebView.(WebView.java:323)
11-29 09:25:33.293 8446 8446 E WebViewFactory: at org.microg.gms.auth.login.LoginActivity.createWebView(LoginActivity.java:200)
11-29 09:25:33.293 8446 8446 E WebViewFactory: at org.microg.gms.auth.login.LoginActivity.onCreate(LoginActivity.java:111)
11-29 09:25:33.293 8446 8446 E WebViewFactory: at android.app.Activity.performCreate(Activity.java:9002)
11-29 09:25:33.293 8446 8446 E WebViewFactory: at android.app.Activity.performCreate(Activity.java:8980)
11-29 09:25:33.293 8446 8446 E WebViewFactory: at android.app.Instrumentation.callActivityOnCreate(Instrumentation.java:1526)
11-29 09:25:33.293 8446 8446 E WebViewFactory: at android.app.ActivityThread.performLaunchActivity(ActivityThread.java:4030)
11-29 09:25:33.293 8446 8446 E WebViewFactory: at android.app.ActivityThread.handleLaunchActivity(ActivityThread.java:4235)
11-29 09:25:33.293 8446 8446 E WebViewFactory: at android.app.servertransaction.LaunchActivityItem.execute(LaunchActivityItem.java:112)
11-29 09:25:33.293 8446 8446 E WebViewFactory: at android.app.servertransaction.TransactionExecutor.executeNonLifecycleItem(TransactionExecutor.java:174)
11-29 09:25:33.293 8446 8446 E WebViewFactory: at android.app.servertransaction.TransactionExecutor.executeTransactionItems(TransactionExecutor.java:109)
11-29 09:25:33.293 8446 8446 E WebViewFactory: at android.app.servertransaction.TransactionExecutor.execute(TransactionExecutor.java:81)
11-29 09:25:33.293 8446 8446 E WebViewFactory: at android.app.ActivityThread$H.handleMessage(ActivityThread.java:2636)
11-29 09:25:33.293 8446 8446 E WebViewFactory: at android.os.Handler.dispatchMessage(Handler.java:107)
11-29 09:25:33.293 8446 8446 E WebViewFactory: at android.os.Looper.loopOnce(Looper.java:232)
11-29 09:25:33.293 8446 8446 E WebViewFactory: at android.os.Looper.loop(Looper.java:317)
11-29 09:25:33.293 8446 8446 E WebViewFactory: at android.app.ActivityThread.main(ActivityThread.java:8705)
11-29 09:25:33.293 8446 8446 E WebViewFactory: at java.lang.reflect.Method.invoke(Native Method)
11-29 09:25:33.293 8446 8446 E WebViewFactory: at com.android.internal.os.RuntimeInit$MethodAndArgsCaller.run(RuntimeInit.java:580)
11-29 09:25:33.293 8446 8446 E WebViewFactory: at com.android.internal.os.ZygoteInit.main(ZygoteInit.java:886)
11-29 09:25:33.293 8446 8446 E WebViewFactory: Caused by: android.webkit.WebViewFactory$MissingWebViewPackageException: Failed to load WebView provider: No WebView installed
11-29 09:25:33.293 8446 8446 E WebViewFactory: at android.webkit.WebViewFactory.getWebViewContextAndSetProvider(WebViewFactory.java:462)
11-29 09:25:33.293 8446 8446 E WebViewFactory: at android.webkit.WebViewFactory.getProviderClass(WebViewFactory.java:542)
11-29 09:25:33.293 8446 8446 E WebViewFactory: ... 32 more
11-29 09:25:33.294 8446 8446 E TransactionExecutor: Failed to execute the transaction: tId:-1917355402 ClientTransaction{
11-29 09:25:33.294 8446 8446 E TransactionExecutor: tId:-1917355402 transactionItems=[
11-29 09:25:33.294 8446 8446 E TransactionExecutor: tId:-1917355402 LaunchActivityItem{activityToken=android.os.BinderProxy@6ae9e7f,intent=Intent { cmp=com.google.android.gms/org.microg.gms.auth.login.LoginActivity },ident=214347606,info=ActivityInfo{e81170a org.microg.gms.auth.login.LoginActivity},curConfig={1.0 262mcc1mnc [en_US] ldltr sw393dp w393dp h783dp 440dpi nrml long hdr widecg port finger -keyb/v/h -nav/h winConfig={ mBounds=Rect(0, 0 - 1080, 2400) mAppBounds=Rect(0, 114 - 1080, 2268) mMaxBounds=Rect(0, 0 - 1080, 2400) mDisplayRotation=ROTATION_0 mWindowingMode=fullscreen mActivityType=undefined mAlwaysOnTop=undefined mRotation=ROTATION_0} s.8 fontWeightAdjustment=0},overrideConfig={1.0 262mcc1mnc [en_US] ldltr sw393dp w393dp h783dp 440dpi nrml long hdr widecg port finger -keyb/v/h -nav/h winConfig={ mBounds=Rect(0, 0 - 1080, 2400) mAppBounds=Rect(0, 114 - 1080, 2268) mMaxBounds=Rect(0, 0 - 1080, 2400) mDisplayRotation=ROTATION_0 mWindowingMode=fullscreen mActivityType=standard mAlwaysOnTop=undefined mRotation=ROTATION_0} s.2 fontWeightAdjustment=0},deviceId=0,referrer=com.google.android.gms,procState=2,state=null,persistentState=null,pendingResults=null,pendingNewIntents=null,sceneTransitionInfo=null,profilerInfo=null,assistToken=android.os.BinderProxy@65d485f,shareableActivityToken=android.os.BinderProxy@a3ef2ac,activityWindowInfo=ActivityWindowInfo{isEmbedded=false, taskBounds=Rect(0, 0 - 1080, 2400), taskFragmentBounds=Rect(0, 0 - 1080, 2400)}}
11-29 09:25:33.294 8446 8446 E TransactionExecutor: tId:-1917355402 ResumeActivityItem{mActivityToken=android.os.BinderProxy@6ae9e7f,procState=-1,updateProcState=false,isForward=true,shouldSendCompatFakeFocus=false}
11-29 09:25:33.294 8446 8446 E TransactionExecutor: tId:-1917355402 Target activity: org.microg.gms.auth.login.LoginActivity
11-29 09:25:33.294 8446 8446 E TransactionExecutor: tId:-1917355402 ]
11-29 09:25:33.294 8446 8446 E TransactionExecutor: tId:-1917355402 }
11-29 09:25:33.295 8446 8446 D AndroidRuntime: Shutting down VM
11-29 09:25:33.296 8446 8446 E AndroidRuntime: FATAL EXCEPTION: main
11-29 09:25:33.296 8446 8446 E AndroidRuntime: Process: com.google.android.gms:ui, PID: 8446
11-29 09:25:33.296 8446 8446 E AndroidRuntime: java.lang.RuntimeException: Unable to start activity ComponentInfo{com.google.android.gms/org.microg.gms.auth.login.LoginActivity}: android.util.AndroidRuntimeException: android.util.AndroidRuntimeException: android.webkit.WebViewFactory$MissingWebViewPackageException: Failed to load WebView provider: No WebView installed
11-29 09:25:33.296 8446 8446 E AndroidRuntime: at android.app.ActivityThread.performLaunchActivity(ActivityThread.java:4048)
11-29 09:25:33.296 8446 8446 E AndroidRuntime: at android.app.ActivityThread.handleLaunchActivity(ActivityThread.java:4235)
11-29 09:25:33.296 8446 8446 E AndroidRuntime: at android.app.servertransaction.LaunchActivityItem.execute(LaunchActivityItem.java:112)
11-29 09:25:33.296 8446 8446 E AndroidRuntime: at android.app.servertransaction.TransactionExecutor.executeNonLifecycleItem(TransactionExecutor.java:174)
11-29 09:25:33.296 8446 8446 E AndroidRuntime: at android.app.servertransaction.TransactionExecutor.executeTransactionItems(TransactionExecutor.java:109)
11-29 09:25:33.296 8446 8446 E AndroidRuntime: at android.app.servertransaction.TransactionExecutor.execute(TransactionExecutor.java:81)
11-29 09:25:33.296 8446 8446 E AndroidRuntime: at android.app.ActivityThread$H.handleMessage(ActivityThread.java:2636)
11-29 09:25:33.296 8446 8446 E AndroidRuntime: at android.os.Handler.dispatchMessage(Handler.java:107)
11-29 09:25:33.296 8446 8446 E AndroidRuntime: at android.os.Looper.loopOnce(Looper.java:232)
11-29 09:25:33.296 8446 8446 E AndroidRuntime: at android.os.Looper.loop(Looper.java:317)
11-29 09:25:33.296 8446 8446 E AndroidRuntime: at android.app.ActivityThread.main(ActivityThread.java:8705)
11-29 09:25:33.296 8446 8446 E AndroidRuntime: at java.lang.reflect.Method.invoke(Native Method)
11-29 09:25:33.296 8446 8446 E AndroidRuntime: at com.android.internal.os.RuntimeInit$MethodAndArgsCaller.run(RuntimeInit.java:580)
11-29 09:25:33.296 8446 8446 E AndroidRuntime: at com.android.internal.os.ZygoteInit.main(ZygoteInit.java:886)
11-29 09:25:33.296 8446 8446 E AndroidRuntime: Caused by: android.util.AndroidRuntimeException: android.util.AndroidRuntimeException: android.webkit.WebViewFactory$MissingWebViewPackageException: Failed to load WebView provider: No WebView installed
11-29 09:25:33.296 8446 8446 E AndroidRuntime: at android.webkit.WebViewFactory.getProvider(WebViewFactory.java:377)
11-29 09:25:33.296 8446 8446 E AndroidRuntime: at android.webkit.WebView.getFactory(WebView.java:2606)
11-29 09:25:33.296 8446 8446 E AndroidRuntime: at android.webkit.WebView.ensureProviderCreated(WebView.java:2600)
11-29 09:25:33.296 8446 8446 E AndroidRuntime: at android.webkit.WebView.setOverScrollMode(WebView.java:2668)
11-29 09:25:33.296 8446 8446 E AndroidRuntime: at android.view.View.(View.java:5832)
11-29 09:25:33.296 8446 8446 E AndroidRuntime: at android.view.View.(View.java:5959)
11-29 09:25:33.296 8446 8446 E AndroidRuntime: at android.view.ViewGroup.(ViewGroup.java:703)
11-29 09:25:33.296 8446 8446 E AndroidRuntime: at android.widget.AbsoluteLayout.(AbsoluteLayout.java:56)
11-29 09:25:33.296 8446 8446 E AndroidRuntime: at android.webkit.WebView.(WebView.java:422)
11-29 09:25:33.296 8446 8446 E AndroidRuntime: at android.webkit.WebView.(WebView.java:364)
11-29 09:25:33.296 8446 8446 E AndroidRuntime: at android.webkit.WebView.(WebView.java:346)
11-29 09:25:33.296 8446 8446 E AndroidRuntime: at android.webkit.WebView.(WebView.java:333)
11-29 09:25:33.296 8446 8446 E AndroidRuntime: at android.webkit.WebView.(WebView.java:323)
11-29 09:25:33.296 8446 8446 E AndroidRuntime: at org.microg.gms.auth.login.LoginActivity.createWebView(LoginActivity.java:200)
11-29 09:25:33.296 8446 8446 E AndroidRuntime: at org.microg.gms.auth.login.LoginActivity.onCreate(LoginActivity.java:111)
11-29 09:25:33.296 8446 8446 E AndroidRuntime: at android.app.Activity.performCreate(Activity.java:9002)
11-29 09:25:33.296 8446 8446 E AndroidRuntime: at android.app.Activity.performCreate(Activity.java:8980)
11-29 09:25:33.296 8446 8446 E AndroidRuntime: at android.app.Instrumentation.callActivityOnCreate(Instrumentation.java:1526)
11-29 09:25:33.296 8446 8446 E AndroidRuntime: at android.app.ActivityThread.performLaunchActivity(ActivityThread.java:4030)
11-29 09:25:33.296 8446 8446 E AndroidRuntime: ... 13 more
11-29 09:25:33.296 8446 8446 E AndroidRuntime: Caused by: android.util.AndroidRuntimeException: android.webkit.WebViewFactory$MissingWebViewPackageException: Failed to load WebView provider: No WebView installed
11-29 09:25:33.296 8446 8446 E AndroidRuntime: at android.webkit.WebViewFactory.getProviderClass(WebViewFactory.java:587)
11-29 09:25:33.296 8446 8446 E AndroidRuntime: at android.webkit.WebViewFactory.getProvider(WebViewFactory.java:362)
11-29 09:25:33.296 8446 8446 E AndroidRuntime: ... 31 more
11-29 09:25:33.296 8446 8446 E AndroidRuntime: Caused by: android.webkit.WebViewFactory$MissingWebViewPackageException: Failed to load WebView provider: No WebView installed
11-29 09:25:33.296 8446 8446 E AndroidRuntime: at android.webkit.WebViewFactory.getWebViewContextAndSetProvider(WebViewFactory.java:462)
11-29 09:25:33.296 8446 8446 E AndroidRuntime: at android.webkit.WebViewFactory.getProviderClass(WebViewFactory.java:542)
11-29 09:25:33.296 8446 8446 E AndroidRuntime: ... 32 more
11-29 09:25:33.300 1278 8486 I DropBoxManagerService: add tag=system_app_crash isTagEnabled=true flags=0x2
11-29 09:25:33.301 1278 8236 W ActivityTaskManager: Force finishing activity com.google.android.gms/org.microg.gms.auth.login.LoginActivity
11-29 09:25:33.303 1278 8236 W ActivityTaskManager: Force finishing activity com.google.android.gms/org.microg.gms.ui.SettingsActivity
11-29 09:25:33.310 1278 1318 I ActivityManager: Showing crash dialog for package com.google.android.gms u0
11-29 09:25:33.311 2754 2754 I TopTaskTracker: onTaskMovedToFront: (moved taskInfo to front) taskId=31, baseIntent=Intent { act=android.intent.action.MAIN cat=[android.intent.category.HOME] flg=0x10000100 cmp=com.android.launcher3/.uioverrides.QuickstepLauncher }
11-29 09:25:33.312 1119 7619 I QC2C2DEngine: calcYSize: unsupported or RGB color format, RGBA8888(1)
11-29 09:25:33.321 1119 7619 I QC2C2DEngine: calcYSize: unsupported or RGB color format, RGBA8888(1)
11-29 09:25:33.338 1278 1318 D CoreBackPreview: Window{431b790 u0 Application Error: com.google.android.gms}: Setting back callback OnBackInvokedCallbackInfo{mCallback=android.window.WindowOnBackInvokedDispatcher$OnBackInvokedCallbackWrapper@27806a7, mPriority=0, mIsAnimationCallback=false}
11-29 09:25:33.339 1119 7619 I QC2C2DEngine: calcYSize: unsupported or RGB color format, RGBA8888(1)
11-29 09:25:33.357 1119 7619 I QC2C2DEngine: calcYSize: unsupported or RGB color format, RGBA8888(1)
11-29 09:25:33.374 1119 7619 I QC2C2DEngine: calcYSize: unsupported or RGB color format, RGBA8888(1)
11-29 09:25:33.388 1119 7619 I QC2C2DEngine: calcYSize: unsupported or RGB color format, RGBA8888(1)
11-29 09:25:33.405 1119 7619 I QC2C2DEngine: calcYSize: unsupported or RGB color format, RGBA8888(1)
11-29 09:25:33.423 1119 7619 I QC2C2DEngine: calcYSize: unsupported or RGB color format, RGBA8888(1)
11-29 09:25:33.444 1119 7619 I QC2C2DEngine: calcYSize: unsupported or RGB color format, RGBA8888(1)
11-29 09:25:33.462 1119 7619 I QC2C2DEngine: calcYSize: unsupported or RGB color format, RGBA8888(1)
11-29 09:25:33.477 1119 7619 I QC2C2DEngine: calcYSize: unsupported or RGB color format, RGBA8888(1)
11-29 09:25:33.495 1119 7619 I QC2C2DEngine: calcYSize: unsupported or RGB color format, RGBA8888(1)
11-29 09:25:33.511 1119 7619 I QC2C2DEngine: calcYSize: unsupported or RGB color format, RGBA8888(1)
11-29 09:25:33.528 1119 7619 I QC2C2DEngine: calcYSize: unsupported or RGB color format, RGBA8888(1)
11-29 09:25:33.544 1119 7619 I QC2C2DEngine: calcYSize: unsupported or RGB color format, RGBA8888(1)
11-29 09:25:33.560 1119 7619 I QC2C2DEngine: calcYSize: unsupported or RGB color format, RGBA8888(1)
11-29 09:25:33.578 1119 7619 I QC2C2DEngine: calcYSize: unsupported or RGB color format, RGBA8888(1)
11-29 09:25:33.595 1119 7619 I QC2C2DEngine: calcYSize: unsupported or RGB color format, RGBA8888(1)
11-29 09:25:33.611 1119 7619 I QC2C2DEngine: calcYSize: unsupported or RGB color format, RGBA8888(1)
11-29 09:25:33.627 1119 7619 I QC2C2DEngine: calcYSize: unsupported or RGB color format, RGBA8888(1)
11-29 09:25:33.643 1119 7619 I QC2C2DEngine: calcYSize: unsupported or RGB color format, RGBA8888(1)
11-29 09:25:33.661 1119 7619 I QC2C2DEngine: calcYSize: unsupported or RGB color format, RGBA8888(1)
11-29 09:25:33.680 1119 7619 I QC2C2DEngine: calcYSize: unsupported or RGB color format, RGBA8888(1)
11-29 09:25:33.695 1119 7619 I QC2C2DEngine: calcYSize: unsupported or RGB color format, RGBA8888(1)
11-29 09:25:33.712 1055 1079 I android.hardware.thermal@2.0-service.qti: uevent triggered for sensor: camera-therm-usr
11-29 09:25:33.717 1119 7619 I QC2C2DEngine: calcYSize: unsupported or RGB color format, RGBA8888(1)
11-29 09:25:33.728 1119 7619 I QC2C2DEngine: calcYSize: unsupported or RGB color format, RGBA8888(1)
11-29 09:25:33.742 1119 7619 I QC2C2DEngine: calcYSize: unsupported or RGB color format, RGBA8888(1)
11-29 09:25:33.759 1119 7619 I QC2C2DEngine: calcYSize: unsupported or RGB color format, RGBA8888(1)
11-29 09:25:33.775 1119 7619 I QC2C2DEngine: calcYSize: unsupported or RGB color format, RGBA8888(1)
11-29 09:25:33.792 1119 7619 I QC2C2DEngine: calcYSize: unsupported or RGB color format, RGBA8888(1)
11-29 09:25:33.802 1278 1320 W ActivityTaskManager: Activity top resumed state loss timeout for ActivityRecord{cc6af56 u0 com.google.android.gms/org.microg.gms.auth.login.LoginActivity t41 f}}
11-29 09:25:33.803 1278 1320 W ActivityTaskManager: Activity pause timeout for ActivityRecord{cc6af56 u0 com.google.android.gms/org.microg.gms.auth.login.LoginActivity t41 f}}
11-29 09:25:33.810 1119 7619 I QC2C2DEngine: calcYSize: unsupported or RGB color format, RGBA8888(1)
11-29 09:25:33.811 2754 2754 D StatsLog: LAUNCHER_ONRESUME
11-29 09:25:33.812 3360 7913 D ForegroundUtils: Foreground UID status:
11-29 09:25:33.813 3360 7913 D ForegroundUtils: UID: 10038 is in foreground: true
11-29 09:25:33.813 3360 7913 D ForegroundUtils: UID: 10043 is in foreground: false
11-29 09:25:33.813 3360 7913 D ForegroundUtils: UID: 10102 is in foreground: true
11-29 09:25:33.813 3360 7913 D ForegroundUtils: UID: 10104 is in foreground: true
11-29 09:25:33.813 3360 7913 D ForegroundUtils: UID: 10118 is in foreground: false
11-29 09:25:33.813 3360 7913 D ForegroundUtils: UID: 10135 is in foreground: true
11-29 09:25:33.813 3360 7913 D ForegroundUtils: UID: 10140 is in foreground: false
11-29 09:25:33.813 3360 7913 D ForegroundUtils: UID: 10176 is in foreground: false
11-29 09:25:33.813 3360 7913 D ForegroundUtils: UID: 10178 is in foreground: false
11-29 09:25:33.827 2754 2754 D BaseDepthController: setSurface:
11-29 09:25:33.827 2754 2754 D BaseDepthController: mWaitingOnSurfaceValidity: false
11-29 09:25:33.827 2754 2754 D BaseDepthController: mSurface: Surface(name=com.android.launcher3/com.android.launcher3.uioverrides.QuickstepLauncher)/@0xb31592b
11-29 09:25:33.828 1119 7619 I QC2C2DEngine: calcYSize: unsupported or RGB color format, RGBA8888(1)
11-29 09:25:33.838 1053 1053 I android.hardware.power-service-qti: Power setMode: 5 to: 0
11-29 09:25:33.842 3360 7913 D ForegroundUtils: Foreground UID status:
11-29 09:25:33.842 3360 7913 D ForegroundUtils: UID: 10038 is in foreground: false
11-29 09:25:33.842 3360 7913 D ForegroundUtils: UID: 10043 is in foreground: false
11-29 09:25:33.842 3360 7913 D ForegroundUtils: UID: 10102 is in foreground: true
11-29 09:25:33.842 3360 7913 D ForegroundUtils: UID: 10104 is in foreground: true
11-29 09:25:33.842 3360 7913 D ForegroundUtils: UID: 10118 is in foreground: false
11-29 09:25:33.842 3360 7913 D ForegroundUtils: UID: 10135 is in foreground: true
11-29 09:25:33.842 3360 7913 D ForegroundUtils: UID: 10140 is in foreground: false
11-29 09:25:33.842 3360 7913 D ForegroundUtils: UID: 10176 is in foreground: false
11-29 09:25:33.842 3360 7913 D ForegroundUtils: UID: 10178 is in foreground: false
11-29 09:25:33.845 2494 2518 V WindowManagerShell: onTransitionReady(transaction=5488968206349)
11-29 09:25:33.846 2494 2531 V WindowManagerShell: onTransitionReady (#51) android.os.BinderProxy@8dd59fd: {id=51 t=OPEN f=0x0 trk=0 r=[0@Point(0, 0)] c=[{WCT{android.window.IWindowContainerToken$Stub$Proxy@572cbb5} m=TO_FRONT f=SHOW_WALLPAPER|MOVE_TO_TOP leash=Surface(name=Task=1)/@0xeaa98f9 sb=Rect(0, 0 - 1080, 2400) eb=Rect(0, 0 - 1080, 2400) d=0 taskParent=-1},{WCT{android.window.IWindowContainerToken$Stub$Proxy@ef0124a} m=TO_BACK f=NONE leash=Surface(name=Task=41)/@0x2d5303e sb=Rect(0, 0 - 1080, 2400) eb=Rect(0, 0 - 1080, 2400) d=0 taskParent=-1},{null m=TO_FRONT f=IS_WALLPAPER leash=Surface(name=WallpaperWindowToken{c70ff2c token=android.os.Binder@e15b6df})/@0x76c9e9f sb=Rect(0, 0 - 1080, 2400) eb=Rect(0, 0 - 1080, 2400) d=0}]}
11-29 09:25:33.847 2494 2531 V WindowManagerShell: Playing animation for (#51) android.os.BinderProxy@8dd59fd@0
11-29 09:25:33.847 2494 2531 V WindowManagerShell: try handler com.android.wm.shell.transition.DefaultMixedHandler@9605821
11-29 09:25:33.847 2494 2531 V WindowManagerShell: try handler com.android.wm.shell.keyguard.KeyguardTransitionHandler@365c446
11-29 09:25:33.847 2494 2531 V WindowManagerShell: try handler com.android.wm.shell.pip.PipTransition@3830621
11-29 09:25:33.847 2494 2531 V WindowManagerShell: try handler com.android.wm.shell.activityembedding.ActivityEmbeddingController@92dda46
11-29 09:25:33.847 2494 2531 V WindowManagerShell: try handler com.android.wm.shell.recents.RecentsTransitionHandler@92b7407
11-29 09:25:33.847 2494 2531 V ShellRecents: RecentsTransitionHandler.startAnimation: no controller found
11-29 09:25:33.847 2494 2531 V WindowManagerShell: try handler com.android.wm.shell.splitscreen.StageCoordinator@944b934
11-29 09:25:33.847 2494 2531 V WindowManagerShell: try handler com.android.wm.shell.transition.RemoteTransitionHandler@4e8e35d
11-29 09:25:33.847 2494 2531 V WindowManagerShell: Transition doesn't have explicit remote, search filters for match for {id=51 t=OPEN f=0x0 trk=0 r=[0@Point(0, 0)] c=[{WCT{android.window.IWindowContainerToken$Stub$Proxy@572cbb5} m=TO_FRONT f=SHOW_WALLPAPER|MOVE_TO_TOP leash=Surface(name=Task=1)/@0xeaa98f9 sb=Rect(0, 0 - 1080, 2400) eb=Rect(0, 0 - 1080, 2400) d=0 taskParent=-1},{WCT{android.window.IWindowContainerToken$Stub$Proxy@ef0124a} m=TO_BACK f=NONE leash=Surface(name=Task=41)/@0x2d5303e sb=Rect(0, 0 - 1080, 2400) eb=Rect(0, 0 - 1080, 2400) d=0 taskParent=-1},{null m=TO_FRONT f=IS_WALLPAPER leash=Surface(name=WallpaperWindowToken{c70ff2c token=android.os.Binder@e15b6df})/@0x76c9e9f sb=Rect(0, 0 - 1080, 2400) eb=Rect(0, 0 - 1080, 2400) d=0}]}
11-29 09:25:33.847 2494 2531 V WindowManagerShell: Checking filter Pair{{types=[] flags=0x0] notFlags=0x100 checks=[{atype=home independent=true modes=[OPEN,TO_FRONT] flags=NONE mustBeTask=false order=TOP topActivity=ComponentInfo{com.android.launcher3/com.android.launcher3.uioverrides.QuickstepLauncher} launchCookie=null},{atype=standard independent=true modes=[CLOSE,TO_BACK] flags=NONE mustBeTask=false order=ANY topActivity=null launchCookie=null}]} RemoteTransition { remoteTransition = android.window.IRemoteTransition$Stub$Proxy@35d54d2, appThread = android.app.IApplicationThread$Stub$Proxy@b0149a3, debugName = QuickstepLaunchHome }}
11-29 09:25:33.847 2494 2531 D RemoteTransitionHandler: Found filterPair{{types=[] flags=0x0] notFlags=0x100 checks=[{atype=home independent=true modes=[OPEN,TO_FRONT] flags=NONE mustBeTask=false order=TOP topActivity=ComponentInfo{com.android.launcher3/com.android.launcher3.uioverrides.QuickstepLauncher} launchCookie=null},{atype=standard independent=true modes=[CLOSE,TO_BACK] flags=NONE mustBeTask=false order=ANY topActivity=null launchCookie=null}]} RemoteTransition { remoteTransition = android.window.IRemoteTransition$Stub$Proxy@35d54d2, appThread = android.app.IApplicationThread$Stub$Proxy@b0149a3, debugName = QuickstepLaunchHome }}
11-29 09:25:33.848 2494 2531 V WindowManagerShell: Delegate animation for (#51) to RemoteTransition { remoteTransition = android.window.IRemoteTransition$Stub$Proxy@35d54d2, appThread = android.app.IApplicationThread$Stub$Proxy@b0149a3, debugName = QuickstepLaunchHome }
11-29 09:25:33.849 1119 7619 I QC2C2DEngine: calcYSize: unsupported or RGB color format, RGBA8888(1)
11-29 09:25:33.856 1278 1317 V WindowManager: Sent Transition (#51) createdAt=11-29 09:25:32.232 via request=TransitionRequestInfo { type = OPEN, triggerTask = TaskInfo{userId=0 taskId=41 displayId=0 isRunning=true baseIntent=Intent { act=android.intent.action.MAIN cat=[android.intent.category.LAUNCHER] flg=0x10200000 cmp=com.google.android.gms/org.microg.gms.ui.SettingsActivity } baseActivity=ComponentInfo{com.google.android.gms/org.microg.gms.ui.SettingsActivity} topActivity=ComponentInfo{com.google.android.gms/org.microg.gms.auth.login.LoginActivity} origActivity=null realActivity=ComponentInfo{com.google.android.gms/org.microg.gms.ui.SettingsActivity} numActivities=2 lastActiveTime=1007170 supportsMultiWindow=true resizeMode=1 isResizeable=true minWidth=-1 minHeight=-1 defaultMinSize=200 token=WCT{RemoteToken{14ea45d Task{1a6cc22 #41 type=standard A=10038:org.microg.gms.settings}}} topActivityType=1 pictureInPictureParams=null shouldDockBigOverlays=false launchIntoPipHostTaskId=-1 lastParentTaskIdBeforePip=-1 displayCutoutSafeInsets=Rect(0, 114 - 0, 0) topActivityInfo=ActivityInfo{f0b6633 org.microg.gms.auth.login.LoginActivity} launchCookies=[android.os.BinderProxy@8d772a3] positionInParent=Point(0, 0) parentTaskId=-1 isFocused=true isVisible=true isVisibleRequested=true isSleeping=false locusId=null displayAreaFeatureId=1 isTopActivityTransparent=false appCompatTaskInfo=AppCompatTaskInfo { topActivityInSizeCompat=false topActivityEligibleForLetterboxEducation= falseisLetterboxEducationEnabled= false isLetterboxDoubleTapEnabled= false topActivityEligibleForUserAspectRatioButton= false topActivityBoundsLetterboxed= false isFromLetterboxDoubleTap= false topActivityLetterboxVerticalPosition= -1 topActivityLetterboxHorizontalPosition= -1 topActivityLetterboxWidth=1080 topActivityLetterboxHeight=2400 isUserFullscreenOverrideEnabled=false isSystemFullscreenOverrideEnabled=false cameraCompatTaskInfo=CameraCompatTaskInfo { cameraCompatControlState=hidden freeformCameraCompatMode=inactive}}}, pipTask = null, remoteTransition = null, displayChange = null, flags = 0, debugId = 51 }
11-29 09:25:33.856 1278 1317 V WindowManager: startWCT=WindowContainerTransaction { changes = {} hops = [] errorCallbackToken=null taskFragmentOrganizer=null }
11-29 09:25:33.856 1278 1317 V WindowManager: info={id=51 t=OPEN f=0x0 trk=0 r=[0@Point(0, 0)] c=[
11-29 09:25:33.856 1278 1317 V WindowManager: {WCT{RemoteToken{9501e19 Task{5faec2e #1 type=home}}} m=TO_FRONT f=SHOW_WALLPAPER|MOVE_TO_TOP leash=Surface(name=Task=1)/@0x10c3093 sb=Rect(0, 0 - 1080, 2400) eb=Rect(0, 0 - 1080, 2400) d=0 taskParent=-1},
11-29 09:25:33.856 1278 1317 V WindowManager: {WCT{RemoteToken{14ea45d Task{1a6cc22 #41 type=standard A=10038:org.microg.gms.settings}}} m=TO_BACK f=NONE leash=Surface(name=Task=41)/@0x6c9bd7a sb=Rect(0, 0 - 1080, 2400) eb=Rect(0, 0 - 1080, 2400) d=0 taskParent=-1},
11-29 09:25:33.856 1278 1317 V WindowManager: {null m=TO_FRONT f=IS_WALLPAPER leash=Surface(name=WallpaperWindowToken{c70ff2c token=android.os.Binder@e15b6df})/@0x9d054cd sb=Rect(0, 0 - 1080, 2400) eb=Rect(0, 0 - 1080, 2400) d=0}
11-29 09:25:33.856 1278 1317 V WindowManager: ]}
11-29 09:25:33.857 2494 2531 V WindowManagerShell: animated by com.android.wm.shell.transition.RemoteTransitionHandler@4e8e35d
11-29 09:25:33.859 1278 2538 W UserManagerService: Requested status bar icon for non-badged user 0
11-29 09:25:33.861 1119 7619 I QC2C2DEngine: calcYSize: unsupported or RGB color format, RGBA8888(1)
11-29 09:25:33.879 1119 7619 I QC2C2DEngine: calcYSize: unsupported or RGB color format, RGBA8888(1)
11-29 09:25:33.900 1119 7619 I QC2C2DEngine: calcYSize: unsupported or RGB color format, RGBA8888(1)
11-29 09:25:33.916 1119 7619 I QC2C2DEngine: calcYSize: unsupported or RGB color format, RGBA8888(1)
11-29 09:25:33.931 1119 7619 I QC2C2DEngine: calcYSize: unsupported or RGB color format, RGBA8888(1)
11-29 09:25:33.949 1119 7619 I QC2C2DEngine: calcYSize: unsupported or RGB color format, RGBA8888(1)
11-29 09:25:33.965 1119 7619 I QC2C2DEngine: calcYSize: unsupported or RGB color format, RGBA8888(1)
11-29 09:25:33.983 1119 7619 I QC2C2DEngine: calcYSize: unsupported or RGB color format, RGBA8888(1)
11-29 09:25:33.996 1119 7619 I QC2C2DEngine: calcYSize: unsupported or RGB color format, RGBA8888(1)
11-29 09:25:34.013 1119 7619 I QC2C2DEngine: calcYSize: unsupported or RGB color format, RGBA8888(1)
11-29 09:25:34.032 1119 7619 I QC2C2DEngine: calcYSize: unsupported or RGB color format, RGBA8888(1)
11-29 09:25:34.048 1119 7619 I QC2C2DEngine: calcYSize: unsupported or RGB color format, RGBA8888(1)
11-29 09:25:34.065 1119 7619 I QC2C2DEngine: calcYSize: unsupported or RGB color format, RGBA8888(1)
11-29 09:25:34.082 1119 7619 I QC2C2DEngine: calcYSize: unsupported or RGB color format, RGBA8888(1)
11-29 09:25:34.097 1119 7619 I QC2C2DEngine: calcYSize: unsupported or RGB color format, RGBA8888(1)
11-29 09:25:34.105 4097 4297 W HidlServiceManagement: Waited one second for android.hardware.drm@1.0::IDrmFactory/widevine
11-29 09:25:34.106 643 643 I hwservicemanager: Since android.hardware.drm@1.0::IDrmFactory/widevine is not registered, trying to start it as a lazy HAL (if it's not configured to be a lazy HAL, it may be stuck starting or still starting).
11-29 09:25:34.107 4097 4297 I HidlServiceManagement: getService: Trying again for android.hardware.drm@1.0::IDrmFactory/widevine...
11-29 09:25:34.114 1119 7619 I QC2C2DEngine: calcYSize: unsupported or RGB color format, RGBA8888(1)
11-29 09:25:34.131 1119 7619 I QC2C2DEngine: calcYSize: unsupported or RGB color format, RGBA8888(1)
11-29 09:25:34.142 8494 8494 F linker : CANNOT LINK EXECUTABLE "/vendor/bin/hw/android.hardware.drm@1.3-service.widevine": cannot locate symbol "CBS_init" referenced by "/vendor/lib64/libwvhidl.so"...
11-29 09:25:34.146 1119 7619 I QC2C2DEngine: calcYSize: unsupported or RGB color format, RGBA8888(1)
11-29 09:25:34.163 1119 7619 I QC2C2DEngine: calcYSize: unsupported or RGB color format, RGBA8888(1)
11-29 09:25:34.172 2494 2531 V WindowManagerShell: Transition animation finished (aborted=false), notifying core (#51) android.os.BinderProxy@8dd59fd@0
11-29 09:25:34.173 8495 8495 I flags_health_check: ServerConfigurableFlagsReset reset_mode value: 1
11-29 09:25:34.173 8495 8495 I flags_health_check: ServerConfigurableFlagsReset updatable crashing detected, resetting flags.
11-29 09:25:34.175 1278 1317 V WindowManager: Finish Transition (#51): created at
11-29 09:25:32.232 collect-started=0.107ms request-sent=8.909ms started=13.611ms ready=1574.256ms sent=1610.886ms finished=1942.38ms
11-29 09:25:34.181 1119 7619 I QC2C2DEngine: calcYSize: unsupported or RGB color format, RGBA8888(1)
11-29 09:25:34.182 2494 2531 V WindowManagerShell: Track 0 became idle
11-29 09:25:34.182 2494 2531 V WindowManagerShell: All active transition animations finished
11-29 09:25:34.183 1278 1304 W UserManagerService: Requested status bar icon for non-badged user 0
11-29 09:25:34.184 1278 4577 W UserManagerService: Requested status bar icon for non-badged user 0
11-29 09:25:34.185 1278 4577 W UserManagerService: Requested status bar icon for non-badged user 0
11-29 09:25:34.197 1119 7619 I QC2C2DEngine: calcYSize: unsupported or RGB color format, RGBA8888(1)
11-29 09:25:34.215 1119 7619 I QC2C2DEngine: calcYSize: unsupported or RGB color format, RGBA8888(1)
11-29 09:25:34.233 1119 7619 I QC2C2DEngine: calcYSize: unsupported or RGB color format, RGBA8888(1)
11-29 09:25:34.249 1119 7619 I QC2C2DEngine: calcYSize: unsupported or RGB color format, RGBA8888(1)
11-29 09:25:34.264 1119 7619 I QC2C2DEngine: calcYSize: unsupported or RGB color format, RGBA8888(1)
11-29 09:25:34.281 1119 7619 I QC2C2DEngine: calcYSize: unsupported or RGB color format, RGBA8888(1)
11-29 09:25:34.298 1119 7619 I QC2C2DEngine: calcYSize: unsupported or RGB color format, RGBA8888(1)
11-29 09:25:34.316 1119 7619 I QC2C2DEngine: calcYSize: unsupported or RGB color format, RGBA8888(1)
11-29 09:25:34.331 1119 7619 I QC2C2DEngine: calcYSize: unsupported or RGB color format, RGBA8888(1)
11-29 09:25:34.347 1119 7619 I QC2C2DEngine: calcYSize: unsupported or RGB color format, RGBA8888(1)
11-29 09:25:34.364 1119 7619 I QC2C2DEngine: calcYSize: unsupported or RGB color format, RGBA8888(1)
11-29 09:25:34.381 1119 7619 I QC2C2DEngine: calcYSize: unsupported or RGB color format, RGBA8888(1)
11-29 09:25:34.398 1119 7619 I QC2C2DEngine: calcYSize: unsupported or RGB color format, RGBA8888(1)
11-29 09:25:34.416 1119 7619 I QC2C2DEngine: calcYSize: unsupported or RGB color format, RGBA8888(1)
11-29 09:25:34.433 1119 7619 I QC2C2DEngine: calcYSize: unsupported or RGB color format, RGBA8888(1)
11-29 09:25:34.451 1119 7619 I QC2C2DEngine: calcYSize: unsupported or RGB color format, RGBA8888(1)
11-29 09:25:34.466 1119 7619 I QC2C2DEngine: calcYSize: unsupported or RGB color format, RGBA8888(1)
11-29 09:25:34.482 1119 7619 I QC2C2DEngine: calcYSize: unsupported or RGB color format, RGBA8888(1)
11-29 09:25:34.498 1119 7619 I QC2C2DEngine: calcYSize: unsupported or RGB color format, RGBA8888(1)
11-29 09:25:34.515 1119 7619 I QC2C2DEngine: calcYSize: unsupported or RGB color format, RGBA8888(1)
11-29 09:25:34.617 1119 7619 I QC2C2DEngine: calcYSize: unsupported or RGB color format, RGBA8888(1)
11-29 09:25:34.719 1119 7619 I QC2C2DEngine: calcYSize: unsupported or RGB color format, RGBA8888(1)
11-29 09:25:34.736 1055 1079 I android.hardware.thermal@2.0-service.qti: uevent triggered for sensor: camera-therm-usr
11-29 09:25:34.758 7594 7612 D BufferPoolAccessor2.0: bufferpool2 0xb400007d61f5ebe8 : 5(19200 size) total buffers - 4(15360 size) used buffers - 7674/7679 (recycle/alloc) - 24/15349 (fetch/transfer)
11-29 09:25:34.819 1119 7619 I QC2C2DEngine: calcYSize: unsupported or RGB color format, RGBA8888(1)
11-29 09:25:34.830 1119 7641 D BufferPoolAccessor2.0: bufferpool2 0xe9b00b68 : 4(7847936 size) total buffers - 4(7847936 size) used buffers - 3487/3499 (recycle/alloc) - 34/3494 (fetch/transfer)
11-29 09:25:34.846 1479 7620 D BufferPoolAccessor2.0: bufferpool2 0xb4000073b6481f08 : 3(7500 size) total buffers - 1(3000 size) used buffers - 7677/7680 (recycle/alloc) - 5/7678 (fetch/transfer)
11-29 09:25:34.918 1119 7619 I QC2C2DEngine: calcYSize: unsupported or RGB color format, RGBA8888(1)
11-29 09:25:34.925 1054 7180 I sensors-hal: handle_sns_client_event:470, [SSC_HAL] ACCEL, ts:1009.719072 s X:0.03 Y:0.16 Z:9.81, elapsedRealtime: 1009.856345, ts_diff: 0.137273, pb_ts: 19678812244, offset = -15219065698
11-29 09:25:34.986 1119 7619 I QC2C2DEngine: calcYSize: unsupported or RGB color format, RGBA8888(1)
11-29 09:25:35.001 1119 7619 I QC2C2DEngine: calcYSize: unsupported or RGB color format, RGBA8888(1)
11-29 09:25:35.018 1119 7619 I QC2C2DEngine: calcYSize: unsupported or RGB color format, RGBA8888(1)
11-29 09:25:35.052 1119 7619 I QC2C2DEngine: calcYSize: unsupported or RGB color format, RGBA8888(1)
11-29 09:25:35.069 1119 7619 I QC2C2DEngine: calcYSize: unsupported or RGB color format, RGBA8888(1)
11-29 09:25:35.087 1119 7619 I QC2C2DEngine: calcYSize: unsupported or RGB color format, RGBA8888(1)
11-29 09:25:35.102 1119 7619 I QC2C2DEngine: calcYSize: unsupported or RGB color format, RGBA8888(1)
11-29 09:25:35.105 1278 1318 W WindowOnBackDispatcher: sendCancelIfRunning: isInProgress=false callback=android.view.ViewRootImpl$$ExternalSyntheticLambda11@2426fc1
11-29 09:25:35.106 1278 8236 I ActivityManager: Killing 8446:com.google.android.gms:ui/u0a38 (adj 900): crash
11-29 09:25:35.107 1278 1318 D CoreBackPreview: Window{431b790 u0 Application Error: com.google.android.gms}: Setting back callback null
11-29 09:25:35.107 4097 4297 W HidlServiceManagement: Waited one second for android.hardware.drm@1.0::IDrmFactory/widevine
11-29 09:25:35.108 643 643 I hwservicemanager: Since android.hardware.drm@1.0::IDrmFactory/widevine is not registered, trying to start it as a lazy HAL (if it's not configured to be a lazy HAL, it may be stuck starting or still starting).
11-29 09:25:35.108 4097 4297 I HidlServiceManagement: getService: Trying again for android.hardware.drm@1.0::IDrmFactory/widevine...
11-29 09:25:35.111 1278 8236 W InputManager-JNI: Input channel object 'ada4a93 com.google.android.gms/org.microg.gms.ui.SettingsActivity (client)' was disposed without first being removed with the input manager!
11-29 09:25:35.111 2334 3200 D audioserver: logFgsApiBegin: FGS Logger Transaction failed, -129
11-29 09:25:35.112 1278 1304 W AS.PlaybackActivityMon: No piid assigned for invalid/internal port id 41
11-29 09:25:35.117 1119 7619 I QC2C2DEngine: calcYSize: unsupported or RGB color format, RGBA8888(1)
11-29 09:25:35.122 1278 4645 D HWUI : endAllActiveAnimators on 0xb400006e8ac1a4e0 (RippleDrawable) with handle 0xb400006f3ad3b020
11-29 09:25:35.123 1278 1318 W InputManager-JNI: Input channel object '431b790 Application Error: com.google.android.gms (client)' was disposed without first being removed with the input manager!
11-29 09:25:35.124 2754 2754 I TopTaskTracker: onTaskRemoved: taskId=41
11-29 09:25:35.124 2754 2754 I TopTaskTracker: onTaskRemoved: taskId=41
11-29 09:25:35.136 1119 7619 I QC2C2DEngine: calcYSize: unsupported or RGB color format, RGBA8888(1)
11-29 09:25:35.139 1278 1320 V WindowManager: Unknown focus tokens, dropping reportFocusChanged
11-29 09:25:35.152 8497 8497 F linker : CANNOT LINK EXECUTABLE "/vendor/bin/hw/android.hardware.drm@1.3-service.widevine": cannot locate symbol "CBS_init" referenced by "/vendor/lib64/libwvhidl.so"...
11-29 09:25:35.153 1119 7619 I QC2C2DEngine: calcYSize: unsupported or RGB color format, RGBA8888(1)
11-29 09:25:35.172 1119 7619 I QC2C2DEngine: calcYSize: unsupported or RGB color format, RGBA8888(1)
11-29 09:25:35.178 1278 2165 I ImeTracker: com.android.launcher3:b177feaa: onRequestHide at ORIGIN_SERVER reason HIDE_UNSPECIFIED_WINDOW fromUser false
11-29 09:25:35.178 1278 2165 I ImeTracker: com.android.launcher3:b177feaa: onCancelled at PHASE_SERVER_SHOULD_HIDE
11-29 09:25:35.179 1278 2165 W ActivityManager: pid 1278 system sent binder code 6 with flags 1 to frozen apps and got error -32
11-29 09:25:35.179 1278 2165 W ActivityManager: pid 1278 system sent binder code 4 with flags 1 to frozen apps and got error -32
11-29 09:25:35.187 1119 7619 I QC2C2DEngine: calcYSize: unsupported or RGB color format, RGBA8888(1)
11-29 09:25:35.188 8498 8498 I flags_health_check: ServerConfigurableFlagsReset reset_mode value: 1
11-29 09:25:35.188 8498 8498 I flags_health_check: ServerConfigurableFlagsReset updatable crashing detected, resetting flags.
11-29 09:25:35.197 1278 2749 V ActivityManager: Got obituary of 8446:com.google.android.gms:ui
11-29 09:25:35.197 1278 1320 W ActivityManager: setHasOverlayUi called on unknown pid: 8446
11-29 09:25:35.201 933 933 I Zygote : Process 8446 exited due to signal 9 (Killed)
11-29 09:25:35.202 1278 1338 I libprocessgroup: Removed cgroup /sys/fs/cgroup/uid_10038/pid_8446
11-29 09:25:35.203 1119 7619 I QC2C2DEngine: calcYSize: unsupported or RGB color format, RGBA8888(1)
11-29 09:25:35.211 1158 1158 E BpTransactionCompletedListener: Failed to transact (-32)
11-29 09:25:35.221 1119 7619 I QC2C2DEngine: calcYSize: unsupported or RGB color format, RGBA8888(1)
11-29 09:25:35.235 1119 7619 I QC2C2DEngine: calcYSize: unsupported or RGB color format, RGBA8888(1)
11-29 09:25:35.252 1119 7619 I QC2C2DEngine: calcYSize: unsupported or RGB color format, RGBA8888(1)
11-29 09:25:35.269 1119 7619 I QC2C2DEngine: calcYSize: unsupported or RGB color format, RGBA8888(1)
11-29 09:25:35.285 1119 7619 I QC2C2DEngine: calcYSize: unsupported or RGB color format, RGBA8888(1)
11-29 09:25:35.297 2334 7637 D audioserver: logFgsApiEnd: FGS Logger Transaction failed, -129
11-29 09:25:35.306 1119 7619 I QC2C2DEngine: calcYSize: unsupported or RGB color format, RGBA8888(1)
11-29 09:25:35.321 1119 7619 I QC2C2DEngine: calcYSize: unsupported or RGB color format, RGBA8888(1)
11-29 09:25:35.335 1119 7619 I QC2C2DEngine: calcYSize: unsupported or RGB color format, RGBA8888(1)
11-29 09:25:35.352 1119 7619 I QC2C2DEngine: calcYSize: unsupported or RGB color format, RGBA8888(1)
11-29 09:25:35.456 1119 7619 I QC2C2DEngine: calcYSize: unsupported or RGB color format, RGBA8888(1)
11-29 09:25:35.557 1119 7619 I QC2C2DEngine: calcYSize: unsupported or RGB color format, RGBA8888(1)
11-29 09:25:35.655 1119 7619 I QC2C2DEngine: calcYSize: unsupported or RGB color format, RGBA8888(1)
11-29 09:25:35.758 1119 7619 I QC2C2DEngine: calcYSize: unsupported or RGB color format, RGBA8888(1)
11-29 09:25:35.760 1055 1079 I android.hardware.thermal@2.0-service.qti: uevent triggered for sensor: camera-therm-usr
11-29 09:25:35.860 1119 7619 I QC2C2DEngine: calcYSize: unsupported or RGB color format, RGBA8888(1)
11-29 09:25:35.961 1119 7619 I QC2C2DEngine: calcYSize: unsupported or RGB color format, RGBA8888(1)
11-29 09:25:36.063 1119 7619 I QC2C2DEngine: calcYSize: unsupported or RGB color format, RGBA8888(1)
11-29 09:25:36.109 4097 4297 W HidlServiceManagement: Waited one second for android.hardware.drm@1.0::IDrmFactory/widevine
11-29 09:25:36.110 643 643 I hwservicemanager: Since android.hardware.drm@1.0::IDrmFactory/widevine is not registered, trying to start it as a lazy HAL (if it's not configured to be a lazy HAL, it may be stuck starting or still starting).
11-29 09:25:36.112 4097 4297 I HidlServiceManagement: getService: Trying again for android.hardware.drm@1.0::IDrmFactory/widevine...
11-29 09:25:36.155 8501 8501 F linker : CANNOT LINK EXECUTABLE "/vendor/bin/hw/android.hardware.drm@1.3-service.widevine": cannot locate symbol "CBS_init" referenced by "/vendor/lib64/libwvhidl.so"...
11-29 09:25:36.160 1119 7619 I QC2C2DEngine: calcYSize: unsupported or RGB color format, RGBA8888(1)
11-29 09:25:36.177 8502 8502 I flags_health_check: ServerConfigurableFlagsReset reset_mode value: 1
11-29 09:25:36.178 8502 8502 I flags_health_check: ServerConfigurableFlagsReset updatable crashing detected, resetting flags.
11-29 09:25:36.231 3280 3404 W ThermalEngine: thermal_sensor_get_temperature: virtual-therm Reading 24169 .
11-29 09:25:36.265 1119 7619 I QC2C2DEngine: calcYSize: unsupported or RGB color format, RGBA8888(1)
11-29 09:25:36.366 1119 7619 I QC2C2DEngine: calcYSize: unsupported or RGB color format, RGBA8888(1)
11-29 09:25:36.593 1119 7619 I QC2Comp : [avcE_14] Stats: Pending(0) i/p-done(0) Works: Q: 3528/Done 3528|Work-Rate: Q(36.0/s Avg=22.7/s) Done(36.194/s Avg=22.674/s)| Stream: 10.00fps 179.1Kbps
11-29 09:25:36.593 1119 7619 I QC2Comp : Mem-usage: [In-2D - 65 bufs 365.625 MB] [1D-17 - 12 bufs 22.453 MB] [1D-0 - 2 bufs 0.008 MB]
11-29 09:25:36.593 1119 7619 I QC2Comp : Total Mem-usage: 388.086 MB
11-29 09:25:36.728 1119 7619 I QC2C2DEngine: calcYSize: unsupported or RGB color format, RGBA8888(1)
11-29 09:25:36.744 1119 7619 I QC2C2DEngine: calcYSize: unsupported or RGB color format, RGBA8888(1)
11-29 09:25:36.759 1119 7619 I QC2C2DEngine: calcYSize: unsupported or RGB color format, RGBA8888(1)
11-29 09:25:36.776 1119 7619 I QC2C2DEngine: calcYSize: unsupported or RGB color format, RGBA8888(1)
11-29 09:25:36.783 1055 1079 I android.hardware.thermal@2.0-service.qti: uevent triggered for sensor: camera-therm-usr
11-29 09:25:36.792 1119 7619 I QC2C2DEngine: calcYSize: unsupported or RGB color format, RGBA8888(1)
11-29 09:25:36.810 1119 7619 I QC2C2DEngine: calcYSize: unsupported or RGB color format, RGBA8888(1)
11-29 09:25:36.825 1119 7619 I QC2C2DEngine: calcYSize: unsupported or RGB color format, RGBA8888(1)
11-29 09:25:36.843 1119 7619 I QC2C2DEngine: calcYSize: unsupported or RGB color format, RGBA8888(1)
11-29 09:25:36.852 2754 2754 D StatsLog: LAUNCHER_ALLAPPS_PERSONAL_SCROLLED_DOWN
11-29 09:25:36.861 1119 7619 I QC2C2DEngine: calcYSize: unsupported or RGB color format, RGBA8888(1)
11-29 09:25:36.878 1119 7619 I QC2C2DEngine: calcYSize: unsupported or RGB color format, RGBA8888(1)
11-29 09:25:36.892 1119 7619 I QC2C2DEngine: calcYSize: unsupported or RGB color format, RGBA8888(1)
11-29 09:25:36.910 1119 7619 I QC2C2DEngine: calcYSize: unsupported or RGB color format, RGBA8888(1)
11-29 09:25:36.927 1119 7619 I QC2C2DEngine: calcYSize: unsupported or RGB color format, RGBA8888(1)
11-29 09:25:36.945 1119 7619 I QC2C2DEngine: calcYSize: unsupported or RGB color format, RGBA8888(1)
11-29 09:25:36.963 1119 7619 I QC2C2DEngine: calcYSize: unsupported or RGB color format, RGBA8888(1)
11-29 09:25:36.978 1119 7619 I QC2C2DEngine: calcYSize: unsupported or RGB color format, RGBA8888(1)
11-29 09:25:36.993 1119 7619 I QC2C2DEngine: calcYSize: unsupported or RGB color format, RGBA8888(1)
11-29 09:25:37.010 1119 7619 I QC2C2DEngine: calcYSize: unsupported or RGB color format, RGBA8888(1)
11-29 09:25:37.027 1119 7619 I QC2C2DEngine: calcYSize: unsupported or RGB color format, RGBA8888(1)
11-29 09:25:37.044 1119 7619 I QC2C2DEngine: calcYSize: unsupported or RGB color format, RGBA8888(1)
11-29 09:25:37.062 1119 7619 I QC2C2DEngine: calcYSize: unsupported or RGB color format, RGBA8888(1)
11-29 09:25:37.079 1119 7619 I QC2C2DEngine: calcYSize: unsupported or RGB color format, RGBA8888(1)
11-29 09:25:37.097 1119 7619 I QC2C2DEngine: calcYSize: unsupported or RGB color format, RGBA8888(1)
11-29 09:25:37.112 4097 4297 W HidlServiceManagement: Waited one second for android.hardware.drm@1.0::IDrmFactory/widevine
11-29 09:25:37.112 1119 7619 I QC2C2DEngine: calcYSize: unsupported or RGB color format, RGBA8888(1)
11-29 09:25:37.112 643 643 I hwservicemanager: Since android.hardware.drm@1.0::IDrmFactory/widevine is not registered, trying to start it as a lazy HAL (if it's not configured to be a lazy HAL, it may be stuck starting or still starting).
11-29 09:25:37.113 4097 4297 I HidlServiceManagement: getService: Trying again for android.hardware.drm@1.0::IDrmFactory/widevine...
11-29 09:25:37.128 1119 7619 I QC2C2DEngine: calcYSize: unsupported or RGB color format, RGBA8888(1)
11-29 09:25:37.142 1119 7619 I QC2C2DEngine: calcYSize: unsupported or RGB color format, RGBA8888(1)
11-29 09:25:37.145 8504 8504 F linker : CANNOT LINK EXECUTABLE "/vendor/bin/hw/android.hardware.drm@1.3-service.widevine": cannot locate symbol "CBS_init" referenced by "/vendor/lib64/libwvhidl.so"...
11-29 09:25:37.160 1119 7619 I QC2C2DEngine: calcYSize: unsupported or RGB color format, RGBA8888(1)
11-29 09:25:37.171 8505 8505 I flags_health_check: ServerConfigurableFlagsReset reset_mode value: 1
11-29 09:25:37.171 8505 8505 I flags_health_check: ServerConfigurableFlagsReset updatable crashing detected, resetting flags.
11-29 09:25:37.180 1119 7619 I QC2C2DEngine: calcYSize: unsupported or RGB color format, RGBA8888(1)
11-29 09:25:37.195 1119 7619 I QC2C2DEngine: calcYSize: unsupported or RGB color format, RGBA8888(1)
11-29 09:25:37.211 1119 7619 I QC2C2DEngine: calcYSize: unsupported or RGB color format, RGBA8888(1)
11-29 09:25:37.227 1119 7619 I QC2C2DEngine: calcYSize: unsupported or RGB color format, RGBA8888(1)
11-29 09:25:37.246 1119 7619 I QC2C2DEngine: calcYSize: unsupported or RGB color format, RGBA8888(1)
11-29 09:25:37.349 1119 7619 I QC2C2DEngine: calcYSize: unsupported or RGB color format, RGBA8888(1)
11-29 09:25:37.450 1119 7619 I QC2C2DEngine: calcYSize: unsupported or RGB color format, RGBA8888(1)
11-29 09:25:37.551 1119 7619 I QC2C2DEngine: calcYSize: unsupported or RGB color format, RGBA8888(1)
11-29 09:25:37.653 1119 7619 I QC2C2DEngine: calcYSize: unsupported or RGB color format, RGBA8888(1)
11-29 09:25:37.751 1119 7619 I QC2C2DEngine: calcYSize: unsupported or RGB color format, RGBA8888(1)
11-29 09:25:37.809 1055 1079 I android.hardware.thermal@2.0-service.qti: uevent triggered for sensor: camera-therm-usr
11-29 09:25:37.854 1119 7619 I QC2C2DEngine: calcYSize: unsupported or RGB color format, RGBA8888(1)
11-29 09:25:37.953 1119 7619 I QC2C2DEngine: calcYSize: unsupported or RGB color format, RGBA8888(1)
11-29 09:25:37.972 1278 2094 W OptProp : Cannot read opt property android.window.PROPERTY_COMPAT_ALLOW_ORIENTATION_OVERRIDE
11-29 09:25:37.972 2334 3200 D audioserver: logFgsApiBegin: FGS Logger Transaction failed, -129
11-29 09:25:37.973 1278 8499 W AS.PlaybackActivityMon: No piid assigned for invalid/internal port id 41
11-29 09:25:37.981 1053 1053 I android.hardware.power-service-qti: Power setMode: 5 to: 1
11-29 09:25:37.985 1119 7619 I QC2C2DEngine: calcYSize: unsupported or RGB color format, RGBA8888(1)
11-29 09:25:37.985 1278 2094 I ActivityTaskManager: START u0 {act=android.intent.action.MAIN cat=[android.intent.category.LAUNCHER] flg=0x10200000 cmp=com.android.settings/.Settings bnds=[648,1608][864,1938]} with LAUNCH_MULTIPLE from uid 10104 (BAL_ALLOW_VISIBLE_WINDOW) result code=2
