11-29 09:25:41.686 1119 7619 I QC2C2DEngine: calcYSize: unsupported or RGB color format, RGBA8888(1)
11-29 09:25:41.705 1119 7619 I QC2C2DEngine: calcYSize: unsupported or RGB color format, RGBA8888(1)
11-29 09:25:41.719 1119 7619 I QC2C2DEngine: calcYSize: unsupported or RGB color format, RGBA8888(1)
11-29 09:25:41.730 2494 2531 V WindowManagerShell: Transition animation finished (aborted=false), notifying core (#54) android.os.BinderProxy@9080513@0
11-29 09:25:41.734 1278 1317 V WindowManager: Finish Transition (#54): created at
11-29 09:25:41.130 collect-started=0.077ms request-sent=13.107ms started=17.225ms ready=25.336ms sent=78.295ms finished=602.89ms
11-29 09:25:41.736 2626 2626 D VRI[SubSettings]: visibilityChanged oldVisibility=true newVisibility=false
11-29 09:25:41.736 1119 7619 I QC2C2DEngine: calcYSize: unsupported or RGB color format, RGBA8888(1)
11-29 09:25:41.739 2494 2531 V WindowManagerShell: Track 0 became idle
11-29 09:25:41.739 2494 2531 V WindowManagerShell: All active transition animations finished
11-29 09:25:41.739 1278 1304 W UserManagerService: Requested status bar icon for non-badged user 0
11-29 09:25:41.740 1278 8499 W UserManagerService: Requested status bar icon for non-badged user 0
11-29 09:25:41.748 2626 2745 D HWUI : endAllActiveAnimators on 0xb400006e8acc5b40 (RippleDrawable) with handle 0xb400006f3ac7dff0
11-29 09:25:41.756 1119 7619 I QC2C2DEngine: calcYSize: unsupported or RGB color format, RGBA8888(1)
11-29 09:25:41.771 1119 7619 I QC2C2DEngine: calcYSize: unsupported or RGB color format, RGBA8888(1)
11-29 09:25:41.786 1119 7619 I QC2C2DEngine: calcYSize: unsupported or RGB color format, RGBA8888(1)
11-29 09:25:41.803 1119 7619 I QC2C2DEngine: calcYSize: unsupported or RGB color format, RGBA8888(1)
11-29 09:25:41.818 1119 7619 I QC2C2DEngine: calcYSize: unsupported or RGB color format, RGBA8888(1)
11-29 09:25:41.835 1119 7619 I QC2C2DEngine: calcYSize: unsupported or RGB color format, RGBA8888(1)
11-29 09:25:41.852 1119 7619 I QC2C2DEngine: calcYSize: unsupported or RGB color format, RGBA8888(1)
11-29 09:25:41.870 1119 7619 I QC2C2DEngine: calcYSize: unsupported or RGB color format, RGBA8888(1)
11-29 09:25:41.886 1119 7619 I QC2C2DEngine: calcYSize: unsupported or RGB color format, RGBA8888(1)
11-29 09:25:41.903 1055 1079 I android.hardware.thermal@2.0-service.qti: uevent triggered for sensor: camera-therm-usr
11-29 09:25:41.904 1119 7619 I QC2C2DEngine: calcYSize: unsupported or RGB color format, RGBA8888(1)
11-29 09:25:41.919 1119 7619 I QC2C2DEngine: calcYSize: unsupported or RGB color format, RGBA8888(1)
11-29 09:25:41.936 1119 7619 I QC2C2DEngine: calcYSize: unsupported or RGB color format, RGBA8888(1)
11-29 09:25:41.960 1278 1304 I Role : com.google.android.gms not qualified for android.app.role.HOME due to missing RequiredComponent{mIntentFilterData=IntentFilterData{mAction='android.intent.action.MAIN', mCategories='[android.intent.category.HOME]', mDataScheme='null', mDataType='null'}, mMinTargetSdkVersion=1, mFlags='0', mPermission='null', mQueryFlags=0, mMetaData=[]}
11-29 09:25:41.964 1278 1304 I Role : com.google.android.gms not qualified for android.app.role.DIALER due to missing RequiredComponent{mIntentFilterData=IntentFilterData{mAction='android.intent.action.DIAL', mCategories='[]', mDataScheme='null', mDataType='null'}, mMinTargetSdkVersion=1, mFlags='0', mPermission='null', mQueryFlags=0, mMetaData=[]}
11-29 09:25:41.965 1278 1304 I Role : com.google.android.gms not qualified for android.app.role.EMERGENCY due to missing RequiredComponent{mIntentFilterData=IntentFilterData{mAction='android.telephony.action.EMERGENCY_ASSISTANCE', mCategories='[]', mDataScheme='null', mDataType='null'}, mMinTargetSdkVersion=1, mFlags='0', mPermission='null', mQueryFlags=0, mMetaData=[]}
11-29 09:25:41.966 1278 1304 I Role : com.google.android.gms not qualified for android.app.role.SMS due to missing RequiredComponent{mIntentFilterData=IntentFilterData{mAction='android.provider.Telephony.SMS_DELIVER', mCategories='[]', mDataScheme='null', mDataType='null'}, mMinTargetSdkVersion=1, mFlags='0', mPermission='android.permission.BROADCAST_SMS', mQueryFlags=0, mMetaData=[]}
11-29 09:25:41.975 1278 1304 I Role : com.google.android.gms not qualified for android.app.role.HOME due to missing RequiredComponent{mIntentFilterData=IntentFilterData{mAction='android.intent.action.MAIN', mCategories='[android.intent.category.HOME]', mDataScheme='null', mDataType='null'}, mMinTargetSdkVersion=1, mFlags='0', mPermission='null', mQueryFlags=0, mMetaData=[]}
11-29 09:25:41.977 1278 1304 I Role : com.google.android.gms not qualified for android.app.role.DIALER due to missing RequiredComponent{mIntentFilterData=IntentFilterData{mAction='android.intent.action.DIAL', mCategories='[]', mDataScheme='null', mDataType='null'}, mMinTargetSdkVersion=1, mFlags='0', mPermission='null', mQueryFlags=0, mMetaData=[]}
11-29 09:25:41.978 1278 1304 I Role : com.google.android.gms not qualified for android.app.role.EMERGENCY due to missing RequiredComponent{mIntentFilterData=IntentFilterData{mAction='android.telephony.action.EMERGENCY_ASSISTANCE', mCategories='[]', mDataScheme='null', mDataType='null'}, mMinTargetSdkVersion=1, mFlags='0', mPermission='null', mQueryFlags=0, mMetaData=[]}
11-29 09:25:41.979 1278 1304 I Role : com.google.android.gms not qualified for android.app.role.SMS due to missing RequiredComponent{mIntentFilterData=IntentFilterData{mAction='android.provider.Telephony.SMS_DELIVER', mCategories='[]', mDataScheme='null', mDataType='null'}, mMinTargetSdkVersion=1, mFlags='0', mPermission='android.permission.BROADCAST_SMS', mQueryFlags=0, mMetaData=[]}
11-29 09:25:41.985 1119 7619 I QC2C2DEngine: calcYSize: unsupported or RGB color format, RGBA8888(1)
11-29 09:25:42.003 1119 7619 I QC2C2DEngine: calcYSize: unsupported or RGB color format, RGBA8888(1)
11-29 09:25:42.104 1119 7619 I QC2C2DEngine: calcYSize: unsupported or RGB color format, RGBA8888(1)
11-29 09:25:42.124 4097 4297 W HidlServiceManagement: Waited one second for android.hardware.drm@1.0::IDrmFactory/widevine
11-29 09:25:42.125 643 643 I hwservicemanager: Since android.hardware.drm@1.0::IDrmFactory/widevine is not registered, trying to start it as a lazy HAL (if it's not configured to be a lazy HAL, it may be stuck starting or still starting).
11-29 09:25:42.125 4097 4297 I HidlServiceManagement: getService: Trying again for android.hardware.drm@1.0::IDrmFactory/widevine...
11-29 09:25:42.160 8548 8548 F linker : CANNOT LINK EXECUTABLE "/vendor/bin/hw/android.hardware.drm@1.3-service.widevine": cannot locate symbol "CBS_init" referenced by "/vendor/lib64/libwvhidl.so"...
11-29 09:25:42.184 8549 8549 I flags_health_check: ServerConfigurableFlagsReset reset_mode value: 1
11-29 09:25:42.184 8549 8549 I flags_health_check: ServerConfigurableFlagsReset updatable crashing detected, resetting flags.
11-29 09:25:42.205 1119 7619 I QC2C2DEngine: calcYSize: unsupported or RGB color format, RGBA8888(1)
11-29 09:25:42.242 3280 3404 W ThermalEngine: thermal_sensor_get_temperature: virtual-therm Reading 24223 .
11-29 09:25:42.275 2626 2626 W ElapsedTimeUtils: getElapsedTime: sSuwFinishedTimeStamp is null
11-29 09:25:42.289 1119 7619 I QC2C2DEngine: calcYSize: unsupported or RGB color format, RGBA8888(1)
11-29 09:25:42.293 1278 1304 D CoreBackPreview: Window{516de00 u0 com.android.settings/com.android.settings.spa.SpaActivity}: Setting back callback OnBackInvokedCallbackInfo{mCallback=android.window.IOnBackInvokedCallback$Stub$Proxy@2cf0a8a, mPriority=-1, mIsAnimationCallback=false}
11-29 09:25:42.294 1278 1304 D CoreBackPreview: Window{516de00 u0 com.android.settings/com.android.settings.spa.SpaActivity}: Setting back callback OnBackInvokedCallbackInfo{mCallback=android.window.IOnBackInvokedCallback$Stub$Proxy@819b8fb, mPriority=0, mIsAnimationCallback=true}
11-29 09:25:42.305 1119 7619 I QC2C2DEngine: calcYSize: unsupported or RGB color format, RGBA8888(1)
11-29 09:25:42.319 2626 2626 W ImageReader_JNI: Unable to acquire a buffer item, very likely client tried to acquire more than maxImages buffers
11-29 09:25:42.322 1119 7619 I QC2C2DEngine: calcYSize: unsupported or RGB color format, RGBA8888(1)
11-29 09:25:42.339 1119 7619 I QC2C2DEngine: calcYSize: unsupported or RGB color format, RGBA8888(1)
11-29 09:25:42.358 1119 7619 I QC2C2DEngine: calcYSize: unsupported or RGB color format, RGBA8888(1)
11-29 09:25:42.362 1278 2165 I ImeTracker: com.android.settings:6de9a2d0: onRequestHide at ORIGIN_SERVER reason HIDE_UNSPECIFIED_WINDOW fromUser false
11-29 09:25:42.362 1278 2165 I ImeTracker: com.android.settings:6de9a2d0: onCancelled at PHASE_SERVER_SHOULD_HIDE
11-29 09:25:42.377 1119 7619 I QC2C2DEngine: calcYSize: unsupported or RGB color format, RGBA8888(1)
11-29 09:25:42.393 1119 7619 I QC2C2DEngine: calcYSize: unsupported or RGB color format, RGBA8888(1)
11-29 09:25:42.407 1119 7619 I QC2C2DEngine: calcYSize: unsupported or RGB color format, RGBA8888(1)
11-29 09:25:42.425 1119 7619 I QC2C2DEngine: calcYSize: unsupported or RGB color format, RGBA8888(1)
11-29 09:25:42.442 1119 7619 I QC2C2DEngine: calcYSize: unsupported or RGB color format, RGBA8888(1)
11-29 09:25:42.458 1119 7619 I QC2C2DEngine: calcYSize: unsupported or RGB color format, RGBA8888(1)
11-29 09:25:42.476 1119 7619 I QC2C2DEngine: calcYSize: unsupported or RGB color format, RGBA8888(1)
11-29 09:25:42.492 1119 7619 I QC2C2DEngine: calcYSize: unsupported or RGB color format, RGBA8888(1)
11-29 09:25:42.510 1119 7619 I QC2C2DEngine: calcYSize: unsupported or RGB color format, RGBA8888(1)
11-29 09:25:42.525 1119 7619 I QC2C2DEngine: calcYSize: unsupported or RGB color format, RGBA8888(1)
11-29 09:25:42.541 1119 7619 I QC2C2DEngine: calcYSize: unsupported or RGB color format, RGBA8888(1)
11-29 09:25:42.558 1119 7619 I QC2C2DEngine: calcYSize: unsupported or RGB color format, RGBA8888(1)
11-29 09:25:42.575 1119 7619 I QC2C2DEngine: calcYSize: unsupported or RGB color format, RGBA8888(1)
11-29 09:25:42.594 1119 7619 I QC2C2DEngine: calcYSize: unsupported or RGB color format, RGBA8888(1)
11-29 09:25:42.611 1119 7619 I QC2C2DEngine: calcYSize: unsupported or RGB color format, RGBA8888(1)
11-29 09:25:42.711 1119 7619 I QC2C2DEngine: calcYSize: unsupported or RGB color format, RGBA8888(1)
11-29 09:25:42.811 1119 7619 I QC2C2DEngine: calcYSize: unsupported or RGB color format, RGBA8888(1)
11-29 09:25:42.903 1278 3339 E TaskPersister: File error accessing recents directory (directory doesn't exist?).
11-29 09:25:42.912 1119 7619 I QC2C2DEngine: calcYSize: unsupported or RGB color format, RGBA8888(1)
11-29 09:25:42.927 1055 1079 I android.hardware.thermal@2.0-service.qti: uevent triggered for sensor: camera-therm-usr
11-29 09:25:43.015 1119 7619 I QC2C2DEngine: calcYSize: unsupported or RGB color format, RGBA8888(1)
11-29 09:25:43.049 8551 8551 D diagcommd: DBG:Diag Daemon services process entry PPID = 1
11-29 09:25:43.049 8551 8551 D diagcommd: DBG:Calling LSM init
11-29 09:25:43.049 8551 8551 E Diag_Lib: diag:failed to connect to diag socket
11-29 09:25:43.049 8551 8551 E Diag_Lib: Diag_LSM_Init: Failed to open handle to diag driver, error = 25
11-29 09:25:43.049 8551 8551 E diagcommd: ERR:DiagDaemon: Diag_LSM_Init() failed.
11-29 09:25:43.075 8552 8552 I flags_health_check: ServerConfigurableFlagsReset reset_mode value: 1
11-29 09:25:43.075 8552 8552 I flags_health_check: ServerConfigurableFlagsReset updatable crashing detected, resetting flags.
11-29 09:25:43.113 1119 7619 I QC2C2DEngine: calcYSize: unsupported or RGB color format, RGBA8888(1)
11-29 09:25:43.125 4097 4297 W HidlServiceManagement: Waited one second for android.hardware.drm@1.0::IDrmFactory/widevine
11-29 09:25:43.127 1119 7619 I QC2C2DEngine: calcYSize: unsupported or RGB color format, RGBA8888(1)
11-29 09:25:43.127 643 643 I hwservicemanager: Since android.hardware.drm@1.0::IDrmFactory/widevine is not registered, trying to start it as a lazy HAL (if it's not configured to be a lazy HAL, it may be stuck starting or still starting).
11-29 09:25:43.128 4097 4297 I HidlServiceManagement: getService: Trying again for android.hardware.drm@1.0::IDrmFactory/widevine...
11-29 09:25:43.143 1119 7619 I QC2C2DEngine: calcYSize: unsupported or RGB color format, RGBA8888(1)
11-29 09:25:43.159 1119 7619 I QC2C2DEngine: calcYSize: unsupported or RGB color format, RGBA8888(1)
11-29 09:25:43.166 8554 8554 F linker : CANNOT LINK EXECUTABLE "/vendor/bin/hw/android.hardware.drm@1.3-service.widevine": cannot locate symbol "CBS_init" referenced by "/vendor/lib64/libwvhidl.so"...
11-29 09:25:43.175 1119 7619 I QC2C2DEngine: calcYSize: unsupported or RGB color format, RGBA8888(1)
11-29 09:25:43.192 1119 7619 I QC2C2DEngine: calcYSize: unsupported or RGB color format, RGBA8888(1)
11-29 09:25:43.197 8555 8555 I flags_health_check: ServerConfigurableFlagsReset reset_mode value: 1
11-29 09:25:43.197 8555 8555 I flags_health_check: ServerConfigurableFlagsReset updatable crashing detected, resetting flags.
11-29 09:25:43.210 1119 7619 I QC2C2DEngine: calcYSize: unsupported or RGB color format, RGBA8888(1)
11-29 09:25:43.227 1119 7619 I QC2C2DEngine: calcYSize: unsupported or RGB color format, RGBA8888(1)
11-29 09:25:43.243 1119 7619 I QC2C2DEngine: calcYSize: unsupported or RGB color format, RGBA8888(1)
11-29 09:25:43.260 1119 7619 I QC2C2DEngine: calcYSize: unsupported or RGB color format, RGBA8888(1)
11-29 09:25:43.278 1119 7619 I QC2C2DEngine: calcYSize: unsupported or RGB color format, RGBA8888(1)
11-29 09:25:43.279 2626 2626 W ElapsedTimeUtils: getElapsedTime: sSuwFinishedTimeStamp is null
11-29 09:25:43.280 2626 6786 D PackageInfoPresenter: Stopping package com.google.android.gms
11-29 09:25:43.285 1278 8499 I ActivityManager: Force stopping com.google.android.gms appid=10038 user=0: from pid 2626 (com.android.settings)
11-29 09:25:43.286 1278 8499 E ActivityManager: Unable to freeze binder for 4141: java.lang.RuntimeException: Unable to freeze/unfreeze binder
11-29 09:25:43.286 1278 8499 E ActivityManager: Unable to freeze binder for 3644: java.lang.RuntimeException: Unable to freeze/unfreeze binder
11-29 09:25:43.286 1278 8499 E ActivityManager: Unable to freeze binder for 3436: java.lang.RuntimeException: Unable to freeze/unfreeze binder
11-29 09:25:43.289 2626 2626 W WindowOnBackDispatcher: sendCancelIfRunning: isInProgress=false callback=androidx.activity.OnBackPressedDispatcher$Api34Impl$createOnBackAnimationCallback$1@5856f2f
11-29 09:25:43.289 1278 1304 D CoreBackPreview: Window{516de00 u0 com.android.settings/com.android.settings.spa.SpaActivity}: Setting back callback null
11-29 09:25:43.290 1278 8499 I ActivityManager: Killing 4141:com.google.android.gms:persistent/u0a38 (adj 500): stop com.google.android.gms due to from pid 2626 (com.android.settings)
11-29 09:25:43.293 2626 2745 D HWUI : endAllActiveAnimators on 0xb400006e8acf99b0 (UnprojectedRipple) with handle 0xb400006f3acad0f0
11-29 09:25:43.294 1278 2094 W InputManager-JNI: Input channel object '516de00 com.android.settings/com.android.settings.spa.SpaActivity (client)' was disposed without first being removed with the input manager!
11-29 09:25:43.299 1119 7619 I QC2C2DEngine: calcYSize: unsupported or RGB color format, RGBA8888(1)
11-29 09:25:43.309 1278 8499 I ActivityManager: Killing 3644:com.google.android.gms:signature/u0a38 (adj 800): stop com.google.android.gms due to from pid 2626 (com.android.settings)
11-29 09:25:43.313 1278 1320 V WindowManager: Unknown focus tokens, dropping reportFocusChanged
11-29 09:25:43.314 1119 7619 I QC2C2DEngine: calcYSize: unsupported or RGB color format, RGBA8888(1)
11-29 09:25:43.318 1278 1318 D DisplayManagerService: Drop pending events for gone uid 10038
11-29 09:25:43.319 3360 7913 D ForegroundUtils: UID: 10038 deleted.
11-29 09:25:43.323 1278 8499 I ActivityManager: Killing 3436:com.google.android.gms/u0a38 (adj 200): stop com.google.android.gms due to from pid 2626 (com.android.settings)
11-29 09:25:43.331 1119 7619 I QC2C2DEngine: calcYSize: unsupported or RGB color format, RGBA8888(1)
11-29 09:25:43.335 1278 2165 I ImeTracker: com.android.settings:74fd34d8: onRequestHide at ORIGIN_SERVER reason HIDE_UNSPECIFIED_WINDOW fromUser false
11-29 09:25:43.335 1278 2165 I ImeTracker: com.android.settings:74fd34d8: onCancelled at PHASE_SERVER_SHOULD_HIDE
11-29 09:25:43.338 1278 1317 I ServiceWatcher: [network] disconnected from 10038/com.google.android.gms/org.microg.gms.location.provider.NetworkLocationProviderService@2
11-29 09:25:43.339 1278 1317 W ServiceWatcher: [network] 10038/com.google.android.gms/org.microg.gms.location.provider.NetworkLocationProviderService@2 died
11-29 09:25:43.340 1278 1317 I ServiceWatcher: [GeocoderProxy] disconnected from 10038/com.google.android.gms/org.microg.gms.location.provider.GeocodeProviderService@2
11-29 09:25:43.340 1278 1317 W ServiceWatcher: [GeocoderProxy] 10038/com.google.android.gms/org.microg.gms.location.provider.GeocodeProviderService@2 died
11-29 09:25:43.344 2620 2620 D CarrierSvcBindHelper: onHandleForceStop: [com.google.android.gms]
11-29 09:25:43.347 2626 6786 D AppForceStopRepository: Sending broadcast to query restart status for com.google.android.gms
11-29 09:25:43.348 2620 2620 D CarrierSvcBindHelper: No carrier app for: 0
11-29 09:25:43.348 2620 2620 D CarrierSvcBindHelper: No carrier app for: 1
11-29 09:25:43.351 1119 7619 I QC2C2DEngine: calcYSize: unsupported or RGB color format, RGBA8888(1)
11-29 09:25:43.364 1278 7914 I Role : com.google.android.gms not qualified for android.app.role.HOME due to missing RequiredComponent{mIntentFilterData=IntentFilterData{mAction='android.intent.action.MAIN', mCategories='[android.intent.category.HOME]', mDataScheme='null', mDataType='null'}, mMinTargetSdkVersion=1, mFlags='0', mPermission='null', mQueryFlags=0, mMetaData=[]}
11-29 09:25:43.366 1278 7914 I Role : com.google.android.gms not qualified for android.app.role.DIALER due to missing RequiredComponent{mIntentFilterData=IntentFilterData{mAction='android.intent.action.DIAL', mCategories='[]', mDataScheme='null', mDataType='null'}, mMinTargetSdkVersion=1, mFlags='0', mPermission='null', mQueryFlags=0, mMetaData=[]}
11-29 09:25:43.367 1278 7914 I Role : com.google.android.gms not qualified for android.app.role.EMERGENCY due to missing RequiredComponent{mIntentFilterData=IntentFilterData{mAction='android.telephony.action.EMERGENCY_ASSISTANCE', mCategories='[]', mDataScheme='null', mDataType='null'}, mMinTargetSdkVersion=1, mFlags='0', mPermission='null', mQueryFlags=0, mMetaData=[]}
11-29 09:25:43.368 1278 7914 I Role : com.google.android.gms not qualified for android.app.role.SMS due to missing RequiredComponent{mIntentFilterData=IntentFilterData{mAction='android.provider.Telephony.SMS_DELIVER', mCategories='[]', mDataScheme='null', mDataType='null'}, mMinTargetSdkVersion=1, mFlags='0', mPermission='android.permission.BROADCAST_SMS', mQueryFlags=0, mMetaData=[]}
11-29 09:25:43.368 1119 7619 I QC2C2DEngine: calcYSize: unsupported or RGB color format, RGBA8888(1)
11-29 09:25:43.375 2626 8540 D BatteryUsageContentProvider: getLastFullChargeTimestamp() in 0/ms
11-29 09:25:43.376 2626 8540 D DatabaseUtils: getLastFullChargeTime() lastFullChargeTime=Jan 01, 1970, 01:00:00 in 2/ms
11-29 09:25:43.376 2626 8540 D DatabaseUtils: sixDaysAgoTimestamp: Nov 23, 2024, 00:00:00
11-29 09:25:43.376 2626 8540 D BatteryUsageContentProvider: getQueryTimestamp from uri: content://com.android.settings.battery.usage.provider/BatteryState?timestamp=1732316400000
11-29 09:25:43.376 2626 8540 D BatteryUsageContentProvider: getBatteryStates() after 1732316400000 in 0/ms
11-29 09:25:43.377 2626 8540 D DatabaseUtils: getBatteryHistoryMap() size=1 in 1/ms
11-29 09:25:43.377 2626 8540 D BatteryChartPreferenceController: getBatterySinceLastFullChargeUsageData() size=1 time=3/ms
11-29 09:25:43.379 2626 6789 D AppForceStopRepository: Sending broadcast to query restart status for com.google.android.gms
11-29 09:25:43.380 2626 2626 W ImageReader_JNI: Unable to acquire a buffer item, very likely client tried to acquire more than maxImages buffers
11-29 09:25:43.380 1119 7619 I QC2C2DEngine: calcYSize: unsupported or RGB color format, RGBA8888(1)
11-29 09:25:43.383 2626 8540 D DataProcessor: getHistoryMapWithExpectedTimestamps() size=3 in 0/ms
11-29 09:25:43.384 2626 8540 E DataProcessor: abnormal entry list in the timestamp:Nov 29, 2024, 09:00:00
11-29 09:25:43.386 933 933 I Zygote : Process 4141 exited due to signal 9 (Killed)
11-29 09:25:43.386 1278 1338 I libprocessgroup: Removed cgroup /sys/fs/cgroup/uid_10038/pid_4141
11-29 09:25:43.386 933 933 I Zygote : Process 3644 exited due to signal 9 (Killed)
11-29 09:25:43.387 1278 1338 I libprocessgroup: Removed cgroup /sys/fs/cgroup/uid_10038/pid_3644
11-29 09:25:43.387 1278 8236 V ActivityManager: Got obituary of 4141:com.google.android.gms:persistent
11-29 09:25:43.387 1278 4577 V ActivityManager: Got obituary of 3644:com.google.android.gms:signature
11-29 09:25:43.395 1119 7619 I QC2C2DEngine: calcYSize: unsupported or RGB color format, RGBA8888(1)
11-29 09:25:43.409 2626 8540 W BatteryEntry: unknown attribute:AUDIO
11-29 09:25:43.410 2626 8540 W BatteryEntry: unknown attribute:VIDEO
11-29 09:25:43.410 2626 8540 W BatteryEntry: unknown attribute:SYSTEM_SERVICES
11-29 09:25:43.410 2626 8540 W BatteryEntry: unknown attribute:SENSORS
11-29 09:25:43.410 2626 8540 W BatteryEntry: unknown attribute:WAKELOCK
11-29 09:25:43.410 2626 8540 W BatteryEntry: unknown attribute:MEMORY
11-29 09:25:43.410 2626 8540 W BatteryEntry: unknown attribute:IDLE
11-29 09:25:43.410 2626 8540 W BatteryEntry: unknown attribute:REATTRIBUTED_TO_OTHER_CONSUMERS
11-29 09:25:43.413 1119 7619 I QC2C2DEngine: calcYSize: unsupported or RGB color format, RGBA8888(1)
11-29 09:25:43.421 2626 8540 D AppBatteryPresenter: loadBatteryDiffEntries():
11-29 09:25:43.421 2626 8540 D AppBatteryPresenter: null
11-29 09:25:43.429 1119 7619 I QC2C2DEngine: calcYSize: unsupported or RGB color format, RGBA8888(1)
11-29 09:25:43.440 1278 7916 V ActivityManager: Got obituary of 3436:com.google.android.gms
11-29 09:25:43.442 1278 1338 I libprocessgroup: Removed cgroup /sys/fs/cgroup/uid_10038/pid_3436
11-29 09:25:43.442 933 933 I Zygote : Process 3436 exited due to signal 9 (Killed)
11-29 09:25:43.446 1119 7619 I QC2C2DEngine: calcYSize: unsupported or RGB color format, RGBA8888(1)
11-29 09:25:43.454 2626 2626 D AppForceStopRepository: Got broadcast response: Restart status for com.google.android.gms false
11-29 09:25:43.463 1119 7619 I QC2C2DEngine: calcYSize: unsupported or RGB color format, RGBA8888(1)
11-29 09:25:43.479 1119 7619 I QC2C2DEngine: calcYSize: unsupported or RGB color format, RGBA8888(1)
11-29 09:25:43.482 2626 2626 D AppForceStopRepository: Got broadcast response: Restart status for com.google.android.gms false
11-29 09:25:43.482 2626 8540 D AppForceStopRepository: canForceStopFlow: false
11-29 09:25:43.494 1119 7619 I QC2C2DEngine: calcYSize: unsupported or RGB color format, RGBA8888(1)
11-29 09:25:43.513 1119 7619 I QC2C2DEngine: calcYSize: unsupported or RGB color format, RGBA8888(1)
11-29 09:25:43.527 1119 7619 I QC2C2DEngine: calcYSize: unsupported or RGB color format, RGBA8888(1)
11-29 09:25:43.544 1119 7619 I QC2C2DEngine: calcYSize: unsupported or RGB color format, RGBA8888(1)
11-29 09:25:43.561 1119 7619 I QC2C2DEngine: calcYSize: unsupported or RGB color format, RGBA8888(1)
11-29 09:25:43.578 1119 7619 I QC2C2DEngine: calcYSize: unsupported or RGB color format, RGBA8888(1)
11-29 09:25:43.595 1119 7619 I QC2C2DEngine: calcYSize: unsupported or RGB color format, RGBA8888(1)
11-29 09:25:43.612 1119 7619 I QC2C2DEngine: calcYSize: unsupported or RGB color format, RGBA8888(1)
11-29 09:25:43.630 1119 7619 I QC2C2DEngine: calcYSize: unsupported or RGB color format, RGBA8888(1)
11-29 09:25:43.645 1119 7619 I QC2C2DEngine: calcYSize: unsupported or RGB color format, RGBA8888(1)
11-29 09:25:43.746 1119 7619 I QC2C2DEngine: calcYSize: unsupported or RGB color format, RGBA8888(1)
11-29 09:25:43.841 1278 1317 I ServiceWatcher: [network] chose new implementation 10038/com.google.android.gms/org.microg.gms.location.provider.NetworkLocationProviderService@2
11-29 09:25:43.841 1278 1317 I ServiceWatcher: [GeocoderProxy] chose new implementation 10038/com.google.android.gms/org.microg.gms.location.provider.GeocodeProviderService@2
11-29 09:25:43.846 1119 7619 I QC2C2DEngine: calcYSize: unsupported or RGB color format, RGBA8888(1)
11-29 09:25:43.850 1278 1317 V GrammaticalInflectionUtils: AttributionSource: android.content.AttributionSource@2a71cc4c does not have READ_SYSTEM_GRAMMATICAL_GENDER permission.
11-29 09:25:43.866 933 933 D Zygote : Forked child process 8556
11-29 09:25:43.867 1278 1334 I ActivityManager: Start proc 8556:com.google.android.gms/u0a38 for service {com.google.android.gms/org.microg.gms.location.provider.NetworkLocationProviderService}
11-29 09:25:43.884 8556 8556 I libc : SetHeapTaggingLevel: tag level set to 0
11-29 09:25:43.890 8556 8556 I gle.android.gms: Using CollectorTypeCC GC.
11-29 09:25:43.893 8556 8556 E gle.android.gms: Not starting debugger since process cannot load the jdwp agent.
11-29 09:25:43.895 8556 8556 D nativeloader: Load libframework-connectivity-tiramisu-jni.so using APEX ns com_android_tethering for caller /apex/com.android.tethering/javalib/framework-connectivity-t.jar: ok
11-29 09:25:43.901 3360 3787 D ForegroundUtils: Foreground UID status:
11-29 09:25:43.901 3360 3787 D ForegroundUtils: UID: 10043 is in foreground: false
11-29 09:25:43.901 3360 3787 D ForegroundUtils: UID: 10102 is in foreground: true
11-29 09:25:43.901 3360 3787 D ForegroundUtils: UID: 10104 is in foreground: false
11-29 09:25:43.901 3360 3787 D ForegroundUtils: UID: 10118 is in foreground: false
11-29 09:25:43.901 3360 3787 D ForegroundUtils: UID: 10135 is in foreground: true
11-29 09:25:43.901 3360 3787 D ForegroundUtils: UID: 10140 is in foreground: false
11-29 09:25:43.901 3360 3787 D ForegroundUtils: UID: 10176 is in foreground: false
11-29 09:25:43.901 3360 3787 D ForegroundUtils: UID: 10178 is in foreground: false
11-29 09:25:43.906 8556 8556 D ApplicationLoaders: Returning zygote-cached class loader: /system/framework/android.test.base.jar
11-29 09:25:43.907 8556 8556 D nativeloader: Configuring clns-shared-7 for other apk /system/framework/com.android.location.provider.jar. target_sdk_version=29, uses_libraries=ALL, library_path=/system/priv-app/GmsCore/lib/arm64:/system/priv-app/GmsCore/GmsCore.apk!/lib/arm64-v8a:/system/lib64:/system_ext/lib64, permitted_path=/data:/mnt/expand:/data/user/0/com.google.android.gms:/system/priv-app/GmsCore:/system/lib64:/system_ext/lib64
11-29 09:25:43.907 8556 8556 D nativeloader: Extending system_exposed_libraries: libbinauralrenderer_wrapper.qti.so:libhoaeffects.qti.so:libupdateprof.qti.so:libthermalclient.qti.so:libdiag_system.qti.so:libqape.qti.so:liblistenjni.qti.so
11-29 09:25:43.908 8556 8556 D ApplicationLoaders: Returning zygote-cached class loader: /system/framework/org.apache.http.legacy.jar
11-29 09:25:43.908 8556 8556 D ApplicationLoaders: Returning zygote-cached class loader: /system_ext/framework/androidx.window.extensions.jar
11-29 09:25:43.908 8556 8556 D ApplicationLoaders: Returning zygote-cached class loader: /system_ext/framework/androidx.window.sidecar.jar
11-29 09:25:43.910 8556 8556 D nativeloader: Configuring clns-shared-8 for other apk /system/priv-app/GmsCore/GmsCore.apk. target_sdk_version=29, uses_libraries=, library_path=/system/priv-app/GmsCore/lib/arm64:/system/priv-app/GmsCore/GmsCore.apk!/lib/arm64-v8a:/system/lib64:/system_ext/lib64, permitted_path=/data:/mnt/expand:/data/user/0/com.google.android.gms:/system/priv-app/GmsCore:/system/lib64:/system_ext/lib64
11-29 09:25:43.910 8556 8556 D nativeloader: Extending system_exposed_libraries: libbinauralrenderer_wrapper.qti.so:libhoaeffects.qti.so:libupdateprof.qti.so:libthermalclient.qti.so:libdiag_system.qti.so:libqape.qti.so:liblistenjni.qti.so
11-29 09:25:43.914 8556 8556 V GraphicsEnvironment: Currently set values for:
11-29 09:25:43.914 8556 8556 V GraphicsEnvironment: angle_gl_driver_selection_pkgs=[]
11-29 09:25:43.914 8556 8556 V GraphicsEnvironment: angle_gl_driver_selection_values=[]
11-29 09:25:43.914 8556 8556 V GraphicsEnvironment: Global.Settings values are invalid: number of packages: 0, number of values: 0
11-29 09:25:43.916 8556 8556 I MultiDex: VM with version 2.1.0 has multidex support
11-29 09:25:43.916 8556 8556 I MultiDex: Installing application
11-29 09:25:43.916 8556 8556 I MultiDex: VM has multidex support, MultiDex support library is disabled.
11-29 09:25:43.916 8556 8556 D InitProvider: onCreate
11-29 09:25:43.918 1278 4814 V GrammaticalInflectionUtils: AttributionSource: android.content.AttributionSource@2a71cc4c does not have READ_SYSTEM_GRAMMATICAL_GENDER permission.
11-29 09:25:43.919 8556 8556 D FontsProvider: onCreate
11-29 09:25:43.919 8556 8556 D ChimeraServiceProvider: onCreate
11-29 09:25:43.920 8556 8556 D GmsPhenotypeCfgProvider: unimplemented Method: onCreate
11-29 09:25:43.921 8556 8556 D WM-WrkMgrInitializer: Initializing WorkManager with default configuration.
11-29 09:25:43.925 933 933 D Zygote : Forked child process 8569
11-29 09:25:43.925 1278 1334 I ActivityManager: Start proc 8569:com.google.android.gms:signature/u0a38 for service {com.google.android.gms/com.huawei.signature.diff.SignatureService}
11-29 09:25:43.937 1278 1317 I ServiceWatcher: [network] connected to {com.google.android.gms/org.microg.gms.location.provider.NetworkLocationProviderService}
11-29 09:25:43.938 8556 8564 D LocationProvider: onEnable
11-29 09:25:43.946 1119 7619 I QC2C2DEngine: calcYSize: unsupported or RGB color format, RGBA8888(1)
11-29 09:25:43.951 1055 1079 I android.hardware.thermal@2.0-service.qti: uevent triggered for sensor: camera-therm-usr
11-29 09:25:43.954 8569 8569 I libc : SetHeapTaggingLevel: tag level set to 0
11-29 09:25:43.960 8569 8569 I d.gms:signature: Using CollectorTypeCC GC.
11-29 09:25:43.963 8569 8569 E d.gms:signature: Not starting debugger since process cannot load the jdwp agent.
11-29 09:25:43.965 8569 8569 D nativeloader: Load libframework-connectivity-tiramisu-jni.so using APEX ns com_android_tethering for caller /apex/com.android.tethering/javalib/framework-connectivity-t.jar: ok
11-29 09:25:43.974 8569 8569 D ApplicationLoaders: Returning zygote-cached class loader: /system/framework/android.test.base.jar
11-29 09:25:43.975 8569 8569 D nativeloader: Configuring clns-shared-7 for other apk /system/framework/com.android.location.provider.jar. target_sdk_version=29, uses_libraries=ALL, library_path=/system/priv-app/GmsCore/lib/arm64:/system/priv-app/GmsCore/GmsCore.apk!/lib/arm64-v8a:/system/lib64:/system_ext/lib64, permitted_path=/data:/mnt/expand:/data/user/0/com.google.android.gms:/system/priv-app/GmsCore:/system/lib64:/system_ext/lib64
11-29 09:25:43.975 8569 8569 D nativeloader: Extending system_exposed_libraries: libbinauralrenderer_wrapper.qti.so:libhoaeffects.qti.so:libupdateprof.qti.so:libthermalclient.qti.so:libdiag_system.qti.so:libqape.qti.so:liblistenjni.qti.so
11-29 09:25:43.976 8569 8569 D ApplicationLoaders: Returning zygote-cached class loader: /system/framework/org.apache.http.legacy.jar
11-29 09:25:43.976 8569 8569 D ApplicationLoaders: Returning zygote-cached class loader: /system_ext/framework/androidx.window.extensions.jar
11-29 09:25:43.976 8569 8569 D ApplicationLoaders: Returning zygote-cached class loader: /system_ext/framework/androidx.window.sidecar.jar
11-29 09:25:43.978 8569 8569 D nativeloader: Configuring clns-shared-8 for other apk /system/priv-app/GmsCore/GmsCore.apk. target_sdk_version=29, uses_libraries=, library_path=/system/priv-app/GmsCore/lib/arm64:/system/priv-app/GmsCore/GmsCore.apk!/lib/arm64-v8a:/system/lib64:/system_ext/lib64, permitted_path=/data:/mnt/expand:/data/user/0/com.google.android.gms:/system/priv-app/GmsCore:/system/lib64:/system_ext/lib64
11-29 09:25:43.978 8569 8569 D nativeloader: Extending system_exposed_libraries: libbinauralrenderer_wrapper.qti.so:libhoaeffects.qti.so:libupdateprof.qti.so:libthermalclient.qti.so:libdiag_system.qti.so:libqape.qti.so:liblistenjni.qti.so
11-29 09:25:43.982 8569 8569 V GraphicsEnvironment: Currently set values for:
11-29 09:25:43.982 8569 8569 V GraphicsEnvironment: angle_gl_driver_selection_pkgs=[]
11-29 09:25:43.982 8569 8569 V GraphicsEnvironment: angle_gl_driver_selection_values=[]
11-29 09:25:43.982 8569 8569 V GraphicsEnvironment: Global.Settings values are invalid: number of packages: 0, number of values: 0
11-29 09:25:43.983 8569 8569 I MultiDex: VM with version 2.1.0 has multidex support
11-29 09:25:43.983 8569 8569 I MultiDex: Installing application
11-29 09:25:43.983 8569 8569 I MultiDex: VM has multidex support, MultiDex support library is disabled.
11-29 09:25:43.988 8569 8569 I SignatureService: onStartCommand
11-29 09:25:44.048 1119 7619 I QC2C2DEngine: calcYSize: unsupported or RGB color format, RGBA8888(1)
11-29 09:25:44.128 4097 4297 W HidlServiceManagement: Waited one second for android.hardware.drm@1.0::IDrmFactory/widevine
11-29 09:25:44.128 643 643 I hwservicemanager: Since android.hardware.drm@1.0::IDrmFactory/widevine is not registered, trying to start it as a lazy HAL (if it's not configured to be a lazy HAL, it may be stuck starting or still starting).
11-29 09:25:44.129 4097 4297 I HidlServiceManagement: getService: Trying again for android.hardware.drm@1.0::IDrmFactory/widevine...
11-29 09:25:44.148 1119 7619 I QC2C2DEngine: calcYSize: unsupported or RGB color format, RGBA8888(1)
11-29 09:25:44.157 8591 8591 F linker : CANNOT LINK EXECUTABLE "/vendor/bin/hw/android.hardware.drm@1.3-service.widevine": cannot locate symbol "CBS_init" referenced by "/vendor/lib64/libwvhidl.so"...
11-29 09:25:44.180 8592 8592 I flags_health_check: ServerConfigurableFlagsReset reset_mode value: 1
11-29 09:25:44.180 8592 8592 I flags_health_check: ServerConfigurableFlagsReset updatable crashing detected, resetting flags.
11-29 09:25:44.231 2284 2391 I r_submix: out_standby()
11-29 09:25:44.249 1119 7619 I QC2C2DEngine: calcYSize: unsupported or RGB color format, RGBA8888(1)
11-29 09:25:44.349 1119 7619 I QC2C2DEngine: calcYSize: unsupported or RGB color format, RGBA8888(1)
11-29 09:25:44.426 2334 2334 D audioserver: logFgsApiBegin: FGS Logger Transaction failed, -129
11-29 09:25:44.427 2334 7637 D AudioFlinger: ro.audio.silent will be ignored for threads on AUDIO_DEVICE_OUT_REMOTE_SUBMIX
11-29 09:25:44.428 1278 7916 W AS.PlaybackActivityMon: No piid assigned for invalid/internal port id 41
11-29 09:25:44.452 1119 7619 I QC2C2DEngine: calcYSize: unsupported or RGB color format, RGBA8888(1)
11-29 09:25:44.465 1119 7619 I QC2C2DEngine: calcYSize: unsupported or RGB color format, RGBA8888(1)
11-29 09:25:44.469 1119 7619 I QC2C2DEngine: calcYSize: unsupported or RGB color format, RGBA8888(1)
11-29 09:25:44.471 2334 7637 D AudioFlinger: mixer(0xb400007a4865b8e0) throttle end: throttle time(1)
11-29 09:25:44.482 1119 7619 I QC2C2DEngine: calcYSize: unsupported or RGB color format, RGBA8888(1)
11-29 09:25:44.498 1119 7619 I QC2C2DEngine: calcYSize: unsupported or RGB color format, RGBA8888(1)
11-29 09:25:44.511 1278 8236 I KeyHandler: nav_code= 0
11-29 09:25:44.517 1119 7619 I QC2C2DEngine: calcYSize: unsupported or RGB color format, RGBA8888(1)
11-29 09:25:44.524 2494 2494 I vol.VolumeDialogImpl: mDialog.dismiss() reason: volume_controller from: com.android.systemui.volume.VolumeDialogImpl$7.onDismissRequested:3
11-29 09:25:44.525 1278 1318 W ActivityTaskManager: callingPackage for (uid=-1, pid=0) has no WPC
11-29 09:25:44.527 1278 1318 W OptProp : Cannot read opt property android.window.PROPERTY_COMPAT_ALLOW_ORIENTATION_OVERRIDE
11-29 09:25:44.527 1278 1318 W OptProp : Cannot read opt property android.window.PROPERTY_COMPAT_ALLOW_RESIZEABLE_ACTIVITY_OVERRIDES
11-29 09:25:44.527 1278 1318 W OptProp : Cannot read opt property android.window.PROPERTY_COMPAT_ALLOW_MIN_ASPECT_RATIO_OVERRIDE
11-29 09:25:44.528 1278 1318 V GrammaticalInflectionUtils: AttributionSource: android.content.AttributionSource@9b11a54a does not have READ_SYSTEM_GRAMMATICAL_GENDER permission.
11-29 09:25:44.529 1053 1053 I android.hardware.power-service-qti: Power setMode: 5 to: 1
11-29 09:25:44.532 1119 7619 I QC2C2DEngine: calcYSize: unsupported or RGB color format, RGBA8888(1)
11-29 09:25:44.536 2494 2531 V WindowManagerShell: Transition requested (#55): android.os.BinderProxy@bc7dd44 TransitionRequestInfo { type = OPEN, triggerTask = TaskInfo{userId=0 taskId=31 displayId=0 isRunning=true baseIntent=Intent { act=android.intent.action.MAIN cat=[android.intent.category.HOME] flg=0x10000100 cmp=com.android.launcher3/.uioverrides.QuickstepLauncher } baseActivity=ComponentInfo{com.android.launcher3/com.android.launcher3.uioverrides.QuickstepLauncher} topActivity=ComponentInfo{com.android.launcher3/com.android.launcher3.uioverrides.QuickstepLauncher} origActivity=null realActivity=ComponentInfo{com.android.launcher3/com.android.launcher3.uioverrides.QuickstepLauncher} numActivities=1 lastActiveTime=1019463 supportsMultiWindow=true resizeMode=2 isResizeable=true minWidth=-1 minHeight=-1 defaultMinSize=200 token=WCT{android.window.IWindowContainerToken$Stub$Proxy@1c1e2d} topActivityType=2 pictureInPictureParams=null shouldDockBigOverlays=false launchIntoPipHostTaskId=-1 lastParentTaskIdBeforePip=-1 displayCutoutSafeInsets=null topActivityInfo=ActivityInfo{f8bf62 com.android.launcher3.uioverrides.QuickstepLauncher} launchCookies=[] positionInParent=Point(0, 0) parentTaskId=-1 isFocused=true isVisible=false isVisibleRequested=true isSleeping=false locusId=LocusId[17_chars] displayAreaFeatureId=1 isTopActivityTransparent=false appCompatTaskInfo=AppCompatTaskInfo { topActivityInSizeCompat=false topActivityEligibleForLetterboxEducation= falseisLetterboxEducationEnabled= false isLetterboxDoubleTapEnabled= false topActivityEligibleForUserAspectRatioButton= false topActivityBoundsLetterboxed= false isFromLetterboxDoubleTap= false topActivityLetterboxVerticalPosition= -1 topActivityLetterboxHorizontalPosition= -1 topActivityLetterboxWidth=1080 topActivityLetterboxHeight=2400 isUserFullscreenOverrideEnabled=false isSystemFullscreenOverrideEnabled=false cameraCompatTaskInfo=CameraCompatTaskInfo { cameraCompatControlState=hidden freeformCameraCompatMode=inactive}}}, pipTask = null, remoteTransition = null, displayChange = null, flags = 0, debugId = 55 }
11-29 09:25:44.536 1278 1318 I ActivityTaskManager: START u0 {act=android.intent.action.MAIN cat=[android.intent.category.HOME] flg=0x10000100 cmp=com.android.launcher3/.uioverrides.QuickstepLauncher (has extras)} with LAUNCH_SINGLE_TASK from uid 0 (BAL_ALLOW_ALLOWLISTED_UID) result code=2
11-29 09:25:44.539 2754 2754 D StateManager: goToState - fromState: AllApps, toState: Normal, partial trace:
11-29 09:25:44.539 2754 2754 D StateManager: at com.android.launcher3.Launcher.onNewIntent(Launcher.java:1654)
11-29 09:25:44.539 2754 2754 D StateManager: at com.android.launcher3.uioverrides.QuickstepLauncher.onNewIntent(QuickstepLauncher.java:814)
11-29 09:25:44.539 2754 2754 D StateManager: at android.app.Activity.onNewIntent(Activity.java:2418)
11-29 09:25:44.542 2494 2531 D WindowManagerShell: onActivityRestartAttempt: ComponentInfo{com.android.launcher3/com.android.launcher3.uioverrides.QuickstepLauncher}
11-29 09:25:44.543 1158 1158 I BpBinder: onLastStrongRef automatically unlinking death recipients:
11-29 09:25:44.545 3360 3787 D ForegroundUtils: Foreground UID status:
11-29 09:25:44.545 3360 3787 D ForegroundUtils: UID: 10043 is in foreground: false
11-29 09:25:44.545 3360 3787 D ForegroundUtils: UID: 10102 is in foreground: true
11-29 09:25:44.545 3360 3787 D ForegroundUtils: UID: 10104 is in foreground: true
11-29 09:25:44.545 3360 3787 D ForegroundUtils: UID: 10118 is in foreground: false
11-29 09:25:44.545 3360 3787 D ForegroundUtils: UID: 10135 is in foreground: true
11-29 09:25:44.545 3360 3787 D ForegroundUtils: UID: 10140 is in foreground: false
11-29 09:25:44.545 3360 3787 D ForegroundUtils: UID: 10176 is in foreground: false
11-29 09:25:44.545 3360 3787 D ForegroundUtils: UID: 10178 is in foreground: false
11-29 09:25:44.550 1119 7619 I QC2C2DEngine: calcYSize: unsupported or RGB color format, RGBA8888(1)
11-29 09:25:44.553 2754 2754 D OverviewCommandHelper: clearing pending commands - size: 0
11-29 09:25:44.558 2334 7637 D audioserver: logFgsApiEnd: FGS Logger Transaction failed, -129
11-29 09:25:44.567 2754 2754 D BaseDepthController: setSurface:
11-29 09:25:44.567 2754 2754 D BaseDepthController: mWaitingOnSurfaceValidity: false
11-29 09:25:44.567 2754 2754 D BaseDepthController: mSurface: Surface(name=com.android.launcher3/com.android.launcher3.uioverrides.QuickstepLauncher)/@0xb31592b
11-29 09:25:44.567 1119 7619 I QC2C2DEngine: calcYSize: unsupported or RGB color format, RGBA8888(1)
11-29 09:25:44.572 2754 2754 I TopTaskTracker: onTaskMovedToFront: (moved taskInfo to front) taskId=31, baseIntent=Intent { act=android.intent.action.MAIN cat=[android.intent.category.HOME] flg=0x10000100 cmp=com.android.launcher3/.uioverrides.QuickstepLauncher }
11-29 09:25:44.573 2754 2754 D StateManager: onStateTransitionStart - state: Normal
11-29 09:25:44.573 2754 2754 D StatsLog: LAUNCHER_ONRESUME
11-29 09:25:44.574 2494 2531 D WindowManagerShell: setLauncherKeepClearAreaHeight: visible=true, height=308
11-29 09:25:44.581 2494 2518 V WindowManagerShell: onTransitionReady(transaction=5488968206546)
11-29 09:25:44.582 2494 2531 V WindowManagerShell: onTransitionReady (#55) android.os.BinderProxy@bc7dd44: {id=55 t=OPEN f=0x0 trk=0 r=[0@Point(0, 0)] c=[{WCT{android.window.IWindowContainerToken$Stub$Proxy@165c14f} m=TO_FRONT f=SHOW_WALLPAPER|MOVE_TO_TOP leash=Surface(name=Task=1)/@0xc0588f3 sb=Rect(0, 0 - 1080, 2400) eb=Rect(0, 0 - 1080, 2400) d=0 taskParent=-1},{WCT{android.window.IWindowContainerToken$Stub$Proxy@b5390dc} m=TO_BACK f=NONE leash=Surface(name=Task=40)/@0xd0789b0 sb=Rect(0, 0 - 1080, 2400) eb=Rect(0, 0 - 1080, 2400) d=0 taskParent=-1},{null m=TO_FRONT f=IS_WALLPAPER leash=Surface(name=WallpaperWindowToken{c70ff2c token=android.os.Binder@e15b6df})/@0x6497029 sb=Rect(0, 0 - 1080, 2400) eb=Rect(0, 0 - 1080, 2400) d=0}]}
11-29 09:25:44.582 2494 2531 V WindowManagerShell: Playing animation for (#55) android.os.BinderProxy@bc7dd44@0
11-29 09:25:44.582 2494 2531 V WindowManagerShell: try handler com.android.wm.shell.transition.DefaultMixedHandler@9605821
11-29 09:25:44.582 2494 2531 V WindowManagerShell: try handler com.android.wm.shell.keyguard.KeyguardTransitionHandler@365c446
11-29 09:25:44.582 2494 2531 V WindowManagerShell: try handler com.android.wm.shell.pip.PipTransition@3830621
11-29 09:25:44.582 2494 2531 V WindowManagerShell: try handler com.android.wm.shell.activityembedding.ActivityEmbeddingController@92dda46
11-29 09:25:44.582 2494 2531 V WindowManagerShell: try handler com.android.wm.shell.recents.RecentsTransitionHandler@92b7407
11-29 09:25:44.582 2494 2531 V ShellRecents: RecentsTransitionHandler.startAnimation: no controller found
11-29 09:25:44.582 2494 2531 V WindowManagerShell: try handler com.android.wm.shell.splitscreen.StageCoordinator@944b934
11-29 09:25:44.583 2494 2531 V WindowManagerShell: try handler com.android.wm.shell.transition.RemoteTransitionHandler@4e8e35d
11-29 09:25:44.583 2494 2531 V WindowManagerShell: Transition doesn't have explicit remote, search filters for match for {id=55 t=OPEN f=0x0 trk=0 r=[0@Point(0, 0)] c=[{WCT{android.window.IWindowContainerToken$Stub$Proxy@165c14f} m=TO_FRONT f=SHOW_WALLPAPER|MOVE_TO_TOP leash=Surface(name=Task=1)/@0xc0588f3 sb=Rect(0, 0 - 1080, 2400) eb=Rect(0, 0 - 1080, 2400) d=0 taskParent=-1},{WCT{android.window.IWindowContainerToken$Stub$Proxy@b5390dc} m=TO_BACK f=NONE leash=Surface(name=Task=40)/@0xd0789b0 sb=Rect(0, 0 - 1080, 2400) eb=Rect(0, 0 - 1080, 2400) d=0 taskParent=-1},{null m=TO_FRONT f=IS_WALLPAPER leash=Surface(name=WallpaperWindowToken{c70ff2c token=android.os.Binder@e15b6df})/@0x6497029 sb=Rect(0, 0 - 1080, 2400) eb=Rect(0, 0 - 1080, 2400) d=0}]}
11-29 09:25:44.583 2494 2531 V WindowManagerShell: Checking filter Pair{{types=[] flags=0x0] notFlags=0x100 checks=[{atype=home independent=true modes=[OPEN,TO_FRONT] flags=NONE mustBeTask=false order=TOP topActivity=ComponentInfo{com.android.launcher3/com.android.launcher3.uioverrides.QuickstepLauncher} launchCookie=null},{atype=standard independent=true modes=[CLOSE,TO_BACK] flags=NONE mustBeTask=false order=ANY topActivity=null launchCookie=null}]} RemoteTransition { remoteTransition = android.window.IRemoteTransition$Stub$Proxy@35d54d2, appThread = android.app.IApplicationThread$Stub$Proxy@b0149a3, debugName = QuickstepLaunchHome }}
11-29 09:25:44.583 2494 2531 D RemoteTransitionHandler: Found filterPair{{types=[] flags=0x0] notFlags=0x100 checks=[{atype=home independent=true modes=[OPEN,TO_FRONT] flags=NONE mustBeTask=false order=TOP topActivity=ComponentInfo{com.android.launcher3/com.android.launcher3.uioverrides.QuickstepLauncher} launchCookie=null},{atype=standard independent=true modes=[CLOSE,TO_BACK] flags=NONE mustBeTask=false order=ANY topActivity=null launchCookie=null}]} RemoteTransition { remoteTransition = android.window.IRemoteTransition$Stub$Proxy@35d54d2, appThread = android.app.IApplicationThread$Stub$Proxy@b0149a3, debugName = QuickstepLaunchHome }}
11-29 09:25:44.583 2494 2531 V WindowManagerShell: Delegate animation for (#55) to RemoteTransition { remoteTransition = android.window.IRemoteTransition$Stub$Proxy@35d54d2, appThread = android.app.IApplicationThread$Stub$Proxy@b0149a3, debugName = QuickstepLaunchHome }
11-29 09:25:44.588 2754 2754 D StateManager: createAtomicAnimation - fromState: Background, toState: Normal, partial trace:
11-29 09:25:44.588 2754 2754 D StateManager: at com.android.quickstep.util.StaggeredWorkspaceAnim.prepareToAnimate(StaggeredWorkspaceAnim.java:218)
11-29 09:25:44.588 2754 2754 D StateManager: at com.android.quickstep.util.StaggeredWorkspaceAnim.(StaggeredWorkspaceAnim.java:84)
11-29 09:25:44.588 2754 2754 D StateManager: at com.android.quickstep.util.StaggeredWorkspaceAnim.(StaggeredWorkspaceAnim.java:79)
11-29 09:25:44.589 2754 2754 D StateManager: cancelAnimation - with ongoing animation, partial trace:
11-29 09:25:44.589 2754 2754 D StateManager: at com.android.launcher3.statemanager.StateManager.setCurrentAnimation(StateManager.java:532)
11-29 09:25:44.589 2754 2754 D StateManager: at com.android.launcher3.QuickstepTransitionManager.createWallpaperOpenAnimations(QuickstepTransitionManager.java:1702)
11-29 09:25:44.589 2754 2754 D StateManager: at com.android.launcher3.QuickstepTransitionManager$WallpaperOpenLauncherAnimationRunner.onAnimationStart(QuickstepTransitionManager.java:1772)
11-29 09:25:44.589 2754 2754 D RecentsView: reset - mEnableDrawingLiveTile: false, mRecentsAnimationController: null
11-29 09:25:44.590 2754 2754 D StatsLog: LAUNCHER_ALLAPPS_EXIT
11-29 09:25:44.590 2754 2754 D StateManager: onStateTransitionEnd - state: Normal
11-29 09:25:44.590 2754 2754 D RecentsView: reset - mEnableDrawingLiveTile: false, mRecentsAnimationController: null
11-29 09:25:44.592 1119 7619 I QC2C2DEngine: calcYSize: unsupported or RGB color format, RGBA8888(1)
11-29 09:25:44.594 1278 1317 V WindowManager: Sent Transition (#55) createdAt=11-29 09:25:44.528 via request=TransitionRequestInfo { type = OPEN, triggerTask = TaskInfo{userId=0 taskId=31 displayId=0 isRunning=true baseIntent=Intent { act=android.intent.action.MAIN cat=[android.intent.category.HOME] flg=0x10000100 cmp=com.android.launcher3/.uioverrides.QuickstepLauncher } baseActivity=ComponentInfo{com.android.launcher3/com.android.launcher3.uioverrides.QuickstepLauncher} topActivity=ComponentInfo{com.android.launcher3/com.android.launcher3.uioverrides.QuickstepLauncher} origActivity=null realActivity=ComponentInfo{com.android.launcher3/com.android.launcher3.uioverrides.QuickstepLauncher} numActivities=1 lastActiveTime=1019463 supportsMultiWindow=true resizeMode=2 isResizeable=true minWidth=-1 minHeight=-1 defaultMinSize=200 token=WCT{RemoteToken{1a65eb0 Task{7606fd2 #31 type=home I=com.android.launcher3/.uioverrides.QuickstepLauncher}}} topActivityType=2 pictureInPictureParams=null shouldDockBigOverlays=false launchIntoPipHostTaskId=-1 lastParentTaskIdBeforePip=-1 displayCutoutSafeInsets=null topActivityInfo=ActivityInfo{d02129 com.android.launcher3.uioverrides.QuickstepLauncher} launchCookies=[] positionInParent=Point(0, 0) parentTaskId=-1 isFocused=true isVisible=false isVisibleRequested=true isSleeping=false locusId=LocusId[17_chars] displayAreaFeatureId=1 isTopActivityTransparent=false appCompatTaskInfo=AppCompatTaskInfo { topActivityInSizeCompat=false topActivityEligibleForLetterboxEducation= falseisLetterboxEducationEnabled= false isLetterboxDoubleTapEnabled= false topActivityEligibleForUserAspectRatioButton= false topActivityBoundsLetterboxed= false isFromLetterboxDoubleTap= false topActivityLetterboxVerticalPosition= -1 topActivityLetterboxHorizontalPosition= -1 topActivityLetterboxWidth=1080 topActivityLetterboxHeight=2400 isUserFullscreenOverrideEnabled=false isSystemFullscreenOverrideEnabled=false cameraCompatTaskInfo=CameraCompatTaskInfo { cameraCompatControlState=hidden freeformCameraCompatMode=inactive}}}, pipTask = null, remoteTransition = null, displayChange = null, flags = 0, debugId = 55 }
11-29 09:25:44.594 1278 1317 V WindowManager: startWCT=WindowContainerTransaction { changes = {} hops = [] errorCallbackToken=null taskFragmentOrganizer=null }
11-29 09:25:44.595 1278 1317 V WindowManager: info={id=55 t=OPEN f=0x0 trk=0 r=[0@Point(0, 0)] c=[
11-29 09:25:44.595 1278 1317 V WindowManager: {WCT{RemoteToken{9501e19 Task{5faec2e #1 type=home}}} m=TO_FRONT f=SHOW_WALLPAPER|MOVE_TO_TOP leash=Surface(name=Task=1)/@0x10c3093 sb=Rect(0, 0 - 1080, 2400) eb=Rect(0, 0 - 1080, 2400) d=0 taskParent=-1},
