11-29 09:24:10.807 1119 7619 I QC2C2DEngine: calcYSize: unsupported or RGB color format, RGBA8888(1)
11-29 09:24:10.824 1119 7619 I QC2C2DEngine: calcYSize: unsupported or RGB color format, RGBA8888(1)
11-29 09:24:10.840 1119 7619 I QC2C2DEngine: calcYSize: unsupported or RGB color format, RGBA8888(1)
11-29 09:24:10.858 1119 7619 I QC2C2DEngine: calcYSize: unsupported or RGB color format, RGBA8888(1)
11-29 09:24:10.866 4097 4297 W HidlServiceManagement: Waited one second for android.hardware.drm@1.0::IDrmFactory/widevine
11-29 09:24:10.866 643 643 I hwservicemanager: Since android.hardware.drm@1.0::IDrmFactory/widevine is not registered, trying to start it as a lazy HAL (if it's not configured to be a lazy HAL, it may be stuck starting or still starting).
11-29 09:24:10.867 4097 4297 I HidlServiceManagement: getService: Trying again for android.hardware.drm@1.0::IDrmFactory/widevine...
11-29 09:24:10.874 1119 7619 I QC2C2DEngine: calcYSize: unsupported or RGB color format, RGBA8888(1)
11-29 09:24:10.892 1119 7619 I QC2C2DEngine: calcYSize: unsupported or RGB color format, RGBA8888(1)
11-29 09:24:10.903 8117 8117 F linker : CANNOT LINK EXECUTABLE "/vendor/bin/hw/android.hardware.drm@1.3-service.widevine": cannot locate symbol "CBS_init" referenced by "/vendor/lib64/libwvhidl.so"...
11-29 09:24:10.908 1119 7619 I QC2C2DEngine: calcYSize: unsupported or RGB color format, RGBA8888(1)
11-29 09:24:10.923 1119 7619 I QC2C2DEngine: calcYSize: unsupported or RGB color format, RGBA8888(1)
11-29 09:24:10.928 8118 8118 I flags_health_check: ServerConfigurableFlagsReset reset_mode value: 1
11-29 09:24:10.928 8118 8118 I flags_health_check: ServerConfigurableFlagsReset updatable crashing detected, resetting flags.
11-29 09:24:10.939 1119 7619 I QC2C2DEngine: calcYSize: unsupported or RGB color format, RGBA8888(1)
11-29 09:24:10.958 1119 7619 I QC2C2DEngine: calcYSize: unsupported or RGB color format, RGBA8888(1)
11-29 09:24:10.976 1119 7619 I QC2C2DEngine: calcYSize: unsupported or RGB color format, RGBA8888(1)
11-29 09:24:10.993 1119 7619 I QC2C2DEngine: calcYSize: unsupported or RGB color format, RGBA8888(1)
11-29 09:24:11.009 1119 7619 I QC2C2DEngine: calcYSize: unsupported or RGB color format, RGBA8888(1)
11-29 09:24:11.026 1119 7619 I QC2C2DEngine: calcYSize: unsupported or RGB color format, RGBA8888(1)
11-29 09:24:11.043 1119 7619 I QC2C2DEngine: calcYSize: unsupported or RGB color format, RGBA8888(1)
11-29 09:24:11.061 1119 7619 I QC2C2DEngine: calcYSize: unsupported or RGB color format, RGBA8888(1)
11-29 09:24:11.079 1119 7619 I QC2C2DEngine: calcYSize: unsupported or RGB color format, RGBA8888(1)
11-29 09:24:11.092 1119 7619 I QC2C2DEngine: calcYSize: unsupported or RGB color format, RGBA8888(1)
11-29 09:24:11.109 1119 7619 I QC2C2DEngine: calcYSize: unsupported or RGB color format, RGBA8888(1)
11-29 09:24:11.127 1119 7619 I QC2C2DEngine: calcYSize: unsupported or RGB color format, RGBA8888(1)
11-29 09:24:11.142 1119 7619 I QC2C2DEngine: calcYSize: unsupported or RGB color format, RGBA8888(1)
11-29 09:24:11.159 1119 7619 I QC2C2DEngine: calcYSize: unsupported or RGB color format, RGBA8888(1)
11-29 09:24:11.178 1119 7619 I QC2C2DEngine: calcYSize: unsupported or RGB color format, RGBA8888(1)
11-29 09:24:11.193 1119 7619 I QC2C2DEngine: calcYSize: unsupported or RGB color format, RGBA8888(1)
11-29 09:24:11.209 1119 7619 I QC2C2DEngine: calcYSize: unsupported or RGB color format, RGBA8888(1)
11-29 09:24:11.227 1119 7619 I QC2C2DEngine: calcYSize: unsupported or RGB color format, RGBA8888(1)
11-29 09:24:11.244 1119 7619 I QC2C2DEngine: calcYSize: unsupported or RGB color format, RGBA8888(1)
11-29 09:24:11.263 1119 7619 I QC2C2DEngine: calcYSize: unsupported or RGB color format, RGBA8888(1)
11-29 09:24:11.278 1119 7619 I QC2C2DEngine: calcYSize: unsupported or RGB color format, RGBA8888(1)
11-29 09:24:11.295 1119 7619 I QC2C2DEngine: calcYSize: unsupported or RGB color format, RGBA8888(1)
11-29 09:24:11.396 1119 7619 I QC2C2DEngine: calcYSize: unsupported or RGB color format, RGBA8888(1)
11-29 09:24:11.431 1119 7619 I QC2C2DEngine: calcYSize: unsupported or RGB color format, RGBA8888(1)
11-29 09:24:11.442 4097 4097 W JobService: onNetworkChanged() not implemented in androidx.work.impl.background.systemjob.SystemJobService. Must override in a subclass.
11-29 09:24:11.445 1119 7619 I QC2C2DEngine: calcYSize: unsupported or RGB color format, RGBA8888(1)
11-29 09:24:11.451 4097 4128 D WM-NetworkStateTracker: Network capabilities changed: [ Transports: WIFI Capabilities: NOT_METERED&INTERNET&NOT_RESTRICTED&TRUSTED&NOT_VPN&VALIDATED&NOT_ROAMING&FOREGROUND&NOT_CONGESTED&NOT_SUSPENDED&NOT_VCN_MANAGED&NOT_BANDWIDTH_CONSTRAINED LinkUpBandwidth>=10000Kbps LinkDnBandwidth>=45205Kbps TransportInfo: , BSSID: 02:00:00:00:00:00, MAC: 02:00:00:00:00:00, IP: /192.168.1.148, Security type: 2, Supplicant state: COMPLETED, Wi-Fi standard: 11n, RSSI: -72, Link speed: 130Mbps, Tx Link speed: 130Mbps, Max Supported Tx Link speed: 144Mbps, Rx Link speed: 86Mbps, Max Supported Rx Link speed: 144Mbps, Frequency: 2447MHz, Net ID: -1, Metered hint: false, score: 60, isUsable: true, CarrierMerged: false, SubscriptionId: -1, IsPrimary: -1, Trusted: true, Restricted: false, Ephemeral: false, OEM paid: false, OEM private: false, OSU AP: false, FQDN: , Provider friendly name: , Requesting package name: MLO Information: , Is TID-To-Link negotiation supported by the AP: false, AP MLD Address: , AP MLO Link Id: , AP MLO Affiliated links: , Vendor Data: > SignalStrength: -72 UnderlyingNetworks: Null]
11-29 09:24:11.459 1119 7619 I QC2C2DEngine: calcYSize: unsupported or RGB color format, RGBA8888(1)
11-29 09:24:11.477 1119 7619 I QC2C2DEngine: calcYSize: unsupported or RGB color format, RGBA8888(1)
11-29 09:24:11.494 1119 7619 I QC2C2DEngine: calcYSize: unsupported or RGB color format, RGBA8888(1)
11-29 09:24:11.510 1119 7619 I QC2C2DEngine: calcYSize: unsupported or RGB color format, RGBA8888(1)
11-29 09:24:11.528 1119 7619 I QC2C2DEngine: calcYSize: unsupported or RGB color format, RGBA8888(1)
11-29 09:24:11.544 1119 7619 I QC2C2DEngine: calcYSize: unsupported or RGB color format, RGBA8888(1)
11-29 09:24:11.561 1119 7619 I QC2C2DEngine: calcYSize: unsupported or RGB color format, RGBA8888(1)
11-29 09:24:11.575 1119 7619 I QC2Comp : [avcE_14] Stats: Pending(0) i/p-done(0) Works: Q: 2240/Done 2240|Work-Rate: Q(12.2/s Avg=31.7/s) Done(12.199/s Avg=31.736/s)| Stream: 63.04fps 8.6Mbps
11-29 09:24:11.575 1119 7619 I QC2Comp : Mem-usage: [In-2D - 65 bufs 365.625 MB] [1D-17 - 7 bufs 13.098 MB] [1D-0 - 2 bufs 0.008 MB]
11-29 09:24:11.575 1119 7619 I QC2Comp : Total Mem-usage: 378.730 MB
11-29 09:24:11.579 1119 7619 I QC2C2DEngine: calcYSize: unsupported or RGB color format, RGBA8888(1)
11-29 09:24:11.596 1119 7619 I QC2C2DEngine: calcYSize: unsupported or RGB color format, RGBA8888(1)
11-29 09:24:11.611 1119 7619 I QC2C2DEngine: calcYSize: unsupported or RGB color format, RGBA8888(1)
11-29 09:24:11.631 1119 7619 I QC2C2DEngine: calcYSize: unsupported or RGB color format, RGBA8888(1)
11-29 09:24:11.645 1119 7619 I QC2C2DEngine: calcYSize: unsupported or RGB color format, RGBA8888(1)
11-29 09:24:11.662 1119 7619 I QC2C2DEngine: calcYSize: unsupported or RGB color format, RGBA8888(1)
11-29 09:24:11.679 1119 7619 I QC2C2DEngine: calcYSize: unsupported or RGB color format, RGBA8888(1)
11-29 09:24:11.695 1119 7619 I QC2C2DEngine: calcYSize: unsupported or RGB color format, RGBA8888(1)
11-29 09:24:11.711 1119 7619 I QC2C2DEngine: calcYSize: unsupported or RGB color format, RGBA8888(1)
11-29 09:24:11.727 1119 7619 I QC2C2DEngine: calcYSize: unsupported or RGB color format, RGBA8888(1)
11-29 09:24:11.744 1119 7619 I QC2C2DEngine: calcYSize: unsupported or RGB color format, RGBA8888(1)
11-29 09:24:11.762 1119 7619 I QC2C2DEngine: calcYSize: unsupported or RGB color format, RGBA8888(1)
11-29 09:24:11.779 1119 7619 I QC2C2DEngine: calcYSize: unsupported or RGB color format, RGBA8888(1)
11-29 09:24:11.794 1055 1079 I android.hardware.thermal@2.0-service.qti: uevent triggered for sensor: camera-therm-usr
11-29 09:24:11.795 1119 7619 I QC2C2DEngine: calcYSize: unsupported or RGB color format, RGBA8888(1)
11-29 09:24:11.812 1119 7619 I QC2C2DEngine: calcYSize: unsupported or RGB color format, RGBA8888(1)
11-29 09:24:11.829 1119 7619 I QC2C2DEngine: calcYSize: unsupported or RGB color format, RGBA8888(1)
11-29 09:24:11.847 1119 7619 I QC2C2DEngine: calcYSize: unsupported or RGB color format, RGBA8888(1)
11-29 09:24:11.864 1119 7619 I QC2C2DEngine: calcYSize: unsupported or RGB color format, RGBA8888(1)
11-29 09:24:11.868 4097 4297 W HidlServiceManagement: Waited one second for android.hardware.drm@1.0::IDrmFactory/widevine
11-29 09:24:11.868 643 643 I hwservicemanager: Since android.hardware.drm@1.0::IDrmFactory/widevine is not registered, trying to start it as a lazy HAL (if it's not configured to be a lazy HAL, it may be stuck starting or still starting).
11-29 09:24:11.869 4097 4297 I HidlServiceManagement: getService: Trying again for android.hardware.drm@1.0::IDrmFactory/widevine...
11-29 09:24:11.879 1119 7619 I QC2C2DEngine: calcYSize: unsupported or RGB color format, RGBA8888(1)
11-29 09:24:11.895 1119 7619 I QC2C2DEngine: calcYSize: unsupported or RGB color format, RGBA8888(1)
11-29 09:24:11.906 8120 8120 F linker : CANNOT LINK EXECUTABLE "/vendor/bin/hw/android.hardware.drm@1.3-service.widevine": cannot locate symbol "CBS_init" referenced by "/vendor/lib64/libwvhidl.so"...
11-29 09:24:11.911 1119 7619 I QC2C2DEngine: calcYSize: unsupported or RGB color format, RGBA8888(1)
11-29 09:24:11.928 1119 7619 I QC2C2DEngine: calcYSize: unsupported or RGB color format, RGBA8888(1)
11-29 09:24:11.933 8121 8121 I flags_health_check: ServerConfigurableFlagsReset reset_mode value: 1
11-29 09:24:11.933 8121 8121 I flags_health_check: ServerConfigurableFlagsReset updatable crashing detected, resetting flags.
11-29 09:24:11.946 1119 7619 I QC2C2DEngine: calcYSize: unsupported or RGB color format, RGBA8888(1)
11-29 09:24:11.962 1119 7619 I QC2C2DEngine: calcYSize: unsupported or RGB color format, RGBA8888(1)
11-29 09:24:11.981 1119 7619 I QC2C2DEngine: calcYSize: unsupported or RGB color format, RGBA8888(1)
11-29 09:24:11.997 1119 7619 I QC2C2DEngine: calcYSize: unsupported or RGB color format, RGBA8888(1)
11-29 09:24:12.013 1119 7619 I QC2C2DEngine: calcYSize: unsupported or RGB color format, RGBA8888(1)
11-29 09:24:12.020 3280 3404 W ThermalEngine: thermal_sensor_get_temperature: virtual-therm Reading 24355 .
11-29 09:24:12.030 1119 7619 I QC2C2DEngine: calcYSize: unsupported or RGB color format, RGBA8888(1)
11-29 09:24:12.048 1119 7619 I QC2C2DEngine: calcYSize: unsupported or RGB color format, RGBA8888(1)
11-29 09:24:12.148 1119 7619 I QC2C2DEngine: calcYSize: unsupported or RGB color format, RGBA8888(1)
11-29 09:24:12.234 1119 7619 I QC2C2DEngine: calcYSize: unsupported or RGB color format, RGBA8888(1)
11-29 09:24:12.249 1119 7619 I QC2C2DEngine: calcYSize: unsupported or RGB color format, RGBA8888(1)
11-29 09:24:12.265 1119 7619 I QC2C2DEngine: calcYSize: unsupported or RGB color format, RGBA8888(1)
11-29 09:24:12.281 1119 7619 I QC2C2DEngine: calcYSize: unsupported or RGB color format, RGBA8888(1)
11-29 09:24:12.298 1119 7619 I QC2C2DEngine: calcYSize: unsupported or RGB color format, RGBA8888(1)
11-29 09:24:12.316 1119 7619 I QC2C2DEngine: calcYSize: unsupported or RGB color format, RGBA8888(1)
11-29 09:24:12.333 1119 7619 I QC2C2DEngine: calcYSize: unsupported or RGB color format, RGBA8888(1)
11-29 09:24:12.348 1119 7619 I QC2C2DEngine: calcYSize: unsupported or RGB color format, RGBA8888(1)
11-29 09:24:12.364 1119 7619 I QC2C2DEngine: calcYSize: unsupported or RGB color format, RGBA8888(1)
11-29 09:24:12.382 1119 7619 I QC2C2DEngine: calcYSize: unsupported or RGB color format, RGBA8888(1)
11-29 09:24:12.398 1119 7619 I QC2C2DEngine: calcYSize: unsupported or RGB color format, RGBA8888(1)
11-29 09:24:12.414 1119 7619 I QC2C2DEngine: calcYSize: unsupported or RGB color format, RGBA8888(1)
11-29 09:24:12.432 1119 7619 I QC2C2DEngine: calcYSize: unsupported or RGB color format, RGBA8888(1)
11-29 09:24:12.449 1119 7619 I QC2C2DEngine: calcYSize: unsupported or RGB color format, RGBA8888(1)
11-29 09:24:12.465 1119 7619 I QC2C2DEngine: calcYSize: unsupported or RGB color format, RGBA8888(1)
11-29 09:24:12.481 1119 7619 I QC2C2DEngine: calcYSize: unsupported or RGB color format, RGBA8888(1)
11-29 09:24:12.499 1119 7619 I QC2C2DEngine: calcYSize: unsupported or RGB color format, RGBA8888(1)
11-29 09:24:12.515 1119 7619 I QC2C2DEngine: calcYSize: unsupported or RGB color format, RGBA8888(1)
11-29 09:24:12.533 1119 7619 I QC2C2DEngine: calcYSize: unsupported or RGB color format, RGBA8888(1)
11-29 09:24:12.551 1119 7619 I QC2C2DEngine: calcYSize: unsupported or RGB color format, RGBA8888(1)
11-29 09:24:12.567 1119 7619 I QC2C2DEngine: calcYSize: unsupported or RGB color format, RGBA8888(1)
11-29 09:24:12.584 1119 7619 I QC2C2DEngine: calcYSize: unsupported or RGB color format, RGBA8888(1)
11-29 09:24:12.601 1119 7619 I QC2C2DEngine: calcYSize: unsupported or RGB color format, RGBA8888(1)
11-29 09:24:12.705 1119 7619 I QC2C2DEngine: calcYSize: unsupported or RGB color format, RGBA8888(1)
11-29 09:24:12.805 1119 7619 I QC2C2DEngine: calcYSize: unsupported or RGB color format, RGBA8888(1)
11-29 09:24:12.829 1055 1079 I android.hardware.thermal@2.0-service.qti: uevent triggered for sensor: camera-therm-usr
11-29 09:24:12.857 8122 8122 D diagcommd: DBG:Diag Daemon services process entry PPID = 1
11-29 09:24:12.858 8122 8122 D diagcommd: DBG:Calling LSM init
11-29 09:24:12.858 8122 8122 E Diag_Lib: diag:failed to connect to diag socket
11-29 09:24:12.858 8122 8122 E Diag_Lib: Diag_LSM_Init: Failed to open handle to diag driver, error = 25
11-29 09:24:12.858 8122 8122 E diagcommd: ERR:DiagDaemon: Diag_LSM_Init() failed.
11-29 09:24:12.866 7594 7612 D BufferPoolAccessor2.0: bufferpool2 0xb400007d61f5ebe8 : 5(19200 size) total buffers - 4(15360 size) used buffers - 3580/3585 (recycle/alloc) - 15/7161 (fetch/transfer)
11-29 09:24:12.869 4097 4297 W HidlServiceManagement: Waited one second for android.hardware.drm@1.0::IDrmFactory/widevine
11-29 09:24:12.870 643 643 I hwservicemanager: Since android.hardware.drm@1.0::IDrmFactory/widevine is not registered, trying to start it as a lazy HAL (if it's not configured to be a lazy HAL, it may be stuck starting or still starting).
11-29 09:24:12.870 4097 4297 I HidlServiceManagement: getService: Trying again for android.hardware.drm@1.0::IDrmFactory/widevine...
11-29 09:24:12.881 8123 8123 I flags_health_check: ServerConfigurableFlagsReset reset_mode value: 1
11-29 09:24:12.881 8123 8123 I flags_health_check: ServerConfigurableFlagsReset updatable crashing detected, resetting flags.
11-29 09:24:12.893 8125 8125 F linker : CANNOT LINK EXECUTABLE "/vendor/bin/hw/android.hardware.drm@1.3-service.widevine": cannot locate symbol "CBS_init" referenced by "/vendor/lib64/libwvhidl.so"...
11-29 09:24:12.906 1119 7619 I QC2C2DEngine: calcYSize: unsupported or RGB color format, RGBA8888(1)
11-29 09:24:12.932 1479 7620 D BufferPoolAccessor2.0: bufferpool2 0xb4000073b6481f08 : 3(7500 size) total buffers - 1(3000 size) used buffers - 3583/3586 (recycle/alloc) - 5/3584 (fetch/transfer)
11-29 09:24:12.943 8126 8126 I flags_health_check: ServerConfigurableFlagsReset reset_mode value: 1
11-29 09:24:12.943 8126 8126 I flags_health_check: ServerConfigurableFlagsReset updatable crashing detected, resetting flags.
11-29 09:24:13.006 1119 7619 I QC2C2DEngine: calcYSize: unsupported or RGB color format, RGBA8888(1)
11-29 09:24:13.108 1119 7619 I QC2C2DEngine: calcYSize: unsupported or RGB color format, RGBA8888(1)
11-29 09:24:13.210 1119 7619 I QC2C2DEngine: calcYSize: unsupported or RGB color format, RGBA8888(1)
11-29 09:24:13.310 1119 7619 I QC2C2DEngine: calcYSize: unsupported or RGB color format, RGBA8888(1)
11-29 09:24:13.413 1119 7619 I QC2C2DEngine: calcYSize: unsupported or RGB color format, RGBA8888(1)
11-29 09:24:13.520 1119 7619 I QC2C2DEngine: calcYSize: unsupported or RGB color format, RGBA8888(1)
11-29 09:24:13.619 1119 7619 I QC2C2DEngine: calcYSize: unsupported or RGB color format, RGBA8888(1)
11-29 09:24:13.639 1119 7619 I QC2C2DEngine: calcYSize: unsupported or RGB color format, RGBA8888(1)
11-29 09:24:13.655 1119 7619 I QC2C2DEngine: calcYSize: unsupported or RGB color format, RGBA8888(1)
11-29 09:24:13.670 1119 7619 I QC2C2DEngine: calcYSize: unsupported or RGB color format, RGBA8888(1)
11-29 09:24:13.687 1119 7619 I QC2C2DEngine: calcYSize: unsupported or RGB color format, RGBA8888(1)
11-29 09:24:13.706 1119 7619 I QC2C2DEngine: calcYSize: unsupported or RGB color format, RGBA8888(1)
11-29 09:24:13.722 1119 7619 I QC2C2DEngine: calcYSize: unsupported or RGB color format, RGBA8888(1)
11-29 09:24:13.731 6716 6716 W Choreographer: Frame time is 0.047044 ms in the future! Check that graphics HAL is generating vsync timestamps using the correct timebase.
11-29 09:24:13.738 1119 7619 I QC2C2DEngine: calcYSize: unsupported or RGB color format, RGBA8888(1)
11-29 09:24:13.756 1119 7619 I QC2C2DEngine: calcYSize: unsupported or RGB color format, RGBA8888(1)
11-29 09:24:13.776 1119 7619 I QC2C2DEngine: calcYSize: unsupported or RGB color format, RGBA8888(1)
11-29 09:24:13.791 1119 7619 I QC2C2DEngine: calcYSize: unsupported or RGB color format, RGBA8888(1)
11-29 09:24:13.806 1119 7619 I QC2C2DEngine: calcYSize: unsupported or RGB color format, RGBA8888(1)
11-29 09:24:13.823 1119 7619 I QC2C2DEngine: calcYSize: unsupported or RGB color format, RGBA8888(1)
11-29 09:24:13.840 1119 7619 I QC2C2DEngine: calcYSize: unsupported or RGB color format, RGBA8888(1)
11-29 09:24:13.841 1055 1079 I android.hardware.thermal@2.0-service.qti: uevent triggered for sensor: camera-therm-usr
11-29 09:24:13.856 1119 7619 I QC2C2DEngine: calcYSize: unsupported or RGB color format, RGBA8888(1)
11-29 09:24:13.871 4097 4297 W HidlServiceManagement: Waited one second for android.hardware.drm@1.0::IDrmFactory/widevine
11-29 09:24:13.873 1119 7619 I QC2C2DEngine: calcYSize: unsupported or RGB color format, RGBA8888(1)
11-29 09:24:13.874 643 643 I hwservicemanager: Since android.hardware.drm@1.0::IDrmFactory/widevine is not registered, trying to start it as a lazy HAL (if it's not configured to be a lazy HAL, it may be stuck starting or still starting).
11-29 09:24:13.875 4097 4297 I HidlServiceManagement: getService: Trying again for android.hardware.drm@1.0::IDrmFactory/widevine...
11-29 09:24:13.891 1119 7619 I QC2C2DEngine: calcYSize: unsupported or RGB color format, RGBA8888(1)
11-29 09:24:13.901 8128 8128 F linker : CANNOT LINK EXECUTABLE "/vendor/bin/hw/android.hardware.drm@1.3-service.widevine": cannot locate symbol "CBS_init" referenced by "/vendor/lib64/libwvhidl.so"...
11-29 09:24:13.905 1119 7619 I QC2C2DEngine: calcYSize: unsupported or RGB color format, RGBA8888(1)
11-29 09:24:13.922 1119 7619 I QC2C2DEngine: calcYSize: unsupported or RGB color format, RGBA8888(1)
11-29 09:24:13.930 8129 8129 I flags_health_check: ServerConfigurableFlagsReset reset_mode value: 1
11-29 09:24:13.930 8129 8129 I flags_health_check: ServerConfigurableFlagsReset updatable crashing detected, resetting flags.
11-29 09:24:13.939 1119 7619 I QC2C2DEngine: calcYSize: unsupported or RGB color format, RGBA8888(1)
11-29 09:24:13.955 1119 7619 I QC2C2DEngine: calcYSize: unsupported or RGB color format, RGBA8888(1)
11-29 09:24:13.974 1119 7619 I QC2C2DEngine: calcYSize: unsupported or RGB color format, RGBA8888(1)
11-29 09:24:13.991 1119 7619 I QC2C2DEngine: calcYSize: unsupported or RGB color format, RGBA8888(1)
11-29 09:24:14.008 1119 7619 I QC2C2DEngine: calcYSize: unsupported or RGB color format, RGBA8888(1)
11-29 09:24:14.025 1119 7619 I QC2C2DEngine: calcYSize: unsupported or RGB color format, RGBA8888(1)
11-29 09:24:14.040 1119 7619 I QC2C2DEngine: calcYSize: unsupported or RGB color format, RGBA8888(1)
11-29 09:24:14.057 1119 7619 I QC2C2DEngine: calcYSize: unsupported or RGB color format, RGBA8888(1)
11-29 09:24:14.075 1119 7619 I QC2C2DEngine: calcYSize: unsupported or RGB color format, RGBA8888(1)
11-29 09:24:14.091 1119 7619 I QC2C2DEngine: calcYSize: unsupported or RGB color format, RGBA8888(1)
11-29 09:24:14.107 1119 7619 I QC2C2DEngine: calcYSize: unsupported or RGB color format, RGBA8888(1)
11-29 09:24:14.126 1119 7619 I QC2C2DEngine: calcYSize: unsupported or RGB color format, RGBA8888(1)
11-29 09:24:14.141 1119 7619 I QC2C2DEngine: calcYSize: unsupported or RGB color format, RGBA8888(1)
11-29 09:24:14.159 1119 7619 I QC2C2DEngine: calcYSize: unsupported or RGB color format, RGBA8888(1)
11-29 09:24:14.177 1119 7619 I QC2C2DEngine: calcYSize: unsupported or RGB color format, RGBA8888(1)
11-29 09:24:14.191 1119 7619 I QC2C2DEngine: calcYSize: unsupported or RGB color format, RGBA8888(1)
11-29 09:24:14.207 1119 7619 I QC2C2DEngine: calcYSize: unsupported or RGB color format, RGBA8888(1)
11-29 09:24:14.223 1119 7619 I QC2C2DEngine: calcYSize: unsupported or RGB color format, RGBA8888(1)
11-29 09:24:14.241 1119 7619 I QC2C2DEngine: calcYSize: unsupported or RGB color format, RGBA8888(1)
11-29 09:24:14.259 1119 7619 I QC2C2DEngine: calcYSize: unsupported or RGB color format, RGBA8888(1)
11-29 09:24:14.277 1119 7619 I QC2C2DEngine: calcYSize: unsupported or RGB color format, RGBA8888(1)
11-29 09:24:14.292 1119 7619 I QC2C2DEngine: calcYSize: unsupported or RGB color format, RGBA8888(1)
11-29 09:24:14.307 1119 7619 I QC2C2DEngine: calcYSize: unsupported or RGB color format, RGBA8888(1)
11-29 09:24:14.415 1119 7619 I QC2C2DEngine: calcYSize: unsupported or RGB color format, RGBA8888(1)
11-29 09:24:14.515 1119 7619 I QC2C2DEngine: calcYSize: unsupported or RGB color format, RGBA8888(1)
11-29 09:24:14.616 1119 7619 I QC2C2DEngine: calcYSize: unsupported or RGB color format, RGBA8888(1)
11-29 09:24:14.717 1119 7619 I QC2C2DEngine: calcYSize: unsupported or RGB color format, RGBA8888(1)
11-29 09:24:14.797 1054 7180 I sensors-hal: handle_sns_client_event:470, [SSC_HAL] ACCEL, ts:929.718696 s X:0.04 Y:0.17 Z:9.79, elapsedRealtime: 929.728627, ts_diff: 0.009932, pb_ts: 18142805044, offset = -15219066746
11-29 09:24:14.818 1119 7619 I QC2C2DEngine: calcYSize: unsupported or RGB color format, RGBA8888(1)
11-29 09:24:14.865 1055 1079 I android.hardware.thermal@2.0-service.qti: uevent triggered for sensor: camera-therm-usr
11-29 09:24:14.875 4097 4297 W HidlServiceManagement: Waited one second for android.hardware.drm@1.0::IDrmFactory/widevine
11-29 09:24:14.876 643 643 I hwservicemanager: Since android.hardware.drm@1.0::IDrmFactory/widevine is not registered, trying to start it as a lazy HAL (if it's not configured to be a lazy HAL, it may be stuck starting or still starting).
11-29 09:24:14.876 4097 4297 I HidlServiceManagement: getService: Trying again for android.hardware.drm@1.0::IDrmFactory/widevine...
11-29 09:24:14.916 8131 8131 F linker : CANNOT LINK EXECUTABLE "/vendor/bin/hw/android.hardware.drm@1.3-service.widevine": cannot locate symbol "CBS_init" referenced by "/vendor/lib64/libwvhidl.so"...
11-29 09:24:14.916 1119 7619 I QC2C2DEngine: calcYSize: unsupported or RGB color format, RGBA8888(1)
11-29 09:24:14.944 8132 8132 I flags_health_check: ServerConfigurableFlagsReset reset_mode value: 1
11-29 09:24:14.944 8132 8132 I flags_health_check: ServerConfigurableFlagsReset updatable crashing detected, resetting flags.
11-29 09:24:15.022 1119 7619 I QC2C2DEngine: calcYSize: unsupported or RGB color format, RGBA8888(1)
11-29 09:24:15.122 1119 7619 I QC2C2DEngine: calcYSize: unsupported or RGB color format, RGBA8888(1)
11-29 09:24:15.223 1119 7619 I QC2C2DEngine: calcYSize: unsupported or RGB color format, RGBA8888(1)
11-29 09:24:15.325 1119 7619 I QC2C2DEngine: calcYSize: unsupported or RGB color format, RGBA8888(1)
11-29 09:24:15.876 4097 4297 W HidlServiceManagement: Waited one second for android.hardware.drm@1.0::IDrmFactory/widevine
11-29 09:24:15.877 643 643 I hwservicemanager: Since android.hardware.drm@1.0::IDrmFactory/widevine is not registered, trying to start it as a lazy HAL (if it's not configured to be a lazy HAL, it may be stuck starting or still starting).
11-29 09:24:15.878 4097 4297 I HidlServiceManagement: getService: Trying again for android.hardware.drm@1.0::IDrmFactory/widevine...
11-29 09:24:15.888 1055 1079 I android.hardware.thermal@2.0-service.qti: uevent triggered for sensor: camera-therm-usr
11-29 09:24:15.917 8134 8134 F linker : CANNOT LINK EXECUTABLE "/vendor/bin/hw/android.hardware.drm@1.3-service.widevine": cannot locate symbol "CBS_init" referenced by "/vendor/lib64/libwvhidl.so"...
11-29 09:24:15.939 8135 8135 I flags_health_check: ServerConfigurableFlagsReset reset_mode value: 1
11-29 09:24:15.940 8135 8135 I flags_health_check: ServerConfigurableFlagsReset updatable crashing detected, resetting flags.
11-29 09:24:16.575 1119 7619 I QC2Comp : [avcE_14] Stats: Pending(0) i/p-done(0) Works: Q: 2354/Done 2354|Work-Rate: Q(22.8/s Avg=31.1/s) Done(22.798/s Avg=31.145/s)| Stream: 10.00fps 140.7Kbps
11-29 09:24:16.575 1119 7619 I QC2Comp : Mem-usage: [In-2D - 65 bufs 365.625 MB] [1D-17 - 7 bufs 13.098 MB] [1D-0 - 2 bufs 0.008 MB]
11-29 09:24:16.575 1119 7619 I QC2Comp : Total Mem-usage: 378.730 MB
11-29 09:24:16.879 4097 4297 W HidlServiceManagement: Waited one second for android.hardware.drm@1.0::IDrmFactory/widevine
11-29 09:24:16.880 643 643 I hwservicemanager: Since android.hardware.drm@1.0::IDrmFactory/widevine is not registered, trying to start it as a lazy HAL (if it's not configured to be a lazy HAL, it may be stuck starting or still starting).
11-29 09:24:16.881 4097 4297 I HidlServiceManagement: getService: Trying again for android.hardware.drm@1.0::IDrmFactory/widevine...
11-29 09:24:16.911 1055 1079 I android.hardware.thermal@2.0-service.qti: uevent triggered for sensor: camera-therm-usr
11-29 09:24:16.926 8137 8137 F linker : CANNOT LINK EXECUTABLE "/vendor/bin/hw/android.hardware.drm@1.3-service.widevine": cannot locate symbol "CBS_init" referenced by "/vendor/lib64/libwvhidl.so"...
11-29 09:24:16.962 8138 8138 I flags_health_check: ServerConfigurableFlagsReset reset_mode value: 1
11-29 09:24:16.962 8138 8138 I flags_health_check: ServerConfigurableFlagsReset updatable crashing detected, resetting flags.
11-29 09:24:17.866 8139 8139 D diagcommd: DBG:Diag Daemon services process entry PPID = 1
11-29 09:24:17.866 8139 8139 D diagcommd: DBG:Calling LSM init
11-29 09:24:17.866 8139 8139 E Diag_Lib: diag:failed to connect to diag socket
11-29 09:24:17.866 8139 8139 E Diag_Lib: Diag_LSM_Init: Failed to open handle to diag driver, error = 25
11-29 09:24:17.866 8139 8139 E diagcommd: ERR:DiagDaemon: Diag_LSM_Init() failed.
11-29 09:24:17.882 4097 4297 W HidlServiceManagement: Waited one second for android.hardware.drm@1.0::IDrmFactory/widevine
11-29 09:24:17.882 643 643 I hwservicemanager: Since android.hardware.drm@1.0::IDrmFactory/widevine is not registered, trying to start it as a lazy HAL (if it's not configured to be a lazy HAL, it may be stuck starting or still starting).
11-29 09:24:17.883 4097 4297 I HidlServiceManagement: getService: Trying again for android.hardware.drm@1.0::IDrmFactory/widevine...
11-29 09:24:17.888 8140 8140 I flags_health_check: ServerConfigurableFlagsReset reset_mode value: 1
11-29 09:24:17.888 8140 8140 I flags_health_check: ServerConfigurableFlagsReset updatable crashing detected, resetting flags.
11-29 09:24:17.906 8142 8142 F linker : CANNOT LINK EXECUTABLE "/vendor/bin/hw/android.hardware.drm@1.3-service.widevine": cannot locate symbol "CBS_init" referenced by "/vendor/lib64/libwvhidl.so"...
11-29 09:24:17.931 8143 8143 I flags_health_check: ServerConfigurableFlagsReset reset_mode value: 1
11-29 09:24:17.931 8143 8143 I flags_health_check: ServerConfigurableFlagsReset updatable crashing detected, resetting flags.
11-29 09:24:17.935 1055 1079 I android.hardware.thermal@2.0-service.qti: uevent triggered for sensor: camera-therm-usr
11-29 09:24:17.966 7594 7612 D BufferPoolAccessor2.0: bufferpool2 0xb400007d61f5ebe8 : 5(19200 size) total buffers - 4(15360 size) used buffers - 3835/3840 (recycle/alloc) - 15/7671 (fetch/transfer)
11-29 09:24:18.033 3280 3404 W ThermalEngine: thermal_sensor_get_temperature: virtual-therm Reading 24314 .
11-29 09:24:18.051 1479 7620 D BufferPoolAccessor2.0: bufferpool2 0xb4000073b6481f08 : 3(7500 size) total buffers - 1(3000 size) used buffers - 3839/3842 (recycle/alloc) - 5/3840 (fetch/transfer)
11-29 09:24:18.883 4097 4297 W HidlServiceManagement: Waited one second for android.hardware.drm@1.0::IDrmFactory/widevine
11-29 09:24:18.886 643 643 I hwservicemanager: Since android.hardware.drm@1.0::IDrmFactory/widevine is not registered, trying to start it as a lazy HAL (if it's not configured to be a lazy HAL, it may be stuck starting or still starting).
11-29 09:24:18.887 4097 4297 I HidlServiceManagement: getService: Trying again for android.hardware.drm@1.0::IDrmFactory/widevine...
11-29 09:24:18.933 8145 8145 F linker : CANNOT LINK EXECUTABLE "/vendor/bin/hw/android.hardware.drm@1.3-service.widevine": cannot locate symbol "CBS_init" referenced by "/vendor/lib64/libwvhidl.so"...
11-29 09:24:18.959 8146 8146 I flags_health_check: ServerConfigurableFlagsReset reset_mode value: 1
11-29 09:24:18.959 8146 8146 I flags_health_check: ServerConfigurableFlagsReset updatable crashing detected, resetting flags.
11-29 09:24:18.959 1055 1079 I android.hardware.thermal@2.0-service.qti: uevent triggered for sensor: camera-therm-usr
11-29 09:24:19.758 1119 1759 D BufferPoolAccessor2.0: bufferpool2 0xe9b00b68 : 6(11771904 size) total buffers - 3(5885952 size) used buffers - 2351/2358 (recycle/alloc) - 18/2354 (fetch/transfer)
11-29 09:24:19.759 1119 1759 D BufferPoolAccessor2.0: evictor expired: 1, evicted: 1
11-29 09:24:19.887 4097 4297 W HidlServiceManagement: Waited one second for android.hardware.drm@1.0::IDrmFactory/widevine
11-29 09:24:19.889 643 643 I hwservicemanager: Since android.hardware.drm@1.0::IDrmFactory/widevine is not registered, trying to start it as a lazy HAL (if it's not configured to be a lazy HAL, it may be stuck starting or still starting).
11-29 09:24:19.890 4097 4297 I HidlServiceManagement: getService: Trying again for android.hardware.drm@1.0::IDrmFactory/widevine...
11-29 09:24:19.936 8148 8148 F linker : CANNOT LINK EXECUTABLE "/vendor/bin/hw/android.hardware.drm@1.3-service.widevine": cannot locate symbol "CBS_init" referenced by "/vendor/lib64/libwvhidl.so"...
11-29 09:24:19.962 8149 8149 I flags_health_check: ServerConfigurableFlagsReset reset_mode value: 1
11-29 09:24:19.962 8149 8149 I flags_health_check: ServerConfigurableFlagsReset updatable crashing detected, resetting flags.
11-29 09:24:19.968 1054 7180 I sensors-hal: handle_sns_client_event:470, [SSC_HAL] ACCEL, ts:934.718719 s X:0.04 Y:0.17 Z:9.77, elapsedRealtime: 934.899859, ts_diff: 0.181140, pb_ts: 18238805494, offset = -15219066746
11-29 09:24:19.983 1055 1079 I android.hardware.thermal@2.0-service.qti: uevent triggered for sensor: camera-therm-usr
11-29 09:24:20.891 4097 4297 W HidlServiceManagement: Waited one second for android.hardware.drm@1.0::IDrmFactory/widevine
11-29 09:24:20.893 643 643 I hwservicemanager: Since android.hardware.drm@1.0::IDrmFactory/widevine is not registered, trying to start it as a lazy HAL (if it's not configured to be a lazy HAL, it may be stuck starting or still starting).
11-29 09:24:20.894 4097 4297 I HidlServiceManagement: getService: Trying again for android.hardware.drm@1.0::IDrmFactory/widevine...
11-29 09:24:20.933 8151 8151 F linker : CANNOT LINK EXECUTABLE "/vendor/bin/hw/android.hardware.drm@1.3-service.widevine": cannot locate symbol "CBS_init" referenced by "/vendor/lib64/libwvhidl.so"...
11-29 09:24:20.960 8152 8152 I flags_health_check: ServerConfigurableFlagsReset reset_mode value: 1
11-29 09:24:20.960 8152 8152 I flags_health_check: ServerConfigurableFlagsReset updatable crashing detected, resetting flags.
11-29 09:24:21.009 1055 1079 I android.hardware.thermal@2.0-service.qti: uevent triggered for sensor: camera-therm-usr
11-29 09:24:21.577 1119 7619 I QC2Comp : [avcE_14] Stats: Pending(0) i/p-done(0) Works: Q: 2354/Done 2354|Work-Rate: Q(0.0/s Avg=29.2/s) Done(0.000/s Avg=29.212/s)| Stream: 10.00fps 140.7Kbps
11-29 09:24:21.577 1119 7619 I QC2Comp : Mem-usage: [In-2D - 65 bufs 365.625 MB] [1D-17 - 7 bufs 13.098 MB] [1D-0 - 2 bufs 0.008 MB]
11-29 09:24:21.577 1119 7619 I QC2Comp : Total Mem-usage: 378.730 MB
11-29 09:24:21.896 4097 4297 W HidlServiceManagement: Waited one second for android.hardware.drm@1.0::IDrmFactory/widevine
11-29 09:24:21.897 643 643 I hwservicemanager: Since android.hardware.drm@1.0::IDrmFactory/widevine is not registered, trying to start it as a lazy HAL (if it's not configured to be a lazy HAL, it may be stuck starting or still starting).
11-29 09:24:21.898 4097 4297 I HidlServiceManagement: getService: Trying again for android.hardware.drm@1.0::IDrmFactory/widevine...
11-29 09:24:21.944 8154 8154 F linker : CANNOT LINK EXECUTABLE "/vendor/bin/hw/android.hardware.drm@1.3-service.widevine": cannot locate symbol "CBS_init" referenced by "/vendor/lib64/libwvhidl.so"...
11-29 09:24:21.965 8155 8155 I flags_health_check: ServerConfigurableFlagsReset reset_mode value: 1
11-29 09:24:21.965 8155 8155 I flags_health_check: ServerConfigurableFlagsReset updatable crashing detected, resetting flags.
11-29 09:24:22.033 1055 1079 I android.hardware.thermal@2.0-service.qti: uevent triggered for sensor: camera-therm-usr
11-29 09:24:22.883 8156 8156 D diagcommd: DBG:Diag Daemon services process entry PPID = 1
11-29 09:24:22.883 8156 8156 D diagcommd: DBG:Calling LSM init
11-29 09:24:22.883 8156 8156 E Diag_Lib: diag:failed to connect to diag socket
11-29 09:24:22.883 8156 8156 E Diag_Lib: Diag_LSM_Init: Failed to open handle to diag driver, error = 25
11-29 09:24:22.883 8156 8156 E diagcommd: ERR:DiagDaemon: Diag_LSM_Init() failed.
11-29 09:24:22.899 4097 4297 W HidlServiceManagement: Waited one second for android.hardware.drm@1.0::IDrmFactory/widevine
11-29 09:24:22.899 643 643 I hwservicemanager: Since android.hardware.drm@1.0::IDrmFactory/widevine is not registered, trying to start it as a lazy HAL (if it's not configured to be a lazy HAL, it may be stuck starting or still starting).
11-29 09:24:22.899 4097 4297 I HidlServiceManagement: getService: Trying again for android.hardware.drm@1.0::IDrmFactory/widevine...
11-29 09:24:22.909 8157 8157 I flags_health_check: ServerConfigurableFlagsReset reset_mode value: 1
11-29 09:24:22.909 8157 8157 I flags_health_check: ServerConfigurableFlagsReset updatable crashing detected, resetting flags.
11-29 09:24:22.926 8159 8159 F linker : CANNOT LINK EXECUTABLE "/vendor/bin/hw/android.hardware.drm@1.3-service.widevine": cannot locate symbol "CBS_init" referenced by "/vendor/lib64/libwvhidl.so"...
11-29 09:24:22.950 8160 8160 I flags_health_check: ServerConfigurableFlagsReset reset_mode value: 1
11-29 09:24:22.950 8160 8160 I flags_health_check: ServerConfigurableFlagsReset updatable crashing detected, resetting flags.
11-29 09:24:23.058 1055 1079 I android.hardware.thermal@2.0-service.qti: uevent triggered for sensor: camera-therm-usr
11-29 09:24:23.086 7594 7612 D BufferPoolAccessor2.0: bufferpool2 0xb400007d61f5ebe8 : 5(19200 size) total buffers - 4(15360 size) used buffers - 4091/4096 (recycle/alloc) - 16/8183 (fetch/transfer)
11-29 09:24:23.171 1479 7620 D BufferPoolAccessor2.0: bufferpool2 0xb4000073b6481f08 : 3(7500 size) total buffers - 1(3000 size) used buffers - 4095/4098 (recycle/alloc) - 5/4096 (fetch/transfer)
11-29 09:24:23.900 4097 4297 W HidlServiceManagement: Waited one second for android.hardware.drm@1.0::IDrmFactory/widevine
11-29 09:24:23.902 643 643 I hwservicemanager: Since android.hardware.drm@1.0::IDrmFactory/widevine is not registered, trying to start it as a lazy HAL (if it's not configured to be a lazy HAL, it may be stuck starting or still starting).
11-29 09:24:23.904 4097 4297 I HidlServiceManagement: getService: Trying again for android.hardware.drm@1.0::IDrmFactory/widevine...
11-29 09:24:23.950 8162 8162 F linker : CANNOT LINK EXECUTABLE "/vendor/bin/hw/android.hardware.drm@1.3-service.widevine": cannot locate symbol "CBS_init" referenced by "/vendor/lib64/libwvhidl.so"...
11-29 09:24:23.976 8163 8163 I flags_health_check: ServerConfigurableFlagsReset reset_mode value: 1
11-29 09:24:23.976 8163 8163 I flags_health_check: ServerConfigurableFlagsReset updatable crashing detected, resetting flags.
11-29 09:24:24.051 3280 3404 W ThermalEngine: thermal_sensor_get_temperature: virtual-therm Reading 24258 .
11-29 09:24:24.081 1055 1079 I android.hardware.thermal@2.0-service.qti: uevent triggered for sensor: camera-therm-usr
11-29 09:24:24.902 1054 7180 I sensors-hal: handle_sns_client_event:470, [SSC_HAL] ACCEL, ts:939.718743 s X:0.04 Y:0.17 Z:9.77, elapsedRealtime: 939.833706, ts_diff: 0.114964, pb_ts: 18334805944, offset = -15219066746
11-29 09:24:24.904 4097 4297 W HidlServiceManagement: Waited one second for android.hardware.drm@1.0::IDrmFactory/widevine
11-29 09:24:24.906 643 643 I hwservicemanager: Since android.hardware.drm@1.0::IDrmFactory/widevine is not registered, trying to start it as a lazy HAL (if it's not configured to be a lazy HAL, it may be stuck starting or still starting).
11-29 09:24:24.907 4097 4297 I HidlServiceManagement: getService: Trying again for android.hardware.drm@1.0::IDrmFactory/widevine...
11-29 09:24:24.952 8165 8165 F linker : CANNOT LINK EXECUTABLE "/vendor/bin/hw/android.hardware.drm@1.3-service.widevine": cannot locate symbol "CBS_init" referenced by "/vendor/lib64/libwvhidl.so"...
11-29 09:24:24.973 8166 8166 I flags_health_check: ServerConfigurableFlagsReset reset_mode value: 1
11-29 09:24:24.973 8166 8166 I flags_health_check: ServerConfigurableFlagsReset updatable crashing detected, resetting flags.
11-29 09:24:25.107 1055 1079 I android.hardware.thermal@2.0-service.qti: uevent triggered for sensor: camera-therm-usr
11-29 09:24:25.908 4097 4297 W HidlServiceManagement: Waited one second for android.hardware.drm@1.0::IDrmFactory/widevine
11-29 09:24:25.909 643 643 I hwservicemanager: Since android.hardware.drm@1.0::IDrmFactory/widevine is not registered, trying to start it as a lazy HAL (if it's not configured to be a lazy HAL, it may be stuck starting or still starting).
11-29 09:24:25.911 4097 4297 I HidlServiceManagement: getService: Trying again for android.hardware.drm@1.0::IDrmFactory/widevine...
11-29 09:24:25.950 8168 8168 F linker : CANNOT LINK EXECUTABLE "/vendor/bin/hw/android.hardware.drm@1.3-service.widevine": cannot locate symbol "CBS_init" referenced by "/vendor/lib64/libwvhidl.so"...
11-29 09:24:25.972 8169 8169 I flags_health_check: ServerConfigurableFlagsReset reset_mode value: 1
11-29 09:24:25.972 8169 8169 I flags_health_check: ServerConfigurableFlagsReset updatable crashing detected, resetting flags.
11-29 09:24:26.128 1055 1079 I android.hardware.thermal@2.0-service.qti: uevent triggered for sensor: camera-therm-usr
11-29 09:24:26.578 1119 7619 I QC2Comp : [avcE_14] Stats: Pending(0) i/p-done(0) Works: Q: 2354/Done 2354|Work-Rate: Q(0.0/s Avg=27.5/s) Done(0.000/s Avg=27.505/s)| Stream: 10.00fps 140.7Kbps
11-29 09:24:26.578 1119 7619 I QC2Comp : Mem-usage: [In-2D - 65 bufs 365.625 MB] [1D-17 - 7 bufs 13.098 MB] [1D-0 - 2 bufs 0.008 MB]
11-29 09:24:26.578 1119 7619 I QC2Comp : Total Mem-usage: 378.730 MB
11-29 09:24:26.853 1278 2121 E JobScheduler.Background: Couldn't determine stopped state for unknown package: com.google.android.syncadapters.calendar
11-29 09:24:26.854 1278 2121 E JobScheduler.Background: Couldn't determine stopped state for unknown package: com.android.vending
11-29 09:24:26.911 4097 4297 W HidlServiceManagement: Waited one second for android.hardware.drm@1.0::IDrmFactory/widevine
11-29 09:24:26.913 643 643 I hwservicemanager: Since android.hardware.drm@1.0::IDrmFactory/widevine is not registered, trying to start it as a lazy HAL (if it's not configured to be a lazy HAL, it may be stuck starting or still starting).
11-29 09:24:26.914 4097 4297 I HidlServiceManagement: getService: Trying again for android.hardware.drm@1.0::IDrmFactory/widevine...
11-29 09:24:26.954 8171 8171 F linker : CANNOT LINK EXECUTABLE "/vendor/bin/hw/android.hardware.drm@1.3-service.widevine": cannot locate symbol "CBS_init" referenced by "/vendor/lib64/libwvhidl.so"...
11-29 09:24:26.979 8172 8172 I flags_health_check: ServerConfigurableFlagsReset reset_mode value: 1
11-29 09:24:26.979 8172 8172 I flags_health_check: ServerConfigurableFlagsReset updatable crashing detected, resetting flags.
11-29 09:24:27.153 1055 1079 I android.hardware.thermal@2.0-service.qti: uevent triggered for sensor: camera-therm-usr
11-29 09:24:27.190 2334 2334 D audioserver: logFgsApiBegin: FGS Logger Transaction failed, -129
11-29 09:24:27.190 2334 7637 D AudioFlinger: ro.audio.silent will be ignored for threads on AUDIO_DEVICE_OUT_REMOTE_SUBMIX
11-29 09:24:27.191 1278 2764 W AS.PlaybackActivityMon: No piid assigned for invalid/internal port id 41
11-29 09:24:27.209 1119 7619 I QC2C2DEngine: calcYSize: unsupported or RGB color format, RGBA8888(1)
11-29 09:24:27.220 1119 7641 D BufferPoolAccessor2.0: bufferpool2 0xe9b00b68 : 4(7847936 size) total buffers - 4(7847936 size) used buffers - 2351/2359 (recycle/alloc) - 18/2354 (fetch/transfer)
11-29 09:24:27.222 1119 7619 I QC2C2DEngine: calcYSize: unsupported or RGB color format, RGBA8888(1)
11-29 09:24:27.239 1119 7619 I QC2C2DEngine: calcYSize: unsupported or RGB color format, RGBA8888(1)
11-29 09:24:27.251 2334 7637 D AudioFlinger: mixer(0xb400007a4865b8e0) throttle end: throttle time(3)
11-29 09:24:27.256 1119 7619 I QC2C2DEngine: calcYSize: unsupported or RGB color format, RGBA8888(1)
11-29 09:24:27.272 1119 7619 I QC2C2DEngine: calcYSize: unsupported or RGB color format, RGBA8888(1)
11-29 09:24:27.289 1119 7619 I QC2C2DEngine: calcYSize: unsupported or RGB color format, RGBA8888(1)
11-29 09:24:27.310 1119 7619 I QC2C2DEngine: calcYSize: unsupported or RGB color format, RGBA8888(1)
11-29 09:24:27.316 2334 7637 D audioserver: logFgsApiEnd: FGS Logger Transaction failed, -129
11-29 09:24:27.323 1119 7619 I QC2C2DEngine: calcYSize: unsupported or RGB color format, RGBA8888(1)
11-29 09:24:27.340 1119 7619 I QC2C2DEngine: calcYSize: unsupported or RGB color format, RGBA8888(1)
11-29 09:24:27.343 1278 1304 I KeyHandler: nav_code= 0
11-29 09:24:27.352 1278 1318 W ActivityTaskManager: callingPackage for (uid=-1, pid=0) has no WPC
11-29 09:24:27.354 2494 2494 I vol.VolumeDialogImpl: mDialog.dismiss() reason: volume_controller from: com.android.systemui.volume.VolumeDialogImpl$7.onDismissRequested:3
11-29 09:24:27.357 1119 7619 I QC2C2DEngine: calcYSize: unsupported or RGB color format, RGBA8888(1)
11-29 09:24:27.358 1278 1318 W OptProp : Cannot read opt property android.window.PROPERTY_COMPAT_ALLOW_ORIENTATION_OVERRIDE
11-29 09:24:27.362 1278 1318 W OptProp : Cannot read opt property android.window.PROPERTY_COMPAT_ALLOW_RESIZEABLE_ACTIVITY_OVERRIDES
11-29 09:24:27.362 1278 1318 W OptProp : Cannot read opt property android.window.PROPERTY_COMPAT_ALLOW_MIN_ASPECT_RATIO_OVERRIDE
11-29 09:24:27.363 1278 1318 V GrammaticalInflectionUtils: AttributionSource: android.content.AttributionSource@9b11a54a does not have READ_SYSTEM_GRAMMATICAL_GENDER permission.
11-29 09:24:27.366 1053 1053 I android.hardware.power-service-qti: Power setMode: 5 to: 1
11-29 09:24:27.373 1119 7619 I QC2C2DEngine: calcYSize: unsupported or RGB color format, RGBA8888(1)
11-29 09:24:27.377 2494 2531 V WindowManagerShell: Transition requested (#41): android.os.BinderProxy@b1daa83 TransitionRequestInfo { type = OPEN, triggerTask = TaskInfo{userId=0 taskId=31 displayId=0 isRunning=true baseIntent=Intent { act=android.intent.action.MAIN cat=[android.intent.category.HOME] flg=0x10000100 cmp=com.android.launcher3/.uioverrides.QuickstepLauncher } baseActivity=ComponentInfo{com.android.launcher3/com.android.launcher3.uioverrides.QuickstepLauncher} topActivity=ComponentInfo{com.android.launcher3/com.android.launcher3.uioverrides.QuickstepLauncher} origActivity=null realActivity=ComponentInfo{com.android.launcher3/com.android.launcher3.uioverrides.QuickstepLauncher} numActivities=1 lastActiveTime=942303 supportsMultiWindow=true resizeMode=2 isResizeable=true minWidth=-1 minHeight=-1 defaultMinSize=200 token=WCT{android.window.IWindowContainerToken$Stub$Proxy@9e7b400} topActivityType=2 pictureInPictureParams=null shouldDockBigOverlays=false launchIntoPipHostTaskId=-1 lastParentTaskIdBeforePip=-1 displayCutoutSafeInsets=null topActivityInfo=ActivityInfo{87fd439 com.android.launcher3.uioverrides.QuickstepLauncher} launchCookies=[] positionInParent=Point(0, 0) parentTaskId=-1 isFocused=true isVisible=false isVisibleRequested=true isSleeping=false locusId=LocusId[17_chars] displayAreaFeatureId=1 isTopActivityTransparent=false appCompatTaskInfo=AppCompatTaskInfo { topActivityInSizeCompat=false topActivityEligibleForLetterboxEducation= falseisLetterboxEducationEnabled= false isLetterboxDoubleTapEnabled= false topActivityEligibleForUserAspectRatioButton= false topActivityBoundsLetterboxed= false isFromLetterboxDoubleTap= false topActivityLetterboxVerticalPosition= -1 topActivityLetterboxHorizontalPosition= -1 topActivityLetterboxWidth=1080 topActivityLetterboxHeight=2400 isUserFullscreenOverrideEnabled=false isSystemFullscreenOverrideEnabled=false cameraCompatTaskInfo=CameraCompatTaskInfo { cameraCompatControlState=hidden freeformCameraCompatMode=inactive}}}, pipTask = null, remoteTransition = null, displayChange = null, flags = 0, debugId = 41 }
11-29 09:24:27.377 1278 1318 I ActivityTaskManager: START u0 {act=android.intent.action.MAIN cat=[android.intent.category.HOME] flg=0x10000100 cmp=com.android.launcher3/.uioverrides.QuickstepLauncher (has extras)} with LAUNCH_SINGLE_TASK from uid 0 (BAL_ALLOW_ALLOWLISTED_UID) result code=2
11-29 09:24:27.381 2754 2754 D OverviewCommandHelper: clearing pending commands - size: 0
11-29 09:24:27.383 2494 2531 D WindowManagerShell: setLauncherKeepClearAreaHeight: visible=true, height=308
11-29 09:24:27.387 3360 7913 D ForegroundUtils: Foreground UID status:
11-29 09:24:27.388 3360 7913 D ForegroundUtils: UID: 10038 is in foreground: false
11-29 09:24:27.388 3360 7913 D ForegroundUtils: UID: 10043 is in foreground: false
11-29 09:24:27.388 3360 7913 D ForegroundUtils: UID: 10102 is in foreground: true
11-29 09:24:27.388 3360 7913 D ForegroundUtils: UID: 10104 is in foreground: true
11-29 09:24:27.388 3360 7913 D ForegroundUtils: UID: 10118 is in foreground: false
11-29 09:24:27.388 3360 7913 D ForegroundUtils: UID: 10135 is in foreground: true
11-29 09:24:27.388 3360 7913 D ForegroundUtils: UID: 10140 is in foreground: false
11-29 09:24:27.388 3360 7913 D ForegroundUtils: UID: 10176 is in foreground: true
11-29 09:24:27.388 3360 7913 D ForegroundUtils: UID: 10178 is in foreground: false
11-29 09:24:27.389 2494 2531 D WindowManagerShell: onActivityRestartAttempt: ComponentInfo{com.android.launcher3/com.android.launcher3.uioverrides.QuickstepLauncher}
11-29 09:24:27.391 1119 7619 I QC2C2DEngine: calcYSize: unsupported or RGB color format, RGBA8888(1)
11-29 09:24:27.393 2754 2754 I TopTaskTracker: onTaskMovedToFront: (moved taskInfo to front) taskId=31, baseIntent=Intent { act=android.intent.action.MAIN cat=[android.intent.category.HOME] flg=0x10000100 cmp=com.android.launcher3/.uioverrides.QuickstepLauncher }
11-29 09:24:27.398 1278 1320 I ActivityManager: Killing 4240:com.android.localtransport/1000 (adj 985): empty #17
11-29 09:24:27.402 1158 1158 I BpBinder: onLastStrongRef automatically unlinking death recipients:
11-29 09:24:27.407 2754 2754 D BaseDepthController: setSurface:
11-29 09:24:27.407 2754 2754 D BaseDepthController: mWaitingOnSurfaceValidity: false
11-29 09:24:27.407 2754 2754 D BaseDepthController: mSurface: Surface(name=com.android.launcher3/com.android.launcher3.uioverrides.QuickstepLauncher)/@0xb31592b
11-29 09:24:27.409 1119 7619 I QC2C2DEngine: calcYSize: unsupported or RGB color format, RGBA8888(1)
11-29 09:24:27.411 2754 2754 D StatsLog: LAUNCHER_ONRESUME
11-29 09:24:27.420 2494 2519 V WindowManagerShell: onTransitionReady(transaction=5488968205859)
11-29 09:24:27.424 2494 2531 V WindowManagerShell: onTransitionReady (#41) android.os.BinderProxy@b1daa83: {id=41 t=OPEN f=0x0 trk=0 r=[0@Point(0, 0)] c=[{WCT{android.window.IWindowContainerToken$Stub$Proxy@2a9308a} m=TO_FRONT f=SHOW_WALLPAPER|MOVE_TO_TOP leash=Surface(name=Task=1)/@0xe2cea7e sb=Rect(0, 0 - 1080, 2400) eb=Rect(0, 0 - 1080, 2400) d=0 taskParent=-1},{WCT{android.window.IWindowContainerToken$Stub$Proxy@38fe6fb} m=TO_BACK f=NONE leash=Surface(name=Task=34)/@0x4066bdf sb=Rect(0, 0 - 1080, 2400) eb=Rect(0, 0 - 1080, 2400) d=0 taskParent=-1},{null m=TO_FRONT f=IS_WALLPAPER leash=Surface(name=WallpaperWindowToken{c70ff2c token=android.os.Binder@e15b6df})/@0x914102c sb=Rect(0, 0 - 1080, 2400) eb=Rect(0, 0 - 1080, 2400) d=0}]}
11-29 09:24:27.425 2494 2531 V WindowManagerShell: Playing animation for (#41) android.os.BinderProxy@b1daa83@0
11-29 09:24:27.425 2494 2531 V WindowManagerShell: try handler com.android.wm.shell.transition.DefaultMixedHandler@9605821
11-29 09:24:27.425 2494 2531 V WindowManagerShell: try handler com.android.wm.shell.keyguard.KeyguardTransitionHandler@365c446
11-29 09:24:27.425 2494 2531 V WindowManagerShell: try handler com.android.wm.shell.pip.PipTransition@3830621
11-29 09:24:27.425 2494 2531 V WindowManagerShell: try handler com.android.wm.shell.activityembedding.ActivityEmbeddingController@92dda46
11-29 09:24:27.425 2494 2531 V WindowManagerShell: try handler com.android.wm.shell.recents.RecentsTransitionHandler@92b7407
11-29 09:24:27.425 2494 2531 V ShellRecents: RecentsTransitionHandler.startAnimation: no controller found
