11-29 09:19:47.686 2494 2531 V WindowManagerShell: start default transition animation, info = {id=19 t=CLOSE f=0x0 trk=0 opt={t=FROM_STYLE} r=[0@Point(0, 0)] c=[{null m=CLOSE f=FILLS_TASK leash=Surface(name=ActivityRecord{febd9ee u0 com.android.settings/.spa.SpaActivity)/@0x45600cd sb=Rect(0, 0 - 1080, 2400) eb=Rect(0, 0 - 1080, 2400) d=0 bc=ffeff0f7 component=com.android.settings/.spa.SpaActivity},{null m=TO_FRONT f=FILLS_TASK leash=Surface(name=ActivityRecord{cd5b346 u0 org.omnirom.omnistore/.IntroActivity)/@0x86afd82 sb=Rect(0, 0 - 1080, 2400) eb=Rect(0, 0 - 1080, 2400) d=0 bc=ffeff0f7 component=org.omnirom.omnistore/.IntroActivity}]}
11-29 09:19:47.687 2494 2531 V WindowManagerShell: loadAnimation: anim=android.view.animation.AnimationSet@54edcc9 animAttr=0x6 type=CLOSE isEntrance=true
11-29 09:19:47.688 1278 2538 W UserManagerService: Requested status bar icon for non-badged user 0
11-29 09:19:47.688 2494 2531 V WindowManagerShell: loadAnimation: anim=android.view.animation.AnimationSet@eddfc animAttr=0x7 type=CLOSE isEntrance=false
11-29 09:19:47.736 2494 2531 V WindowManagerShell: animated by com.android.wm.shell.transition.DefaultTransitionHandler@829fb88
11-29 09:19:47.841 6826 6826 F linker : CANNOT LINK EXECUTABLE "/vendor/bin/hw/android.hardware.drm@1.3-service.widevine": cannot locate symbol "CBS_init" referenced by "/vendor/lib64/libwvhidl.so"...
11-29 09:19:48.207 2494 2531 V WindowManagerShell: Transition animation finished (aborted=false), notifying core (#19) android.os.BinderProxy@f472664@0
11-29 09:19:48.222 1278 1317 V WindowManager: Finish Transition (#19): created at
11-29 09:19:47.635 collect-started=0.126ms request-sent=0.318ms started=4.467ms ready=12.02ms sent=45.369ms finished=579.434ms
11-29 09:19:48.227 2494 2531 V WindowManagerShell: Track 0 became idle
11-29 09:19:48.227 2494 2531 V WindowManagerShell: All active transition animations finished
11-29 09:19:48.229 1278 4814 W UserManagerService: Requested status bar icon for non-badged user 0
11-29 09:19:48.230 1278 4814 W UserManagerService: Requested status bar icon for non-badged user 0
11-29 09:19:48.255 1278 4814 D CoreBackPreview: Window{81df708 u0 com.android.settings/com.android.settings.spa.SpaActivity}: Setting back callback null
11-29 09:19:48.806 2494 2531 V WindowManagerShell: Transition requested (#20): android.os.BinderProxy@8f2f094 TransitionRequestInfo { type = CLOSE, triggerTask = null, pipTask = null, remoteTransition = null, displayChange = null, flags = 0, debugId = 20 }
11-29 09:19:48.821 1278 4814 D CompatChangeReporter: Compat change id reported: 324203798; UID 10118; state: ENABLED
11-29 09:19:48.834 6829 6829 F linker : CANNOT LINK EXECUTABLE "/vendor/bin/hw/android.hardware.drm@1.3-service.widevine": cannot locate symbol "CBS_init" referenced by "/vendor/lib64/libwvhidl.so"...
11-29 09:19:48.938 1278 4814 D CoreBackPreview: Window{ac51e5b u0 com.android.permissioncontroller/com.android.permissioncontroller.permission.ui.GrantPermissionsActivity}: Setting back callback OnBackInvokedCallbackInfo{mCallback=android.window.IOnBackInvokedCallback$Stub$Proxy@91c7236, mPriority=0, mIsAnimationCallback=false}
11-29 09:19:48.961 1278 1317 V WindowManager: Sent Transition (#20) createdAt=11-29 09:19:48.804 via request=TransitionRequestInfo { type = CLOSE, triggerTask = null, pipTask = null, remoteTransition = null, displayChange = null, flags = 0, debugId = 20 }
11-29 09:19:48.961 1278 1317 V WindowManager: startWCT=WindowContainerTransaction { changes = {} hops = [] errorCallbackToken=null taskFragmentOrganizer=null }
11-29 09:19:48.962 1278 1317 V WindowManager: info={id=20 t=CLOSE f=0x0 trk=0 opt={t=FROM_STYLE} r=[0@Point(0, 0)] c=[
11-29 09:19:48.962 1278 1317 V WindowManager: {null m=CLOSE f=FILLS_TASK leash=Surface(name=ActivityRecord{cd5b346 u0 org.omnirom.omnistore/.IntroActivity)/@0x8871864 sb=Rect(0, 0 - 1080, 2400) eb=Rect(0, 0 - 1080, 2400) d=0 bc=fffffbfe component=org.omnirom.omnistore/.IntroActivity},
11-29 09:19:48.962 1278 1317 V WindowManager: {null m=TO_FRONT f=TRANSLUCENT|FILLS_TASK leash=Surface(name=ActivityRecord{75191a5 u0 com.android.permissioncontroller/.permission.ui.GrantPermissionsActivity)/@0xf86fdd3 sb=Rect(0, 0 - 1080, 2400) eb=Rect(0, 0 - 1080, 2400) d=0 bc=fffffbfe component=com.android.permissioncontroller/.permission.ui.GrantPermissionsActivity},
11-29 09:19:48.962 1278 1317 V WindowManager: {null m=TO_FRONT f=FILLS_TASK leash=Surface(name=ActivityRecord{a5698c8 u0 org.omnirom.omnistore/.MainActivity)/@0x56c11f7 sb=Rect(0, 0 - 1080, 2400) eb=Rect(0, 0 - 1080, 2400) d=0 bc=fffffbfe component=org.omnirom.omnistore/.MainActivity}
11-29 09:19:48.962 1278 1317 V WindowManager: ]}
11-29 09:19:48.962 2494 2593 V WindowManagerShell: onTransitionReady(transaction=5488968205118)
11-29 09:19:48.963 2494 2531 V WindowManagerShell: onTransitionReady (#20) android.os.BinderProxy@8f2f094: {id=20 t=CLOSE f=0x0 trk=0 opt={t=FROM_STYLE} r=[0@Point(0, 0)] c=[{null m=CLOSE f=FILLS_TASK leash=Surface(name=ActivityRecord{cd5b346 u0 org.omnirom.omnistore/.IntroActivity)/@0xb35b73d sb=Rect(0, 0 - 1080, 2400) eb=Rect(0, 0 - 1080, 2400) d=0 bc=fffffbfe component=org.omnirom.omnistore/.IntroActivity},{null m=TO_FRONT f=TRANSLUCENT|FILLS_TASK leash=Surface(name=ActivityRecord{75191a5 u0 com.android.permissioncontroller/.permission.ui.GrantPermissionsActivity)/@0x9e1cb32 sb=Rect(0, 0 - 1080, 2400) eb=Rect(0, 0 - 1080, 2400) d=0 bc=fffffbfe component=com.android.permissioncontroller/.permission.ui.GrantPermissionsActivity},{null m=TO_FRONT f=FILLS_TASK leash=Surface(name=ActivityRecord{a5698c8 u0 org.omnirom.omnistore/.MainActivity)/@0xbb8f083 sb=Rect(0, 0 - 1080, 2400) eb=Rect(0, 0 - 1080, 2400) d=0 bc=fffffbfe component=org.omnirom.omnistore/.MainActivity}]}
11-29 09:19:48.963 2494 2531 V WindowManagerShell: Playing animation for (#20) android.os.BinderProxy@8f2f094@0
11-29 09:19:48.963 2494 2531 V WindowManagerShell: try handler com.android.wm.shell.transition.DefaultMixedHandler@9605821
11-29 09:19:48.963 2494 2531 V WindowManagerShell: try handler com.android.wm.shell.keyguard.KeyguardTransitionHandler@365c446
11-29 09:19:48.963 2494 2531 V WindowManagerShell: try handler com.android.wm.shell.pip.PipTransition@3830621
11-29 09:19:48.963 2494 2531 V WindowManagerShell: try handler com.android.wm.shell.activityembedding.ActivityEmbeddingController@92dda46
11-29 09:19:48.963 2494 2531 V WindowManagerShell: try handler com.android.wm.shell.recents.RecentsTransitionHandler@92b7407
11-29 09:19:48.963 2494 2531 V ShellRecents: RecentsTransitionHandler.startAnimation: no controller found
11-29 09:19:48.963 2494 2531 V WindowManagerShell: try handler com.android.wm.shell.splitscreen.StageCoordinator@944b934
11-29 09:19:48.963 1278 2093 W UserManagerService: Requested status bar icon for non-badged user 0
11-29 09:19:48.963 2494 2531 V WindowManagerShell: try handler com.android.wm.shell.transition.RemoteTransitionHandler@4e8e35d
11-29 09:19:48.964 2494 2531 V WindowManagerShell: Transition doesn't have explicit remote, search filters for match for {id=20 t=CLOSE f=0x0 trk=0 opt={t=FROM_STYLE} r=[0@Point(0, 0)] c=[{null m=CLOSE f=FILLS_TASK leash=Surface(name=ActivityRecord{cd5b346 u0 org.omnirom.omnistore/.IntroActivity)/@0xb35b73d sb=Rect(0, 0 - 1080, 2400) eb=Rect(0, 0 - 1080, 2400) d=0 bc=fffffbfe component=org.omnirom.omnistore/.IntroActivity},{null m=TO_FRONT f=TRANSLUCENT|FILLS_TASK leash=Surface(name=ActivityRecord{75191a5 u0 com.android.permissioncontroller/.permission.ui.GrantPermissionsActivity)/@0x9e1cb32 sb=Rect(0, 0 - 1080, 2400) eb=Rect(0, 0 - 1080, 2400) d=0 bc=fffffbfe component=com.android.permissioncontroller/.permission.ui.GrantPermissionsActivity},{null m=TO_FRONT f=FILLS_TASK leash=Surface(name=ActivityRecord{a5698c8 u0 org.omnirom.omnistore/.MainActivity)/@0xbb8f083 sb=Rect(0, 0 - 1080, 2400) eb=Rect(0, 0 - 1080, 2400) d=0 bc=fffffbfe component=org.omnirom.omnistore/.MainActivity}]}
11-29 09:19:48.964 2494 2531 V WindowManagerShell: Checking filter Pair{{types=[] flags=0x0] notFlags=0x100 checks=[{atype=home independent=true modes=[OPEN,TO_FRONT] flags=NONE mustBeTask=false order=TOP topActivity=ComponentInfo{com.android.launcher3/com.android.launcher3.uioverrides.QuickstepLauncher} launchCookie=null},{atype=standard independent=true modes=[CLOSE,TO_BACK] flags=NONE mustBeTask=false order=ANY topActivity=null launchCookie=null}]} RemoteTransition { remoteTransition = android.window.IRemoteTransition$Stub$Proxy@35d54d2, appThread = android.app.IApplicationThread$Stub$Proxy@b0149a3, debugName = QuickstepLaunchHome }}
11-29 09:19:48.964 2494 2531 V WindowManagerShell: Delegate animation for (#20) to null
11-29 09:19:48.964 2494 2531 V WindowManagerShell: try handler com.android.wm.shell.transition.DefaultTransitionHandler@829fb88
11-29 09:19:48.964 2494 2531 V WindowManagerShell: start default transition animation, info = {id=20 t=CLOSE f=0x0 trk=0 opt={t=FROM_STYLE} r=[0@Point(0, 0)] c=[{null m=CLOSE f=FILLS_TASK leash=Surface(name=ActivityRecord{cd5b346 u0 org.omnirom.omnistore/.IntroActivity)/@0xb35b73d sb=Rect(0, 0 - 1080, 2400) eb=Rect(0, 0 - 1080, 2400) d=0 bc=fffffbfe component=org.omnirom.omnistore/.IntroActivity},{null m=TO_FRONT f=TRANSLUCENT|FILLS_TASK leash=Surface(name=ActivityRecord{75191a5 u0 com.android.permissioncontroller/.permission.ui.GrantPermissionsActivity)/@0x9e1cb32 sb=Rect(0, 0 - 1080, 2400) eb=Rect(0, 0 - 1080, 2400) d=0 bc=fffffbfe component=com.android.permissioncontroller/.permission.ui.GrantPermissionsActivity},{null m=TO_FRONT f=FILLS_TASK leash=Surface(name=ActivityRecord{a5698c8 u0 org.omnirom.omnistore/.MainActivity)/@0xbb8f083 sb=Rect(0, 0 - 1080, 2400) eb=Rect(0, 0 - 1080, 2400) d=0 bc=fffffbfe component=org.omnirom.omnistore/.MainActivity}]}
11-29 09:19:48.965 2494 2531 V WindowManagerShell: loadAnimation: anim=android.view.animation.AnimationSet@c4b8a39 animAttr=0x6 type=CLOSE isEntrance=true
11-29 09:19:48.965 2494 2531 V WindowManagerShell: loadAnimation: anim=android.view.animation.AnimationSet@15d687e animAttr=0x6 type=CLOSE isEntrance=true
11-29 09:19:48.966 2494 2531 V WindowManagerShell: loadAnimation: anim=android.view.animation.AnimationSet@a1011df animAttr=0x7 type=CLOSE isEntrance=false
11-29 09:19:49.009 2494 2531 V WindowManagerShell: animated by com.android.wm.shell.transition.DefaultTransitionHandler@829fb88
11-29 09:19:49.477 2494 2531 V WindowManagerShell: Transition animation finished (aborted=false), notifying core (#20) android.os.BinderProxy@8f2f094@0
11-29 09:19:49.483 1278 1317 V WindowManager: Finish Transition (#20): created at
11-29 09:19:48.804 collect-started=0.126ms request-sent=0.329ms started=5.042ms ready=19.14ms sent=156.349ms finished=678.428ms
11-29 09:19:49.488 2494 2531 V WindowManagerShell: Track 0 became idle
11-29 09:19:49.488 2494 2531 V WindowManagerShell: All active transition animations finished
11-29 09:19:49.490 1278 2093 W UserManagerService: Requested status bar icon for non-badged user 0
11-29 09:19:49.496 1278 2093 W UserManagerService: Requested status bar icon for non-badged user 0
11-29 09:19:49.496 1278 4577 W UserManagerService: Requested status bar icon for non-badged user 0
11-29 09:19:49.518 1278 2093 D CoreBackPreview: Window{8bfd1ce u0 org.omnirom.omnistore/org.omnirom.omnistore.IntroActivity}: Setting back callback null
11-29 09:19:49.847 6844 6844 F linker : CANNOT LINK EXECUTABLE "/vendor/bin/hw/android.hardware.drm@1.3-service.widevine": cannot locate symbol "CBS_init" referenced by "/vendor/lib64/libwvhidl.so"...
11-29 09:19:50.158 2494 2531 V WindowManagerShell: Transition requested (#21): android.os.BinderProxy@94673a9 TransitionRequestInfo { type = CLOSE, triggerTask = null, pipTask = null, remoteTransition = null, displayChange = null, flags = 0, debugId = 21 }
11-29 09:19:50.171 1278 1317 V WindowManager: Sent Transition (#21) createdAt=11-29 09:19:50.157 via request=TransitionRequestInfo { type = CLOSE, triggerTask = null, pipTask = null, remoteTransition = null, displayChange = null, flags = 0, debugId = 21 }
11-29 09:19:50.171 2494 3172 V WindowManagerShell: onTransitionReady(transaction=5488968205164)
11-29 09:19:50.171 2494 2531 V WindowManagerShell: onTransitionReady (#21) android.os.BinderProxy@94673a9: {id=21 t=CLOSE f=0x0 trk=0 opt={t=FROM_STYLE} r=[0@Point(0, 0)] c=[{null m=CLOSE f=TRANSLUCENT|FILLS_TASK leash=Surface(name=ActivityRecord{75191a5 u0 com.android.permissioncontroller/.permission.ui.GrantPermissionsActivity)/@0x7f2ed2e sb=Rect(0, 0 - 1080, 2400) eb=Rect(0, 0 - 1080, 2400) d=0 bc=ffeff0f7 component=com.android.permissioncontroller/.permission.ui.GrantPermissionsActivity}]}
11-29 09:19:50.171 2494 2531 V WindowManagerShell: Playing animation for (#21) android.os.BinderProxy@94673a9@0
11-29 09:19:50.171 2494 2531 V WindowManagerShell: try handler com.android.wm.shell.transition.DefaultMixedHandler@9605821
11-29 09:19:50.171 2494 2531 V WindowManagerShell: try handler com.android.wm.shell.keyguard.KeyguardTransitionHandler@365c446
11-29 09:19:50.171 2494 2531 V WindowManagerShell: try handler com.android.wm.shell.pip.PipTransition@3830621
11-29 09:19:50.171 2494 2531 V WindowManagerShell: try handler com.android.wm.shell.activityembedding.ActivityEmbeddingController@92dda46
11-29 09:19:50.172 2494 2531 V WindowManagerShell: try handler com.android.wm.shell.recents.RecentsTransitionHandler@92b7407
11-29 09:19:50.172 2494 2531 V ShellRecents: RecentsTransitionHandler.startAnimation: no controller found
11-29 09:19:50.172 2494 2531 V WindowManagerShell: try handler com.android.wm.shell.splitscreen.StageCoordinator@944b934
11-29 09:19:50.172 2494 2531 V WindowManagerShell: try handler com.android.wm.shell.transition.RemoteTransitionHandler@4e8e35d
11-29 09:19:50.172 2494 2531 V WindowManagerShell: Transition doesn't have explicit remote, search filters for match for {id=21 t=CLOSE f=0x0 trk=0 opt={t=FROM_STYLE} r=[0@Point(0, 0)] c=[{null m=CLOSE f=TRANSLUCENT|FILLS_TASK leash=Surface(name=ActivityRecord{75191a5 u0 com.android.permissioncontroller/.permission.ui.GrantPermissionsActivity)/@0x7f2ed2e sb=Rect(0, 0 - 1080, 2400) eb=Rect(0, 0 - 1080, 2400) d=0 bc=ffeff0f7 component=com.android.permissioncontroller/.permission.ui.GrantPermissionsActivity}]}
11-29 09:19:50.172 2494 2531 V WindowManagerShell: Checking filter Pair{{types=[] flags=0x0] notFlags=0x100 checks=[{atype=home independent=true modes=[OPEN,TO_FRONT] flags=NONE mustBeTask=false order=TOP topActivity=ComponentInfo{com.android.launcher3/com.android.launcher3.uioverrides.QuickstepLauncher} launchCookie=null},{atype=standard independent=true modes=[CLOSE,TO_BACK] flags=NONE mustBeTask=false order=ANY topActivity=null launchCookie=null}]} RemoteTransition { remoteTransition = android.window.IRemoteTransition$Stub$Proxy@35d54d2, appThread = android.app.IApplicationThread$Stub$Proxy@b0149a3, debugName = QuickstepLaunchHome }}
11-29 09:19:50.172 2494 2531 V WindowManagerShell: Delegate animation for (#21) to null
11-29 09:19:50.172 2494 2531 V WindowManagerShell: try handler com.android.wm.shell.transition.DefaultTransitionHandler@829fb88
11-29 09:19:50.172 2494 2531 V WindowManagerShell: start default transition animation, info = {id=21 t=CLOSE f=0x0 trk=0 opt={t=FROM_STYLE} r=[0@Point(0, 0)] c=[{null m=CLOSE f=TRANSLUCENT|FILLS_TASK leash=Surface(name=ActivityRecord{75191a5 u0 com.android.permissioncontroller/.permission.ui.GrantPermissionsActivity)/@0x7f2ed2e sb=Rect(0, 0 - 1080, 2400) eb=Rect(0, 0 - 1080, 2400) d=0 bc=ffeff0f7 component=com.android.permissioncontroller/.permission.ui.GrantPermissionsActivity}]}
11-29 09:19:50.173 2494 2531 V WindowManagerShell: loadAnimation: anim=null animAttr=0x7 type=CLOSE isEntrance=false
11-29 09:19:50.173 1278 1317 V WindowManager: startWCT=WindowContainerTransaction { changes = {} hops = [] errorCallbackToken=null taskFragmentOrganizer=null }
11-29 09:19:50.173 1278 2093 W UserManagerService: Requested status bar icon for non-badged user 0
11-29 09:19:50.173 1278 1317 V WindowManager: info={id=21 t=CLOSE f=0x0 trk=0 opt={t=FROM_STYLE} r=[0@Point(0, 0)] c=[
11-29 09:19:50.173 1278 1317 V WindowManager: {null m=CLOSE f=TRANSLUCENT|FILLS_TASK leash=Surface(name=ActivityRecord{75191a5 u0 com.android.permissioncontroller/.permission.ui.GrantPermissionsActivity)/@0xf86fdd3 sb=Rect(0, 0 - 1080, 2400) eb=Rect(0, 0 - 1080, 2400) d=0 bc=ffeff0f7 component=com.android.permissioncontroller/.permission.ui.GrantPermissionsActivity}
11-29 09:19:50.173 1278 1317 V WindowManager: ]}
11-29 09:19:50.174 2494 2531 V WindowManagerShell: Transition animation finished (aborted=false), notifying core (#21) android.os.BinderProxy@94673a9@0
11-29 09:19:50.175 1278 1317 V WindowManager: Finish Transition (#21): created at
11-29 09:19:50.157 collect-started=0.079ms request-sent=0.145ms started=2.515ms ready=9.006ms sent=12.671ms finished=17.693ms
11-29 09:19:50.179 2494 2531 V WindowManagerShell: Track 0 became idle
11-29 09:19:50.180 2494 2531 V WindowManagerShell: All active transition animations finished
11-29 09:19:50.180 2494 2531 V WindowManagerShell: animated by com.android.wm.shell.transition.DefaultTransitionHandler@829fb88
11-29 09:19:50.180 2494 2531 V WindowManagerShell: Track 0 became idle
11-29 09:19:50.180 2494 2531 V WindowManagerShell: All active transition animations finished
11-29 09:19:50.185 1278 4577 W UserManagerService: Requested status bar icon for non-badged user 0
11-29 09:19:50.197 1278 4814 D CoreBackPreview: Window{ac51e5b u0 com.android.permissioncontroller/com.android.permissioncontroller.permission.ui.GrantPermissionsActivity EXITING}: Setting back callback null
11-29 09:19:50.198 1278 1320 V WindowManager: Unknown focus tokens, dropping reportFocusChanged
11-29 09:19:50.860 6854 6854 F linker : CANNOT LINK EXECUTABLE "/vendor/bin/hw/android.hardware.drm@1.3-service.widevine": cannot locate symbol "CBS_init" referenced by "/vendor/lib64/libwvhidl.so"...
11-29 09:19:51.782 1278 3339 E TaskPersister: File error accessing recents directory (directory doesn't exist?).
11-29 09:19:51.856 6857 6857 F linker : CANNOT LINK EXECUTABLE "/vendor/bin/hw/android.hardware.drm@1.3-service.widevine": cannot locate symbol "CBS_init" referenced by "/vendor/lib64/libwvhidl.so"...
11-29 09:19:52.292 2494 4442 D PowerUI : can't show warning due to - plugged: true status unknown: false
11-29 09:19:52.860 6862 6862 F linker : CANNOT LINK EXECUTABLE "/vendor/bin/hw/android.hardware.drm@1.3-service.widevine": cannot locate symbol "CBS_init" referenced by "/vendor/lib64/libwvhidl.so"...
11-29 09:19:53.248 1278 4577 D CoreBackPreview: Window{1ca7dc9 u0 org.omnirom.omnistore/org.omnirom.omnistore.MainActivity}: Setting back callback OnBackInvokedCallbackInfo{mCallback=android.window.IOnBackInvokedCallback$Stub$Proxy@48ec40b, mPriority=0, mIsAnimationCallback=false}
11-29 09:19:53.857 6868 6868 F linker : CANNOT LINK EXECUTABLE "/vendor/bin/hw/android.hardware.drm@1.3-service.widevine": cannot locate symbol "CBS_init" referenced by "/vendor/lib64/libwvhidl.so"...
11-29 09:19:54.864 6871 6871 F linker : CANNOT LINK EXECUTABLE "/vendor/bin/hw/android.hardware.drm@1.3-service.widevine": cannot locate symbol "CBS_init" referenced by "/vendor/lib64/libwvhidl.so"...
11-29 09:19:55.877 6874 6874 F linker : CANNOT LINK EXECUTABLE "/vendor/bin/hw/android.hardware.drm@1.3-service.widevine": cannot locate symbol "CBS_init" referenced by "/vendor/lib64/libwvhidl.so"...
11-29 09:19:56.871 6877 6877 F linker : CANNOT LINK EXECUTABLE "/vendor/bin/hw/android.hardware.drm@1.3-service.widevine": cannot locate symbol "CBS_init" referenced by "/vendor/lib64/libwvhidl.so"...
11-29 09:19:57.878 6882 6882 F linker : CANNOT LINK EXECUTABLE "/vendor/bin/hw/android.hardware.drm@1.3-service.widevine": cannot locate symbol "CBS_init" referenced by "/vendor/lib64/libwvhidl.so"...
11-29 09:19:58.887 6885 6885 F linker : CANNOT LINK EXECUTABLE "/vendor/bin/hw/android.hardware.drm@1.3-service.widevine": cannot locate symbol "CBS_init" referenced by "/vendor/lib64/libwvhidl.so"...
11-29 09:19:59.883 6888 6888 F linker : CANNOT LINK EXECUTABLE "/vendor/bin/hw/android.hardware.drm@1.3-service.widevine": cannot locate symbol "CBS_init" referenced by "/vendor/lib64/libwvhidl.so"...
11-29 09:20:00.894 6891 6891 F linker : CANNOT LINK EXECUTABLE "/vendor/bin/hw/android.hardware.drm@1.3-service.widevine": cannot locate symbol "CBS_init" referenced by "/vendor/lib64/libwvhidl.so"...
11-29 09:20:01.888 6894 6894 F linker : CANNOT LINK EXECUTABLE "/vendor/bin/hw/android.hardware.drm@1.3-service.widevine": cannot locate symbol "CBS_init" referenced by "/vendor/lib64/libwvhidl.so"...
11-29 09:20:02.907 6899 6899 F linker : CANNOT LINK EXECUTABLE "/vendor/bin/hw/android.hardware.drm@1.3-service.widevine": cannot locate symbol "CBS_init" referenced by "/vendor/lib64/libwvhidl.so"...
11-29 09:20:03.905 6902 6902 F linker : CANNOT LINK EXECUTABLE "/vendor/bin/hw/android.hardware.drm@1.3-service.widevine": cannot locate symbol "CBS_init" referenced by "/vendor/lib64/libwvhidl.so"...
11-29 09:20:04.905 6905 6905 F linker : CANNOT LINK EXECUTABLE "/vendor/bin/hw/android.hardware.drm@1.3-service.widevine": cannot locate symbol "CBS_init" referenced by "/vendor/lib64/libwvhidl.so"...
11-29 09:20:05.910 6908 6908 F linker : CANNOT LINK EXECUTABLE "/vendor/bin/hw/android.hardware.drm@1.3-service.widevine": cannot locate symbol "CBS_init" referenced by "/vendor/lib64/libwvhidl.so"...
11-29 09:20:06.411 1278 2093 D CoreBackPreview: Window{1ca7dc9 u0 org.omnirom.omnistore/org.omnirom.omnistore.MainActivity}: Setting back callback null
11-29 09:20:06.440 1278 1320 V WindowManager: Unknown focus tokens, dropping reportFocusChanged
11-29 09:20:06.919 6912 6912 F linker : CANNOT LINK EXECUTABLE "/vendor/bin/hw/android.hardware.drm@1.3-service.widevine": cannot locate symbol "CBS_init" referenced by "/vendor/lib64/libwvhidl.so"...
11-29 09:20:07.928 6917 6917 F linker : CANNOT LINK EXECUTABLE "/vendor/bin/hw/android.hardware.drm@1.3-service.widevine": cannot locate symbol "CBS_init" referenced by "/vendor/lib64/libwvhidl.so"...
11-29 09:20:08.919 6920 6920 F linker : CANNOT LINK EXECUTABLE "/vendor/bin/hw/android.hardware.drm@1.3-service.widevine": cannot locate symbol "CBS_init" referenced by "/vendor/lib64/libwvhidl.so"...
11-29 09:20:09.932 6923 6923 F linker : CANNOT LINK EXECUTABLE "/vendor/bin/hw/android.hardware.drm@1.3-service.widevine": cannot locate symbol "CBS_init" referenced by "/vendor/lib64/libwvhidl.so"...
11-29 09:20:10.937 6926 6926 F linker : CANNOT LINK EXECUTABLE "/vendor/bin/hw/android.hardware.drm@1.3-service.widevine": cannot locate symbol "CBS_init" referenced by "/vendor/lib64/libwvhidl.so"...
11-29 09:20:11.925 6929 6929 F linker : CANNOT LINK EXECUTABLE "/vendor/bin/hw/android.hardware.drm@1.3-service.widevine": cannot locate symbol "CBS_init" referenced by "/vendor/lib64/libwvhidl.so"...
11-29 09:20:12.938 6934 6934 F linker : CANNOT LINK EXECUTABLE "/vendor/bin/hw/android.hardware.drm@1.3-service.widevine": cannot locate symbol "CBS_init" referenced by "/vendor/lib64/libwvhidl.so"...
11-29 09:20:13.949 6937 6937 F linker : CANNOT LINK EXECUTABLE "/vendor/bin/hw/android.hardware.drm@1.3-service.widevine": cannot locate symbol "CBS_init" referenced by "/vendor/lib64/libwvhidl.so"...
11-29 09:20:14.937 6942 6942 F linker : CANNOT LINK EXECUTABLE "/vendor/bin/hw/android.hardware.drm@1.3-service.widevine": cannot locate symbol "CBS_init" referenced by "/vendor/lib64/libwvhidl.so"...
11-29 09:20:15.949 6945 6945 F linker : CANNOT LINK EXECUTABLE "/vendor/bin/hw/android.hardware.drm@1.3-service.widevine": cannot locate symbol "CBS_init" referenced by "/vendor/lib64/libwvhidl.so"...
11-29 09:20:16.945 6948 6948 F linker : CANNOT LINK EXECUTABLE "/vendor/bin/hw/android.hardware.drm@1.3-service.widevine": cannot locate symbol "CBS_init" referenced by "/vendor/lib64/libwvhidl.so"...
11-29 09:20:17.958 6953 6953 F linker : CANNOT LINK EXECUTABLE "/vendor/bin/hw/android.hardware.drm@1.3-service.widevine": cannot locate symbol "CBS_init" referenced by "/vendor/lib64/libwvhidl.so"...
11-29 09:20:18.967 6956 6956 F linker : CANNOT LINK EXECUTABLE "/vendor/bin/hw/android.hardware.drm@1.3-service.widevine": cannot locate symbol "CBS_init" referenced by "/vendor/lib64/libwvhidl.so"...
11-29 09:20:19.962 6959 6959 F linker : CANNOT LINK EXECUTABLE "/vendor/bin/hw/android.hardware.drm@1.3-service.widevine": cannot locate symbol "CBS_init" referenced by "/vendor/lib64/libwvhidl.so"...
11-29 09:20:20.967 6962 6962 F linker : CANNOT LINK EXECUTABLE "/vendor/bin/hw/android.hardware.drm@1.3-service.widevine": cannot locate symbol "CBS_init" referenced by "/vendor/lib64/libwvhidl.so"...
11-29 09:20:21.974 6965 6965 F linker : CANNOT LINK EXECUTABLE "/vendor/bin/hw/android.hardware.drm@1.3-service.widevine": cannot locate symbol "CBS_init" referenced by "/vendor/lib64/libwvhidl.so"...
11-29 09:20:22.982 6970 6970 F linker : CANNOT LINK EXECUTABLE "/vendor/bin/hw/android.hardware.drm@1.3-service.widevine": cannot locate symbol "CBS_init" referenced by "/vendor/lib64/libwvhidl.so"...
11-29 09:20:23.991 6973 6973 F linker : CANNOT LINK EXECUTABLE "/vendor/bin/hw/android.hardware.drm@1.3-service.widevine": cannot locate symbol "CBS_init" referenced by "/vendor/lib64/libwvhidl.so"...
11-29 09:20:24.983 6976 6976 F linker : CANNOT LINK EXECUTABLE "/vendor/bin/hw/android.hardware.drm@1.3-service.widevine": cannot locate symbol "CBS_init" referenced by "/vendor/lib64/libwvhidl.so"...
11-29 09:20:25.993 6979 6979 F linker : CANNOT LINK EXECUTABLE "/vendor/bin/hw/android.hardware.drm@1.3-service.widevine": cannot locate symbol "CBS_init" referenced by "/vendor/lib64/libwvhidl.so"...
11-29 09:20:27.000 6982 6982 F linker : CANNOT LINK EXECUTABLE "/vendor/bin/hw/android.hardware.drm@1.3-service.widevine": cannot locate symbol "CBS_init" referenced by "/vendor/lib64/libwvhidl.so"...
11-29 09:20:28.006 6987 6987 F linker : CANNOT LINK EXECUTABLE "/vendor/bin/hw/android.hardware.drm@1.3-service.widevine": cannot locate symbol "CBS_init" referenced by "/vendor/lib64/libwvhidl.so"...
11-29 09:20:29.006 6990 6990 F linker : CANNOT LINK EXECUTABLE "/vendor/bin/hw/android.hardware.drm@1.3-service.widevine": cannot locate symbol "CBS_init" referenced by "/vendor/lib64/libwvhidl.so"...
11-29 09:20:30.021 6993 6993 F linker : CANNOT LINK EXECUTABLE "/vendor/bin/hw/android.hardware.drm@1.3-service.widevine": cannot locate symbol "CBS_init" referenced by "/vendor/lib64/libwvhidl.so"...
11-29 09:20:31.020 6996 6996 F linker : CANNOT LINK EXECUTABLE "/vendor/bin/hw/android.hardware.drm@1.3-service.widevine": cannot locate symbol "CBS_init" referenced by "/vendor/lib64/libwvhidl.so"...
11-29 09:20:32.036 6999 6999 F linker : CANNOT LINK EXECUTABLE "/vendor/bin/hw/android.hardware.drm@1.3-service.widevine": cannot locate symbol "CBS_init" referenced by "/vendor/lib64/libwvhidl.so"...
11-29 09:20:33.037 7004 7004 F linker : CANNOT LINK EXECUTABLE "/vendor/bin/hw/android.hardware.drm@1.3-service.widevine": cannot locate symbol "CBS_init" referenced by "/vendor/lib64/libwvhidl.so"...
11-29 09:20:34.044 7007 7007 F linker : CANNOT LINK EXECUTABLE "/vendor/bin/hw/android.hardware.drm@1.3-service.widevine": cannot locate symbol "CBS_init" referenced by "/vendor/lib64/libwvhidl.so"...
11-29 09:20:35.048 7010 7010 F linker : CANNOT LINK EXECUTABLE "/vendor/bin/hw/android.hardware.drm@1.3-service.widevine": cannot locate symbol "CBS_init" referenced by "/vendor/lib64/libwvhidl.so"...
11-29 09:20:36.051 7013 7013 F linker : CANNOT LINK EXECUTABLE "/vendor/bin/hw/android.hardware.drm@1.3-service.widevine": cannot locate symbol "CBS_init" referenced by "/vendor/lib64/libwvhidl.so"...
11-29 09:20:37.061 7016 7016 F linker : CANNOT LINK EXECUTABLE "/vendor/bin/hw/android.hardware.drm@1.3-service.widevine": cannot locate symbol "CBS_init" referenced by "/vendor/lib64/libwvhidl.so"...
11-29 09:20:38.070 7021 7021 F linker : CANNOT LINK EXECUTABLE "/vendor/bin/hw/android.hardware.drm@1.3-service.widevine": cannot locate symbol "CBS_init" referenced by "/vendor/lib64/libwvhidl.so"...
11-29 09:20:39.074 7024 7024 F linker : CANNOT LINK EXECUTABLE "/vendor/bin/hw/android.hardware.drm@1.3-service.widevine": cannot locate symbol "CBS_init" referenced by "/vendor/lib64/libwvhidl.so"...
11-29 09:20:40.085 7027 7027 F linker : CANNOT LINK EXECUTABLE "/vendor/bin/hw/android.hardware.drm@1.3-service.widevine": cannot locate symbol "CBS_init" referenced by "/vendor/lib64/libwvhidl.so"...
11-29 09:20:41.090 7030 7030 F linker : CANNOT LINK EXECUTABLE "/vendor/bin/hw/android.hardware.drm@1.3-service.widevine": cannot locate symbol "CBS_init" referenced by "/vendor/lib64/libwvhidl.so"...
11-29 09:20:42.093 7033 7033 F linker : CANNOT LINK EXECUTABLE "/vendor/bin/hw/android.hardware.drm@1.3-service.widevine": cannot locate symbol "CBS_init" referenced by "/vendor/lib64/libwvhidl.so"...
11-29 09:20:43.091 7038 7038 F linker : CANNOT LINK EXECUTABLE "/vendor/bin/hw/android.hardware.drm@1.3-service.widevine": cannot locate symbol "CBS_init" referenced by "/vendor/lib64/libwvhidl.so"...
11-29 09:20:44.105 7041 7041 F linker : CANNOT LINK EXECUTABLE "/vendor/bin/hw/android.hardware.drm@1.3-service.widevine": cannot locate symbol "CBS_init" referenced by "/vendor/lib64/libwvhidl.so"...
11-29 09:20:45.107 7044 7044 F linker : CANNOT LINK EXECUTABLE "/vendor/bin/hw/android.hardware.drm@1.3-service.widevine": cannot locate symbol "CBS_init" referenced by "/vendor/lib64/libwvhidl.so"...
11-29 09:20:46.119 7047 7047 F linker : CANNOT LINK EXECUTABLE "/vendor/bin/hw/android.hardware.drm@1.3-service.widevine": cannot locate symbol "CBS_init" referenced by "/vendor/lib64/libwvhidl.so"...
11-29 09:20:47.114 7049 7049 F linker : CANNOT LINK EXECUTABLE "/vendor/bin/hw/android.hardware.drm@1.3-service.widevine": cannot locate symbol "CBS_init" referenced by "/vendor/lib64/libwvhidl.so"...
11-29 09:20:48.123 7052 7052 F linker : CANNOT LINK EXECUTABLE "/vendor/bin/hw/android.hardware.drm@1.3-service.widevine": cannot locate symbol "CBS_init" referenced by "/vendor/lib64/libwvhidl.so"...
11-29 09:20:49.129 7054 7054 F linker : CANNOT LINK EXECUTABLE "/vendor/bin/hw/android.hardware.drm@1.3-service.widevine": cannot locate symbol "CBS_init" referenced by "/vendor/lib64/libwvhidl.so"...
11-29 09:20:50.130 7056 7056 F linker : CANNOT LINK EXECUTABLE "/vendor/bin/hw/android.hardware.drm@1.3-service.widevine": cannot locate symbol "CBS_init" referenced by "/vendor/lib64/libwvhidl.so"...
11-29 09:20:51.137 7059 7059 F linker : CANNOT LINK EXECUTABLE "/vendor/bin/hw/android.hardware.drm@1.3-service.widevine": cannot locate symbol "CBS_init" referenced by "/vendor/lib64/libwvhidl.so"...
11-29 09:20:52.147 7062 7062 F linker : CANNOT LINK EXECUTABLE "/vendor/bin/hw/android.hardware.drm@1.3-service.widevine": cannot locate symbol "CBS_init" referenced by "/vendor/lib64/libwvhidl.so"...
11-29 09:20:52.300 2494 4469 D PowerUI : can't show warning due to - plugged: true status unknown: false
11-29 09:20:53.148 7066 7066 F linker : CANNOT LINK EXECUTABLE "/vendor/bin/hw/android.hardware.drm@1.3-service.widevine": cannot locate symbol "CBS_init" referenced by "/vendor/lib64/libwvhidl.so"...
11-29 09:20:54.156 7069 7069 F linker : CANNOT LINK EXECUTABLE "/vendor/bin/hw/android.hardware.drm@1.3-service.widevine": cannot locate symbol "CBS_init" referenced by "/vendor/lib64/libwvhidl.so"...
11-29 09:20:55.157 7072 7072 F linker : CANNOT LINK EXECUTABLE "/vendor/bin/hw/android.hardware.drm@1.3-service.widevine": cannot locate symbol "CBS_init" referenced by "/vendor/lib64/libwvhidl.so"...
11-29 09:20:56.166 7075 7075 F linker : CANNOT LINK EXECUTABLE "/vendor/bin/hw/android.hardware.drm@1.3-service.widevine": cannot locate symbol "CBS_init" referenced by "/vendor/lib64/libwvhidl.so"...
11-29 09:20:57.175 7078 7078 F linker : CANNOT LINK EXECUTABLE "/vendor/bin/hw/android.hardware.drm@1.3-service.widevine": cannot locate symbol "CBS_init" referenced by "/vendor/lib64/libwvhidl.so"...
11-29 09:20:58.183 7082 7082 F linker : CANNOT LINK EXECUTABLE "/vendor/bin/hw/android.hardware.drm@1.3-service.widevine": cannot locate symbol "CBS_init" referenced by "/vendor/lib64/libwvhidl.so"...
11-29 09:20:59.190 7085 7085 F linker : CANNOT LINK EXECUTABLE "/vendor/bin/hw/android.hardware.drm@1.3-service.widevine": cannot locate symbol "CBS_init" referenced by "/vendor/lib64/libwvhidl.so"...
11-29 09:21:00.186 7088 7088 F linker : CANNOT LINK EXECUTABLE "/vendor/bin/hw/android.hardware.drm@1.3-service.widevine": cannot locate symbol "CBS_init" referenced by "/vendor/lib64/libwvhidl.so"...
11-29 09:21:01.191 7091 7091 F linker : CANNOT LINK EXECUTABLE "/vendor/bin/hw/android.hardware.drm@1.3-service.widevine": cannot locate symbol "CBS_init" referenced by "/vendor/lib64/libwvhidl.so"...
11-29 09:21:02.199 7094 7094 F linker : CANNOT LINK EXECUTABLE "/vendor/bin/hw/android.hardware.drm@1.3-service.widevine": cannot locate symbol "CBS_init" referenced by "/vendor/lib64/libwvhidl.so"...
11-29 09:21:03.206 7098 7098 F linker : CANNOT LINK EXECUTABLE "/vendor/bin/hw/android.hardware.drm@1.3-service.widevine": cannot locate symbol "CBS_init" referenced by "/vendor/lib64/libwvhidl.so"...
11-29 09:21:04.214 7101 7101 F linker : CANNOT LINK EXECUTABLE "/vendor/bin/hw/android.hardware.drm@1.3-service.widevine": cannot locate symbol "CBS_init" referenced by "/vendor/lib64/libwvhidl.so"...
11-29 09:21:05.217 7104 7104 F linker : CANNOT LINK EXECUTABLE "/vendor/bin/hw/android.hardware.drm@1.3-service.widevine": cannot locate symbol "CBS_init" referenced by "/vendor/lib64/libwvhidl.so"...
11-29 09:21:06.221 7107 7107 F linker : CANNOT LINK EXECUTABLE "/vendor/bin/hw/android.hardware.drm@1.3-service.widevine": cannot locate symbol "CBS_init" referenced by "/vendor/lib64/libwvhidl.so"...
11-29 09:21:07.222 7110 7110 F linker : CANNOT LINK EXECUTABLE "/vendor/bin/hw/android.hardware.drm@1.3-service.widevine": cannot locate symbol "CBS_init" referenced by "/vendor/lib64/libwvhidl.so"...
11-29 09:21:08.229 7115 7115 F linker : CANNOT LINK EXECUTABLE "/vendor/bin/hw/android.hardware.drm@1.3-service.widevine": cannot locate symbol "CBS_init" referenced by "/vendor/lib64/libwvhidl.so"...
11-29 09:21:09.243 7118 7118 F linker : CANNOT LINK EXECUTABLE "/vendor/bin/hw/android.hardware.drm@1.3-service.widevine": cannot locate symbol "CBS_init" referenced by "/vendor/lib64/libwvhidl.so"...
11-29 09:21:10.256 7121 7121 F linker : CANNOT LINK EXECUTABLE "/vendor/bin/hw/android.hardware.drm@1.3-service.widevine": cannot locate symbol "CBS_init" referenced by "/vendor/lib64/libwvhidl.so"...
11-29 09:21:11.244 7124 7124 F linker : CANNOT LINK EXECUTABLE "/vendor/bin/hw/android.hardware.drm@1.3-service.widevine": cannot locate symbol "CBS_init" referenced by "/vendor/lib64/libwvhidl.so"...
11-29 09:21:12.252 7127 7127 F linker : CANNOT LINK EXECUTABLE "/vendor/bin/hw/android.hardware.drm@1.3-service.widevine": cannot locate symbol "CBS_init" referenced by "/vendor/lib64/libwvhidl.so"...
11-29 09:21:13.127 1278 1706 V DisplayPowerController2[0]: Brightness [0.05] reason changing to: 'automatic [ dim ]', previous reason: 'automatic'.
11-29 09:21:13.128 1278 1706 I DisplayPowerController2[0]: BrightnessEvent: disp=0, physDisp=local:4630947220766978690, displayState=ON, displayPolicy=DIM, brt=0.05, initBrt=0.1583955, rcmdBrt=0.1583955, preBrt=NaN, lux=56.0, preLux=NaN, hbmMax=1.0, hbmMode=off, rbcStrength=50, thrmMax=1.0, powerFactor=1.0, wasShortTermModelActive=false, flags=, reason=automatic [ dim ], autoBrightness=true, strategy=InvalidBrightnessStrategy, autoBrightnessMode=default
11-29 09:21:13.248 7132 7132 F linker : CANNOT LINK EXECUTABLE "/vendor/bin/hw/android.hardware.drm@1.3-service.widevine": cannot locate symbol "CBS_init" referenced by "/vendor/lib64/libwvhidl.so"...
11-29 09:21:14.257 7135 7135 F linker : CANNOT LINK EXECUTABLE "/vendor/bin/hw/android.hardware.drm@1.3-service.widevine": cannot locate symbol "CBS_init" referenced by "/vendor/lib64/libwvhidl.so"...
11-29 09:21:15.270 7138 7138 F linker : CANNOT LINK EXECUTABLE "/vendor/bin/hw/android.hardware.drm@1.3-service.widevine": cannot locate symbol "CBS_init" referenced by "/vendor/lib64/libwvhidl.so"...
11-29 09:21:16.278 7141 7141 F linker : CANNOT LINK EXECUTABLE "/vendor/bin/hw/android.hardware.drm@1.3-service.widevine": cannot locate symbol "CBS_init" referenced by "/vendor/lib64/libwvhidl.so"...
11-29 09:21:17.286 7144 7144 F linker : CANNOT LINK EXECUTABLE "/vendor/bin/hw/android.hardware.drm@1.3-service.widevine": cannot locate symbol "CBS_init" referenced by "/vendor/lib64/libwvhidl.so"...
11-29 09:21:18.282 7149 7149 F linker : CANNOT LINK EXECUTABLE "/vendor/bin/hw/android.hardware.drm@1.3-service.widevine": cannot locate symbol "CBS_init" referenced by "/vendor/lib64/libwvhidl.so"...
11-29 09:21:19.293 7152 7152 F linker : CANNOT LINK EXECUTABLE "/vendor/bin/hw/android.hardware.drm@1.3-service.widevine": cannot locate symbol "CBS_init" referenced by "/vendor/lib64/libwvhidl.so"...
11-29 09:21:20.114 1278 1706 I PowerGroup: Powering off display group due to timeout (groupId= 0, uid= 1000, millisSinceLastUserActivity=60002, lastUserActivityEvent=touch)...
11-29 09:21:20.116 1278 1706 I PowerManagerService: Going to sleep due to timeout (uid 1000, screenOffTimeout=60000, activityTimeoutWM=-1, maxDimRatio=0.20000005, maxDimDur=7000)...
11-29 09:21:20.161 1278 1706 V DisplayPowerController2[0]: Brightness [0.1583955] reason changing to: 'automatic', previous reason: 'automatic [ dim ]'.
11-29 09:21:20.161 1278 1706 I DisplayPowerController2[0]: BrightnessEvent: disp=0, physDisp=local:4630947220766978690, displayState=ON, displayPolicy=OFF, brt=0.1583955, initBrt=0.05, rcmdBrt=0.1583955, preBrt=NaN, lux=56.0, preLux=NaN, hbmMax=1.0, hbmMode=off, rbcStrength=50, thrmMax=1.0, powerFactor=1.0, wasShortTermModelActive=false, flags=, reason=automatic, autoBrightness=true, strategy=InvalidBrightnessStrategy, autoBrightnessMode=default
11-29 09:21:20.162 1278 1320 D DisplayManagerService: Ignore redundant display event 0/4 to 10118/2752
11-29 09:21:20.292 7155 7155 F linker : CANNOT LINK EXECUTABLE "/vendor/bin/hw/android.hardware.drm@1.3-service.widevine": cannot locate symbol "CBS_init" referenced by "/vendor/lib64/libwvhidl.so"...
11-29 09:21:20.577 1278 1706 I DisplayPowerController2[0]: Blocking screen off
11-29 09:21:20.579 1278 1706 I DisplayPowerController2[0]: Unblocked screen off after 2 ms
11-29 09:21:20.589 1278 1706 D ActivityTaskManager: Top Process State changed to PROCESS_STATE_TOP_SLEEPING
11-29 09:21:20.593 1278 1706 I DisplayBrightnessStrategySelector: Changing the DisplayBrightnessStrategy from InvalidBrightnessStrategy to ScreenOffBrightnessStrategy for display 0
11-29 09:21:20.600 1278 1706 V DisplayPowerController2[0]: Brightness [0.0] reason changing to: 'screen_off', previous reason: 'automatic'.
11-29 09:21:20.600 1278 1706 I DisplayPowerController2[0]: BrightnessEvent: disp=0, physDisp=local:4630947220766978690, displayState=OFF, displayPolicy=OFF, brt=0.0, initBrt=0.1583955, rcmdBrt=NaN, preBrt=NaN, lux=0.0, preLux=0.0, hbmMax=1.0, hbmMode=off, rbcStrength=50, thrmMax=1.0, powerFactor=1.0, wasShortTermModelActive=false, flags=, reason=screen_off, autoBrightness=true, strategy=ScreenOffBrightnessStrategy, autoBrightnessMode=default
11-29 09:21:20.605 1278 1320 D DisplayManagerService: Ignore redundant display event 0/4 to 10118/2752
11-29 09:21:20.606 1278 1320 I DisplayDeviceRepository: Display device changed state: "Built-in Screen", OFF
11-29 09:21:20.613 1278 1318 I DisplayDevice: [0] Layerstack set to -1 for local:4630947220766978690
11-29 09:21:20.782 1278 1706 I DreamManagerService: Entering dreamland.
11-29 09:21:20.783 1278 1706 I PowerManagerService: Dozing...
11-29 09:21:20.790 1278 1320 D DisplayManagerService: Ignore redundant display event 0/2 to 10118/2752
11-29 09:21:20.798 1278 1317 I DreamController: Starting dream: name=ComponentInfo{com.android.systemui/com.android.systemui.doze.DozeService}, isPreviewMode=false, canDoze=true, userId=0, reason='power manager request'
11-29 09:21:20.835 2494 2494 V DreamService[DozeService]: UpdateDoze mDozeScreenState=1 mDozeScreenBrightness=10
11-29 09:21:20.836 1278 1706 I DisplayPowerController2[0]: BrightnessEvent: disp=0, physDisp=local:4630947220766978690, displayState=OFF, displayPolicy=DOZE, brt=0.0, initBrt=0.0, rcmdBrt=NaN, preBrt=NaN, lux=0.0, preLux=0.0, hbmMax=1.0, hbmMode=off, rbcStrength=50, thrmMax=1.0, powerFactor=1.0, wasShortTermModelActive=false, flags=, reason=screen_off, autoBrightness=true, strategy=ScreenOffBrightnessStrategy, autoBrightnessMode=default
11-29 09:21:20.857 1278 1278 I PowerManagerService: onFlip(): Face up.
11-29 09:21:20.863 1278 2457 I MR2ServiceImpl: Updating composite discovery preference | preference: RouteDiscoveryRequest{ preferredFeatures={}, activeScan=false }, active routers: []
11-29 09:21:20.875 1278 4814 D SystemServerTiming: getUserSwitchability-0
11-29 09:21:20.875 1278 4814 D SystemServerTiming: TM.isInCall
11-29 09:21:20.876 1278 4814 D SystemServerTiming: hasUserRestriction-DISALLOW_USER_SWITCH
11-29 09:21:20.876 1278 2848 D SystemServerTiming: getUserSwitchability-0
11-29 09:21:20.876 1278 2848 D SystemServerTiming: TM.isInCall
11-29 09:21:20.876 1278 4814 D SystemServerTiming: getInt-ALLOW_USER_SWITCHING_WHEN_SYSTEM_USER_LOCKED
11-29 09:21:20.876 1278 4814 D SystemServerTiming: isUserUnlocked-USER_SYSTEM
11-29 09:21:20.876 1278 2848 D SystemServerTiming: hasUserRestriction-DISALLOW_USER_SWITCH
11-29 09:21:20.876 1278 2848 D SystemServerTiming: getInt-ALLOW_USER_SWITCHING_WHEN_SYSTEM_USER_LOCKED
11-29 09:21:20.876 1278 2848 D SystemServerTiming: isUserUnlocked-USER_SYSTEM
11-29 09:21:21.287 7164 7164 F linker : CANNOT LINK EXECUTABLE "/vendor/bin/hw/android.hardware.drm@1.3-service.widevine": cannot locate symbol "CBS_init" referenced by "/vendor/lib64/libwvhidl.so"...
11-29 09:21:21.594 2494 2531 V WindowManagerShell: Transition requested (#22): android.os.BinderProxy@a59545d TransitionRequestInfo { type = SLEEP, triggerTask = null, pipTask = null, remoteTransition = null, displayChange = null, flags = 0, debugId = 22 }
11-29 09:21:21.594 2494 3757 V WindowManagerShell: onTransitionReady(transaction=5488968205293)
11-29 09:21:21.595 1278 2093 W Transition: Transition already started id=22 state=2
11-29 09:21:21.595 1278 1317 V WindowManager: Sent Transition (#22) createdAt=11-29 09:21:21.592 via request=TransitionRequestInfo { type = SLEEP, triggerTask = null, pipTask = null, remoteTransition = null, displayChange = null, flags = 0, debugId = 22 }
11-29 09:21:21.595 1278 1317 V WindowManager: startWCT=WindowContainerTransaction { changes = {} hops = [] errorCallbackToken=null taskFragmentOrganizer=null }
11-29 09:21:21.596 1278 1317 V WindowManager: info={id=22 t=SLEEP f=0x0 trk=0 r=[] c=[]}
11-29 09:21:21.596 2494 2531 V WindowManagerShell: onTransitionReady (#22) android.os.BinderProxy@a59545d: {id=22 t=SLEEP f=0x0 trk=0 r=[] c=[]}
11-29 09:21:21.596 2494 2531 V WindowManagerShell: No transition roots in (#22) android.os.BinderProxy@a59545d@0 so abort
11-29 09:21:21.598 2494 2531 V WindowManagerShell: Transition animation finished (aborted=true), notifying core (#22) android.os.BinderProxy@a59545d@0
11-29 09:21:21.599 1278 1317 V WindowManager: Finish Transition (#22): created at
11-29 09:21:21.592 collect-started=0.162ms request-sent=0.356ms started=1.3ms ready=1.29ms sent=1.758ms finished=6.224ms
11-29 09:21:21.599 2494 2531 V WindowManagerShell: Track 0 became idle
11-29 09:21:21.599 2494 2531 V WindowManagerShell: All active transition animations finished
11-29 09:21:21.600 1278 2749 W UserManagerService: Requested status bar icon for non-badged user 0
11-29 09:21:22.141 1278 2457 I MR2ServiceImpl: Updating composite discovery preference | preference: RouteDiscoveryRequest{ preferredFeatures={}, activeScan=false }, active routers: []
11-29 09:21:22.308 7167 7167 F linker : CANNOT LINK EXECUTABLE "/vendor/bin/hw/android.hardware.drm@1.3-service.widevine": cannot locate symbol "CBS_init" referenced by "/vendor/lib64/libwvhidl.so"...
11-29 09:21:23.307 7172 7172 F linker : CANNOT LINK EXECUTABLE "/vendor/bin/hw/android.hardware.drm@1.3-service.widevine": cannot locate symbol "CBS_init" referenced by "/vendor/lib64/libwvhidl.so"...
11-29 09:21:24.312 7175 7175 F linker : CANNOT LINK EXECUTABLE "/vendor/bin/hw/android.hardware.drm@1.3-service.widevine": cannot locate symbol "CBS_init" referenced by "/vendor/lib64/libwvhidl.so"...
11-29 09:21:24.561 1278 2161 I PowerGroup: Waking up power group from Dozing (groupId=0, uid=1000, reason=WAKE_REASON_POWER_BUTTON, details=android.policy:POWER)...
11-29 09:21:24.562 1278 2161 I PowerManagerService: Waking up from Dozing (uid=1000, reason=WAKE_REASON_POWER_BUTTON, details=android.policy:POWER)...
11-29 09:21:24.567 1278 1706 I DisplayPowerController2[0]: Blocking screen on until initial contents have been drawn.
11-29 09:21:24.568 1278 1706 I DisplayBrightnessStrategySelector: Changing the DisplayBrightnessStrategy from ScreenOffBrightnessStrategy to InvalidBrightnessStrategy for display 0
11-29 09:21:24.572 1278 2457 I MR2ServiceImpl: Updating composite discovery preference | preference: RouteDiscoveryRequest{ preferredFeatures={}, activeScan=false }, active routers: []
11-29 09:21:24.573 1278 2093 D CoreBackPreview: Window{1314850 u0 NotificationShade}: Setting back callback OnBackInvokedCallbackInfo{mCallback=android.window.IOnBackInvokedCallback$Stub$Proxy@7a178f9, mPriority=0, mIsAnimationCallback=false}
11-29 09:21:24.592 1278 2749 D ActivityTaskManager: Top Process State changed to PROCESS_STATE_TOP
11-29 09:21:24.594 1278 1706 V DisplayPowerController2[0]: Brightness [0.1583955] reason changing to: 'manual', previous reason: 'screen_off'.
11-29 09:21:24.594 1278 1706 I DisplayPowerController2[0]: BrightnessEvent: disp=0, physDisp=local:4630947220766978690, displayState=ON, displayPolicy=BRIGHT, brt=0.1583955, initBrt=0.0, rcmdBrt=NaN, preBrt=NaN, lux=NaN, preLux=NaN, hbmMax=1.0, hbmMode=off, rbcStrength=50, thrmMax=1.0, powerFactor=1.0, wasShortTermModelActive=false, flags=invalid_lux , reason=manual, autoBrightness=true, strategy=InvalidBrightnessStrategy, autoBrightnessMode=default
11-29 09:21:24.597 2494 2531 V WindowManagerShell: Transition requested (#23): android.os.BinderProxy@22ad91e TransitionRequestInfo { type = WAKE, triggerTask = null, pipTask = null, remoteTransition = null, displayChange = null, flags = 0, debugId = 23 }
11-29 09:21:24.597 1278 1320 I DisplayDeviceRepository: Display device changed state: "Built-in Screen", ON
11-29 09:21:24.604 1278 2749 I DisplayDevice: [0] Layerstack set to 0 for local:4630947220766978690
11-29 09:21:24.617 1278 2457 I MR2ServiceImpl: Updating composite discovery preference | preference: RouteDiscoveryRequest{ preferredFeatures={}, activeScan=false }, active routers: []
11-29 09:21:24.632 1278 1706 I DisplayPowerController2[0]: Unblocked screen on after 65 ms
11-29 09:21:24.643 1278 1317 V WindowManager: Sent Transition (#23) createdAt=11-29 09:21:24.592 via request=TransitionRequestInfo { type = WAKE, triggerTask = null, pipTask = null, remoteTransition = null, displayChange = null, flags = 0, debugId = 23 }
11-29 09:21:24.643 1278 1317 V WindowManager: startWCT=WindowContainerTransaction { changes = {} hops = [] errorCallbackToken=null taskFragmentOrganizer=null }
11-29 09:21:24.643 1278 1317 V WindowManager: info={id=23 t=WAKE f=0x0 trk=0 r=[0@Point(0, 0)] c=[
11-29 09:21:24.643 1278 1317 V WindowManager: {WCT{RemoteToken{6121e72 Task{c1c2d61 #34 type=standard A=10176:org.omnirom.omnistore}}} m=TO_FRONT f=NONE p=WCT{RemoteToken{7078937 DefaultTaskDisplayArea@2789591}} leash=Surface(name=Task=34)/@0x7eb49e6 sb=Rect(0, 0 - 1080, 2400) eb=Rect(0, 0 - 1080, 2400) d=0 taskParent=-1},
11-29 09:21:24.643 1278 1317 V WindowManager: {WCT{RemoteToken{7078937 DefaultTaskDisplayArea@2789591}} m=TO_FRONT f=NONE leash=Surface(name=DefaultTaskDisplayArea)/@0xb18c182 sb=Rect(0, 0 - 1080, 2400) eb=Rect(0, 0 - 1080, 2400) d=0}
11-29 09:21:24.643 1278 1317 V WindowManager: ]}
11-29 09:21:24.644 2494 2916 V WindowManagerShell: onTransitionReady(transaction=5488968205309)
11-29 09:21:24.644 2494 2531 V WindowManagerShell: onTransitionReady (#23) android.os.BinderProxy@22ad91e: {id=23 t=WAKE f=0x0 trk=0 r=[0@Point(0, 0)] c=[{WCT{android.window.IWindowContainerToken$Stub$Proxy@3e75915} m=TO_FRONT f=NONE p=WCT{android.window.IWindowContainerToken$Stub$Proxy@1e3842a} leash=Surface(name=Task=34)/@0x34b441e sb=Rect(0, 0 - 1080, 2400) eb=Rect(0, 0 - 1080, 2400) d=0 taskParent=-1},{WCT{android.window.IWindowContainerToken$Stub$Proxy@2a0421b} m=TO_FRONT f=NONE leash=Surface(name=DefaultTaskDisplayArea)/@0x30154ff sb=Rect(0, 0 - 1080, 2400) eb=Rect(0, 0 - 1080, 2400) d=0}]}
11-29 09:21:24.644 2494 2531 V WindowManagerShell: Playing animation for (#23) android.os.BinderProxy@22ad91e@0
11-29 09:21:24.644 2494 2531 V WindowManagerShell: try handler com.android.wm.shell.transition.DefaultMixedHandler@9605821
11-29 09:21:24.644 2494 2531 V WindowManagerShell: try handler com.android.wm.shell.keyguard.KeyguardTransitionHandler@365c446
11-29 09:21:24.644 2494 2531 V WindowManagerShell: try handler com.android.wm.shell.pip.PipTransition@3830621
11-29 09:21:24.644 2494 2531 V WindowManagerShell: try handler com.android.wm.shell.activityembedding.ActivityEmbeddingController@92dda46
11-29 09:21:24.644 2494 2531 V WindowManagerShell: try handler com.android.wm.shell.recents.RecentsTransitionHandler@92b7407
11-29 09:21:24.644 2494 2531 V ShellRecents: RecentsTransitionHandler.startAnimation: no controller found
11-29 09:21:24.644 2494 2531 V WindowManagerShell: try handler com.android.wm.shell.splitscreen.StageCoordinator@944b934
