11-29 09:23:59.294 1278 2189 D ConnectivityService: NetReassign [no changes] [c 0] [a 7] [i 2]
11-29 09:23:59.295 8022 8022 I cr_SplitCompatApp: Launched version=123.0.6312.58 minSdkVersion=1 isBundle=false processName=org.omnirom.chromium:privileged_process0 isIsolated=false
11-29 09:23:59.295 8020 8020 D ApplicationLoaders: Returning zygote-cached class loader: /system_ext/framework/androidx.window.extensions.jar
11-29 09:23:59.297 1278 2094 D CompatChangeReporter: Compat change id reported: 261072174; UID 10178; state: ENABLED
11-29 09:23:59.298 8022 8022 I cr_ChildProcessService: Creating new ChildProcessService pid=8022
11-29 09:23:59.304 1119 7619 I QC2C2DEngine: calcYSize: unsupported or RGB color format, RGBA8888(1)
11-29 09:23:59.307 8022 8053 D nativeloader: Load /data/app/~~YYxOsBkhqxAVAGuoAUUM6w==/org.omnirom.chromium-jLQ-z80CDVxNd1ChlNAlSQ==/lib/arm64/libchrome.so using ns clns-7 from class loader (caller=/data/app/~~YYxOsBkhqxAVAGuoAUUM6w==/org.omnirom.chromium-jLQ-z80CDVxNd1ChlNAlSQ==/base.apk): ok
11-29 09:23:59.309 8020 8020 I cr_SplitCompatApp: Launched version=123.0.6312.58 minSdkVersion=1 isBundle=false processName=org.omnirom.chromium:sandboxed_process0:org.chromium.content.app.SandboxedProcessService0:0 isIsolated=true
11-29 09:23:59.309 8022 8053 I cr_LibraryLoader: Successfully loaded native library
11-29 09:23:59.309 8022 8053 I cr_CachingUmaRecorder: Flushed 2 samples from 2 histograms, 0 samples were dropped.
11-29 09:23:59.318 8020 8020 I cr_ChildProcessService: Creating new ChildProcessService pid=8020
11-29 09:23:59.319 8022 8053 I AdrenoGLES-0: QUALCOMM build : c91de61166, Ibd0298713c
11-29 09:23:59.319 8022 8053 I AdrenoGLES-0: Build Date : 03/01/21
11-29 09:23:59.319 8022 8053 I AdrenoGLES-0: OpenGL ES Shader Compiler Version: EV031.35.01.04
11-29 09:23:59.319 8022 8053 I AdrenoGLES-0: Local Branch :
11-29 09:23:59.319 8022 8053 I AdrenoGLES-0: Remote Branch :
11-29 09:23:59.319 8022 8053 I AdrenoGLES-0: Remote Branch :
11-29 09:23:59.319 8022 8053 I AdrenoGLES-0: Reconstruct Branch :
11-29 09:23:59.319 8022 8053 I AdrenoGLES-0: Build Config : S P 10.0.7 AArch64
11-29 09:23:59.319 8022 8053 I AdrenoGLES-0: Driver Path : /vendor/lib64/egl/libGLESv2_adreno.so
11-29 09:23:59.323 8022 8053 I AdrenoGLES-0: PFP: 0x016dc094, ME: 0x00000000
11-29 09:23:59.324 1119 7619 I QC2C2DEngine: calcYSize: unsupported or RGB color format, RGBA8888(1)
11-29 09:23:59.329 4097 4097 W JobService: onNetworkChanged() not implemented in androidx.work.impl.background.systemjob.SystemJobService. Must override in a subclass.
11-29 09:23:59.330 4097 4097 W JobService: onNetworkChanged() not implemented in androidx.work.impl.background.systemjob.SystemJobService. Must override in a subclass.
11-29 09:23:59.331 4097 4128 D WM-NetworkStateTracker: Network capabilities changed: [ Transports: WIFI Capabilities: NOT_METERED&INTERNET&NOT_RESTRICTED&TRUSTED&NOT_VPN&VALIDATED&NOT_ROAMING&FOREGROUND&NOT_CONGESTED&NOT_SUSPENDED&NOT_VCN_MANAGED&NOT_BANDWIDTH_CONSTRAINED LinkUpBandwidth>=10000Kbps LinkDnBandwidth>=45205Kbps TransportInfo: , BSSID: 02:00:00:00:00:00, MAC: 02:00:00:00:00:00, IP: /192.168.1.148, Security type: 2, Supplicant state: COMPLETED, Wi-Fi standard: 11n, RSSI: -73, Link speed: 130Mbps, Tx Link speed: 130Mbps, Max Supported Tx Link speed: 144Mbps, Rx Link speed: 86Mbps, Max Supported Rx Link speed: 144Mbps, Frequency: 2447MHz, Net ID: -1, Metered hint: false, score: 59, isUsable: true, CarrierMerged: false, SubscriptionId: -1, IsPrimary: -1, Trusted: true, Restricted: false, Ephemeral: false, OEM paid: false, OEM private: false, OSU AP: false, FQDN: , Provider friendly name: , Requesting package name: MLO Information: , Is TID-To-Link negotiation supported by the AP: false, AP MLD Address: , AP MLO Link Id: , AP MLO Affiliated links: , Vendor Data: > SignalStrength: -73 UnderlyingNetworks: Null]
11-29 09:23:59.339 1119 7619 I QC2C2DEngine: calcYSize: unsupported or RGB color format, RGBA8888(1)
11-29 09:23:59.354 1119 7619 I QC2C2DEngine: calcYSize: unsupported or RGB color format, RGBA8888(1)
11-29 09:23:59.363 7959 7959 E ResourcesCompat: Failed to find font-family tag
11-29 09:23:59.367 8022 8053 D vulkan : searching for layers in '/data/app/~~YYxOsBkhqxAVAGuoAUUM6w==/org.omnirom.chromium-jLQ-z80CDVxNd1ChlNAlSQ==/lib/arm64'
11-29 09:23:59.368 8022 8053 D vulkan : searching for layers in '/data/app/~~YYxOsBkhqxAVAGuoAUUM6w==/org.omnirom.chromium-jLQ-z80CDVxNd1ChlNAlSQ==/base.apk!/lib/arm64-v8a'
11-29 09:23:59.373 1119 7619 I QC2C2DEngine: calcYSize: unsupported or RGB color format, RGBA8888(1)
11-29 09:23:59.376 8022 8053 I AdrenoVK-0: ===== BEGIN DUMP OF OVERRIDDEN SETTINGS =====
11-29 09:23:59.376 8022 8053 I AdrenoVK-0: ===== END DUMP OF OVERRIDDEN SETTINGS =====
11-29 09:23:59.376 8022 8053 I AdrenoVK-0: QUALCOMM build : c91de61166, Ibd0298713c
11-29 09:23:59.376 8022 8053 I AdrenoVK-0: Build Date : 03/01/21
11-29 09:23:59.376 8022 8053 I AdrenoVK-0: Shader Compiler Version : EV031.35.01.03
11-29 09:23:59.376 8022 8053 I AdrenoVK-0: Local Branch :
11-29 09:23:59.376 8022 8053 I AdrenoVK-0: Remote Branch :
11-29 09:23:59.376 8022 8053 I AdrenoVK-0: Remote Branch :
11-29 09:23:59.376 8022 8053 I AdrenoVK-0: Reconstruct Branch :
11-29 09:23:59.376 8022 8053 I AdrenoVK-0: Build Config : S P 10.0.7 AArch64
11-29 09:23:59.376 8022 8053 I AdrenoVK-0: Driver Path : /vendor/lib64/hw/vulkan.adreno.so
11-29 09:23:59.388 1119 7619 I QC2C2DEngine: calcYSize: unsupported or RGB color format, RGBA8888(1)
11-29 09:23:59.405 1119 7619 I QC2C2DEngine: calcYSize: unsupported or RGB color format, RGBA8888(1)
11-29 09:23:59.420 1119 7619 I QC2C2DEngine: calcYSize: unsupported or RGB color format, RGBA8888(1)
11-29 09:23:59.438 1119 7619 I QC2C2DEngine: calcYSize: unsupported or RGB color format, RGBA8888(1)
11-29 09:23:59.469 1119 7619 I QC2C2DEngine: calcYSize: unsupported or RGB color format, RGBA8888(1)
11-29 09:23:59.473 1119 7619 I QC2C2DEngine: calcYSize: unsupported or RGB color format, RGBA8888(1)
11-29 09:23:59.490 1119 7619 I QC2C2DEngine: calcYSize: unsupported or RGB color format, RGBA8888(1)
11-29 09:23:59.503 1055 1079 I android.hardware.thermal@2.0-service.qti: uevent triggered for sensor: camera-therm-usr
11-29 09:23:59.509 1119 7619 I QC2C2DEngine: calcYSize: unsupported or RGB color format, RGBA8888(1)
11-29 09:23:59.526 1119 7619 I QC2C2DEngine: calcYSize: unsupported or RGB color format, RGBA8888(1)
11-29 09:23:59.529 2494 2531 V WindowManagerShell: Transition animation finished (aborted=false), notifying core (#37) android.os.BinderProxy@ac219ae@0
11-29 09:23:59.532 1278 1317 V WindowManager: Finish Transition (#37): created at
11-29 09:23:58.924 collect-started=0.067ms request-sent=10.202ms started=40.573ms ready=57.039ms sent=59.022ms finished=607.004ms
11-29 09:23:59.534 7841 7841 D VRI[DeleteStagedFileOnResult]: visibilityChanged oldVisibility=true newVisibility=false
11-29 09:23:59.536 6716 6716 D VRI[MainActivity]: visibilityChanged oldVisibility=true newVisibility=false
11-29 09:23:59.540 1119 7619 I QC2C2DEngine: calcYSize: unsupported or RGB color format, RGBA8888(1)
11-29 09:23:59.555 1119 7619 I QC2C2DEngine: calcYSize: unsupported or RGB color format, RGBA8888(1)
11-29 09:23:59.556 3360 3425 D ForegroundUtils: Foreground UID status:
11-29 09:23:59.556 3360 3425 D ForegroundUtils: UID: 10038 is in foreground: false
11-29 09:23:59.556 3360 3425 D ForegroundUtils: UID: 10043 is in foreground: true
11-29 09:23:59.556 3360 3425 D ForegroundUtils: UID: 10102 is in foreground: true
11-29 09:23:59.556 3360 3425 D ForegroundUtils: UID: 10104 is in foreground: false
11-29 09:23:59.556 3360 3425 D ForegroundUtils: UID: 10118 is in foreground: false
11-29 09:23:59.556 3360 3425 D ForegroundUtils: UID: 10135 is in foreground: true
11-29 09:23:59.556 3360 3425 D ForegroundUtils: UID: 10140 is in foreground: false
11-29 09:23:59.556 3360 3425 D ForegroundUtils: UID: 10176 is in foreground: false
11-29 09:23:59.556 3360 3425 D ForegroundUtils: UID: 10178 is in foreground: true
11-29 09:23:59.557 3360 3425 D ForegroundUtils: Foreground UID status:
11-29 09:23:59.557 3360 3425 D ForegroundUtils: UID: 10038 is in foreground: false
11-29 09:23:59.557 3360 3425 D ForegroundUtils: UID: 10043 is in foreground: false
11-29 09:23:59.557 3360 3425 D ForegroundUtils: UID: 10102 is in foreground: true
11-29 09:23:59.557 3360 3425 D ForegroundUtils: UID: 10104 is in foreground: false
11-29 09:23:59.557 3360 3425 D ForegroundUtils: UID: 10118 is in foreground: false
11-29 09:23:59.557 3360 3425 D ForegroundUtils: UID: 10135 is in foreground: true
11-29 09:23:59.557 3360 3425 D ForegroundUtils: UID: 10140 is in foreground: false
11-29 09:23:59.557 3360 3425 D ForegroundUtils: UID: 10176 is in foreground: false
11-29 09:23:59.557 3360 3425 D ForegroundUtils: UID: 10178 is in foreground: true
11-29 09:23:59.563 2494 2531 V WindowManagerShell: Track 0 became idle
11-29 09:23:59.563 2494 2531 V WindowManagerShell: All active transition animations finished
11-29 09:23:59.564 1278 1317 V WindowManager: Finish Transition (#38): created at
11-29 09:23:59.072 collect-started=0.029ms request-sent=2.751ms started=6.23ms ready=16.476ms sent=18.283ms finished=489.794ms
11-29 09:23:59.565 1278 7916 W UserManagerService: Requested status bar icon for non-badged user 0
11-29 09:23:59.566 1278 2094 W UserManagerService: Requested status bar icon for non-badged user 0
11-29 09:23:59.567 1278 2094 W UserManagerService: Requested status bar icon for non-badged user 0
11-29 09:23:59.568 1278 2165 I ImeTracker: org.omnirom.chromium:7c7324d3: onRequestHide at ORIGIN_SERVER reason HIDE_STATE_HIDDEN_FORWARD_NAV fromUser false
11-29 09:23:59.568 1278 7916 W UserManagerService: Requested status bar icon for non-badged user 0
11-29 09:23:59.568 1278 7916 W UserManagerService: Requested status bar icon for non-badged user 0
11-29 09:23:59.568 1278 2165 I ImeTracker: org.omnirom.chromium:7c7324d3: onCancelled at PHASE_SERVER_SHOULD_HIDE
11-29 09:23:59.568 1278 7916 W UserManagerService: Requested status bar icon for non-badged user 0
11-29 09:23:59.571 1119 7619 I QC2C2DEngine: calcYSize: unsupported or RGB color format, RGBA8888(1)
11-29 09:23:59.588 7841 7841 D VRI[InstallSuccess]: visibilityChanged oldVisibility=true newVisibility=false
11-29 09:23:59.588 7841 7841 D VRI[InstallSuccess]: visibilityChanged oldVisibility=true newVisibility=false
11-29 09:23:59.588 7841 7841 D VRI[InstallSuccess]: visibilityChanged oldVisibility=true newVisibility=false
11-29 09:23:59.593 1119 7619 I QC2C2DEngine: calcYSize: unsupported or RGB color format, RGBA8888(1)
11-29 09:23:59.609 1119 7619 I QC2C2DEngine: calcYSize: unsupported or RGB color format, RGBA8888(1)
11-29 09:23:59.618 7841 7841 W WindowOnBackDispatcher: sendCancelIfRunning: isInProgress=false callback=android.view.ViewRootImpl$$ExternalSyntheticLambda11@9dbefea
11-29 09:23:59.619 1278 7915 D CoreBackPreview: Window{6e83f88 u0 com.android.packageinstaller/com.android.packageinstaller.InstallSuccess}: Setting back callback null
11-29 09:23:59.623 1119 7619 I QC2C2DEngine: calcYSize: unsupported or RGB color format, RGBA8888(1)
11-29 09:23:59.628 1278 7915 W InputManager-JNI: Input channel object '6e83f88 com.android.packageinstaller/com.android.packageinstaller.InstallSuccess (client)' was disposed without first being removed with the input manager!
11-29 09:23:59.633 7841 7841 E WindowManager: android.view.WindowLeaked: Activity com.android.packageinstaller.InstallSuccess has leaked window com.android.internal.policy.DecorView{d48739f V.E...... R....... 0,0-1026,544}[InstallSuccess] that was originally added here
11-29 09:23:59.633 7841 7841 E WindowManager: at android.view.ViewRootImpl.(ViewRootImpl.java:1246)
11-29 09:23:59.633 7841 7841 E WindowManager: at android.view.ViewRootImpl.(ViewRootImpl.java:1232)
11-29 09:23:59.633 7841 7841 E WindowManager: at android.view.WindowManagerGlobal.addView(WindowManagerGlobal.java:428)
11-29 09:23:59.633 7841 7841 E WindowManager: at android.view.WindowManagerImpl.addView(WindowManagerImpl.java:158)
11-29 09:23:59.633 7841 7841 E WindowManager: at android.app.Dialog.show(Dialog.java:352)
11-29 09:23:59.633 7841 7841 E WindowManager: at com.android.packageinstaller.InstallSuccess.bindUi(InstallSuccess.java:109)
11-29 09:23:59.633 7841 7841 E WindowManager: at com.android.packageinstaller.InstallSuccess.onCreate(InstallSuccess.java:75)
11-29 09:23:59.633 7841 7841 E WindowManager: at android.app.Activity.performCreate(Activity.java:9002)
11-29 09:23:59.633 7841 7841 E WindowManager: at android.app.Activity.performCreate(Activity.java:8980)
11-29 09:23:59.633 7841 7841 E WindowManager: at android.app.Instrumentation.callActivityOnCreate(Instrumentation.java:1526)
11-29 09:23:59.633 7841 7841 E WindowManager: at android.app.ActivityThread.performLaunchActivity(ActivityThread.java:4030)
11-29 09:23:59.633 7841 7841 E WindowManager: at android.app.ActivityThread.handleLaunchActivity(ActivityThread.java:4235)
11-29 09:23:59.633 7841 7841 E WindowManager: at android.app.servertransaction.LaunchActivityItem.execute(LaunchActivityItem.java:112)
11-29 09:23:59.633 7841 7841 E WindowManager: at android.app.servertransaction.TransactionExecutor.executeNonLifecycleItem(TransactionExecutor.java:174)
11-29 09:23:59.633 7841 7841 E WindowManager: at android.app.servertransaction.TransactionExecutor.executeTransactionItems(TransactionExecutor.java:109)
11-29 09:23:59.633 7841 7841 E WindowManager: at android.app.servertransaction.TransactionExecutor.execute(TransactionExecutor.java:81)
11-29 09:23:59.633 7841 7841 E WindowManager: at android.app.ActivityThread$H.handleMessage(ActivityThread.java:2636)
11-29 09:23:59.633 7841 7841 E WindowManager: at android.os.Handler.dispatchMessage(Handler.java:107)
11-29 09:23:59.633 7841 7841 E WindowManager: at android.os.Looper.loopOnce(Looper.java:232)
11-29 09:23:59.633 7841 7841 E WindowManager: at android.os.Looper.loop(Looper.java:317)
11-29 09:23:59.633 7841 7841 E WindowManager: at android.app.ActivityThread.main(ActivityThread.java:8705)
11-29 09:23:59.633 7841 7841 E WindowManager: at java.lang.reflect.Method.invoke(Native Method)
11-29 09:23:59.633 7841 7841 E WindowManager: at com.android.internal.os.RuntimeInit$MethodAndArgsCaller.run(RuntimeInit.java:580)
11-29 09:23:59.633 7841 7841 E WindowManager: at com.android.internal.os.ZygoteInit.main(ZygoteInit.java:886)
11-29 09:23:59.640 7841 7841 E WindowManager: android.view.WindowLeaked: Activity com.android.packageinstaller.InstallSuccess has leaked window com.android.internal.policy.DecorView{4bf28b5 V.E...... R....... 0,0-1026,544}[InstallSuccess] that was originally added here
11-29 09:23:59.640 7841 7841 E WindowManager: at android.view.ViewRootImpl.(ViewRootImpl.java:1246)
11-29 09:23:59.640 7841 7841 E WindowManager: at android.view.ViewRootImpl.(ViewRootImpl.java:1232)
11-29 09:23:59.640 7841 7841 E WindowManager: at android.view.WindowManagerGlobal.addView(WindowManagerGlobal.java:428)
11-29 09:23:59.640 7841 7841 E WindowManager: at android.view.WindowManagerImpl.addView(WindowManagerImpl.java:158)
11-29 09:23:59.640 7841 7841 E WindowManager: at android.app.Dialog.show(Dialog.java:352)
11-29 09:23:59.640 7841 7841 E WindowManager: at com.android.packageinstaller.InstallSuccess.bindUi(InstallSuccess.java:109)
11-29 09:23:59.640 7841 7841 E WindowManager: at com.android.packageinstaller.InstallSuccess.onResume(InstallSuccess.java:82)
11-29 09:23:59.640 7841 7841 E WindowManager: at android.app.Instrumentation.callActivityOnResume(Instrumentation.java:1722)
11-29 09:23:59.640 7841 7841 E WindowManager: at android.app.Activity.performResume(Activity.java:9160)
11-29 09:23:59.640 7841 7841 E WindowManager: at android.app.ActivityThread.performResumeActivity(ActivityThread.java:5299)
11-29 09:23:59.640 7841 7841 E WindowManager: at android.app.ActivityThread.handleResumeActivity(ActivityThread.java:5342)
11-29 09:23:59.640 7841 7841 E WindowManager: at android.app.servertransaction.ResumeActivityItem.execute(ResumeActivityItem.java:57)
11-29 09:23:59.640 7841 7841 E WindowManager: at android.app.servertransaction.ActivityTransactionItem.execute(ActivityTransactionItem.java:60)
11-29 09:23:59.640 7841 7841 E WindowManager: at android.app.servertransaction.TransactionExecutor.executeLifecycleItem(TransactionExecutor.java:225)
11-29 09:23:59.640 7841 7841 E WindowManager: at android.app.servertransaction.TransactionExecutor.executeTransactionItems(TransactionExecutor.java:107)
11-29 09:23:59.640 7841 7841 E WindowManager: at android.app.servertransaction.TransactionExecutor.execute(TransactionExecutor.java:81)
11-29 09:23:59.640 7841 7841 E WindowManager: at android.app.ActivityThread$H.handleMessage(ActivityThread.java:2636)
11-29 09:23:59.640 7841 7841 E WindowManager: at android.os.Handler.dispatchMessage(Handler.java:107)
11-29 09:23:59.640 7841 7841 E WindowManager: at android.os.Looper.loopOnce(Looper.java:232)
11-29 09:23:59.640 7841 7841 E WindowManager: at android.os.Looper.loop(Looper.java:317)
11-29 09:23:59.640 7841 7841 E WindowManager: at android.app.ActivityThread.main(ActivityThread.java:8705)
11-29 09:23:59.640 7841 7841 E WindowManager: at java.lang.reflect.Method.invoke(Native Method)
11-29 09:23:59.640 7841 7841 E WindowManager: at com.android.internal.os.RuntimeInit$MethodAndArgsCaller.run(RuntimeInit.java:580)
11-29 09:23:59.640 7841 7841 E WindowManager: at com.android.internal.os.ZygoteInit.main(ZygoteInit.java:886)
11-29 09:23:59.641 1119 7619 I QC2C2DEngine: calcYSize: unsupported or RGB color format, RGBA8888(1)
11-29 09:23:59.644 7841 7854 D HWUI : endAllActiveAnimators on 0xb400006e8ac53700 (RippleDrawable) with handle 0xb400006f3ac6f2f0
11-29 09:23:59.659 1119 7619 I QC2C2DEngine: calcYSize: unsupported or RGB color format, RGBA8888(1)
11-29 09:23:59.660 7841 7841 W WindowOnBackDispatcher: sendCancelIfRunning: isInProgress=false callback=android.view.ViewRootImpl$$ExternalSyntheticLambda11@5f8e092
11-29 09:23:59.660 1278 7915 D CoreBackPreview: Window{db28be6 u0 com.android.packageinstaller/com.android.packageinstaller.InstallSuccess EXITING}: Setting back callback null
11-29 09:23:59.661 1278 2094 W InputManager-JNI: Input channel object 'db28be6 com.android.packageinstaller/com.android.packageinstaller.InstallSuccess (client)' was disposed without first being removed with the input manager!
11-29 09:23:59.663 1278 1321 W InputManager-JNI: Input channel object '5663cb3 com.android.packageinstaller/com.android.packageinstaller.InstallSuccess (client)' was disposed without first being removed with the input manager!
11-29 09:23:59.663 7841 7841 W WindowOnBackDispatcher: sendCancelIfRunning: isInProgress=false callback=android.view.ViewRootImpl$$ExternalSyntheticLambda11@2c073de
11-29 09:23:59.671 1278 2094 W WindowManager: Failed looking up window session=Session{aeb87ea 7841:u0a10043} callers=com.android.server.wm.WindowManagerService.removeClientToken:2058 com.android.server.wm.Session.remove:274 android.view.IWindowSession$Stub.onTransact:685
11-29 09:23:59.671 1278 7916 W WindowManager: Failed looking up window session=Session{aeb87ea 7841:u0a10043} callers=com.android.server.wm.WindowManagerService.windowForClientLocked:6323 com.android.server.wm.Session.setOnBackInvokedCallbackInfo:1025 android.view.IWindowSession$Stub.onTransact:1199
11-29 09:23:59.671 1278 7916 I WindowManager: setOnBackInvokedCallback(): No window state for package:com.android.packageinstaller
11-29 09:23:59.673 1119 7619 I QC2C2DEngine: calcYSize: unsupported or RGB color format, RGBA8888(1)
11-29 09:23:59.690 1119 7619 I QC2C2DEngine: calcYSize: unsupported or RGB color format, RGBA8888(1)
11-29 09:23:59.708 1119 7619 I QC2C2DEngine: calcYSize: unsupported or RGB color format, RGBA8888(1)
11-29 09:23:59.721 1119 7619 I QC2C2DEngine: calcYSize: unsupported or RGB color format, RGBA8888(1)
11-29 09:23:59.744 1119 7619 I QC2C2DEngine: calcYSize: unsupported or RGB color format, RGBA8888(1)
11-29 09:23:59.756 1119 7619 I QC2C2DEngine: calcYSize: unsupported or RGB color format, RGBA8888(1)
11-29 09:23:59.772 1119 7619 I QC2C2DEngine: calcYSize: unsupported or RGB color format, RGBA8888(1)
11-29 09:23:59.772 7959 7959 I chromium: [INFO:subscription_downloader_impl.cc(185)] [eyeo] Response status for https://easylist-downloads.adblockplus.org/easylist.txt : 200
11-29 09:23:59.787 1119 7619 I QC2C2DEngine: calcYSize: unsupported or RGB color format, RGBA8888(1)
11-29 09:23:59.805 1119 7619 I QC2C2DEngine: calcYSize: unsupported or RGB color format, RGBA8888(1)
11-29 09:23:59.820 1119 7619 I QC2C2DEngine: calcYSize: unsupported or RGB color format, RGBA8888(1)
11-29 09:23:59.831 4097 4297 W HidlServiceManagement: Waited one second for android.hardware.drm@1.0::IDrmFactory/widevine
11-29 09:23:59.832 643 643 I hwservicemanager: Since android.hardware.drm@1.0::IDrmFactory/widevine is not registered, trying to start it as a lazy HAL (if it's not configured to be a lazy HAL, it may be stuck starting or still starting).
11-29 09:23:59.833 4097 4297 I HidlServiceManagement: getService: Trying again for android.hardware.drm@1.0::IDrmFactory/widevine...
11-29 09:23:59.838 1119 7619 I QC2C2DEngine: calcYSize: unsupported or RGB color format, RGBA8888(1)
11-29 09:23:59.838 1054 7180 I sensors-hal: handle_sns_client_event:470, [SSC_HAL] ACCEL, ts:914.718626 s X:0.04 Y:0.16 Z:9.92, elapsedRealtime: 914.769491, ts_diff: 0.050866, pb_ts: 17854803694, offset = -15219066746
11-29 09:23:59.850 2494 2558 W WindowOnBackDispatcher: sendCancelIfRunning: isInProgress=false callback=android.view.ViewRootImpl$$ExternalSyntheticLambda11@591a56b
11-29 09:23:59.851 1278 2094 D CoreBackPreview: Window{34c123e u0 Splash Screen org.omnirom.chromium EXITING}: Setting back callback null
11-29 09:23:59.852 1278 1302 W InputManager-JNI: Input channel object '34c123e Splash Screen org.omnirom.chromium (client)' was disposed without first being removed with the input manager!
11-29 09:23:59.852 1119 7619 I QC2C2DEngine: calcYSize: unsupported or RGB color format, RGBA8888(1)
11-29 09:23:59.852 7959 8009 I chromium: [INFO:url_filter.cc(129)] [eyeo] Exception options can only be used with allowing filters
11-29 09:23:59.852 7959 8009 I chromium: [INFO:flatbuffer_converter.cc(128)] [eyeo] Invalid url filter: ||123-stream.org^$document
11-29 09:23:59.852 7959 8009 I chromium: [INFO:url_filter.cc(129)] [eyeo] Exception options can only be used with allowing filters
11-29 09:23:59.852 7959 8009 I chromium: [INFO:flatbuffer_converter.cc(128)] [eyeo] Invalid url filter: ||1winpost.com^$document
11-29 09:23:59.852 7959 8009 I chromium: [INFO:url_filter.cc(129)] [eyeo] Exception options can only be used with allowing filters
11-29 09:23:59.852 7959 8009 I chromium: [INFO:flatbuffer_converter.cc(128)] [eyeo] Invalid url filter: ||20trackdomain.com^$document
11-29 09:23:59.852 7959 8009 I chromium: [INFO:url_filter.cc(129)] [eyeo] Exception options can only be used with allowing filters
11-29 09:23:59.852 7959 8009 I chromium: [INFO:flatbuffer_converter.cc(128)] [eyeo] Invalid url filter: ||2ltm627ho.com^$document
11-29 09:23:59.852 7959 8009 I chromium: [INFO:url_filter.cc(129)] [eyeo] Exception options can only be used with allowing filters
11-29 09:23:59.852 7959 8009 I chromium: [INFO:flatbuffer_converter.cc(128)] [eyeo] Invalid url filter: ||367p.com^$document
11-29 09:23:59.852 7959 8009 I chromium: [INFO:url_filter.cc(129)] [eyeo] Exception options can only be used with allowing filters
11-29 09:23:59.852 7959 8009 I chromium: [INFO:flatbuffer_converter.cc(128)] [eyeo] Invalid url filter: ||5wzgtq8dpk.com^$document
11-29 09:23:59.852 7959 8009 I chromium: [INFO:url_filter.cc(129)] [eyeo] Exception options can only be used with allowing filters
11-29 09:23:59.852 7959 8009 I chromium: [INFO:flatbuffer_converter.cc(128)] [eyeo] Invalid url filter: ||65spy7rgcu.com^$document
11-29 09:23:59.852 7959 8009 I chromium: [INFO:url_filter.cc(129)] [eyeo] Exception options can only be used with allowing filters
11-29 09:23:59.852 7959 8009 I chromium: [INFO:flatbuffer_converter.cc(128)] [eyeo] Invalid url filter: ||67trackdomain.com^$document
11-29 09:23:59.852 7959 8009 I chromium: [INFO:url_filter.cc(129)] [eyeo] Exception options can only be used with allowing filters
11-29 09:23:59.852 7959 8009 I chromium: [INFO:flatbuffer_converter.cc(128)] [eyeo] Invalid url filter: ||905trk.com^$document
11-29 09:23:59.853 7959 8009 I chromium: [INFO:url_filter.cc(129)] [eyeo] Exception options can only be used with allowing filters
11-29 09:23:59.853 7959 8009 I chromium: [INFO:flatbuffer_converter.cc(128)] [eyeo] Invalid url filter: ||abdedenneer.com^$document
11-29 09:23:59.853 7959 8009 I chromium: [INFO:url_filter.cc(129)] [eyeo] Exception options can only be used with allowing filters
11-29 09:23:59.853 7959 8009 I chromium: [INFO:flatbuffer_converter.cc(128)] [eyeo] Invalid url filter: ||ablecolony.com^$document
11-29 09:23:59.853 7959 8009 I chromium: [INFO:url_filter.cc(129)] [eyeo] Exception options can only be used with allowing filters
11-29 09:23:59.853 7959 8009 I chromium: [INFO:flatbuffer_converter.cc(128)] [eyeo] Invalid url filter: ||accecmtrk.com^$document
11-29 09:23:59.853 7959 8009 I chromium: [INFO:url_filter.cc(129)] [eyeo] Exception options can only be used with allowing filters
11-29 09:23:59.853 7959 8009 I chromium: [INFO:flatbuffer_converter.cc(128)] [eyeo] Invalid url filter: ||acoudsoarom.com^$document
11-29 09:23:59.853 7959 8009 I chromium: [INFO:url_filter.cc(129)] [eyeo] Exception options can only be used with allowing filters
11-29 09:23:59.853 7959 8009 I chromium: [INFO:flatbuffer_converter.cc(128)] [eyeo] Invalid url filter: ||ad-adblock.com^$document
11-29 09:23:59.853 7959 8009 I chromium: [INFO:url_filter.cc(129)] [eyeo] Exception options can only be used with allowing filters
11-29 09:23:59.853 7959 8009 I chromium: [INFO:flatbuffer_converter.cc(128)] [eyeo] Invalid url filter: ||ad-addon.com^$document
11-29 09:23:59.853 7959 8009 I chromium: [INFO:url_filter.cc(129)] [eyeo] Exception options can only be used with allowing filters
11-29 09:23:59.853 7959 8009 I chromium: [INFO:flatbuffer_converter.cc(128)] [eyeo] Invalid url filter: ||adblock-360.com^$document
11-29 09:23:59.853 7959 8009 I chromium: [INFO:url_filter.cc(129)] [eyeo] Exception options can only be used with allowing filters
11-29 09:23:59.853 7959 8009 I chromium: [INFO:flatbuffer_converter.cc(128)] [eyeo] Invalid url filter: ||adblock-offer-download.com^$document
11-29 09:23:59.853 7959 8009 I chromium: [INFO:url_filter.cc(129)] [eyeo] Exception options can only be used with allowing filters
11-29 09:23:59.853 7959 8009 I chromium: [INFO:flatbuffer_converter.cc(128)] [eyeo] Invalid url filter: ||adblocker-instant.xyz^$document
11-29 09:23:59.853 7959 8009 I chromium: [INFO:url_filter.cc(129)] [eyeo] Exception options can only be used with allowing filters
11-29 09:23:59.853 7959 8009 I chromium: [INFO:flatbuffer_converter.cc(128)] [eyeo] Invalid url filter: ||adclickbyte.com^$document
11-29 09:23:59.853 7959 8009 I chromium: [INFO:url_filter.cc(129)] [eyeo] Exception options can only be used with allowing filters
11-29 09:23:59.853 7959 8009 I chromium: [INFO:flatbuffer_converter.cc(128)] [eyeo] Invalid url filter: ||adfgetlink.net^$document
11-29 09:23:59.853 7959 8009 I chromium: [INFO:url_filter.cc(129)] [eyeo] Exception options can only be used with allowing filters
11-29 09:23:59.853 7959 8009 I chromium: [INFO:flatbuffer_converter.cc(128)] [eyeo] Invalid url filter: ||adglare.net^$document
11-29 09:23:59.853 7959 8009 I chromium: [INFO:url_filter.cc(129)] [eyeo] Exception options can only be used with allowing filters
11-29 09:23:59.853 7959 8009 I chromium: [INFO:flatbuffer_converter.cc(128)] [eyeo] Invalid url filter: ||aditms.me^$document
11-29 09:23:59.853 7959 8009 I chromium: [INFO:url_filter.cc(129)] [eyeo] Exception options can only be used with allowing filters
11-29 09:23:59.853 7959 8009 I chromium: [INFO:flatbuffer_converter.cc(128)] [eyeo] Invalid url filter: ||adlogists.com^$document
11-29 09:23:59.853 7959 8009 I chromium: [INFO:url_filter.cc(129)] [eyeo] Exception options can only be used with allowing filters
11-29 09:23:59.853 7959 8009 I chromium: [INFO:flatbuffer_converter.cc(128)] [eyeo] Invalid url filter: ||admachina.com^$document
11-29 09:23:59.853 7959 8009 I chromium: [INFO:url_filter.cc(129)] [eyeo] Exception options can only be used with allowing filters
11-29 09:23:59.853 7959 8009 I chromium: [INFO:flatbuffer_converter.cc(128)] [eyeo] Invalid url filter: ||admedit.net^$document
11-29 09:23:59.853 7959 8009 I chromium: [INFO:url_filter.cc(129)] [eyeo] Exception options can only be used with allowing filters
11-29 09:23:59.853 7959 8009 I chromium: [INFO:flatbuffer_converter.cc(128)] [eyeo] Invalid url filter: ||admeking.com^$document
11-29 09:23:59.853 7959 8009 I chromium: [INFO:url_filter.cc(129)] [eyeo] Exception options can only be used with allowing filters
11-29 09:23:59.853 7959 8009 I chromium: [INFO:flatbuffer_converter.cc(128)] [eyeo] Invalid url filter: ||admobe.com^$document
11-29 09:23:59.853 7959 8009 I chromium: [INFO:url_filter.cc(129)] [eyeo] Exception options can only be used with allowing filters
11-29 09:23:59.853 7959 8009 I chromium: [INFO:flatbuffer_converter.cc(128)] [eyeo] Invalid url filter: ||adoni-nea.com^$document
11-29 09:23:59.853 7959 8009 I chromium: [INFO:url_filter.cc(129)] [eyeo] Exception options can only be used with allowing filters
11-29 09:23:59.853 7959 8009 I chromium: [INFO:flatbuffer_converter.cc(128)] [eyeo] Invalid url filter: ||adorx.store^$document
11-29 09:23:59.853 7959 8009 I chromium: [INFO:url_filter.cc(129)] [eyeo] Exception options can only be used with allowing filters
11-29 09:23:59.853 7959 8009 I chromium: [INFO:flatbuffer_converter.cc(128)] [eyeo] Invalid url filter: ||adpointrtb.com^$document
11-29 09:23:59.853 7959 8009 I chromium: [INFO:url_filter.cc(129)] [eyeo] Exception options can only be used with allowing filters
11-29 09:23:59.853 7959 8009 I chromium: [INFO:flatbuffer_converter.cc(128)] [eyeo] Invalid url filter: ||adqit.com^$document
11-29 09:23:59.853 7959 8009 I chromium: [INFO:url_filter.cc(129)] [eyeo] Exception options can only be used with allowing filters
11-29 09:23:59.853 7959 8009 I chromium: [INFO:flatbuffer_converter.cc(128)] [eyeo] Invalid url filter: ||ads4trk.com^$document
11-29 09:23:59.853 7959 8009 I chromium: [INFO:url_filter.cc(129)] [eyeo] Exception options can only be used with allowing filters
11-29 09:23:59.853 7959 8009 I chromium: [INFO:flatbuffer_converter.cc(128)] [eyeo] Invalid url filter: ||adscdn.net^$document
11-29 09:23:59.853 7959 8009 I chromium: [INFO:url_filter.cc(129)] [eyeo] Exception options can only be used with allowing filters
11-29 09:23:59.853 7959 8009 I chromium: [INFO:flatbuffer_converter.cc(128)] [eyeo] Invalid url filter: ||adservice.google.$document
11-29 09:23:59.853 7959 8009 I chromium: [INFO:url_filter.cc(129)] [eyeo] Exception options can only be used with allowing filters
11-29 09:23:59.853 7959 8009 I chromium: [INFO:flatbuffer_converter.cc(128)] [eyeo] Invalid url filter: ||adskeeper.co.uk^$document
11-29 09:23:59.853 7959 8009 I chromium: [INFO:url_filter.cc(129)] [eyeo] Exception options can only be used with allowing filters
11-29 09:23:59.853 7959 8009 I chromium: [INFO:flatbuffer_converter.cc(128)] [eyeo] Invalid url filter: ||adspredictiv.com^$document
11-29 09:23:59.853 7959 8009 I chromium: [INFO:url_filter.cc(129)] [eyeo] Exception options can only be used with allowing filters
11-29 09:23:59.853 7959 8009 I chromium: [INFO:flatbuffer_converter.cc(128)] [eyeo] Invalid url filter: ||adstreampro.com^$document
11-29 09:23:59.853 7959 8009 I chromium: [INFO:url_filter.cc(129)] [eyeo] Exception options can only be used with allowing filters
11-29 09:23:59.853 7959 8009 I chromium: [INFO:flatbuffer_converter.cc(128)] [eyeo] Invalid url filter: ||adtelligent.com^$document
11-29 09:23:59.853 7959 8009 I chromium: [INFO:url_filter.cc(129)] [eyeo] Exception options can only be used with allowing filters
11-29 09:23:59.853 7959 8009 I chromium: [INFO:flatbuffer_converter.cc(128)] [eyeo] Invalid url filter: ||adtraction.com^$document
11-29 09:23:59.853 7959 8009 I chromium: [INFO:url_filter.cc(129)] [eyeo] Exception options can only be used with allowing filters
11-29 09:23:59.853 7959 8009 I chromium: [INFO:flatbuffer_converter.cc(128)] [eyeo] Invalid url filter: ||adtrk21.com^$document
11-29 09:23:59.853 7959 8009 I chromium: [INFO:url_filter.cc(129)] [eyeo] Exception options can only be used with allowing filters
11-29 09:23:59.853 7959 8009 I chromium: [INFO:flatbuffer_converter.cc(128)] [eyeo] Invalid url filter: ||adverttulimited.biz^$document
11-29 09:23:59.853 7959 8009 I chromium: [INFO:url_filter.cc(129)] [eyeo] Exception options can only be used with allowing filters
11-29 09:23:59.853 7959 8009 I chromium: [INFO:flatbuffer_converter.cc(128)] [eyeo] Invalid url filter: ||adxproofcheck.com^$document
11-29 09:23:59.853 7959 8009 I chromium: [INFO:url_filter.cc(129)] [eyeo] Exception options can only be used with allowing filters
11-29 09:23:59.853 7959 8009 I chromium: [INFO:flatbuffer_converter.cc(128)] [eyeo] Invalid url filter: ||affcpatrk.com^$document
11-29 09:23:59.853 7959 8009 I chromium: [INFO:url_filter.cc(129)] [eyeo] Exception options can only be used with allowing filters
11-29 09:23:59.853 7959 8009 I chromium: [INFO:flatbuffer_converter.cc(128)] [eyeo] Invalid url filter: ||affflow.com^$document
11-29 09:23:59.853 7959 8009 I chromium: [INFO:url_filter.cc(129)] [eyeo] Exception options can only be used with allowing filters
11-29 09:23:59.853 7959 8009 I chromium: [INFO:flatbuffer_converter.cc(128)] [eyeo] Invalid url filter: ||affiliatestonybet.com^$document
11-29 09:23:59.853 7959 8009 I chromium: [INFO:url_filter.cc(129)] [eyeo] Exception options can only be used with allowing filters
11-29 09:23:59.853 7959 8009 I chromium: [INFO:flatbuffer_converter.cc(128)] [eyeo] Invalid url filter: ||affiliride.com^$document
11-29 09:23:59.853 7959 8009 I chromium: [INFO:url_filter.cc(129)] [eyeo] Exception options can only be used with allowing filters
11-29 09:23:59.853 7959 8009 I chromium: [INFO:flatbuffer_converter.cc(128)] [eyeo] Invalid url filter: ||affpa.top^$document
11-29 09:23:59.853 7959 8009 I chromium: [INFO:url_filter.cc(129)] [eyeo] Exception options can only be used with allowing filters
11-29 09:23:59.853 7959 8009 I chromium: [INFO:flatbuffer_converter.cc(128)] [eyeo] Invalid url filter: ||affroller.com^$document
11-29 09:23:59.853 7959 8009 I chromium: [INFO:url_filter.cc(129)] [eyeo] Exception options can only be used with allowing filters
11-29 09:23:59.853 7959 8009 I chromium: [INFO:flatbuffer_converter.cc(128)] [eyeo] Invalid url filter: ||affstreck.com^$document
11-29 09:23:59.853 7959 8009 I chromium: [INFO:url_filter.cc(129)] [eyeo] Exception options can only be used with allowing filters
11-29 09:23:59.853 7959 8009 I chromium: [INFO:flatbuffer_converter.cc(128)] [eyeo] Invalid url filter: ||afodreet.net^$document
11-29 09:23:59.853 7959 8009 I chromium: [INFO:url_filter.cc(129)] [eyeo] Exception options can only be used with allowing filters
11-29 09:23:59.853 7959 8009 I chromium: [INFO:flatbuffer_converter.cc(128)] [eyeo] Invalid url filter: ||afre.guru^$document
11-29 09:23:59.853 7959 8009 I chromium: [INFO:url_filter.cc(129)] [eyeo] Exception options can only be used with allowing filters
11-29 09:23:59.853 7959 8009 I chromium: [INFO:flatbuffer_converter.cc(128)] [eyeo] Invalid url filter: ||aftrk3.com^$document
11-29 09:23:59.853 7959 8009 I chromium: [INFO:url_filter.cc(129)] [eyeo] Exception options can only be used with allowing filters
11-29 09:23:59.853 7959 8009 I chromium: [INFO:flatbuffer_converter.cc(128)] [eyeo] Invalid url filter: ||agaue-vyz.com^$document
11-29 09:23:59.853 7959 8009 I chromium: [INFO:url_filter.cc(129)] [eyeo] Exception options can only be used with allowing filters
11-29 09:23:59.853 7959 8009 I chromium: [INFO:flatbuffer_converter.cc(128)] [eyeo] Invalid url filter: ||aistekso.net^$document
11-29 09:23:59.853 7959 8009 I chromium: [INFO:url_filter.cc(129)] [eyeo] Exception options can only be used with allowing filters
11-29 09:23:59.853 7959 8009 I chromium: [INFO:flatbuffer_converter.cc(128)] [eyeo] Invalid url filter: ||alfa-track.info^$document
11-29 09:23:59.853 7959 8009 I chromium: [INFO:url_filter.cc(129)] [eyeo] Exception options can only be used with allowing filters
11-29 09:23:59.853 7959 8009 I chromium: [INFO:flatbuffer_converter.cc(128)] [eyeo] Invalid url filter: ||alfa-track2.site^$document
11-29 09:23:59.853 7959 8009 I chromium: [INFO:url_filter.cc(129)] [eyeo] Exception options can only be used with allowing filters
11-29 09:23:59.853 7959 8009 I chromium: [INFO:flatbuffer_converter.cc(128)] [eyeo] Invalid url filter: ||algg.site^$document
11-29 09:23:59.853 7959 8009 I chromium: [INFO:url_filter.cc(129)] [eyeo] Exception options can only be used with allowing filters
11-29 09:23:59.853 7959 8009 I chromium: [INFO:flatbuffer_converter.cc(128)] [eyeo] Invalid url filter: ||allsportsflix.$document
11-29 09:23:59.853 7959 8009 I chromium: [INFO:url_filter.cc(129)] [eyeo] Exception options can only be used with allowing filters
11-29 09:23:59.853 7959 8009 I chromium: [INFO:flatbuffer_converter.cc(128)] [eyeo] Invalid url filter: ||alpenridge.top^$document
11-29 09:23:59.853 7959 8009 I chromium: [INFO:url_filter.cc(129)] [eyeo] Exception options can only be used with allowing filters
11-29 09:23:59.853 7959 8009 I chromium: [INFO:flatbuffer_converter.cc(128)] [eyeo] Invalid url filter: ||alpine-vpn.com^$document
11-29 09:23:59.853 7959 8009 I chromium: [INFO:url_filter.cc(129)] [eyeo] Exception options can only be used with allowing filters
11-29 09:23:59.853 7959 8009 I chromium: [INFO:flatbuffer_converter.cc(128)] [eyeo] Invalid url filter: ||amnioteunteem.click^$document
11-29 09:23:59.853 7959 8009 I chromium: [INFO:url_filter.cc(129)] [eyeo] Exception options can only be used with allowing filters
11-29 09:23:59.853 7959 8009 I chromium: [INFO:flatbuffer_converter.cc(128)] [eyeo] Invalid url filter: ||amusementchillyforce.com^$document
11-29 09:23:59.853 7959 8009 I chromium: [INFO:url_filter.cc(129)] [eyeo] Exception options can only be used with allowing filters
11-29 09:23:59.853 7959 8009 I chromium: [INFO:flatbuffer_converter.cc(128)] [eyeo] Invalid url filter: ||anacampaign.com^$document
11-29 09:23:59.853 7959 8009 I chromium: [INFO:url_filter.cc(129)] [eyeo] Exception options can only be used with allowing filters
11-29 09:23:59.853 7959 8009 I chromium: [INFO:flatbuffer_converter.cc(128)] [eyeo] Invalid url filter: ||aneorwd.com^$document
11-29 09:23:59.853 7959 8009 I chromium: [INFO:url_filter.cc(129)] [eyeo] Exception options can only be used with allowing filters
11-29 09:23:59.853 7959 8009 I chromium: [INFO:flatbuffer_converter.cc(128)] [eyeo] Invalid url filter: ||antaresarcturus.com^$document
11-29 09:23:59.853 7959 8009 I chromium: [INFO:url_filter.cc(129)] [eyeo] Exception options can only be used with allowing filters
11-29 09:23:59.853 7959 8009 I chromium: [INFO:flatbuffer_converter.cc(128)] [eyeo] Invalid url filter: ||antcixn.com^$document
11-29 09:23:59.853 7959 8009 I chromium: [INFO:url_filter.cc(129)] [eyeo] Exception options can only be used with allowing filters
11-29 09:23:59.853 7959 8009 I chromium: [INFO:flatbuffer_converter.cc(128)] [eyeo] Invalid url filter: ||antjgr.com^$document
11-29 09:23:59.853 7959 8009 I chromium: [INFO:url_filter.cc(129)] [eyeo] Exception options can only be used with allowing filters
11-29 09:23:59.853 7959 8009 I chromium: [INFO:flatbuffer_converter.cc(128)] [eyeo] Invalid url filter: ||applifysolutions.net^$document
11-29 09:23:59.853 7959 8009 I chromium: [INFO:url_filter.cc(129)] [eyeo] Exception options can only be used with allowing filters
11-29 09:23:59.853 7959 8009 I chromium: [INFO:flatbuffer_converter.cc(128)] [eyeo] Invalid url filter: ||appointeeivyspongy.com^$document
11-29 09:23:59.853 7959 8009 I chromium: [INFO:url_filter.cc(129)] [eyeo] Exception options can only be used with allowing filters
11-29 09:23:59.853 7959 8009 I chromium: [INFO:flatbuffer_converter.cc(128)] [eyeo] Invalid url filter: ||approved.website^$document
11-29 09:23:59.853 7959 8009 I chromium: [INFO:url_filter.cc(129)] [eyeo] Exception options can only be used with allowing filters
11-29 09:23:59.853 7959 8009 I chromium: [INFO:flatbuffer_converter.cc(128)] [eyeo] Invalid url filter: ||appspeed.monster^$document
11-29 09:23:59.853 7959 8009 I chromium: [INFO:url_filter.cc(129)] [eyeo] Exception options can only be used with allowing filters
11-29 09:23:59.853 7959 8009 I chromium: [INFO:flatbuffer_converter.cc(128)] [eyeo] Invalid url filter: ||ardsklangr.com^$document
11-29 09:23:59.853 7959 8009 I chromium: [INFO:url_filter.cc(129)] [eyeo] Exception options can only be used with allowing filters
11-29 09:23:59.853 7959 8009 I chromium: [INFO:flatbuffer_converter.cc(128)] [eyeo] Invalid url filter: ||artditement.info^$document
11-29 09:23:59.853 7959 8009 I chromium: [INFO:url_filter.cc(129)] [eyeo] Exception options can only be used with allowing filters
11-29 09:23:59.853 7959 8009 I chromium: [INFO:flatbuffer_converter.cc(128)] [eyeo] Invalid url filter: ||artistni.xyz^$document
11-29 09:23:59.853 7959 8009 I chromium: [INFO:url_filter.cc(129)] [eyeo] Exception options can only be used with allowing filters
11-29 09:23:59.853 7959 8009 I chromium: [INFO:flatbuffer_converter.cc(128)] [eyeo] Invalid url filter: ||arwobaton.com^$document
11-29 09:23:59.853 7959 8009 I chromium: [INFO:url_filter.cc(129)] [eyeo] Exception options can only be used with allowing filters
11-29 09:23:59.853 7959 8009 I chromium: [INFO:flatbuffer_converter.cc(128)] [eyeo] Invalid url filter: ||asstaraptora.com^$document
11-29 09:23:59.853 7959 8009 I chromium: [INFO:url_filter.cc(129)] [eyeo] Exception options can only be used with allowing filters
11-29 09:23:59.853 7959 8009 I chromium: [INFO:flatbuffer_converter.cc(128)] [eyeo] Invalid url filter: ||aucoudsa.net^$document
11-29 09:23:59.853 7959 8009 I chromium: [INFO:url_filter.cc(129)] [eyeo] Exception options can only be used with allowing filters
11-29 09:23:59.853 7959 8009 I chromium: [INFO:flatbuffer_converter.cc(128)] [eyeo] Invalid url filter: ||auroraveil.bid^$document
11-29 09:23:59.853 7959 8009 I chromium: [INFO:url_filter.cc(129)] [eyeo] Exception options can only be used with allowing filters
11-29 09:23:59.853 7959 8009 I chromium: [INFO:flatbuffer_converter.cc(128)] [eyeo] Invalid url filter: ||awecrptjmp.com^$document
11-29 09:23:59.853 7959 8009 I chromium: [INFO:url_filter.cc(129)] [eyeo] Exception options can only be used with allowing filters
11-29 09:23:59.853 7959 8009 I chromium: [INFO:flatbuffer_converter.cc(128)] [eyeo] Invalid url filter: ||awesomeprizedrive.co^$document
11-29 09:23:59.853 7959 8009 I chromium: [INFO:url_filter.cc(129)] [eyeo] Exception options can only be used with allowing filters
11-29 09:23:59.853 7959 8009 I chromium: [INFO:flatbuffer_converter.cc(128)] [eyeo] Invalid url filter: ||ayga.xyz^$document
11-29 09:23:59.853 7959 8009 I chromium: [INFO:url_filter.cc(129)] [eyeo] Exception options can only be used with allowing filters
11-29 09:23:59.853 7959 8009 I chromium: [INFO:flatbuffer_converter.cc(128)] [eyeo] Invalid url filter: ||bakabok.com^$document
11-29 09:23:59.853 7959 8009 I chromium: [INFO:url_filter.cc(129)] [eyeo] Exception options can only be used with allowing filters
11-29 09:23:59.853 7959 8009 I chromium: [INFO:flatbuffer_converter.cc(128)] [eyeo] Invalid url filter: ||baldo-toj.com^$document
11-29 09:23:59.853 7959 8009 I chromium: [INFO:url_filter.cc(129)] [eyeo] Exception options can only be used with allowing filters
11-29 09:23:59.853 7959 8009 I chromium: [INFO:flatbuffer_converter.cc(128)] [eyeo] Invalid url filter: ||baseauthenticity.co.in^$document
11-29 09:23:59.853 7959 8009 I chromium: [INFO:url_filter.cc(129)] [eyeo] Exception options can only be used with allowing filters
11-29 09:23:59.853 7959 8009 I chromium: [INFO:flatbuffer_converter.cc(128)] [eyeo] Invalid url filter: ||basicflownetowork.co.in^$document
11-29 09:23:59.853 7959 8009 I chromium: [INFO:url_filter.cc(129)] [eyeo] Exception options can only be used with allowing filters
11-29 09:23:59.853 7959 8009 I chromium: [INFO:flatbuffer_converter.cc(128)] [eyeo] Invalid url filter: ||bayshorline.com^$document
11-29 09:23:59.853 7959 8009 I chromium: [INFO:url_filter.cc(129)] [eyeo] Exception options can only be used with allowing filters
11-29 09:23:59.853 7959 8009 I chromium: [INFO:flatbuffer_converter.cc(128)] [eyeo] Invalid url filter: ||behim.click^$document
11-29 09:23:59.853 7959 8009 I chromium: [INFO:url_filter.cc(129)] [eyeo] Exception options can only be used with allowing filters
11-29 09:23:59.853 7959 8009 I chromium: [INFO:flatbuffer_converter.cc(128)] [eyeo] Invalid url filter: ||bellatrixmeissa.com^$document
11-29 09:23:59.853 7959 8009 I chromium: [INFO:url_filter.cc(129)] [eyeo] Exception options can only be used with allowing filters
11-29 09:23:59.853 7959 8009 I chromium: [INFO:flatbuffer_converter.cc(128)] [eyeo] Invalid url filter: ||beltarklate.live^$document
11-29 09:23:59.853 7959 8009 I chromium: [INFO:url_filter.cc(129)] [eyeo] Exception options can only be used with allowing filters
11-29 09:23:59.853 7959 8009 I chromium: [INFO:flatbuffer_converter.cc(128)] [eyeo] Invalid url filter: ||bemobtrk.com^$document
11-29 09:23:59.853 7959 8009 I chromium: [INFO:url_filter.cc(129)] [eyeo] Exception options can only be used with allowing filters
11-29 09:23:59.853 7959 8009 I chromium: [INFO:flatbuffer_converter.cc(128)] [eyeo] Invalid url filter: ||bestchainconnection.com^$document
11-29 09:23:59.853 7959 8009 I chromium: [INFO:url_filter.cc(129)] [eyeo] Exception options can only be used with allowing filters
11-29 09:23:59.853 7959 8009 I chromium: [INFO:flatbuffer_converter.cc(128)] [eyeo] Invalid url filter: ||bestcleaner.online^$document
11-29 09:23:59.853 7959 8009 I chromium: [INFO:url_filter.cc(129)] [eyeo] Exception options can only be used with allowing filters
11-29 09:23:59.853 7959 8009 I chromium: [INFO:flatbuffer_converter.cc(128)] [eyeo] Invalid url filter: ||bestprizerhere.life^$document
11-29 09:23:59.853 7959 8009 I chromium: [INFO:url_filter.cc(129)] [eyeo] Exception options can only be used with allowing filters
11-29 09:23:59.853 7959 8009 I chromium: [INFO:flatbuffer_converter.cc(128)] [eyeo] Invalid url filter: ||bestreceived.com^$document
11-29 09:23:59.853 7959 8009 I chromium: [INFO:url_filter.cc(129)] [eyeo] Exception options can only be used with allowing filters
11-29 09:23:59.853 7959 8009 I chromium: [INFO:flatbuffer_converter.cc(128)] [eyeo] Invalid url filter: ||bestunfollow.com^$document
11-29 09:23:59.853 7959 8009 I chromium: [INFO:url_filter.cc(129)] [eyeo] Exception options can only be used with allowing filters
11-29 09:23:59.853 7959 8009 I chromium: [INFO:flatbuffer_converter.cc(128)] [eyeo] Invalid url filter: ||bet365.com/*?affiliate=$document
11-29 09:23:59.853 7959 8009 I chromium: [INFO:url_filter.cc(129)] [eyeo] Exception options can only be used with allowing filters
11-29 09:23:59.853 7959 8009 I chromium: [INFO:flatbuffer_converter.cc(128)] [eyeo] Invalid url filter: ||betpupitarr.com^$document
11-29 09:23:59.853 7959 8009 I chromium: [INFO:url_filter.cc(129)] [eyeo] Exception options can only be used with allowing filters
11-29 09:23:59.853 7959 8009 I chromium: [INFO:flatbuffer_converter.cc(128)] [eyeo] Invalid url filter: ||bettentacruela.com^$document
11-29 09:23:59.853 7959 8009 I chromium: [INFO:url_filter.cc(129)] [eyeo] Exception options can only be used with allowing filters
11-29 09:23:59.853 7959 8009 I chromium: [INFO:flatbuffer_converter.cc(128)] [eyeo] Invalid url filter: ||betterdirectit.com^$document
11-29 09:23:59.853 7959 8009 I chromium: [INFO:url_filter.cc(129)] [eyeo] Exception options can only be used with allowing filters
11-29 09:23:59.853 7959 8009 I chromium: [INFO:flatbuffer_converter.cc(128)] [eyeo] Invalid url filter: ||bhlom.com^$document
11-29 09:23:59.853 7959 8009 I chromium: [INFO:url_filter.cc(129)] [eyeo] Exception options can only be used with allowing filters
11-29 09:23:59.853 7959 8009 I chromium: [INFO:flatbuffer_converter.cc(128)] [eyeo] Invalid url filter: ||bincatracs.com^$document
11-29 09:23:59.853 7959 8009 I chromium: [INFO:url_filter.cc(129)] [eyeo] Exception options can only be used with allowing filters
11-29 09:23:59.853 7959 8009 I chromium: [INFO:flatbuffer_converter.cc(128)] [eyeo] Invalid url filter: ||binomtrcks.site^$document
11-29 09:23:59.853 7959 8009 I chromium: [INFO:url_filter.cc(129)] [eyeo] Exception options can only be used with allowing filters
11-29 09:23:59.853 7959 8009 I chromium: [INFO:flatbuffer_converter.cc(128)] [eyeo] Invalid url filter: ||bitdefender.top^$document
11-29 09:23:59.853 7959 8009 I chromium: [INFO:url_filter.cc(129)] [eyeo] Exception options can only be used with allowing filters
11-29 09:23:59.853 7959 8009 I chromium: [INFO:flatbuffer_converter.cc(128)] [eyeo] Invalid url filter: ||blcdog.com^$document
11-29 09:23:59.853 7959 8009 I chromium: [INFO:url_filter.cc(129)] [eyeo] Exception options can only be used with allowing filters
11-29 09:23:59.853 7959 8009 I chromium: [INFO:flatbuffer_converter.cc(128)] [eyeo] Invalid url filter: ||blehcourt.com^$document
11-29 09:23:59.853 7959 8009 I chromium: [INFO:url_filter.cc(129)] [eyeo] Exception options can only be used with allowing filters
11-29 09:23:59.853 7959 8009 I chromium: [INFO:flatbuffer_converter.cc(128)] [eyeo] Invalid url filter: ||block-ad.com^$document
