11-29 09:25:10.103 8358 8358 I flags_health_check: ServerConfigurableFlagsReset updatable crashing detected, resetting flags.
11-29 09:25:10.161 1055 1079 I android.hardware.thermal@2.0-service.qti: uevent triggered for sensor: camera-therm-usr
11-29 09:25:11.037 4097 4297 W HidlServiceManagement: Waited one second for android.hardware.drm@1.0::IDrmFactory/widevine
11-29 09:25:11.039 643 643 I hwservicemanager: Since android.hardware.drm@1.0::IDrmFactory/widevine is not registered, trying to start it as a lazy HAL (if it's not configured to be a lazy HAL, it may be stuck starting or still starting).
11-29 09:25:11.041 4097 4297 I HidlServiceManagement: getService: Trying again for android.hardware.drm@1.0::IDrmFactory/widevine...
11-29 09:25:11.088 8360 8360 F linker : CANNOT LINK EXECUTABLE "/vendor/bin/hw/android.hardware.drm@1.3-service.widevine": cannot locate symbol "CBS_init" referenced by "/vendor/lib64/libwvhidl.so"...
11-29 09:25:11.114 8361 8361 I flags_health_check: ServerConfigurableFlagsReset reset_mode value: 1
11-29 09:25:11.114 8361 8361 I flags_health_check: ServerConfigurableFlagsReset updatable crashing detected, resetting flags.
11-29 09:25:11.186 1055 1079 I android.hardware.thermal@2.0-service.qti: uevent triggered for sensor: camera-therm-usr
11-29 09:25:11.587 1119 7619 I QC2Comp : [avcE_14] Stats: Pending(0) i/p-done(0) Works: Q: 2931/Done 2931|Work-Rate: Q(0.0/s Avg=22.4/s) Done(0.000/s Avg=22.444/s)| Stream: 10.00fps 158.9Kbps
11-29 09:25:11.587 1119 7619 I QC2Comp : Mem-usage: [In-2D - 65 bufs 365.625 MB] [1D-17 - 11 bufs 20.582 MB] [1D-0 - 2 bufs 0.008 MB]
11-29 09:25:11.587 1119 7619 I QC2Comp : Total Mem-usage: 386.215 MB
11-29 09:25:12.041 4097 4297 W HidlServiceManagement: Waited one second for android.hardware.drm@1.0::IDrmFactory/widevine
11-29 09:25:12.043 643 643 I hwservicemanager: Since android.hardware.drm@1.0::IDrmFactory/widevine is not registered, trying to start it as a lazy HAL (if it's not configured to be a lazy HAL, it may be stuck starting or still starting).
11-29 09:25:12.044 4097 4297 I HidlServiceManagement: getService: Trying again for android.hardware.drm@1.0::IDrmFactory/widevine...
11-29 09:25:12.088 8363 8363 F linker : CANNOT LINK EXECUTABLE "/vendor/bin/hw/android.hardware.drm@1.3-service.widevine": cannot locate symbol "CBS_init" referenced by "/vendor/lib64/libwvhidl.so"...
11-29 09:25:12.110 8364 8364 I flags_health_check: ServerConfigurableFlagsReset reset_mode value: 1
11-29 09:25:12.111 8364 8364 I flags_health_check: ServerConfigurableFlagsReset updatable crashing detected, resetting flags.
11-29 09:25:12.173 3280 3404 W ThermalEngine: thermal_sensor_get_temperature: virtual-therm Reading 24065 .
11-29 09:25:12.209 1055 1079 I android.hardware.thermal@2.0-service.qti: uevent triggered for sensor: camera-therm-usr
11-29 09:25:12.993 8365 8365 D diagcommd: DBG:Diag Daemon services process entry PPID = 1
11-29 09:25:12.994 8365 8365 D diagcommd: DBG:Calling LSM init
11-29 09:25:12.994 8365 8365 E Diag_Lib: diag:failed to connect to diag socket
11-29 09:25:12.994 8365 8365 E Diag_Lib: Diag_LSM_Init: Failed to open handle to diag driver, error = 25
11-29 09:25:12.994 8365 8365 E diagcommd: ERR:DiagDaemon: Diag_LSM_Init() failed.
11-29 09:25:13.020 8366 8366 I flags_health_check: ServerConfigurableFlagsReset reset_mode value: 1
11-29 09:25:13.020 8366 8366 I flags_health_check: ServerConfigurableFlagsReset updatable crashing detected, resetting flags.
11-29 09:25:13.044 4097 4297 W HidlServiceManagement: Waited one second for android.hardware.drm@1.0::IDrmFactory/widevine
11-29 09:25:13.045 643 643 I hwservicemanager: Since android.hardware.drm@1.0::IDrmFactory/widevine is not registered, trying to start it as a lazy HAL (if it's not configured to be a lazy HAL, it may be stuck starting or still starting).
11-29 09:25:13.045 4097 4297 I HidlServiceManagement: getService: Trying again for android.hardware.drm@1.0::IDrmFactory/widevine...
11-29 09:25:13.076 8368 8368 F linker : CANNOT LINK EXECUTABLE "/vendor/bin/hw/android.hardware.drm@1.3-service.widevine": cannot locate symbol "CBS_init" referenced by "/vendor/lib64/libwvhidl.so"...
11-29 09:25:13.103 8369 8369 I flags_health_check: ServerConfigurableFlagsReset reset_mode value: 1
11-29 09:25:13.103 8369 8369 I flags_health_check: ServerConfigurableFlagsReset updatable crashing detected, resetting flags.
11-29 09:25:13.234 1055 1079 I android.hardware.thermal@2.0-service.qti: uevent triggered for sensor: camera-therm-usr
11-29 09:25:14.052 4097 4297 W HidlServiceManagement: Waited one second for android.hardware.drm@1.0::IDrmFactory/widevine
11-29 09:25:14.054 643 643 I hwservicemanager: Since android.hardware.drm@1.0::IDrmFactory/widevine is not registered, trying to start it as a lazy HAL (if it's not configured to be a lazy HAL, it may be stuck starting or still starting).
11-29 09:25:14.055 4097 4297 I HidlServiceManagement: getService: Trying again for android.hardware.drm@1.0::IDrmFactory/widevine...
11-29 09:25:14.093 8371 8371 F linker : CANNOT LINK EXECUTABLE "/vendor/bin/hw/android.hardware.drm@1.3-service.widevine": cannot locate symbol "CBS_init" referenced by "/vendor/lib64/libwvhidl.so"...
11-29 09:25:14.115 8372 8372 I flags_health_check: ServerConfigurableFlagsReset reset_mode value: 1
11-29 09:25:14.115 8372 8372 I flags_health_check: ServerConfigurableFlagsReset updatable crashing detected, resetting flags.
11-29 09:25:14.257 1055 1079 I android.hardware.thermal@2.0-service.qti: uevent triggered for sensor: camera-therm-usr
11-29 09:25:14.276 7594 7612 D BufferPoolAccessor2.0: bufferpool2 0xb400007d61f5ebe8 : 5(19200 size) total buffers - 4(15360 size) used buffers - 6650/6655 (recycle/alloc) - 20/13301 (fetch/transfer)
11-29 09:25:14.364 1479 7620 D BufferPoolAccessor2.0: bufferpool2 0xb4000073b6481f08 : 3(7500 size) total buffers - 1(3000 size) used buffers - 6653/6656 (recycle/alloc) - 5/6654 (fetch/transfer)
11-29 09:25:14.794 1054 7180 I sensors-hal: handle_sns_client_event:470, [SSC_HAL] ACCEL, ts:989.718979 s X:0.03 Y:0.16 Z:9.78, elapsedRealtime: 989.725587, ts_diff: 0.006609, pb_ts: 19294810444, offset = -15219064738
11-29 09:25:15.055 4097 4297 W HidlServiceManagement: Waited one second for android.hardware.drm@1.0::IDrmFactory/widevine
11-29 09:25:15.057 643 643 I hwservicemanager: Since android.hardware.drm@1.0::IDrmFactory/widevine is not registered, trying to start it as a lazy HAL (if it's not configured to be a lazy HAL, it may be stuck starting or still starting).
11-29 09:25:15.059 4097 4297 I HidlServiceManagement: getService: Trying again for android.hardware.drm@1.0::IDrmFactory/widevine...
11-29 09:25:15.111 8374 8374 F linker : CANNOT LINK EXECUTABLE "/vendor/bin/hw/android.hardware.drm@1.3-service.widevine": cannot locate symbol "CBS_init" referenced by "/vendor/lib64/libwvhidl.so"...
11-29 09:25:15.135 8375 8375 I flags_health_check: ServerConfigurableFlagsReset reset_mode value: 1
11-29 09:25:15.135 8375 8375 I flags_health_check: ServerConfigurableFlagsReset updatable crashing detected, resetting flags.
11-29 09:25:15.282 1055 1079 I android.hardware.thermal@2.0-service.qti: uevent triggered for sensor: camera-therm-usr
11-29 09:25:16.059 4097 4297 W HidlServiceManagement: Waited one second for android.hardware.drm@1.0::IDrmFactory/widevine
11-29 09:25:16.061 643 643 I hwservicemanager: Since android.hardware.drm@1.0::IDrmFactory/widevine is not registered, trying to start it as a lazy HAL (if it's not configured to be a lazy HAL, it may be stuck starting or still starting).
11-29 09:25:16.062 4097 4297 I HidlServiceManagement: getService: Trying again for android.hardware.drm@1.0::IDrmFactory/widevine...
11-29 09:25:16.107 8377 8377 F linker : CANNOT LINK EXECUTABLE "/vendor/bin/hw/android.hardware.drm@1.3-service.widevine": cannot locate symbol "CBS_init" referenced by "/vendor/lib64/libwvhidl.so"...
11-29 09:25:16.131 8378 8378 I flags_health_check: ServerConfigurableFlagsReset reset_mode value: 1
11-29 09:25:16.131 8378 8378 I flags_health_check: ServerConfigurableFlagsReset updatable crashing detected, resetting flags.
11-29 09:25:16.305 1055 1079 I android.hardware.thermal@2.0-service.qti: uevent triggered for sensor: camera-therm-usr
11-29 09:25:16.588 1119 7619 I QC2Comp : [avcE_14] Stats: Pending(0) i/p-done(0) Works: Q: 2931/Done 2931|Work-Rate: Q(0.0/s Avg=21.6/s) Done(0.000/s Avg=21.616/s)| Stream: 10.00fps 158.9Kbps
11-29 09:25:16.588 1119 7619 I QC2Comp : Mem-usage: [In-2D - 65 bufs 365.625 MB] [1D-17 - 11 bufs 20.582 MB] [1D-0 - 2 bufs 0.008 MB]
11-29 09:25:16.588 1119 7619 I QC2Comp : Total Mem-usage: 386.215 MB
11-29 09:25:17.062 4097 4297 W HidlServiceManagement: Waited one second for android.hardware.drm@1.0::IDrmFactory/widevine
11-29 09:25:17.064 643 643 I hwservicemanager: Since android.hardware.drm@1.0::IDrmFactory/widevine is not registered, trying to start it as a lazy HAL (if it's not configured to be a lazy HAL, it may be stuck starting or still starting).
11-29 09:25:17.065 4097 4297 I HidlServiceManagement: getService: Trying again for android.hardware.drm@1.0::IDrmFactory/widevine...
11-29 09:25:17.114 8380 8380 F linker : CANNOT LINK EXECUTABLE "/vendor/bin/hw/android.hardware.drm@1.3-service.widevine": cannot locate symbol "CBS_init" referenced by "/vendor/lib64/libwvhidl.so"...
11-29 09:25:17.135 8381 8381 I flags_health_check: ServerConfigurableFlagsReset reset_mode value: 1
11-29 09:25:17.135 8381 8381 I flags_health_check: ServerConfigurableFlagsReset updatable crashing detected, resetting flags.
11-29 09:25:17.331 1055 1079 I android.hardware.thermal@2.0-service.qti: uevent triggered for sensor: camera-therm-usr
11-29 09:25:18.004 8382 8382 D diagcommd: DBG:Diag Daemon services process entry PPID = 1
11-29 09:25:18.004 8382 8382 D diagcommd: DBG:Calling LSM init
11-29 09:25:18.004 8382 8382 E Diag_Lib: diag:failed to connect to diag socket
11-29 09:25:18.004 8382 8382 E Diag_Lib: Diag_LSM_Init: Failed to open handle to diag driver, error = 25
11-29 09:25:18.004 8382 8382 E diagcommd: ERR:DiagDaemon: Diag_LSM_Init() failed.
11-29 09:25:18.032 8383 8383 I flags_health_check: ServerConfigurableFlagsReset reset_mode value: 1
11-29 09:25:18.032 8383 8383 I flags_health_check: ServerConfigurableFlagsReset updatable crashing detected, resetting flags.
11-29 09:25:18.066 4097 4297 W HidlServiceManagement: Waited one second for android.hardware.drm@1.0::IDrmFactory/widevine
11-29 09:25:18.068 643 643 I hwservicemanager: Since android.hardware.drm@1.0::IDrmFactory/widevine is not registered, trying to start it as a lazy HAL (if it's not configured to be a lazy HAL, it may be stuck starting or still starting).
11-29 09:25:18.069 4097 4297 I HidlServiceManagement: getService: Trying again for android.hardware.drm@1.0::IDrmFactory/widevine...
11-29 09:25:18.110 8385 8385 F linker : CANNOT LINK EXECUTABLE "/vendor/bin/hw/android.hardware.drm@1.3-service.widevine": cannot locate symbol "CBS_init" referenced by "/vendor/lib64/libwvhidl.so"...
11-29 09:25:18.135 8386 8386 I flags_health_check: ServerConfigurableFlagsReset reset_mode value: 1
11-29 09:25:18.135 8386 8386 I flags_health_check: ServerConfigurableFlagsReset updatable crashing detected, resetting flags.
11-29 09:25:18.188 3280 3404 W ThermalEngine: thermal_sensor_get_temperature: virtual-therm Reading 24034 .
11-29 09:25:18.353 1055 1079 I android.hardware.thermal@2.0-service.qti: uevent triggered for sensor: camera-therm-usr
11-29 09:25:19.070 4097 4297 W HidlServiceManagement: Waited one second for android.hardware.drm@1.0::IDrmFactory/widevine
11-29 09:25:19.072 643 643 I hwservicemanager: Since android.hardware.drm@1.0::IDrmFactory/widevine is not registered, trying to start it as a lazy HAL (if it's not configured to be a lazy HAL, it may be stuck starting or still starting).
11-29 09:25:19.072 4097 4297 I HidlServiceManagement: getService: Trying again for android.hardware.drm@1.0::IDrmFactory/widevine...
11-29 09:25:19.112 8388 8388 F linker : CANNOT LINK EXECUTABLE "/vendor/bin/hw/android.hardware.drm@1.3-service.widevine": cannot locate symbol "CBS_init" referenced by "/vendor/lib64/libwvhidl.so"...
11-29 09:25:19.135 8389 8389 I flags_health_check: ServerConfigurableFlagsReset reset_mode value: 1
11-29 09:25:19.135 8389 8389 I flags_health_check: ServerConfigurableFlagsReset updatable crashing detected, resetting flags.
11-29 09:25:19.301 1119 7619 I QC2C2DEngine: calcYSize: unsupported or RGB color format, RGBA8888(1)
11-29 09:25:19.307 1278 2160 I InputDispatcher: Touch is slipping out of window ce34afd NavigationBar0 into window 3759691 org.omnirom.omnistore/org.omnirom.omnistore.MainActivity in display 0
11-29 09:25:19.313 1119 7619 I QC2C2DEngine: calcYSize: unsupported or RGB color format, RGBA8888(1)
11-29 09:25:19.319 1119 7641 D BufferPoolAccessor2.0: bufferpool2 0xe9b00b68 : 4(7847936 size) total buffers - 4(7847936 size) used buffers - 2924/2936 (recycle/alloc) - 28/2931 (fetch/transfer)
11-29 09:25:19.330 1119 7619 I QC2C2DEngine: calcYSize: unsupported or RGB color format, RGBA8888(1)
11-29 09:25:19.346 1119 7619 I QC2C2DEngine: calcYSize: unsupported or RGB color format, RGBA8888(1)
11-29 09:25:19.365 1119 7619 I QC2C2DEngine: calcYSize: unsupported or RGB color format, RGBA8888(1)
11-29 09:25:19.377 1055 1079 I android.hardware.thermal@2.0-service.qti: uevent triggered for sensor: camera-therm-usr
11-29 09:25:19.385 1119 7619 I QC2C2DEngine: calcYSize: unsupported or RGB color format, RGBA8888(1)
11-29 09:25:19.396 7594 7612 D BufferPoolAccessor2.0: bufferpool2 0xb400007d61f5ebe8 : 5(19200 size) total buffers - 4(15360 size) used buffers - 6906/6911 (recycle/alloc) - 20/13813 (fetch/transfer)
11-29 09:25:19.399 1119 7619 I QC2C2DEngine: calcYSize: unsupported or RGB color format, RGBA8888(1)
11-29 09:25:19.415 1119 7619 I QC2C2DEngine: calcYSize: unsupported or RGB color format, RGBA8888(1)
11-29 09:25:19.431 1119 7619 I QC2C2DEngine: calcYSize: unsupported or RGB color format, RGBA8888(1)
11-29 09:25:19.451 1119 7619 I QC2C2DEngine: calcYSize: unsupported or RGB color format, RGBA8888(1)
11-29 09:25:19.465 1119 7619 I QC2C2DEngine: calcYSize: unsupported or RGB color format, RGBA8888(1)
11-29 09:25:19.471 2334 2334 D audioserver: logFgsApiBegin: FGS Logger Transaction failed, -129
11-29 09:25:19.471 1278 4577 W AS.PlaybackActivityMon: No piid assigned for invalid/internal port id 41
11-29 09:25:19.472 2334 7637 D AudioFlinger: ro.audio.silent will be ignored for threads on AUDIO_DEVICE_OUT_REMOTE_SUBMIX
11-29 09:25:19.482 1119 7619 I QC2C2DEngine: calcYSize: unsupported or RGB color format, RGBA8888(1)
11-29 09:25:19.482 1479 7620 D BufferPoolAccessor2.0: bufferpool2 0xb4000073b6481f08 : 3(7500 size) total buffers - 1(3000 size) used buffers - 6909/6912 (recycle/alloc) - 5/6910 (fetch/transfer)
11-29 09:25:19.498 1119 7619 I QC2C2DEngine: calcYSize: unsupported or RGB color format, RGBA8888(1)
11-29 09:25:19.502 1278 4577 D CoreBackPreview: Window{fcd0b25 u0 org.omnirom.omnistore/org.omnirom.omnistore.MainActivity}: Setting back callback OnBackInvokedCallbackInfo{mCallback=android.window.IOnBackInvokedCallback$Stub$Proxy@2248687, mPriority=0, mIsAnimationCallback=false}
11-29 09:25:19.517 1119 7619 I QC2C2DEngine: calcYSize: unsupported or RGB color format, RGBA8888(1)
11-29 09:25:19.536 1119 7619 I QC2C2DEngine: calcYSize: unsupported or RGB color format, RGBA8888(1)
11-29 09:25:19.554 1119 7619 I QC2C2DEngine: calcYSize: unsupported or RGB color format, RGBA8888(1)
11-29 09:25:19.569 1119 7619 I QC2C2DEngine: calcYSize: unsupported or RGB color format, RGBA8888(1)
11-29 09:25:19.586 1119 7619 I QC2C2DEngine: calcYSize: unsupported or RGB color format, RGBA8888(1)
11-29 09:25:19.604 1119 7619 I QC2C2DEngine: calcYSize: unsupported or RGB color format, RGBA8888(1)
11-29 09:25:19.619 2334 7637 D audioserver: logFgsApiEnd: FGS Logger Transaction failed, -129
11-29 09:25:19.622 1119 7619 I QC2C2DEngine: calcYSize: unsupported or RGB color format, RGBA8888(1)
11-29 09:25:19.637 1119 7619 I QC2C2DEngine: calcYSize: unsupported or RGB color format, RGBA8888(1)
11-29 09:25:19.656 1119 7619 I QC2C2DEngine: calcYSize: unsupported or RGB color format, RGBA8888(1)
11-29 09:25:19.669 1119 7619 I QC2C2DEngine: calcYSize: unsupported or RGB color format, RGBA8888(1)
11-29 09:25:19.686 1119 7619 I QC2C2DEngine: calcYSize: unsupported or RGB color format, RGBA8888(1)
11-29 09:25:19.704 1119 7619 I QC2C2DEngine: calcYSize: unsupported or RGB color format, RGBA8888(1)
11-29 09:25:19.723 1119 7619 I QC2C2DEngine: calcYSize: unsupported or RGB color format, RGBA8888(1)
11-29 09:25:19.739 1119 7619 I QC2C2DEngine: calcYSize: unsupported or RGB color format, RGBA8888(1)
11-29 09:25:19.754 2334 2334 D audioserver: logFgsApiBegin: FGS Logger Transaction failed, -129
11-29 09:25:19.754 1278 4456 W AS.PlaybackActivityMon: No piid assigned for invalid/internal port id 41
11-29 09:25:19.761 1119 7619 I QC2C2DEngine: calcYSize: unsupported or RGB color format, RGBA8888(1)
11-29 09:25:19.783 1119 7619 I QC2C2DEngine: calcYSize: unsupported or RGB color format, RGBA8888(1)
11-29 09:25:19.787 1119 7619 I QC2C2DEngine: calcYSize: unsupported or RGB color format, RGBA8888(1)
11-29 09:25:19.801 1119 7619 I QC2C2DEngine: calcYSize: unsupported or RGB color format, RGBA8888(1)
11-29 09:25:19.817 1119 7619 I QC2C2DEngine: calcYSize: unsupported or RGB color format, RGBA8888(1)
11-29 09:25:19.834 1119 7619 I QC2C2DEngine: calcYSize: unsupported or RGB color format, RGBA8888(1)
11-29 09:25:19.852 1119 7619 I QC2C2DEngine: calcYSize: unsupported or RGB color format, RGBA8888(1)
11-29 09:25:19.870 1119 7619 I QC2C2DEngine: calcYSize: unsupported or RGB color format, RGBA8888(1)
11-29 09:25:19.885 1119 7619 I QC2C2DEngine: calcYSize: unsupported or RGB color format, RGBA8888(1)
11-29 09:25:19.887 1278 2538 I KeyHandler: nav_code= 0
11-29 09:25:19.891 1278 1318 W ActivityTaskManager: callingPackage for (uid=-1, pid=0) has no WPC
11-29 09:25:19.893 1278 1318 W OptProp : Cannot read opt property android.window.PROPERTY_COMPAT_ALLOW_ORIENTATION_OVERRIDE
11-29 09:25:19.893 1278 1318 W OptProp : Cannot read opt property android.window.PROPERTY_COMPAT_ALLOW_RESIZEABLE_ACTIVITY_OVERRIDES
11-29 09:25:19.896 1278 1318 W OptProp : Cannot read opt property android.window.PROPERTY_COMPAT_ALLOW_MIN_ASPECT_RATIO_OVERRIDE
11-29 09:25:19.896 2494 2494 I vol.VolumeDialogImpl: mDialog.dismiss() reason: volume_controller from: com.android.systemui.volume.VolumeDialogImpl$7.onDismissRequested:3
11-29 09:25:19.896 1278 1318 V GrammaticalInflectionUtils: AttributionSource: android.content.AttributionSource@9b11a54a does not have READ_SYSTEM_GRAMMATICAL_GENDER permission.
11-29 09:25:19.899 1053 1053 I android.hardware.power-service-qti: Power setMode: 5 to: 1
11-29 09:25:19.901 1119 7619 I QC2C2DEngine: calcYSize: unsupported or RGB color format, RGBA8888(1)
11-29 09:25:19.907 2494 2531 V WindowManagerShell: Transition requested (#45): android.os.BinderProxy@39cab04 TransitionRequestInfo { type = OPEN, triggerTask = TaskInfo{userId=0 taskId=31 displayId=0 isRunning=true baseIntent=Intent { act=android.intent.action.MAIN cat=[android.intent.category.HOME] flg=0x10000100 cmp=com.android.launcher3/.uioverrides.QuickstepLauncher } baseActivity=ComponentInfo{com.android.launcher3/com.android.launcher3.uioverrides.QuickstepLauncher} topActivity=ComponentInfo{com.android.launcher3/com.android.launcher3.uioverrides.QuickstepLauncher} origActivity=null realActivity=ComponentInfo{com.android.launcher3/com.android.launcher3.uioverrides.QuickstepLauncher} numActivities=1 lastActiveTime=994834 supportsMultiWindow=true resizeMode=2 isResizeable=true minWidth=-1 minHeight=-1 defaultMinSize=200 token=WCT{android.window.IWindowContainerToken$Stub$Proxy@ee838ed} topActivityType=2 pictureInPictureParams=null shouldDockBigOverlays=false launchIntoPipHostTaskId=-1 lastParentTaskIdBeforePip=-1 displayCutoutSafeInsets=null topActivityInfo=ActivityInfo{e86a322 com.android.launcher3.uioverrides.QuickstepLauncher} launchCookies=[] positionInParent=Point(0, 0) parentTaskId=-1 isFocused=true isVisible=false isVisibleRequested=true isSleeping=false locusId=LocusId[17_chars] displayAreaFeatureId=1 isTopActivityTransparent=false appCompatTaskInfo=AppCompatTaskInfo { topActivityInSizeCompat=false topActivityEligibleForLetterboxEducation= falseisLetterboxEducationEnabled= false isLetterboxDoubleTapEnabled= false topActivityEligibleForUserAspectRatioButton= false topActivityBoundsLetterboxed= false isFromLetterboxDoubleTap= false topActivityLetterboxVerticalPosition= -1 topActivityLetterboxHorizontalPosition= -1 topActivityLetterboxWidth=1080 topActivityLetterboxHeight=2400 isUserFullscreenOverrideEnabled=false isSystemFullscreenOverrideEnabled=false cameraCompatTaskInfo=CameraCompatTaskInfo { cameraCompatControlState=hidden freeformCameraCompatMode=inactive}}}, pipTask = null, remoteTransition = null, displayChange = null, flags = 0, debugId = 45 }
11-29 09:25:19.908 1278 1318 I ActivityTaskManager: START u0 {act=android.intent.action.MAIN cat=[android.intent.category.HOME] flg=0x10000100 cmp=com.android.launcher3/.uioverrides.QuickstepLauncher (has extras)} with LAUNCH_SINGLE_TASK from uid 0 (BAL_ALLOW_ALLOWLISTED_UID) result code=2
11-29 09:25:19.916 3360 7913 D ForegroundUtils: Foreground UID status:
11-29 09:25:19.916 3360 7913 D ForegroundUtils: UID: 10038 is in foreground: false
11-29 09:25:19.916 3360 7913 D ForegroundUtils: UID: 10043 is in foreground: false
11-29 09:25:19.916 3360 7913 D ForegroundUtils: UID: 10102 is in foreground: true
11-29 09:25:19.916 3360 7913 D ForegroundUtils: UID: 10104 is in foreground: true
11-29 09:25:19.916 3360 7913 D ForegroundUtils: UID: 10118 is in foreground: false
11-29 09:25:19.916 3360 7913 D ForegroundUtils: UID: 10135 is in foreground: true
11-29 09:25:19.916 3360 7913 D ForegroundUtils: UID: 10140 is in foreground: false
11-29 09:25:19.916 3360 7913 D ForegroundUtils: UID: 10176 is in foreground: true
11-29 09:25:19.916 3360 7913 D ForegroundUtils: UID: 10178 is in foreground: false
11-29 09:25:19.917 2754 2754 D StateManager: goToState - fromState: AllApps, toState: Normal, partial trace:
11-29 09:25:19.917 2754 2754 D StateManager: at com.android.launcher3.Launcher.onNewIntent(Launcher.java:1654)
11-29 09:25:19.917 2754 2754 D StateManager: at com.android.launcher3.uioverrides.QuickstepLauncher.onNewIntent(QuickstepLauncher.java:814)
11-29 09:25:19.917 2754 2754 D StateManager: at android.app.Activity.onNewIntent(Activity.java:2418)
11-29 09:25:19.918 2754 2754 D OverviewCommandHelper: clearing pending commands - size: 0
11-29 09:25:19.923 2494 2531 D WindowManagerShell: onActivityRestartAttempt: ComponentInfo{com.android.launcher3/com.android.launcher3.uioverrides.QuickstepLauncher}
11-29 09:25:19.927 1119 7619 I QC2C2DEngine: calcYSize: unsupported or RGB color format, RGBA8888(1)
11-29 09:25:19.933 2754 2754 D BaseDepthController: setSurface:
11-29 09:25:19.933 2754 2754 D BaseDepthController: mWaitingOnSurfaceValidity: false
11-29 09:25:19.933 2754 2754 D BaseDepthController: mSurface: Surface(name=com.android.launcher3/com.android.launcher3.uioverrides.QuickstepLauncher)/@0xb31592b
11-29 09:25:19.939 2754 2754 I TopTaskTracker: onTaskMovedToFront: (moved taskInfo to front) taskId=31, baseIntent=Intent { act=android.intent.action.MAIN cat=[android.intent.category.HOME] flg=0x10000100 cmp=com.android.launcher3/.uioverrides.QuickstepLauncher }
11-29 09:25:19.939 1119 7619 I QC2C2DEngine: calcYSize: unsupported or RGB color format, RGBA8888(1)
11-29 09:25:19.939 2754 2754 D StateManager: onStateTransitionStart - state: Normal
11-29 09:25:19.940 2754 2754 D StatsLog: LAUNCHER_ONRESUME
11-29 09:25:19.940 2494 2531 D WindowManagerShell: setLauncherKeepClearAreaHeight: visible=true, height=308
11-29 09:25:19.944 2494 2573 V WindowManagerShell: onTransitionReady(transaction=5488968206059)
11-29 09:25:19.945 2494 2531 V WindowManagerShell: onTransitionReady (#45) android.os.BinderProxy@39cab04: {id=45 t=OPEN f=0x0 trk=0 r=[0@Point(0, 0)] c=[{WCT{android.window.IWindowContainerToken$Stub$Proxy@3060f} m=TO_FRONT f=SHOW_WALLPAPER|MOVE_TO_TOP leash=Surface(name=Task=1)/@0x35401b3 sb=Rect(0, 0 - 1080, 2400) eb=Rect(0, 0 - 1080, 2400) d=0 taskParent=-1},{WCT{android.window.IWindowContainerToken$Stub$Proxy@bbc569c} m=TO_BACK f=NONE leash=Surface(name=Task=34)/@0x6bb7370 sb=Rect(0, 0 - 1080, 2400) eb=Rect(0, 0 - 1080, 2400) d=0 taskParent=-1},{null m=TO_FRONT f=IS_WALLPAPER leash=Surface(name=WallpaperWindowToken{c70ff2c token=android.os.Binder@e15b6df})/@0x39c76e9 sb=Rect(0, 0 - 1080, 2400) eb=Rect(0, 0 - 1080, 2400) d=0}]}
11-29 09:25:19.946 2494 2531 V WindowManagerShell: Playing animation for (#45) android.os.BinderProxy@39cab04@0
11-29 09:25:19.946 2494 2531 V WindowManagerShell: try handler com.android.wm.shell.transition.DefaultMixedHandler@9605821
11-29 09:25:19.946 2494 2531 V WindowManagerShell: try handler com.android.wm.shell.keyguard.KeyguardTransitionHandler@365c446
11-29 09:25:19.946 2494 2531 V WindowManagerShell: try handler com.android.wm.shell.pip.PipTransition@3830621
11-29 09:25:19.946 2494 2531 V WindowManagerShell: try handler com.android.wm.shell.activityembedding.ActivityEmbeddingController@92dda46
11-29 09:25:19.946 2494 2531 V WindowManagerShell: try handler com.android.wm.shell.recents.RecentsTransitionHandler@92b7407
11-29 09:25:19.946 2494 2531 V ShellRecents: RecentsTransitionHandler.startAnimation: no controller found
11-29 09:25:19.946 2494 2531 V WindowManagerShell: try handler com.android.wm.shell.splitscreen.StageCoordinator@944b934
11-29 09:25:19.946 2494 2531 V WindowManagerShell: try handler com.android.wm.shell.transition.RemoteTransitionHandler@4e8e35d
11-29 09:25:19.946 2494 2531 V WindowManagerShell: Transition doesn't have explicit remote, search filters for match for {id=45 t=OPEN f=0x0 trk=0 r=[0@Point(0, 0)] c=[{WCT{android.window.IWindowContainerToken$Stub$Proxy@3060f} m=TO_FRONT f=SHOW_WALLPAPER|MOVE_TO_TOP leash=Surface(name=Task=1)/@0x35401b3 sb=Rect(0, 0 - 1080, 2400) eb=Rect(0, 0 - 1080, 2400) d=0 taskParent=-1},{WCT{android.window.IWindowContainerToken$Stub$Proxy@bbc569c} m=TO_BACK f=NONE leash=Surface(name=Task=34)/@0x6bb7370 sb=Rect(0, 0 - 1080, 2400) eb=Rect(0, 0 - 1080, 2400) d=0 taskParent=-1},{null m=TO_FRONT f=IS_WALLPAPER leash=Surface(name=WallpaperWindowToken{c70ff2c token=android.os.Binder@e15b6df})/@0x39c76e9 sb=Rect(0, 0 - 1080, 2400) eb=Rect(0, 0 - 1080, 2400) d=0}]}
11-29 09:25:19.946 2494 2531 V WindowManagerShell: Checking filter Pair{{types=[] flags=0x0] notFlags=0x100 checks=[{atype=home independent=true modes=[OPEN,TO_FRONT] flags=NONE mustBeTask=false order=TOP topActivity=ComponentInfo{com.android.launcher3/com.android.launcher3.uioverrides.QuickstepLauncher} launchCookie=null},{atype=standard independent=true modes=[CLOSE,TO_BACK] flags=NONE mustBeTask=false order=ANY topActivity=null launchCookie=null}]} RemoteTransition { remoteTransition = android.window.IRemoteTransition$Stub$Proxy@35d54d2, appThread = android.app.IApplicationThread$Stub$Proxy@b0149a3, debugName = QuickstepLaunchHome }}
11-29 09:25:19.946 2494 2531 D RemoteTransitionHandler: Found filterPair{{types=[] flags=0x0] notFlags=0x100 checks=[{atype=home independent=true modes=[OPEN,TO_FRONT] flags=NONE mustBeTask=false order=TOP topActivity=ComponentInfo{com.android.launcher3/com.android.launcher3.uioverrides.QuickstepLauncher} launchCookie=null},{atype=standard independent=true modes=[CLOSE,TO_BACK] flags=NONE mustBeTask=false order=ANY topActivity=null launchCookie=null}]} RemoteTransition { remoteTransition = android.window.IRemoteTransition$Stub$Proxy@35d54d2, appThread = android.app.IApplicationThread$Stub$Proxy@b0149a3, debugName = QuickstepLaunchHome }}
11-29 09:25:19.946 2494 2531 V WindowManagerShell: Delegate animation for (#45) to RemoteTransition { remoteTransition = android.window.IRemoteTransition$Stub$Proxy@35d54d2, appThread = android.app.IApplicationThread$Stub$Proxy@b0149a3, debugName = QuickstepLaunchHome }
11-29 09:25:19.952 2754 2754 D StateManager: cancelAnimation - with ongoing animation, partial trace:
11-29 09:25:19.952 2754 2754 D StateManager: at com.android.launcher3.statemanager.StateManager.setCurrentAnimation(StateManager.java:532)
11-29 09:25:19.952 2754 2754 D StateManager: at com.android.launcher3.QuickstepTransitionManager.createWallpaperOpenAnimations(QuickstepTransitionManager.java:1702)
11-29 09:25:19.952 2754 2754 D StateManager: at com.android.launcher3.QuickstepTransitionManager$WallpaperOpenLauncherAnimationRunner.onAnimationStart(QuickstepTransitionManager.java:1772)
11-29 09:25:19.952 2754 2754 D RecentsView: reset - mEnableDrawingLiveTile: false, mRecentsAnimationController: null
11-29 09:25:19.953 2754 2754 D StatsLog: LAUNCHER_ALLAPPS_EXIT
11-29 09:25:19.953 2754 2754 D StateManager: onStateTransitionEnd - state: Normal
11-29 09:25:19.953 2754 2754 D RecentsView: reset - mEnableDrawingLiveTile: false, mRecentsAnimationController: null
11-29 09:25:19.954 2754 2754 D StateManager: createAtomicAnimation - fromState: Background, toState: Normal, partial trace:
11-29 09:25:19.954 2754 2754 D StateManager: at com.android.quickstep.util.WorkspaceRevealAnim.prepareToAnimate(WorkspaceRevealAnim.java:130)
11-29 09:25:19.954 2754 2754 D StateManager: at com.android.quickstep.util.WorkspaceRevealAnim.(WorkspaceRevealAnim.java:66)
11-29 09:25:19.954 2754 2754 D StateManager: at com.android.launcher3.QuickstepTransitionManager.createWallpaperOpenAnimations(QuickstepTransitionManager.java:1716)
11-29 09:25:19.956 2334 7637 D audioserver: logFgsApiEnd: FGS Logger Transaction failed, -129
11-29 09:25:19.957 1053 1053 I android.hardware.power-service-qti: Power setMode: 5 to: 0
11-29 09:25:19.958 2494 2531 V WindowManagerShell: animated by com.android.wm.shell.transition.RemoteTransitionHandler@4e8e35d
11-29 09:25:19.960 1278 8236 W UserManagerService: Requested status bar icon for non-badged user 0
11-29 09:25:19.965 1278 1317 V WindowManager: Sent Transition (#45) createdAt=11-29 09:25:19.897 via request=TransitionRequestInfo { type = OPEN, triggerTask = TaskInfo{userId=0 taskId=31 displayId=0 isRunning=true baseIntent=Intent { act=android.intent.action.MAIN cat=[android.intent.category.HOME] flg=0x10000100 cmp=com.android.launcher3/.uioverrides.QuickstepLauncher } baseActivity=ComponentInfo{com.android.launcher3/com.android.launcher3.uioverrides.QuickstepLauncher} topActivity=ComponentInfo{com.android.launcher3/com.android.launcher3.uioverrides.QuickstepLauncher} origActivity=null realActivity=ComponentInfo{com.android.launcher3/com.android.launcher3.uioverrides.QuickstepLauncher} numActivities=1 lastActiveTime=994834 supportsMultiWindow=true resizeMode=2 isResizeable=true minWidth=-1 minHeight=-1 defaultMinSize=200 token=WCT{RemoteToken{1a65eb0 Task{7606fd2 #31 type=home I=com.android.launcher3/.uioverrides.QuickstepLauncher}}} topActivityType=2 pictureInPictureParams=null shouldDockBigOverlays=false launchIntoPipHostTaskId=-1 lastParentTaskIdBeforePip=-1 displayCutoutSafeInsets=null topActivityInfo=ActivityInfo{d02129 com.android.launcher3.uioverrides.QuickstepLauncher} launchCookies=[] positionInParent=Point(0, 0) parentTaskId=-1 isFocused=true isVisible=false isVisibleRequested=true isSleeping=false locusId=LocusId[17_chars] displayAreaFeatureId=1 isTopActivityTransparent=false appCompatTaskInfo=AppCompatTaskInfo { topActivityInSizeCompat=false topActivityEligibleForLetterboxEducation= falseisLetterboxEducationEnabled= false isLetterboxDoubleTapEnabled= false topActivityEligibleForUserAspectRatioButton= false topActivityBoundsLetterboxed= false isFromLetterboxDoubleTap= false topActivityLetterboxVerticalPosition= -1 topActivityLetterboxHorizontalPosition= -1 topActivityLetterboxWidth=1080 topActivityLetterboxHeight=2400 isUserFullscreenOverrideEnabled=false isSystemFullscreenOverrideEnabled=false cameraCompatTaskInfo=CameraCompatTaskInfo { cameraCompatControlState=hidden freeformCameraCompatMode=inactive}}}, pipTask = null, remoteTransition = null, displayChange = null, flags = 0, debugId = 45 }
11-29 09:25:19.965 1278 1317 V WindowManager: startWCT=WindowContainerTransaction { changes = {} hops = [] errorCallbackToken=null taskFragmentOrganizer=null }
11-29 09:25:19.965 1278 1317 V WindowManager: info={id=45 t=OPEN f=0x0 trk=0 r=[0@Point(0, 0)] c=[
11-29 09:25:19.965 1278 1317 V WindowManager: {WCT{RemoteToken{9501e19 Task{5faec2e #1 type=home}}} m=TO_FRONT f=SHOW_WALLPAPER|MOVE_TO_TOP leash=Surface(name=Task=1)/@0x10c3093 sb=Rect(0, 0 - 1080, 2400) eb=Rect(0, 0 - 1080, 2400) d=0 taskParent=-1},
11-29 09:25:19.965 1278 1317 V WindowManager: {WCT{RemoteToken{6121e72 Task{c1c2d61 #34 type=standard A=10176:org.omnirom.omnistore}}} m=TO_BACK f=NONE leash=Surface(name=Task=34)/@0x7eb49e6 sb=Rect(0, 0 - 1080, 2400) eb=Rect(0, 0 - 1080, 2400) d=0 taskParent=-1},
11-29 09:25:19.965 1278 1317 V WindowManager: {null m=TO_FRONT f=IS_WALLPAPER leash=Surface(name=WallpaperWindowToken{c70ff2c token=android.os.Binder@e15b6df})/@0x9d054cd sb=Rect(0, 0 - 1080, 2400) eb=Rect(0, 0 - 1080, 2400) d=0}
11-29 09:25:19.965 1278 1317 V WindowManager: ]}
11-29 09:25:19.965 1054 7180 I sensors-hal: handle_sns_client_event:470, [SSC_HAL] ACCEL, ts:994.719003 s X:0.01 Y:0.18 Z:9.76, elapsedRealtime: 994.896789, ts_diff: 0.177787, pb_ts: 19390810894, offset = -15219064738
11-29 09:25:19.968 1119 7619 I QC2C2DEngine: calcYSize: unsupported or RGB color format, RGBA8888(1)
11-29 09:25:19.987 1119 7619 I QC2C2DEngine: calcYSize: unsupported or RGB color format, RGBA8888(1)
11-29 09:25:19.989 1119 7619 I QC2C2DEngine: calcYSize: unsupported or RGB color format, RGBA8888(1)
11-29 09:25:20.013 1119 7619 I QC2C2DEngine: calcYSize: unsupported or RGB color format, RGBA8888(1)
11-29 09:25:20.019 1278 2165 I ImeTracker: com.android.launcher3:2efc7a6b: onRequestHide at ORIGIN_SERVER reason HIDE_UNSPECIFIED_WINDOW fromUser false
11-29 09:25:20.019 1278 2165 I ImeTracker: com.android.launcher3:2efc7a6b: onCancelled at PHASE_SERVER_SHOULD_HIDE
11-29 09:25:20.024 1119 7619 I QC2C2DEngine: calcYSize: unsupported or RGB color format, RGBA8888(1)
11-29 09:25:20.041 1119 7619 I QC2C2DEngine: calcYSize: unsupported or RGB color format, RGBA8888(1)
11-29 09:25:20.058 1119 7619 I QC2C2DEngine: calcYSize: unsupported or RGB color format, RGBA8888(1)
11-29 09:25:20.072 1119 7619 I QC2C2DEngine: calcYSize: unsupported or RGB color format, RGBA8888(1)
11-29 09:25:20.073 4097 4297 W HidlServiceManagement: Waited one second for android.hardware.drm@1.0::IDrmFactory/widevine
11-29 09:25:20.073 643 643 I hwservicemanager: Since android.hardware.drm@1.0::IDrmFactory/widevine is not registered, trying to start it as a lazy HAL (if it's not configured to be a lazy HAL, it may be stuck starting or still starting).
11-29 09:25:20.074 4097 4297 I HidlServiceManagement: getService: Trying again for android.hardware.drm@1.0::IDrmFactory/widevine...
11-29 09:25:20.079 1158 1158 I BpBinder: onLastStrongRef automatically unlinking death recipients:
11-29 09:25:20.092 1119 7619 I QC2C2DEngine: calcYSize: unsupported or RGB color format, RGBA8888(1)
11-29 09:25:20.105 1119 7619 I QC2C2DEngine: calcYSize: unsupported or RGB color format, RGBA8888(1)
11-29 09:25:20.110 8395 8395 F linker : CANNOT LINK EXECUTABLE "/vendor/bin/hw/android.hardware.drm@1.3-service.widevine": cannot locate symbol "CBS_init" referenced by "/vendor/lib64/libwvhidl.so"...
11-29 09:25:20.123 1119 7619 I QC2C2DEngine: calcYSize: unsupported or RGB color format, RGBA8888(1)
11-29 09:25:20.138 1119 7619 I QC2C2DEngine: calcYSize: unsupported or RGB color format, RGBA8888(1)
11-29 09:25:20.141 8396 8396 I flags_health_check: ServerConfigurableFlagsReset reset_mode value: 1
11-29 09:25:20.141 8396 8396 I flags_health_check: ServerConfigurableFlagsReset updatable crashing detected, resetting flags.
11-29 09:25:20.155 1119 7619 I QC2C2DEngine: calcYSize: unsupported or RGB color format, RGBA8888(1)
11-29 09:25:20.171 1119 7619 I QC2C2DEngine: calcYSize: unsupported or RGB color format, RGBA8888(1)
11-29 09:25:20.189 1119 7619 I QC2C2DEngine: calcYSize: unsupported or RGB color format, RGBA8888(1)
11-29 09:25:20.205 1119 7619 I QC2C2DEngine: calcYSize: unsupported or RGB color format, RGBA8888(1)
11-29 09:25:20.222 1119 7619 I QC2C2DEngine: calcYSize: unsupported or RGB color format, RGBA8888(1)
11-29 09:25:20.240 1119 7619 I QC2C2DEngine: calcYSize: unsupported or RGB color format, RGBA8888(1)
11-29 09:25:20.253 1119 7619 I QC2C2DEngine: calcYSize: unsupported or RGB color format, RGBA8888(1)
11-29 09:25:20.269 1119 7619 I QC2C2DEngine: calcYSize: unsupported or RGB color format, RGBA8888(1)
11-29 09:25:20.287 1119 7619 I QC2C2DEngine: calcYSize: unsupported or RGB color format, RGBA8888(1)
11-29 09:25:20.298 2494 2531 V WindowManagerShell: Transition animation finished (aborted=false), notifying core (#45) android.os.BinderProxy@39cab04@0
11-29 09:25:20.301 1278 1317 V WindowManager: Finish Transition (#45): created at
11-29 09:25:19.897 collect-started=0.069ms request-sent=8.974ms started=21.717ms ready=21.651ms sent=44.897ms finished=402.976ms
11-29 09:25:20.305 1119 7619 I QC2C2DEngine: calcYSize: unsupported or RGB color format, RGBA8888(1)
11-29 09:25:20.310 2494 2531 V WindowManagerShell: Track 0 became idle
11-29 09:25:20.310 2494 2531 V WindowManagerShell: All active transition animations finished
11-29 09:25:20.311 1278 2093 W UserManagerService: Requested status bar icon for non-badged user 0
11-29 09:25:20.311 1278 8236 W UserManagerService: Requested status bar icon for non-badged user 0
11-29 09:25:20.313 3360 7913 D ForegroundUtils: Foreground UID status:
11-29 09:25:20.313 3360 7913 D ForegroundUtils: UID: 10038 is in foreground: false
11-29 09:25:20.313 3360 7913 D ForegroundUtils: UID: 10043 is in foreground: false
11-29 09:25:20.313 3360 7913 D ForegroundUtils: UID: 10102 is in foreground: true
11-29 09:25:20.313 3360 7913 D ForegroundUtils: UID: 10104 is in foreground: true
11-29 09:25:20.313 3360 7913 D ForegroundUtils: UID: 10118 is in foreground: false
11-29 09:25:20.313 3360 7913 D ForegroundUtils: UID: 10135 is in foreground: true
11-29 09:25:20.313 3360 7913 D ForegroundUtils: UID: 10140 is in foreground: false
11-29 09:25:20.313 3360 7913 D ForegroundUtils: UID: 10176 is in foreground: false
11-29 09:25:20.313 3360 7913 D ForegroundUtils: UID: 10178 is in foreground: false
11-29 09:25:20.319 6716 6716 D VRI[MainActivity]: visibilityChanged oldVisibility=true newVisibility=false
11-29 09:25:20.319 6716 6716 D VRI[MainActivity]: visibilityChanged oldVisibility=true newVisibility=false
11-29 09:25:20.324 1119 7619 I QC2C2DEngine: calcYSize: unsupported or RGB color format, RGBA8888(1)
11-29 09:25:20.341 1119 7619 I QC2C2DEngine: calcYSize: unsupported or RGB color format, RGBA8888(1)
11-29 09:25:20.357 1119 7619 I QC2C2DEngine: calcYSize: unsupported or RGB color format, RGBA8888(1)
11-29 09:25:20.371 1119 7619 I QC2C2DEngine: calcYSize: unsupported or RGB color format, RGBA8888(1)
11-29 09:25:20.389 1119 7619 I QC2C2DEngine: calcYSize: unsupported or RGB color format, RGBA8888(1)
11-29 09:25:20.398 1055 1079 I android.hardware.thermal@2.0-service.qti: uevent triggered for sensor: camera-therm-usr
11-29 09:25:20.405 1119 7619 I QC2C2DEngine: calcYSize: unsupported or RGB color format, RGBA8888(1)
11-29 09:25:20.421 1119 7619 I QC2C2DEngine: calcYSize: unsupported or RGB color format, RGBA8888(1)
11-29 09:25:20.439 1119 7619 I QC2C2DEngine: calcYSize: unsupported or RGB color format, RGBA8888(1)
11-29 09:25:20.456 1119 7619 I QC2C2DEngine: calcYSize: unsupported or RGB color format, RGBA8888(1)
11-29 09:25:20.473 1119 7619 I QC2C2DEngine: calcYSize: unsupported or RGB color format, RGBA8888(1)
11-29 09:25:20.491 1119 7619 I QC2C2DEngine: calcYSize: unsupported or RGB color format, RGBA8888(1)
11-29 09:25:20.508 1119 7619 I QC2C2DEngine: calcYSize: unsupported or RGB color format, RGBA8888(1)
11-29 09:25:20.525 1119 7619 I QC2C2DEngine: calcYSize: unsupported or RGB color format, RGBA8888(1)
11-29 09:25:20.628 1119 7619 I QC2C2DEngine: calcYSize: unsupported or RGB color format, RGBA8888(1)
11-29 09:25:20.729 1119 7619 I QC2C2DEngine: calcYSize: unsupported or RGB color format, RGBA8888(1)
11-29 09:25:20.830 1119 7619 I QC2C2DEngine: calcYSize: unsupported or RGB color format, RGBA8888(1)
11-29 09:25:20.932 1119 7619 I QC2C2DEngine: calcYSize: unsupported or RGB color format, RGBA8888(1)
11-29 09:25:21.033 1119 7619 I QC2C2DEngine: calcYSize: unsupported or RGB color format, RGBA8888(1)
11-29 09:25:21.044 2334 2334 D audioserver: logFgsApiBegin: FGS Logger Transaction failed, -129
11-29 09:25:21.044 1278 8236 W AS.PlaybackActivityMon: No piid assigned for invalid/internal port id 41
11-29 09:25:21.074 4097 4297 W HidlServiceManagement: Waited one second for android.hardware.drm@1.0::IDrmFactory/widevine
11-29 09:25:21.075 643 643 I hwservicemanager: Since android.hardware.drm@1.0::IDrmFactory/widevine is not registered, trying to start it as a lazy HAL (if it's not configured to be a lazy HAL, it may be stuck starting or still starting).
11-29 09:25:21.076 4097 4297 I HidlServiceManagement: getService: Trying again for android.hardware.drm@1.0::IDrmFactory/widevine...
11-29 09:25:21.077 1119 7619 I QC2C2DEngine: calcYSize: unsupported or RGB color format, RGBA8888(1)
11-29 09:25:21.094 1119 7619 I QC2C2DEngine: calcYSize: unsupported or RGB color format, RGBA8888(1)
11-29 09:25:21.105 8399 8399 F linker : CANNOT LINK EXECUTABLE "/vendor/bin/hw/android.hardware.drm@1.3-service.widevine": cannot locate symbol "CBS_init" referenced by "/vendor/lib64/libwvhidl.so"...
11-29 09:25:21.107 1119 7619 I QC2C2DEngine: calcYSize: unsupported or RGB color format, RGBA8888(1)
11-29 09:25:21.123 1119 7619 I QC2C2DEngine: calcYSize: unsupported or RGB color format, RGBA8888(1)
11-29 09:25:21.131 8400 8400 I flags_health_check: ServerConfigurableFlagsReset reset_mode value: 1
11-29 09:25:21.132 8400 8400 I flags_health_check: ServerConfigurableFlagsReset updatable crashing detected, resetting flags.
11-29 09:25:21.141 1119 7619 I QC2C2DEngine: calcYSize: unsupported or RGB color format, RGBA8888(1)
11-29 09:25:21.157 1119 7619 I QC2C2DEngine: calcYSize: unsupported or RGB color format, RGBA8888(1)
11-29 09:25:21.176 1119 7619 I QC2C2DEngine: calcYSize: unsupported or RGB color format, RGBA8888(1)
11-29 09:25:21.192 1119 7619 I QC2C2DEngine: calcYSize: unsupported or RGB color format, RGBA8888(1)
11-29 09:25:21.199 1278 2538 I KeyHandler: nav_code= 0
11-29 09:25:21.207 1119 7619 I QC2C2DEngine: calcYSize: unsupported or RGB color format, RGBA8888(1)
11-29 09:25:21.214 1278 1318 W ActivityTaskManager: callingPackage for (uid=-1, pid=0) has no WPC
11-29 09:25:21.215 1278 1318 W OptProp : Cannot read opt property android.window.PROPERTY_COMPAT_ALLOW_ORIENTATION_OVERRIDE
11-29 09:25:21.216 1278 1318 W OptProp : Cannot read opt property android.window.PROPERTY_COMPAT_ALLOW_RESIZEABLE_ACTIVITY_OVERRIDES
11-29 09:25:21.216 1278 1318 W OptProp : Cannot read opt property android.window.PROPERTY_COMPAT_ALLOW_MIN_ASPECT_RATIO_OVERRIDE
11-29 09:25:21.216 1278 1318 V GrammaticalInflectionUtils: AttributionSource: android.content.AttributionSource@9b11a54a does not have READ_SYSTEM_GRAMMATICAL_GENDER permission.
11-29 09:25:21.220 2494 7188 D KeyguardService: setOccluded(false)
11-29 09:25:21.220 2494 7188 D KeyguardViewMediator: setOccluded(false)
11-29 09:25:21.221 2494 2494 I vol.VolumeDialogImpl: mDialog.dismiss() reason: volume_controller from: com.android.systemui.volume.VolumeDialogImpl$7.onDismissRequested:3
11-29 09:25:21.222 2494 2494 D KeyguardViewMediator: handleSetOccluded(false)
11-29 09:25:21.222 2494 2494 D KeyguardViewMediator: KeyguardViewMediator queue processing message: SET_OCCLUDED
11-29 09:25:21.223 1278 1318 I ActivityTaskManager: START u0 {act=android.intent.action.MAIN cat=[android.intent.category.HOME] flg=0x10000100 cmp=com.android.launcher3/.uioverrides.QuickstepLauncher (has extras)} with LAUNCH_SINGLE_TASK from uid 0 (BAL_ALLOW_ALLOWLISTED_UID) result code=3
11-29 09:25:21.224 2494 2531 D WindowManagerShell: onActivityRestartAttempt: ComponentInfo{com.android.launcher3/com.android.launcher3.uioverrides.QuickstepLauncher}
11-29 09:25:21.225 1119 7619 I QC2C2DEngine: calcYSize: unsupported or RGB color format, RGBA8888(1)
11-29 09:25:21.226 2754 2754 W SplitSelectStateCtor: Missing session instanceIds
11-29 09:25:21.227 2754 2754 D StatsLog: LAUNCHER_SPLIT_SELECTION_EXIT_INTERRUPTED
11-29 09:25:21.227 2754 2754 D OverviewCommandHelper: clearing pending commands - size: 0
11-29 09:25:21.228 2754 2754 D StatsLog: LAUNCHER_ONRESUME
11-29 09:25:21.235 2334 7637 D audioserver: logFgsApiEnd: FGS Logger Transaction failed, -129
11-29 09:25:21.241 1119 7619 I QC2C2DEngine: calcYSize: unsupported or RGB color format, RGBA8888(1)
11-29 09:25:21.258 1119 7619 I QC2C2DEngine: calcYSize: unsupported or RGB color format, RGBA8888(1)
11-29 09:25:21.275 1119 7619 I QC2C2DEngine: calcYSize: unsupported or RGB color format, RGBA8888(1)
11-29 09:25:21.294 1119 7619 I QC2C2DEngine: calcYSize: unsupported or RGB color format, RGBA8888(1)
11-29 09:25:21.309 1119 7619 I QC2C2DEngine: calcYSize: unsupported or RGB color format, RGBA8888(1)
11-29 09:25:21.324 1119 7619 I QC2C2DEngine: calcYSize: unsupported or RGB color format, RGBA8888(1)
11-29 09:25:21.342 1119 7619 I QC2C2DEngine: calcYSize: unsupported or RGB color format, RGBA8888(1)
11-29 09:25:21.360 1119 7619 I QC2C2DEngine: calcYSize: unsupported or RGB color format, RGBA8888(1)
11-29 09:25:21.378 1119 7619 I QC2C2DEngine: calcYSize: unsupported or RGB color format, RGBA8888(1)
11-29 09:25:21.394 1119 7619 I QC2C2DEngine: calcYSize: unsupported or RGB color format, RGBA8888(1)
11-29 09:25:21.410 1119 7619 I QC2C2DEngine: calcYSize: unsupported or RGB color format, RGBA8888(1)
11-29 09:25:21.426 1055 1079 I android.hardware.thermal@2.0-service.qti: uevent triggered for sensor: camera-therm-usr
11-29 09:25:21.427 1119 7619 I QC2C2DEngine: calcYSize: unsupported or RGB color format, RGBA8888(1)
11-29 09:25:21.442 1119 7619 I QC2C2DEngine: calcYSize: unsupported or RGB color format, RGBA8888(1)
11-29 09:25:21.461 1119 7619 I QC2C2DEngine: calcYSize: unsupported or RGB color format, RGBA8888(1)
11-29 09:25:21.481 1119 7619 I QC2C2DEngine: calcYSize: unsupported or RGB color format, RGBA8888(1)
11-29 09:25:21.498 1119 7619 I QC2C2DEngine: calcYSize: unsupported or RGB color format, RGBA8888(1)
11-29 09:25:21.514 1119 7619 I QC2C2DEngine: calcYSize: unsupported or RGB color format, RGBA8888(1)
11-29 09:25:21.530 1119 7619 I QC2C2DEngine: calcYSize: unsupported or RGB color format, RGBA8888(1)
11-29 09:25:21.547 1119 7619 I QC2C2DEngine: calcYSize: unsupported or RGB color format, RGBA8888(1)
11-29 09:25:21.563 1119 7619 I QC2C2DEngine: calcYSize: unsupported or RGB color format, RGBA8888(1)
11-29 09:25:21.581 1119 7619 I QC2C2DEngine: calcYSize: unsupported or RGB color format, RGBA8888(1)
11-29 09:25:21.591 1119 7619 I QC2Comp : [avcE_14] Stats: Pending(1) i/p-done(0) Works: Q: 3041/Done 3040|Work-Rate: Q(22.0/s Avg=21.6/s) Done(21.786/s Avg=21.622/s)| Stream: 63.04fps 15.0Mbps
11-29 09:25:21.591 1119 7619 I QC2Comp : Mem-usage: [In-2D - 65 bufs 365.625 MB] [1D-17 - 12 bufs 22.453 MB] [1D-0 - 2 bufs 0.008 MB]
11-29 09:25:21.591 1119 7619 I QC2Comp : Total Mem-usage: 388.086 MB
11-29 09:25:21.596 1119 7619 I QC2C2DEngine: calcYSize: unsupported or RGB color format, RGBA8888(1)
11-29 09:25:21.611 1119 7619 I QC2C2DEngine: calcYSize: unsupported or RGB color format, RGBA8888(1)
11-29 09:25:21.629 1119 7619 I QC2C2DEngine: calcYSize: unsupported or RGB color format, RGBA8888(1)
11-29 09:25:21.645 1119 7619 I QC2C2DEngine: calcYSize: unsupported or RGB color format, RGBA8888(1)
11-29 09:25:21.661 1119 7619 I QC2C2DEngine: calcYSize: unsupported or RGB color format, RGBA8888(1)
11-29 09:25:21.678 1119 7619 I QC2C2DEngine: calcYSize: unsupported or RGB color format, RGBA8888(1)
11-29 09:25:21.695 1119 7619 I QC2C2DEngine: calcYSize: unsupported or RGB color format, RGBA8888(1)
11-29 09:25:21.799 1119 7619 I QC2C2DEngine: calcYSize: unsupported or RGB color format, RGBA8888(1)
11-29 09:25:21.896 1119 7619 I QC2C2DEngine: calcYSize: unsupported or RGB color format, RGBA8888(1)
11-29 09:25:21.916 1119 7619 I QC2C2DEngine: calcYSize: unsupported or RGB color format, RGBA8888(1)
11-29 09:25:21.929 1119 7619 I QC2C2DEngine: calcYSize: unsupported or RGB color format, RGBA8888(1)
11-29 09:25:21.946 1119 7619 I QC2C2DEngine: calcYSize: unsupported or RGB color format, RGBA8888(1)
11-29 09:25:21.962 1119 7619 I QC2C2DEngine: calcYSize: unsupported or RGB color format, RGBA8888(1)
11-29 09:25:21.979 1119 7619 I QC2C2DEngine: calcYSize: unsupported or RGB color format, RGBA8888(1)
11-29 09:25:21.996 1119 7619 I QC2C2DEngine: calcYSize: unsupported or RGB color format, RGBA8888(1)
11-29 09:25:22.012 1119 7619 I QC2C2DEngine: calcYSize: unsupported or RGB color format, RGBA8888(1)
11-29 09:25:22.031 1119 7619 I QC2C2DEngine: calcYSize: unsupported or RGB color format, RGBA8888(1)
11-29 09:25:22.051 1119 7619 I QC2C2DEngine: calcYSize: unsupported or RGB color format, RGBA8888(1)
11-29 09:25:22.055 2334 2334 D audioserver: logFgsApiBegin: FGS Logger Transaction failed, -129
11-29 09:25:22.056 1278 8236 W AS.PlaybackActivityMon: No piid assigned for invalid/internal port id 41
11-29 09:25:22.058 1278 2093 D CompatChangeReporter: Compat change id reported: 151861875; UID 1000; state: ENABLED
11-29 09:25:22.059 1278 2093 W OptProp : Cannot read opt property android.window.PROPERTY_COMPAT_ALLOW_ORIENTATION_OVERRIDE
11-29 09:25:22.065 1278 2093 D CompatChangeReporter: Compat change id reported: 306666082; UID 1000; state: ENABLED
